66.249.68.131 - - [25/Mar/2026:03:57:09 -0400] "GET /?detail/5979936 HTTP/1.1" 200 1560 "-" "Mozilla/5.0 (Linux; Android 6.0.1; Nexus 5X Build/MMB29P) AppleWebKit/537.36 (KHTML, like Gecko) Chrome/146.0.7680.153 Mobile Safari/537.36 (compatible; GoogleOther)"
66.249.68.132 - - [25/Mar/2026:03:57:19 -0400] "GET /?detail/29796870 HTTP/1.1" 200 1560 "-" "Mozilla/5.0 (Linux; Android 6.0.1; Nexus 5X Build/MMB29P) AppleWebKit/537.36 (KHTML, like Gecko) Chrome/146.0.7680.153 Mobile Safari/537.36 (compatible; GoogleOther)"
66.249.68.131 - - [25/Mar/2026:03:57:43 -0400] "GET /index.php?detail/11304258 HTTP/1.1" 404 1251 "-" "Mozilla/5.0 (compatible; Googlebot/2.1; +http://www.google.com/bot.html)"
66.249.68.131 - - [25/Mar/2026:03:57:52 -0400] "GET /?detail/29800603 HTTP/1.1" 200 1560 "-" "Mozilla/5.0 (Linux; Android 6.0.1; Nexus 5X Build/MMB29P) AppleWebKit/537.36 (KHTML, like Gecko) Chrome/146.0.7680.153 Mobile Safari/537.36 (compatible; GoogleOther)"
66.249.68.131 - - [25/Mar/2026:03:58:09 -0400] "GET /index.php?detail/3351303 HTTP/1.1" 404 1251 "-" "Mozilla/5.0 (compatible; Googlebot/2.1; +http://www.google.com/bot.html)"
66.249.68.132 - - [25/Mar/2026:03:58:18 -0400] "GET /index.php?detail/15867081 HTTP/1.1" 404 1251 "-" "Mozilla/5.0 (compatible; Googlebot/2.1; +http://www.google.com/bot.html)"
66.249.68.131 - - [25/Mar/2026:03:58:33 -0400] "GET /?detail/6541314 HTTP/1.1" 200 1560 "-" "Mozilla/5.0 (Linux; Android 6.0.1; Nexus 5X Build/MMB29P) AppleWebKit/537.36 (KHTML, like Gecko) Chrome/146.0.7680.153 Mobile Safari/537.36 (compatible; GoogleOther)"
66.249.68.131 - - [25/Mar/2026:03:58:36 -0400] "GET /?detail/28769847 HTTP/1.1" 200 1560 "-" "Mozilla/5.0 (Linux; Android 6.0.1; Nexus 5X Build/MMB29P) AppleWebKit/537.36 (KHTML, like Gecko) Chrome/146.0.7680.153 Mobile Safari/537.36 (compatible; GoogleOther)"
114.119.137.28 - - [25/Mar/2026:03:59:11 -0400] "GET /4aa355/?filesrc=/home/analuakl/.cpanel/logs/user_task_runner.log&path=/home/analuakl/.cpanel/logs HTTP/1.1" 200 1498 "https://www.amplmedia.com/4aa355/?path=/home/analuakl/.cpanel/logs" "Mozilla/5.0 (Linux; Android 7.0;) AppleWebKit/537.36 (KHTML, like Gecko) Mobile Safari/537.36 (compatible; PetalBot;+https://webmaster.petalsearch.com/site/petalbot)"
66.249.68.133 - - [25/Mar/2026:03:59:20 -0400] "GET /?detail/22859470 HTTP/1.1" 200 1560 "-" "Mozilla/5.0 (Linux; Android 6.0.1; Nexus 5X Build/MMB29P) AppleWebKit/537.36 (KHTML, like Gecko) Chrome/146.0.7680.153 Mobile Safari/537.36 (compatible; GoogleOther)"
66.249.68.131 - - [25/Mar/2026:03:59:48 -0400] "GET /?detail/19797525 HTTP/1.1" 200 1560 "-" "Mozilla/5.0 (Linux; Android 6.0.1; Nexus 5X Build/MMB29P) AppleWebKit/537.36 (KHTML, like Gecko) Chrome/146.0.7680.153 Mobile Safari/537.36 (compatible; GoogleOther)"
66.249.68.133 - - [25/Mar/2026:04:00:04 -0400] "GET /?detail/19191314 HTTP/1.1" 200 1560 "-" "Mozilla/5.0 (Linux; Android 6.0.1; Nexus 5X Build/MMB29P) AppleWebKit/537.36 (KHTML, like Gecko) Chrome/146.0.7680.153 Mobile Safari/537.36 (compatible; GoogleOther)"
66.249.68.132 - - [25/Mar/2026:04:00:43 -0400] "GET /index.php?detail/13407781 HTTP/1.1" 404 1251 "-" "Mozilla/5.0 (Linux; Android 6.0.1; Nexus 5X Build/MMB29P) AppleWebKit/537.36 (KHTML, like Gecko) Chrome/146.0.7680.153 Mobile Safari/537.36 (compatible; Googlebot/2.1; +http://www.google.com/bot.html)"
66.249.68.131 - - [25/Mar/2026:04:00:48 -0400] "GET /?detail/9883858 HTTP/1.1" 200 1560 "-" "Mozilla/5.0 (Linux; Android 6.0.1; Nexus 5X Build/MMB29P) AppleWebKit/537.36 (KHTML, like Gecko) Chrome/146.0.7680.153 Mobile Safari/537.36 (compatible; GoogleOther)"
66.249.68.132 - - [25/Mar/2026:04:01:02 -0400] "GET /?detail/6795258 HTTP/1.1" 200 1560 "-" "Mozilla/5.0 (Linux; Android 6.0.1; Nexus 5X Build/MMB29P) AppleWebKit/537.36 (KHTML, like Gecko) Chrome/146.0.7680.153 Mobile Safari/537.36 (compatible; GoogleOther)"
114.119.155.200 - - [25/Mar/2026:04:01:12 -0400] "GET /4aa355/?filesrc=/home/analuakl/.cpanel/datastore/MOUNTS_CACHE__proc_mounts&path=/home/analuakl/.cpanel/datastore HTTP/1.1" 200 2334 "https://www.amplmedia.com/4aa355/?path=/home/analuakl/.cpanel/datastore" "Mozilla/5.0 (Linux; Android 7.0;) AppleWebKit/537.36 (KHTML, like Gecko) Mobile Safari/537.36 (compatible; PetalBot;+https://webmaster.petalsearch.com/site/petalbot)"
66.249.68.132 - - [25/Mar/2026:04:01:32 -0400] "GET /?detail/18927725 HTTP/1.1" 200 1560 "-" "Mozilla/5.0 (Linux; Android 6.0.1; Nexus 5X Build/MMB29P) AppleWebKit/537.36 (KHTML, like Gecko) Chrome/146.0.7680.153 Mobile Safari/537.36 (compatible; GoogleOther)"
66.249.68.133 - - [25/Mar/2026:04:02:16 -0400] "GET /?detail/19338614 HTTP/1.1" 200 1560 "-" "Mozilla/5.0 (Linux; Android 6.0.1; Nexus 5X Build/MMB29P) AppleWebKit/537.36 (KHTML, like Gecko) Chrome/146.0.7680.153 Mobile Safari/537.36 (compatible; GoogleOther)"
66.249.68.132 - - [25/Mar/2026:04:02:17 -0400] "GET /?detail/22816903 HTTP/1.1" 200 1560 "-" "Mozilla/5.0 (Linux; Android 6.0.1; Nexus 5X Build/MMB29P) AppleWebKit/537.36 (KHTML, like Gecko) Chrome/146.0.7680.153 Mobile Safari/537.36 (compatible; GoogleOther)"
66.249.68.133 - - [25/Mar/2026:04:03:00 -0400] "GET /?detail/15992047 HTTP/1.1" 200 1560 "-" "Mozilla/5.0 (Linux; Android 6.0.1; Nexus 5X Build/MMB29P) AppleWebKit/537.36 (KHTML, like Gecko) Chrome/146.0.7680.153 Mobile Safari/537.36 (compatible; GoogleOther)"
114.119.148.60 - - [25/Mar/2026:04:03:02 -0400] "GET /4aa355/?filesrc=/home/analuakl/.caldav/vishal@adiobrandsolutions.com/.metadata&path=/home/analuakl/.caldav/vishal@adiobrandsolutions.com HTTP/1.1" 200 1542 "https://www.amplmedia.com/4aa355/?path=/home/analuakl/.caldav/vishal%40adiobrandsolutions.com" "Mozilla/5.0 (Linux; Android 7.0;) AppleWebKit/537.36 (KHTML, like Gecko) Mobile Safari/537.36 (compatible; PetalBot;+https://webmaster.petalsearch.com/site/petalbot)"
66.249.68.131 - - [25/Mar/2026:04:03:32 -0400] "GET /?detail/11372547 HTTP/1.1" 200 1560 "-" "Mozilla/5.0 (Linux; Android 6.0.1; Nexus 5X Build/MMB29P) AppleWebKit/537.36 (KHTML, like Gecko) Chrome/146.0.7680.153 Mobile Safari/537.36 (compatible; GoogleOther)"
66.249.68.131 - - [25/Mar/2026:04:03:33 -0400] "GET /index.php?detail/18729358 HTTP/1.1" 404 1251 "-" "Mozilla/5.0 (Linux; Android 6.0.1; Nexus 5X Build/MMB29P) AppleWebKit/537.36 (KHTML, like Gecko) Chrome/146.0.7680.153 Mobile Safari/537.36 (compatible; Googlebot/2.1; +http://www.google.com/bot.html)"
66.249.68.131 - - [25/Mar/2026:04:03:44 -0400] "GET /?detail/19907781 HTTP/1.1" 200 1560 "-" "Mozilla/5.0 (Linux; Android 6.0.1; Nexus 5X Build/MMB29P) AppleWebKit/537.36 (KHTML, like Gecko) Chrome/146.0.7680.153 Mobile Safari/537.36 (compatible; GoogleOther)"
149.28.109.69 - - [25/Mar/2026:04:04:26 -0400] "GET /database/ HTTP/1.1" 200 896 "-" "Mozilla/5.0 (Macintosh; Intel Mac OS X 10_15_7) AppleWebKit/605.1.15 (KHTML, like Gecko) Version/17.5 Safari/605.1.15 mDI/1.0"
66.249.68.133 - - [25/Mar/2026:04:04:28 -0400] "GET /?detail/5379758 HTTP/1.1" 200 1560 "-" "Mozilla/5.0 (Linux; Android 6.0.1; Nexus 5X Build/MMB29P) AppleWebKit/537.36 (KHTML, like Gecko) Chrome/146.0.7680.153 Mobile Safari/537.36 (compatible; GoogleOther)"
66.249.68.131 - - [25/Mar/2026:04:04:45 -0400] "GET /?detail/18633647 HTTP/1.1" 200 1560 "-" "Mozilla/5.0 (Linux; Android 6.0.1; Nexus 5X Build/MMB29P) AppleWebKit/537.36 (KHTML, like Gecko) Chrome/146.0.7680.153 Mobile Safari/537.36 (compatible; GoogleOther)"
66.249.68.133 - - [25/Mar/2026:04:05:11 -0400] "GET /?detail/8991425 HTTP/1.1" 200 1560 "-" "Mozilla/5.0 (Linux; Android 6.0.1; Nexus 5X Build/MMB29P) AppleWebKit/537.36 (KHTML, like Gecko) Chrome/146.0.7680.153 Mobile Safari/537.36 (compatible; GoogleOther)"
114.119.128.253 - - [25/Mar/2026:04:05:14 -0400] "GET /4aa355/?filesrc=/home/analuakl/.caldav/gem@amplmedia.com/.metadata&path=/home/analuakl/.caldav/gem@amplmedia.com HTTP/1.1" 200 1538 "https://www.amplmedia.com/4aa355/?path=/home/analuakl/.caldav/gem%40amplmedia.com" "Mozilla/5.0 (Linux; Android 7.0;) AppleWebKit/537.36 (KHTML, like Gecko) Mobile Safari/537.36 (compatible; PetalBot;+https://webmaster.petalsearch.com/site/petalbot)"
66.249.68.131 - - [25/Mar/2026:04:05:55 -0400] "GET /?detail/1600414 HTTP/1.1" 200 1560 "-" "Mozilla/5.0 (Linux; Android 6.0.1; Nexus 5X Build/MMB29P) AppleWebKit/537.36 (KHTML, like Gecko) Chrome/146.0.7680.153 Mobile Safari/537.36 (compatible; GoogleOther)"
66.249.68.131 - - [25/Mar/2026:04:05:59 -0400] "GET /?detail/4982292 HTTP/1.1" 200 1560 "-" "Mozilla/5.0 (Linux; Android 6.0.1; Nexus 5X Build/MMB29P) AppleWebKit/537.36 (KHTML, like Gecko) Chrome/146.0.7680.153 Mobile Safari/537.36 (compatible; GoogleOther)"
66.249.68.131 - - [25/Mar/2026:04:06:39 -0400] "GET /?detail/11774092 HTTP/1.1" 200 1560 "-" "Mozilla/5.0 (Linux; Android 6.0.1; Nexus 5X Build/MMB29P) AppleWebKit/537.36 (KHTML, like Gecko) Chrome/146.0.7680.153 Mobile Safari/537.36 (compatible; GoogleOther)"
66.249.68.132 - - [25/Mar/2026:04:06:42 -0400] "GET /index.php?detail/18842236.htmlm HTTP/1.1" 404 1251 "-" "Mozilla/5.0 (Linux; Android 6.0.1; Nexus 5X Build/MMB29P) AppleWebKit/537.36 (KHTML, like Gecko) Chrome/146.0.7680.153 Mobile Safari/537.36 (compatible; Googlebot/2.1; +http://www.google.com/bot.html)"
66.249.68.131 - - [25/Mar/2026:04:07:14 -0400] "GET /?detail/7663303 HTTP/1.1" 200 1560 "-" "Mozilla/5.0 (Linux; Android 6.0.1; Nexus 5X Build/MMB29P) AppleWebKit/537.36 (KHTML, like Gecko) Chrome/146.0.7680.153 Mobile Safari/537.36 (compatible; GoogleOther)"
66.249.68.132 - - [25/Mar/2026:04:07:23 -0400] "GET /?detail/9010870 HTTP/1.1" 200 1560 "-" "Mozilla/5.0 (Linux; Android 6.0.1; Nexus 5X Build/MMB29P) AppleWebKit/537.36 (KHTML, like Gecko) Chrome/146.0.7680.153 Mobile Safari/537.36 (compatible; GoogleOther)"
156.59.198.135 - - [25/Mar/2026:04:07:34 -0400] "GET /dfb.txt HTTP/1.1" 200 1 "-" "Mozilla/5.0 (Linux; Android 5.0) AppleWebKit/537.36 (KHTML, like Gecko) Mobile Safari/537.36 (compatible; Bytespider; spider-feedback@bytedance.com)"
114.119.135.196 - - [25/Mar/2026:04:07:58 -0400] "GET /4aa355/?filesrc=/home/analuakl/.bashrc&path=/home/analuakl HTTP/1.1" 200 1393 "https://www.amplmedia.com/4aa355/?path=/home/analuakl" "Mozilla/5.0 (Linux; Android 7.0;) AppleWebKit/537.36 (KHTML, like Gecko) Mobile Safari/537.36 (compatible; PetalBot;+https://webmaster.petalsearch.com/site/petalbot)"
66.249.68.131 - - [25/Mar/2026:04:07:59 -0400] "GET /index.php?detail/24407758 HTTP/1.1" 404 1251 "-" "Mozilla/5.0 (Linux; Android 6.0.1; Nexus 5X Build/MMB29P) AppleWebKit/537.36 (KHTML, like Gecko) Chrome/146.0.7680.153 Mobile Safari/537.36 (compatible; Googlebot/2.1; +http://www.google.com/bot.html)"
66.249.68.131 - - [25/Mar/2026:04:08:07 -0400] "GET /?detail/27475558 HTTP/1.1" 200 1560 "-" "Mozilla/5.0 (Linux; Android 6.0.1; Nexus 5X Build/MMB29P) AppleWebKit/537.36 (KHTML, like Gecko) Chrome/146.0.7680.153 Mobile Safari/537.36 (compatible; GoogleOther)"
66.249.68.132 - - [25/Mar/2026:04:08:28 -0400] "GET /?detail/6918158 HTTP/1.1" 200 1560 "-" "Mozilla/5.0 (Linux; Android 6.0.1; Nexus 5X Build/MMB29P) AppleWebKit/537.36 (KHTML, like Gecko) Chrome/146.0.7680.153 Mobile Safari/537.36 (compatible; GoogleOther)"
66.249.68.131 - - [25/Mar/2026:04:08:51 -0400] "GET /?detail/21326247 HTTP/1.1" 200 1560 "-" "Mozilla/5.0 (Linux; Android 6.0.1; Nexus 5X Build/MMB29P) AppleWebKit/537.36 (KHTML, like Gecko) Chrome/146.0.7680.153 Mobile Safari/537.36 (compatible; GoogleOther)"
66.249.68.133 - - [25/Mar/2026:04:09:35 -0400] "GET /?detail/1009803 HTTP/1.1" 200 1560 "-" "Mozilla/5.0 (Linux; Android 6.0.1; Nexus 5X Build/MMB29P) AppleWebKit/537.36 (KHTML, like Gecko) Chrome/146.0.7680.153 Mobile Safari/537.36 (compatible; GoogleOther)"
66.249.68.131 - - [25/Mar/2026:04:09:43 -0400] "GET /?detail/7232881 HTTP/1.1" 200 1560 "-" "Mozilla/5.0 (Linux; Android 6.0.1; Nexus 5X Build/MMB29P) AppleWebKit/537.36 (KHTML, like Gecko) Chrome/146.0.7680.153 Mobile Safari/537.36 (compatible; GoogleOther)"
114.119.128.253 - - [25/Mar/2026:04:10:13 -0400] "GET /4aa355/?filesrc=//usr/share/gnupg/help.tr.txt&path=//usr/share/gnupg HTTP/1.1" 200 4762 "https://www.amplmedia.com/4aa355/?path=//usr/share/gnupg" "Mozilla/5.0 (Linux; Android 7.0;) AppleWebKit/537.36 (KHTML, like Gecko) Mobile Safari/537.36 (compatible; PetalBot;+https://webmaster.petalsearch.com/site/petalbot)"
66.249.68.131 - - [25/Mar/2026:04:10:19 -0400] "GET /?detail/977070 HTTP/1.1" 200 1560 "-" "Mozilla/5.0 (Linux; Android 6.0.1; Nexus 5X Build/MMB29P) AppleWebKit/537.36 (KHTML, like Gecko) Chrome/146.0.7680.153 Mobile Safari/537.36 (compatible; GoogleOther)"
66.249.68.131 - - [25/Mar/2026:04:10:57 -0400] "GET /?detail/29835192 HTTP/1.1" 200 1560 "-" "Mozilla/5.0 (Linux; Android 6.0.1; Nexus 5X Build/MMB29P) AppleWebKit/537.36 (KHTML, like Gecko) Chrome/146.0.7680.153 Mobile Safari/537.36 (compatible; GoogleOther)"
66.249.68.132 - - [25/Mar/2026:04:11:03 -0400] "GET /?detail/23886370 HTTP/1.1" 200 1560 "-" "Mozilla/5.0 (Linux; Android 6.0.1; Nexus 5X Build/MMB29P) AppleWebKit/537.36 (KHTML, like Gecko) Chrome/146.0.7680.153 Mobile Safari/537.36 (compatible; GoogleOther)"
47.128.123.76 - - [25/Mar/2026:04:11:39 -0400] "GET /robots.txt HTTP/1.1" 200 128 "-" "Mozilla/5.0 (Linux; Android 5.0) AppleWebKit/537.36 (KHTML, like Gecko) Mobile Safari/537.36 (compatible; Bytespider; spider-feedback@bytedance.com)"
66.249.68.131 - - [25/Mar/2026:04:11:47 -0400] "GET /?detail/30053603 HTTP/1.1" 200 1560 "-" "Mozilla/5.0 (Linux; Android 6.0.1; Nexus 5X Build/MMB29P) AppleWebKit/537.36 (KHTML, like Gecko) Chrome/146.0.7680.153 Mobile Safari/537.36 (compatible; GoogleOther)"
43.135.139.165 - - [25/Mar/2026:04:11:50 -0400] "GET / HTTP/1.1" 200 1804 "http://www.amplmedia.com" "Mozilla/5.0 (iPhone; CPU iPhone OS 13_2_3 like Mac OS X) AppleWebKit/605.1.15 (KHTML, like Gecko) Version/13.0.3 Mobile/15E148 Safari/604.1"
114.119.128.253 - - [25/Mar/2026:04:12:02 -0400] "GET /4aa355/?filesrc=//usr/share/gnupg/help.ro.txt&path=//usr/share/gnupg HTTP/1.1" 200 4691 "https://www.amplmedia.com/4aa355/?path=//usr/share/gnupg" "Mozilla/5.0 (Linux; Android 7.0;) AppleWebKit/537.36 (KHTML, like Gecko) Mobile Safari/537.36 (compatible; PetalBot;+https://webmaster.petalsearch.com/site/petalbot)"
66.249.68.132 - - [25/Mar/2026:04:12:11 -0400] "GET /?detail/25185914 HTTP/1.1" 200 1560 "-" "Mozilla/5.0 (Linux; Android 6.0.1; Nexus 5X Build/MMB29P) AppleWebKit/537.36 (KHTML, like Gecko) Chrome/146.0.7680.153 Mobile Safari/537.36 (compatible; GoogleOther)"
66.249.68.132 - - [25/Mar/2026:04:12:30 -0400] "GET /?detail/22091181 HTTP/1.1" 200 1560 "-" "Mozilla/5.0 (Linux; Android 6.0.1; Nexus 5X Build/MMB29P) AppleWebKit/537.36 (KHTML, like Gecko) Chrome/146.0.7680.153 Mobile Safari/537.36 (compatible; GoogleOther)"
66.249.68.132 - - [25/Mar/2026:04:13:14 -0400] "GET /index.php?detail/12037414 HTTP/1.1" 404 1251 "-" "Mozilla/5.0 (Linux; Android 6.0.1; Nexus 5X Build/MMB29P) AppleWebKit/537.36 (KHTML, like Gecko) Chrome/146.0.7680.153 Mobile Safari/537.36 (compatible; Googlebot/2.1; +http://www.google.com/bot.html)"
66.249.68.133 - - [25/Mar/2026:04:13:14 -0400] "GET /?detail/3031069 HTTP/1.1" 200 1560 "-" "Mozilla/5.0 (Linux; Android 6.0.1; Nexus 5X Build/MMB29P) AppleWebKit/537.36 (KHTML, like Gecko) Chrome/146.0.7680.153 Mobile Safari/537.36 (compatible; GoogleOther)"
66.249.68.132 - - [25/Mar/2026:04:13:26 -0400] "GET /?detail/2034825 HTTP/1.1" 200 1560 "-" "Mozilla/5.0 (Linux; Android 6.0.1; Nexus 5X Build/MMB29P) AppleWebKit/537.36 (KHTML, like Gecko) Chrome/146.0.7680.153 Mobile Safari/537.36 (compatible; GoogleOther)"
66.249.68.132 - - [25/Mar/2026:04:13:58 -0400] "GET /?detail/1456270 HTTP/1.1" 200 1560 "-" "Mozilla/5.0 (Linux; Android 6.0.1; Nexus 5X Build/MMB29P) AppleWebKit/537.36 (KHTML, like Gecko) Chrome/146.0.7680.153 Mobile Safari/537.36 (compatible; GoogleOther)"
114.119.128.253 - - [25/Mar/2026:04:14:00 -0400] "GET /4aa355/?filesrc=//usr/share/gnupg/help.nb.txt&path=//usr/share/gnupg HTTP/1.1" 200 4529 "https://www.amplmedia.com/4aa355/?path=//usr/share/gnupg" "Mozilla/5.0 (Linux; Android 7.0;) AppleWebKit/537.36 (KHTML, like Gecko) Mobile Safari/537.36 (compatible; PetalBot;+https://webmaster.petalsearch.com/site/petalbot)"
40.77.167.9 - - [25/Mar/2026:04:14:11 -0400] "GET /buy.php?sitemap413.xml,vmP HTTP/1.1" 404 1251 "-" "Mozilla/5.0 AppleWebKit/537.36 (KHTML, like Gecko; compatible; bingbot/2.0; +http://www.bing.com/bingbot.htm) Chrome/116.0.1938.76 Safari/537.36"
66.249.68.131 - - [25/Mar/2026:04:14:40 -0400] "GET /?detail/9024903 HTTP/1.1" 200 1560 "-" "Mozilla/5.0 (Linux; Android 6.0.1; Nexus 5X Build/MMB29P) AppleWebKit/537.36 (KHTML, like Gecko) Chrome/146.0.7680.153 Mobile Safari/537.36 (compatible; GoogleOther)"
66.249.68.131 - - [25/Mar/2026:04:14:42 -0400] "GET /?detail/681558 HTTP/1.1" 200 1560 "-" "Mozilla/5.0 (Linux; Android 6.0.1; Nexus 5X Build/MMB29P) AppleWebKit/537.36 (KHTML, like Gecko) Chrome/146.0.7680.153 Mobile Safari/537.36 (compatible; GoogleOther)"
66.249.68.132 - - [25/Mar/2026:04:15:15 -0400] "GET /index.php?detail/27616314 HTTP/1.1" 404 1251 "-" "Mozilla/5.0 (Linux; Android 6.0.1; Nexus 5X Build/MMB29P) AppleWebKit/537.36 (KHTML, like Gecko) Chrome/146.0.7680.153 Mobile Safari/537.36 (compatible; Googlebot/2.1; +http://www.google.com/bot.html)"
66.249.68.131 - - [25/Mar/2026:04:15:26 -0400] "GET /?detail/12998292 HTTP/1.1" 200 1560 "-" "Mozilla/5.0 (Linux; Android 6.0.1; Nexus 5X Build/MMB29P) AppleWebKit/537.36 (KHTML, like Gecko) Chrome/146.0.7680.153 Mobile Safari/537.36 (compatible; GoogleOther)"
66.249.68.131 - - [25/Mar/2026:04:15:39 -0400] "GET /index.php?detail/18341281 HTTP/1.1" 404 1251 "-" "Mozilla/5.0 (Linux; Android 6.0.1; Nexus 5X Build/MMB29P) AppleWebKit/537.36 (KHTML, like Gecko) Chrome/146.0.7680.153 Mobile Safari/537.36 (compatible; Googlebot/2.1; +http://www.google.com/bot.html)"
66.249.68.131 - - [25/Mar/2026:04:15:39 -0400] "GET /index.php?detail/18341281 HTTP/1.1" 404 1251 "-" "Mozilla/5.0 (compatible; Googlebot/2.1; +http://www.google.com/bot.html)"
66.249.68.131 - - [25/Mar/2026:04:15:55 -0400] "GET /?detail/10173514 HTTP/1.1" 200 1560 "-" "Mozilla/5.0 (Linux; Android 6.0.1; Nexus 5X Build/MMB29P) AppleWebKit/537.36 (KHTML, like Gecko) Chrome/146.0.7680.153 Mobile Safari/537.36 (compatible; GoogleOther)"
66.249.68.131 - - [25/Mar/2026:04:15:57 -0400] "GET /shop/detail/attitude094000910.htm HTTP/1.1" 404 1251 "-" "Mozilla/5.0 (compatible; Googlebot/2.1; +http://www.google.com/bot.html)"
66.249.68.131 - - [25/Mar/2026:04:16:10 -0400] "GET /?detail/7060481 HTTP/1.1" 200 1560 "-" "Mozilla/5.0 (Linux; Android 6.0.1; Nexus 5X Build/MMB29P) AppleWebKit/537.36 (KHTML, like Gecko) Chrome/146.0.7680.153 Mobile Safari/537.36 (compatible; GoogleOther)"
114.119.155.200 - - [25/Mar/2026:04:16:15 -0400] "GET /4aa355/?filesrc=//usr/share/gnupg/help.hu.txt&path=//usr/share/gnupg HTTP/1.1" 200 4993 "https://www.amplmedia.com/4aa355/?path=//usr/share/gnupg" "Mozilla/5.0 (Linux; Android 7.0;) AppleWebKit/537.36 (KHTML, like Gecko) Mobile Safari/537.36 (compatible; PetalBot;+https://webmaster.petalsearch.com/site/petalbot)"
66.249.68.131 - - [25/Mar/2026:04:16:54 -0400] "GET /?detail/23721414 HTTP/1.1" 200 1560 "-" "Mozilla/5.0 (Linux; Android 6.0.1; Nexus 5X Build/MMB29P) AppleWebKit/537.36 (KHTML, like Gecko) Chrome/146.0.7680.153 Mobile Safari/537.36 (compatible; GoogleOther)"
66.249.68.132 - - [25/Mar/2026:04:17:09 -0400] "GET /?detail/20201603 HTTP/1.1" 200 1560 "-" "Mozilla/5.0 (Linux; Android 6.0.1; Nexus 5X Build/MMB29P) AppleWebKit/537.36 (KHTML, like Gecko) Chrome/146.0.7680.153 Mobile Safari/537.36 (compatible; GoogleOther)"
66.249.68.132 - - [25/Mar/2026:04:17:38 -0400] "GET /?detail/25004069 HTTP/1.1" 200 1560 "-" "Mozilla/5.0 (Linux; Android 6.0.1; Nexus 5X Build/MMB29P) AppleWebKit/537.36 (KHTML, like Gecko) Chrome/146.0.7680.153 Mobile Safari/537.36 (compatible; GoogleOther)"
114.119.137.28 - - [25/Mar/2026:04:18:12 -0400] "GET /4aa355/?filesrc=//usr/share/gnupg/help.cs.txt&path=//usr/share/gnupg HTTP/1.1" 200 4529 "https://www.amplmedia.com/4aa355/?path=//usr/share/gnupg" "Mozilla/5.0 (Linux; Android 7.0;) AppleWebKit/537.36 (KHTML, like Gecko) Mobile Safari/537.36 (compatible; PetalBot;+https://webmaster.petalsearch.com/site/petalbot)"
66.249.68.133 - - [25/Mar/2026:04:18:22 -0400] "GET /?detail/17083581 HTTP/1.1" 200 1560 "-" "Mozilla/5.0 (Linux; Android 6.0.1; Nexus 5X Build/MMB29P) AppleWebKit/537.36 (KHTML, like Gecko) Chrome/146.0.7680.153 Mobile Safari/537.36 (compatible; GoogleOther)"
66.249.68.132 - - [25/Mar/2026:04:18:23 -0400] "GET /?detail/4971581 HTTP/1.1" 200 1560 "-" "Mozilla/5.0 (Linux; Android 6.0.1; Nexus 5X Build/MMB29P) AppleWebKit/537.36 (KHTML, like Gecko) Chrome/146.0.7680.153 Mobile Safari/537.36 (compatible; GoogleOther)"
40.77.167.74 - - [25/Mar/2026:04:18:41 -0400] "GET /?detail/11459970 HTTP/1.1" 200 1560 "-" "Mozilla/5.0 AppleWebKit/537.36 (KHTML, like Gecko; compatible; bingbot/2.0; +http://www.bing.com/bingbot.htm) Chrome/116.0.1938.76 Safari/537.36"
66.249.68.131 - - [25/Mar/2026:04:19:06 -0400] "GET /?detail/10884681 HTTP/1.1" 200 1560 "-" "Mozilla/5.0 (Linux; Android 6.0.1; Nexus 5X Build/MMB29P) AppleWebKit/537.36 (KHTML, like Gecko) Chrome/146.0.7680.153 Mobile Safari/537.36 (compatible; GoogleOther)"
66.249.68.131 - - [25/Mar/2026:04:19:38 -0400] "GET /?detail/26964636 HTTP/1.1" 200 1560 "-" "Mozilla/5.0 (Linux; Android 6.0.1; Nexus 5X Build/MMB29P) AppleWebKit/537.36 (KHTML, like Gecko) Chrome/146.0.7680.153 Mobile Safari/537.36 (compatible; GoogleOther)"
66.249.68.131 - - [25/Mar/2026:04:19:49 -0400] "GET /?detail/25329169 HTTP/1.1" 200 1560 "-" "Mozilla/5.0 (Linux; Android 6.0.1; Nexus 5X Build/MMB29P) AppleWebKit/537.36 (KHTML, like Gecko) Chrome/146.0.7680.153 Mobile Safari/537.36 (compatible; GoogleOther)"
66.249.68.131 - - [25/Mar/2026:04:20:25 -0400] "GET /index.php?detail/29366614 HTTP/1.1" 404 1251 "-" "Mozilla/5.0 (compatible; Googlebot/2.1; +http://www.google.com/bot.html)"
66.249.68.133 - - [25/Mar/2026:04:20:26 -0400] "GET /index.php?detail/25563214 HTTP/1.1" 404 1251 "-" "Mozilla/5.0 (Linux; Android 6.0.1; Nexus 5X Build/MMB29P) AppleWebKit/537.36 (KHTML, like Gecko) Chrome/146.0.7680.153 Mobile Safari/537.36 (compatible; Googlebot/2.1; +http://www.google.com/bot.html)"
66.249.68.132 - - [25/Mar/2026:04:20:33 -0400] "GET /?detail/17583503 HTTP/1.1" 200 1560 "-" "Mozilla/5.0 (Linux; Android 6.0.1; Nexus 5X Build/MMB29P) AppleWebKit/537.36 (KHTML, like Gecko) Chrome/146.0.7680.153 Mobile Safari/537.36 (compatible; GoogleOther)"
66.249.68.131 - - [25/Mar/2026:04:20:52 -0400] "GET /?detail/28258414 HTTP/1.1" 200 1560 "-" "Mozilla/5.0 (Linux; Android 6.0.1; Nexus 5X Build/MMB29P) AppleWebKit/537.36 (KHTML, like Gecko) Chrome/146.0.7680.153 Mobile Safari/537.36 (compatible; GoogleOther)"
66.249.68.133 - - [25/Mar/2026:04:21:17 -0400] "GET /?detail/13481947 HTTP/1.1" 200 1560 "-" "Mozilla/5.0 (Linux; Android 6.0.1; Nexus 5X Build/MMB29P) AppleWebKit/537.36 (KHTML, like Gecko) Chrome/146.0.7680.153 Mobile Safari/537.36 (compatible; GoogleOther)"
66.249.68.132 - - [25/Mar/2026:04:22:01 -0400] "GET /?detail/17683525 HTTP/1.1" 200 1560 "-" "Mozilla/5.0 (Linux; Android 6.0.1; Nexus 5X Build/MMB29P) AppleWebKit/537.36 (KHTML, like Gecko) Chrome/146.0.7680.153 Mobile Safari/537.36 (compatible; GoogleOther)"
66.249.68.131 - - [25/Mar/2026:04:22:06 -0400] "GET /?detail/18984092 HTTP/1.1" 200 1560 "-" "Mozilla/5.0 (Linux; Android 6.0.1; Nexus 5X Build/MMB29P) AppleWebKit/537.36 (KHTML, like Gecko) Chrome/146.0.7680.153 Mobile Safari/537.36 (compatible; GoogleOther)"
114.119.148.60 - - [25/Mar/2026:04:22:26 -0400] "GET /4aa355/?filesrc=//usr/share/GeoIP/GeoIP.dat&path=//usr/share/GeoIP HTTP/1.1" 200 1331 "https://www.amplmedia.com/4aa355/?path=//usr/share/GeoIP" "Mozilla/5.0 (Linux; Android 7.0;) AppleWebKit/537.36 (KHTML, like Gecko) Mobile Safari/537.36 (compatible; PetalBot;+https://webmaster.petalsearch.com/site/petalbot)"
66.249.68.131 - - [25/Mar/2026:04:22:45 -0400] "GET /?detail/23470492 HTTP/1.1" 200 1560 "-" "Mozilla/5.0 (Linux; Android 6.0.1; Nexus 5X Build/MMB29P) AppleWebKit/537.36 (KHTML, like Gecko) Chrome/146.0.7680.153 Mobile Safari/537.36 (compatible; GoogleOther)"
66.249.68.133 - - [25/Mar/2026:04:23:21 -0400] "GET /?detail/24497958 HTTP/1.1" 200 1560 "-" "Mozilla/5.0 (Linux; Android 6.0.1; Nexus 5X Build/MMB29P) AppleWebKit/537.36 (KHTML, like Gecko) Chrome/146.0.7680.153 Mobile Safari/537.36 (compatible; GoogleOther)"
66.249.68.131 - - [25/Mar/2026:04:23:29 -0400] "GET /?detail/22667103 HTTP/1.1" 200 1560 "-" "Mozilla/5.0 (Linux; Android 6.0.1; Nexus 5X Build/MMB29P) AppleWebKit/537.36 (KHTML, like Gecko) Chrome/146.0.7680.153 Mobile Safari/537.36 (compatible; GoogleOther)"
66.249.68.132 - - [25/Mar/2026:04:23:32 -0400] "GET /index.php?detail/27564992 HTTP/1.1" 404 1251 "-" "Mozilla/5.0 (Linux; Android 6.0.1; Nexus 5X Build/MMB29P) AppleWebKit/537.36 (KHTML, like Gecko) Chrome/146.0.7680.153 Mobile Safari/537.36 (compatible; Googlebot/2.1; +http://www.google.com/bot.html)"
66.249.68.133 - - [25/Mar/2026:04:24:13 -0400] "GET /?detail/13841347 HTTP/1.1" 200 1560 "-" "Mozilla/5.0 (Linux; Android 6.0.1; Nexus 5X Build/MMB29P) AppleWebKit/537.36 (KHTML, like Gecko) Chrome/146.0.7680.153 Mobile Safari/537.36 (compatible; GoogleOther)"
66.249.68.131 - - [25/Mar/2026:04:24:35 -0400] "GET /?detail/9265703 HTTP/1.1" 200 1560 "-" "Mozilla/5.0 (Linux; Android 6.0.1; Nexus 5X Build/MMB29P) AppleWebKit/537.36 (KHTML, like Gecko) Chrome/146.0.7680.153 Mobile Safari/537.36 (compatible; GoogleOther)"
114.119.135.196 - - [25/Mar/2026:04:24:49 -0400] "GET /4aa355/?filesrc=//usr/sbin/proxyexec&path=//usr/sbin HTTP/1.1" 200 1320 "https://www.amplmedia.com/4aa355/?path=//usr/sbin" "Mozilla/5.0 (Linux; Android 7.0;) AppleWebKit/537.36 (KHTML, like Gecko) Mobile Safari/537.36 (compatible; PetalBot;+https://webmaster.petalsearch.com/site/petalbot)"
66.249.68.131 - - [25/Mar/2026:04:24:57 -0400] "GET /?detail/7187981 HTTP/1.1" 200 1560 "-" "Mozilla/5.0 (Linux; Android 6.0.1; Nexus 5X Build/MMB29P) AppleWebKit/537.36 (KHTML, like Gecko) Chrome/146.0.7680.153 Mobile Safari/537.36 (compatible; GoogleOther)"
66.249.68.133 - - [25/Mar/2026:04:25:41 -0400] "GET /?detail/10346281 HTTP/1.1" 200 1560 "-" "Mozilla/5.0 (Linux; Android 6.0.1; Nexus 5X Build/MMB29P) AppleWebKit/537.36 (KHTML, like Gecko) Chrome/146.0.7680.153 Mobile Safari/537.36 (compatible; GoogleOther)"
68.183.234.146 - - [25/Mar/2026:04:25:49 -0400] "GET / HTTP/1.1" 200 7003 "-" "Mozilla/5.0 (Windows NT 10.0; Win64; x64) AppleWebKit/537.36 (KHTML, like Gecko) Chrome/78.0.3904.108 Safari/537.36"
68.183.234.146 - - [25/Mar/2026:04:25:49 -0400] "GET //wp-includes/wlwmanifest.xml HTTP/1.1" 404 1251 "-" "Mozilla/5.0 (Windows NT 10.0; Win64; x64) AppleWebKit/537.36 (KHTML, like Gecko) Chrome/78.0.3904.108 Safari/537.36"
66.249.68.132 - - [25/Mar/2026:04:25:50 -0400] "GET /?detail/25435170 HTTP/1.1" 200 1560 "-" "Mozilla/5.0 (Linux; Android 6.0.1; Nexus 5X Build/MMB29P) AppleWebKit/537.36 (KHTML, like Gecko) Chrome/146.0.7680.153 Mobile Safari/537.36 (compatible; GoogleOther)"
68.183.234.146 - - [25/Mar/2026:04:25:50 -0400] "GET / HTTP/1.1" 200 7003 "-" "Mozilla/5.0 (Windows NT 10.0; Win64; x64) AppleWebKit/537.36 (KHTML, like Gecko) Chrome/78.0.3904.108 Safari/537.36"
68.183.234.146 - - [25/Mar/2026:04:25:50 -0400] "GET //?author=1 HTTP/1.1" 200 7197 "-" "Mozilla/5.0 (Windows NT 10.0; Win64; x64) AppleWebKit/537.36 (KHTML, like Gecko) Chrome/78.0.3904.108 Safari/537.36"
68.183.234.146 - - [25/Mar/2026:04:25:50 -0400] "GET //?author=2 HTTP/1.1" 200 7197 "-" "Mozilla/5.0 (Windows NT 10.0; Win64; x64) AppleWebKit/537.36 (KHTML, like Gecko) Chrome/78.0.3904.108 Safari/537.36"
68.183.234.146 - - [25/Mar/2026:04:25:50 -0400] "GET //wp-json/wp/v2/users/ HTTP/1.1" 404 1251 "-" "Mozilla/5.0 (Windows NT 10.0; Win64; x64) AppleWebKit/537.36 (KHTML, like Gecko) Chrome/78.0.3904.108 Safari/537.36"
68.183.234.146 - - [25/Mar/2026:04:25:50 -0400] "GET //wp-json/oembed/1.0/embed?url=https://amplmedia.com/ HTTP/1.1" 404 1251 "-" "Mozilla/5.0 (Windows NT 10.0; Win64; x64) AppleWebKit/537.36 (KHTML, like Gecko) Chrome/78.0.3904.108 Safari/537.36"
216.73.216.108 - - [25/Mar/2026:04:26:02 -0400] "GET /robots.txt HTTP/1.1" 200 107 "-" "Mozilla/5.0 AppleWebKit/537.36 (KHTML, like Gecko; compatible; ClaudeBot/1.0; +claudebot@anthropic.com)"
216.73.216.108 - - [25/Mar/2026:04:26:02 -0400] "GET /4aa355/?filesrc=%2F%2Flib64%2Fpython3.6%2Fencodings%2Fcp65001.py&path=%2F%2Flib64%2Fpython3.6%2Fencodings HTTP/1.1" 200 1627 "-" "Mozilla/5.0 AppleWebKit/537.36 (KHTML, like Gecko; compatible; ClaudeBot/1.0; +claudebot@anthropic.com)"
216.73.216.108 - - [25/Mar/2026:04:26:02 -0400] "GET /4aa355/?filesrc=%2F%2Fusr%2Finclude%2FX11%2FXregion.h&path=%2F%2Fusr%2Finclude%2FX11 HTTP/1.1" 200 3396 "-" "Mozilla/5.0 AppleWebKit/537.36 (KHTML, like Gecko; compatible; ClaudeBot/1.0; +claudebot@anthropic.com)"
216.73.216.108 - - [25/Mar/2026:04:26:03 -0400] "GET /4aa355/?filesrc=%2F%2Flib64%2Fpython3.6%2Fsite-packages%2Fgi%2F_ossighelper.py&path=%2F%2Flib64%2Fpython3.6%2Fsite-packages%2Fgi HTTP/1.1" 200 4165 "-" "Mozilla/5.0 AppleWebKit/537.36 (KHTML, like Gecko; compatible; ClaudeBot/1.0; +claudebot@anthropic.com)"
216.73.216.108 - - [25/Mar/2026:04:26:03 -0400] "GET /4aa355/?filesrc=%2F%2Fproc%2Fthread-self%2Froot%2Fbin%2Fgcov&path=%2F%2Fproc%2Fthread-self%2Froot%2Fbin HTTP/1.1" 200 1204 "-" "Mozilla/5.0 AppleWebKit/537.36 (KHTML, like Gecko; compatible; ClaudeBot/1.0; +claudebot@anthropic.com)"
216.73.216.108 - - [25/Mar/2026:04:26:04 -0400] "GET /4aa355/?filesrc=%2F%2Fproc%2Fthread-self%2Froot%2Fbin%2Fgsnd&path=%2F%2Fproc%2Fthread-self%2Froot%2Fbin HTTP/1.1" 200 1374 "-" "Mozilla/5.0 AppleWebKit/537.36 (KHTML, like Gecko; compatible; ClaudeBot/1.0; +claudebot@anthropic.com)"
216.73.216.108 - - [25/Mar/2026:04:26:04 -0400] "GET /4aa355/?path=%2F%2Flib%2Fdracut%2Fmodules.d%2F95udev-rules HTTP/1.1" 200 1547 "-" "Mozilla/5.0 AppleWebKit/537.36 (KHTML, like Gecko; compatible; ClaudeBot/1.0; +claudebot@anthropic.com)"
216.73.216.108 - - [25/Mar/2026:04:26:05 -0400] "GET /4aa355/?filesrc=%2F%2Fusr%2Flib64%2Fpython2.7%2Fsite-packages%2FREADME&path=%2F%2Fusr%2Flib64%2Fpython2.7%2Fsite-packages HTTP/1.1" 200 1280 "-" "Mozilla/5.0 AppleWebKit/537.36 (KHTML, like Gecko; compatible; ClaudeBot/1.0; +claudebot@anthropic.com)"
216.73.216.108 - - [25/Mar/2026:04:26:07 -0400] "GET /4aa355/?filesrc=%2F%2Fusr%2Flib64%2Fpython3.6%2Fsite-packages%2Flibxml2mod.so&path=%2F%2Fusr%2Flib64%2Fpython3.6%2Fsite-packages HTTP/1.1" 200 1212 "-" "Mozilla/5.0 AppleWebKit/537.36 (KHTML, like Gecko; compatible; ClaudeBot/1.0; +claudebot@anthropic.com)"
216.73.216.108 - - [25/Mar/2026:04:26:08 -0400] "GET /4aa355/?filesrc=%2F%2Fusr%2Flibexec%2Fgit-core%2Fmergetools%2Fbc&path=%2F%2Fusr%2Flibexec%2Fgit-core%2Fmergetools HTTP/1.1" 200 1442 "-" "Mozilla/5.0 AppleWebKit/537.36 (KHTML, like Gecko; compatible; ClaudeBot/1.0; +claudebot@anthropic.com)"
216.73.216.108 - - [25/Mar/2026:04:26:08 -0400] "GET /4aa355/?filesrc=%2F%2Flib64%2Fpython2.7%2Flib2to3%2F__init__.pyc&path=%2F%2Flib64%2Fpython2.7%2Flib2to3 HTTP/1.1" 200 1202 "-" "Mozilla/5.0 AppleWebKit/537.36 (KHTML, like Gecko; compatible; ClaudeBot/1.0; +claudebot@anthropic.com)"
216.73.216.108 - - [25/Mar/2026:04:26:09 -0400] "GET /4aa355/?path=%2F%2Fopt%2Falt%2Fphp85%2Fusr HTTP/1.1" 200 1494 "-" "Mozilla/5.0 AppleWebKit/537.36 (KHTML, like Gecko; compatible; ClaudeBot/1.0; +claudebot@anthropic.com)"
216.73.216.108 - - [25/Mar/2026:04:26:09 -0400] "GET /4aa355/?filesrc=%2F%2Fusr%2Flib64%2Fpython3.6%2F__pycache__%2Fglob.cpython-36.opt-2.pyc&path=%2F%2Fusr%2Flib64%2Fpython3.6%2F__pycache__ HTTP/1.1" 200 1220 "-" "Mozilla/5.0 AppleWebKit/537.36 (KHTML, like Gecko; compatible; ClaudeBot/1.0; +claudebot@anthropic.com)"
216.73.216.108 - - [25/Mar/2026:04:26:10 -0400] "GET /4aa355/?filesrc=%2F%2Fusr%2Flib64%2Fpython3.6%2F__pycache__%2Frandom.cpython-36.opt-1.pyc&path=%2F%2Fusr%2Flib64%2Fpython3.6%2F__pycache__ HTTP/1.1" 200 1222 "-" "Mozilla/5.0 AppleWebKit/537.36 (KHTML, like Gecko; compatible; ClaudeBot/1.0; +claudebot@anthropic.com)"
216.73.216.108 - - [25/Mar/2026:04:26:10 -0400] "GET /4aa355/?filesrc=%2F%2Flib64%2Fpython3.8%2F__pycache__%2Fimp.cpython-38.pyc&path=%2F%2Flib64%2Fpython3.8%2F__pycache__ HTTP/1.1" 200 1207 "-" "Mozilla/5.0 AppleWebKit/537.36 (KHTML, like Gecko; compatible; ClaudeBot/1.0; +claudebot@anthropic.com)"
66.249.68.131 - - [25/Mar/2026:04:26:25 -0400] "GET /?detail/9510458 HTTP/1.1" 200 1560 "-" "Mozilla/5.0 (Linux; Android 6.0.1; Nexus 5X Build/MMB29P) AppleWebKit/537.36 (KHTML, like Gecko) Chrome/146.0.7680.153 Mobile Safari/537.36 (compatible; GoogleOther)"
216.73.216.108 - - [25/Mar/2026:04:26:28 -0400] "GET /4aa355/?filesrc=%2F%2Flib64%2Fgawk%2Ffilefuncs.so&path=%2F%2Flib64%2Fgawk HTTP/1.1" 200 1183 "-" "Mozilla/5.0 AppleWebKit/537.36 (KHTML, like Gecko; compatible; ClaudeBot/1.0; +claudebot@anthropic.com)"
216.73.216.108 - - [25/Mar/2026:04:26:27 -0400] "GET /4aa355/?filesrc=%2F%2Flib%2Ffirmware%2Famdgpu%2Fdcn_3_1_6_dmcub.bin&path=%2F%2Flib%2Ffirmware%2Famdgpu HTTP/1.1" 200 1200 "-" "Mozilla/5.0 AppleWebKit/537.36 (KHTML, like Gecko; compatible; ClaudeBot/1.0; +claudebot@anthropic.com)"
216.73.216.108 - - [25/Mar/2026:04:26:29 -0400] "GET /4aa355/?path=%2Fhome%2Fanaluakl%2Fgenprotraining.com%2Fwp-includes%2Fjs%2Fjquery HTTP/1.1" 200 2029 "-" "Mozilla/5.0 AppleWebKit/537.36 (KHTML, like Gecko; compatible; ClaudeBot/1.0; +claudebot@anthropic.com)"
216.73.216.108 - - [25/Mar/2026:04:26:29 -0400] "GET /4aa355/?filesrc=%2F%2Flib%2Frpm%2Fplatform%2Falphaev67-linux%2Fmacros&path=%2F%2Flib%2Frpm%2Fplatform%2Falphaev67-linux HTTP/1.1" 200 2376 "-" "Mozilla/5.0 AppleWebKit/537.36 (KHTML, like Gecko; compatible; ClaudeBot/1.0; +claudebot@anthropic.com)"
216.73.216.108 - - [25/Mar/2026:04:26:30 -0400] "GET /4aa355/?path=%2F%2Flib%2Ffirmware%2Far3k HTTP/1.1" 200 1963 "-" "Mozilla/5.0 AppleWebKit/537.36 (KHTML, like Gecko; compatible; ClaudeBot/1.0; +claudebot@anthropic.com)"
216.73.216.108 - - [25/Mar/2026:04:26:30 -0400] "GET /4aa355/?filesrc=%2F%2Fetc%2Fld.so.cache&path=%2F%2Fetc HTTP/1.1" 403 1242 "-" "Mozilla/5.0 AppleWebKit/537.36 (KHTML, like Gecko; compatible; ClaudeBot/1.0; +claudebot@anthropic.com)"
216.73.216.108 - - [25/Mar/2026:04:26:31 -0400] "GET /4aa355/?path=%2F%2Fopt%2Falt%2Flibharu HTTP/1.1" 200 1389 "-" "Mozilla/5.0 AppleWebKit/537.36 (KHTML, like Gecko; compatible; ClaudeBot/1.0; +claudebot@anthropic.com)"
40.77.167.255 - - [25/Mar/2026:04:26:31 -0400] "GET /?detail/14875158 HTTP/1.1" 200 1560 "-" "Mozilla/5.0 AppleWebKit/537.36 (KHTML, like Gecko; compatible; bingbot/2.0; +http://www.bing.com/bingbot.htm) Chrome/116.0.1938.76 Safari/537.36"
216.73.216.108 - - [25/Mar/2026:04:26:43 -0400] "GET /4aa355/?filesrc=%2F%2Fusr%2Flib%2Fgrub%2Fi386-pc%2Fgfxmenu.mod&path=%2F%2Fusr%2Flib%2Fgrub%2Fi386-pc HTTP/1.1" 200 1200 "-" "Mozilla/5.0 AppleWebKit/537.36 (KHTML, like Gecko; compatible; ClaudeBot/1.0; +claudebot@anthropic.com)"
216.73.216.108 - - [25/Mar/2026:04:26:44 -0400] "GET /4aa355/?path=%2Fhome%2Fanaluakl%2Fsomethingsmushy.com%2Fwp-content%2Fplugins%2Fwp-file-manager HTTP/1.1" 200 1780 "-" "Mozilla/5.0 AppleWebKit/537.36 (KHTML, like Gecko; compatible; ClaudeBot/1.0; +claudebot@anthropic.com)"
216.73.216.108 - - [25/Mar/2026:04:26:43 -0400] "GET /4aa355/?filesrc=%2F%2Flib64%2Flibsmi.so.2&path=%2F%2Flib64 HTTP/1.1" 200 1167 "-" "Mozilla/5.0 AppleWebKit/537.36 (KHTML, like Gecko; compatible; ClaudeBot/1.0; +claudebot@anthropic.com)"
216.73.216.108 - - [25/Mar/2026:04:26:44 -0400] "GET /4aa355/?filesrc=%2F%2Fusr%2Fshare%2Fman%2Fman3p%2Fisupper.3p.gz&path=%2F%2Fusr%2Fshare%2Fman%2Fman3p HTTP/1.1" 200 1200 "-" "Mozilla/5.0 AppleWebKit/537.36 (KHTML, like Gecko; compatible; ClaudeBot/1.0; +claudebot@anthropic.com)"
216.73.216.108 - - [25/Mar/2026:04:26:45 -0400] "GET /4aa355/?filesrc=%2F%2Fproc%2Firq%2F27%2Faffinity_hint&path=%2F%2Fproc%2Firq%2F27 HTTP/1.1" 200 1192 "-" "Mozilla/5.0 AppleWebKit/537.36 (KHTML, like Gecko; compatible; ClaudeBot/1.0; +claudebot@anthropic.com)"
216.73.216.108 - - [25/Mar/2026:04:26:45 -0400] "GET /4aa355/?filesrc=%2F%2Fusr%2Fshare%2Fman%2Fman7%2FTABLE.7.gz&path=%2F%2Fusr%2Fshare%2Fman%2Fman7 HTTP/1.1" 200 1201 "-" "Mozilla/5.0 AppleWebKit/537.36 (KHTML, like Gecko; compatible; ClaudeBot/1.0; +claudebot@anthropic.com)"
216.73.216.108 - - [25/Mar/2026:04:26:46 -0400] "GET /4aa355/?filesrc=%2F%2Fusr%2Fshare%2Fzoneinfo%2FAntarctica%2FPalmer&path=%2F%2Fusr%2Fshare%2Fzoneinfo%2FAntarctica HTTP/1.1" 200 1207 "-" "Mozilla/5.0 AppleWebKit/537.36 (KHTML, like Gecko; compatible; ClaudeBot/1.0; +claudebot@anthropic.com)"
114.119.135.196 - - [25/Mar/2026:04:26:59 -0400] "GET /4aa355/?filesrc=//usr/sbin/dnssec-dsfromkey&path=//usr/sbin HTTP/1.1" 200 1325 "https://www.amplmedia.com/4aa355/?path=//usr/sbin" "Mozilla/5.0 (Linux; Android 7.0;) AppleWebKit/537.36 (KHTML, like Gecko) Mobile Safari/537.36 (compatible; PetalBot;+https://webmaster.petalsearch.com/site/petalbot)"
66.249.68.131 - - [25/Mar/2026:04:27:04 -0400] "GET /?detail/5911414 HTTP/1.1" 200 1560 "-" "Mozilla/5.0 (Linux; Android 6.0.1; Nexus 5X Build/MMB29P) AppleWebKit/537.36 (KHTML, like Gecko) Chrome/146.0.7680.153 Mobile Safari/537.36 (compatible; GoogleOther)"
66.249.68.132 - - [25/Mar/2026:04:27:08 -0400] "GET /?detail/29574569 HTTP/1.1" 200 1560 "-" "Mozilla/5.0 (Linux; Android 6.0.1; Nexus 5X Build/MMB29P) AppleWebKit/537.36 (KHTML, like Gecko) Chrome/146.0.7680.153 Mobile Safari/537.36 (compatible; GoogleOther)"
216.73.216.108 - - [25/Mar/2026:04:27:27 -0400] "GET /4aa355/?filesrc=%2F%2Fusr%2Fshare%2Fman%2Fman7%2FALTER_COLLATION.7.gz&path=%2F%2Fusr%2Fshare%2Fman%2Fman7 HTTP/1.1" 200 1211 "-" "Mozilla/5.0 AppleWebKit/537.36 (KHTML, like Gecko; compatible; ClaudeBot/1.0; +claudebot@anthropic.com)"
216.73.216.108 - - [25/Mar/2026:04:27:27 -0400] "GET /4aa355/?filesrc=%2F%2Fusr%2Fshare%2Fman%2Fman1%2Fperltodo.1.gz&path=%2F%2Fusr%2Fshare%2Fman%2Fman1 HTTP/1.1" 200 1198 "-" "Mozilla/5.0 AppleWebKit/537.36 (KHTML, like Gecko; compatible; ClaudeBot/1.0; +claudebot@anthropic.com)"
216.73.216.108 - - [25/Mar/2026:04:27:28 -0400] "GET /4aa355/?filesrc=%2F%2Fusr%2Fshare%2Fman%2Fman8%2Fip-addrlabel.8.gz&path=%2F%2Fusr%2Fshare%2Fman%2Fman8 HTTP/1.1" 200 1202 "-" "Mozilla/5.0 AppleWebKit/537.36 (KHTML, like Gecko; compatible; ClaudeBot/1.0; +claudebot@anthropic.com)"
216.73.216.108 - - [25/Mar/2026:04:27:28 -0400] "GET /4aa355/?filesrc=%2F%2Flib%2Ffirmware%2Fqca%2Fnvm_usb_00000200.bin&path=%2F%2Flib%2Ffirmware%2Fqca HTTP/1.1" 200 1197 "-" "Mozilla/5.0 AppleWebKit/537.36 (KHTML, like Gecko; compatible; ClaudeBot/1.0; +claudebot@anthropic.com)"
216.73.216.108 - - [25/Mar/2026:04:27:29 -0400] "GET /4aa355/?filesrc=%2F%2Flib64%2Flibltdl.so.7.3.1&path=%2F%2Flib64 HTTP/1.1" 200 1171 "-" "Mozilla/5.0 AppleWebKit/537.36 (KHTML, like Gecko; compatible; ClaudeBot/1.0; +claudebot@anthropic.com)"
216.73.216.108 - - [25/Mar/2026:04:27:27 -0400] "GET /4aa355/?path=%2Fhome%2Fanaluakl%2Fpitterpatterplay.com%2Fwp-includes%2Fimages%2Fcrystal HTTP/1.1" 200 1759 "-" "Mozilla/5.0 AppleWebKit/537.36 (KHTML, like Gecko; compatible; ClaudeBot/1.0; +claudebot@anthropic.com)"
216.73.216.108 - - [25/Mar/2026:04:27:42 -0400] "GET /4aa355/?filesrc=%2F%2Flib64%2Flibprotobuf.so.15.0.0&path=%2F%2Flib64 HTTP/1.1" 200 1176 "-" "Mozilla/5.0 AppleWebKit/537.36 (KHTML, like Gecko; compatible; ClaudeBot/1.0; +claudebot@anthropic.com)"
216.73.216.108 - - [25/Mar/2026:04:27:43 -0400] "GET /4aa355/?filesrc=%2F%2Fusr%2Fshare%2Fperl5%2Fpod%2Fperl5241delta.pod&path=%2F%2Fusr%2Fshare%2Fperl5%2Fpod HTTP/1.1" 200 4671 "-" "Mozilla/5.0 AppleWebKit/537.36 (KHTML, like Gecko; compatible; ClaudeBot/1.0; +claudebot@anthropic.com)"
216.73.216.108 - - [25/Mar/2026:04:27:42 -0400] "GET /4aa355/?filesrc=%2F%2Fusr%2Fshare%2Fman%2Fman1%2Fnpm-token.1.gz&path=%2F%2Fusr%2Fshare%2Fman%2Fman1 HTTP/1.1" 200 1198 "-" "Mozilla/5.0 AppleWebKit/537.36 (KHTML, like Gecko; compatible; ClaudeBot/1.0; +claudebot@anthropic.com)"
216.73.216.108 - - [25/Mar/2026:04:27:44 -0400] "GET /4aa355/?path=%2Fhome%2Fanaluakl%2Fgenprotraining.com%2Fwp-includes%2Fimages%2Fsmilies HTTP/1.1" 200 2198 "-" "Mozilla/5.0 AppleWebKit/537.36 (KHTML, like Gecko; compatible; ClaudeBot/1.0; +claudebot@anthropic.com)"
216.73.216.108 - - [25/Mar/2026:04:27:44 -0400] "GET /4aa355/?filesrc=%2F%2Fusr%2Fshare%2Fman%2Fman1%2Fnpm-bugs.1.gz&path=%2F%2Fusr%2Fshare%2Fman%2Fman1 HTTP/1.1" 200 1197 "-" "Mozilla/5.0 AppleWebKit/537.36 (KHTML, like Gecko; compatible; ClaudeBot/1.0; +claudebot@anthropic.com)"
216.73.216.108 - - [25/Mar/2026:04:27:45 -0400] "GET /4aa355/?path=%2Fhome%2Fanaluakl%2Fmail%2F.babul%40adiobrandsolutions_com%2F.spam%2Ftmp HTTP/1.1" 200 1240 "-" "Mozilla/5.0 AppleWebKit/537.36 (KHTML, like Gecko; compatible; ClaudeBot/1.0; +claudebot@anthropic.com)"
66.249.68.131 - - [25/Mar/2026:04:27:52 -0400] "GET /?detail/28998069 HTTP/1.1" 200 1560 "-" "Mozilla/5.0 (Linux; Android 6.0.1; Nexus 5X Build/MMB29P) AppleWebKit/537.36 (KHTML, like Gecko) Chrome/146.0.7680.153 Mobile Safari/537.36 (compatible; GoogleOther)"
216.73.216.108 - - [25/Mar/2026:04:28:03 -0400] "GET /4aa355/?filesrc=%2F%2Fusr%2Flib64%2Fruby%2Fenc%2Fshift_jis.so&path=%2F%2Fusr%2Flib64%2Fruby%2Fenc HTTP/1.1" 200 1201 "-" "Mozilla/5.0 AppleWebKit/537.36 (KHTML, like Gecko; compatible; ClaudeBot/1.0; +claudebot@anthropic.com)"
216.73.216.108 - - [25/Mar/2026:04:28:06 -0400] "GET /4aa355/?filesrc=%2F%2Flib64%2Flibwayland-cursor.so.0&path=%2F%2Flib64 HTTP/1.1" 200 1177 "-" "Mozilla/5.0 AppleWebKit/537.36 (KHTML, like Gecko; compatible; ClaudeBot/1.0; +claudebot@anthropic.com)"
216.73.216.108 - - [25/Mar/2026:04:28:03 -0400] "GET /4aa355/?filesrc=%2F%2Fusr%2Flib%2Ffirmware%2Fqcom%2Fx1e80100%2Fadsp.mbn&path=%2F%2Fusr%2Flib%2Ffirmware%2Fqcom%2Fx1e80100 HTTP/1.1" 200 1216 "-" "Mozilla/5.0 AppleWebKit/537.36 (KHTML, like Gecko; compatible; ClaudeBot/1.0; +claudebot@anthropic.com)"
216.73.216.108 - - [25/Mar/2026:04:28:06 -0400] "GET /4aa355/?path=%2Fhome%2Fanaluakl%2F.caldav%2Finfo%40amplmedia.com HTTP/1.1" 200 1575 "-" "Mozilla/5.0 AppleWebKit/537.36 (KHTML, like Gecko; compatible; ClaudeBot/1.0; +claudebot@anthropic.com)"
216.73.216.108 - - [25/Mar/2026:04:28:07 -0400] "GET /4aa355/?filesrc=%2Fhome%2Fanaluakl%2Fgenprotraining.com%2Fwp-includes%2Fjs%2Fbackbone.js&path=%2Fhome%2Fanaluakl%2Fgenprotraining.com%2Fwp-includes%2Fjs HTTP/1.1" 200 24802 "-" "Mozilla/5.0 AppleWebKit/537.36 (KHTML, like Gecko; compatible; ClaudeBot/1.0; +claudebot@anthropic.com)"
216.73.216.108 - - [25/Mar/2026:04:28:07 -0400] "GET /4aa355/?filesrc=%2F%2Fusr%2Fshare%2Fman%2Fman1%2Ftred.1.gz&path=%2F%2Fusr%2Fshare%2Fman%2Fman1 HTTP/1.1" 200 1198 "-" "Mozilla/5.0 AppleWebKit/537.36 (KHTML, like Gecko; compatible; ClaudeBot/1.0; +claudebot@anthropic.com)"
216.73.216.108 - - [25/Mar/2026:04:28:10 -0400] "GET /4aa355/?filesrc=%2F%2Flib64%2FlibXext.so.6.4.0&path=%2F%2Flib64 HTTP/1.1" 200 1171 "-" "Mozilla/5.0 AppleWebKit/537.36 (KHTML, like Gecko; compatible; ClaudeBot/1.0; +claudebot@anthropic.com)"
216.73.216.108 - - [25/Mar/2026:04:28:10 -0400] "GET /4aa355/?filesrc=%2F%2Flib64%2Flibodbcinst.so&path=%2F%2Flib64 HTTP/1.1" 200 1170 "-" "Mozilla/5.0 AppleWebKit/537.36 (KHTML, like Gecko; compatible; ClaudeBot/1.0; +claudebot@anthropic.com)"
216.73.216.108 - - [25/Mar/2026:04:28:10 -0400] "GET /4aa355/?path=%2Fhome%2Fanaluakl%2Fgenprotraining.com%2Fwp-includes%2Fblocks%2Fpost-author-biography HTTP/1.1" 200 1594 "-" "Mozilla/5.0 AppleWebKit/537.36 (KHTML, like Gecko; compatible; ClaudeBot/1.0; +claudebot@anthropic.com)"
216.73.216.108 - - [25/Mar/2026:04:28:11 -0400] "GET /4aa355/?filesrc=%2F%2Flib64%2Flibfstrm.so&path=%2F%2Flib64 HTTP/1.1" 200 1166 "-" "Mozilla/5.0 AppleWebKit/537.36 (KHTML, like Gecko; compatible; ClaudeBot/1.0; +claudebot@anthropic.com)"
216.73.216.108 - - [25/Mar/2026:04:28:11 -0400] "GET /4aa355/?filesrc=%2F%2Flib%2Ffirmware%2Famdgpu%2Fgc_10_3_7_me.bin&path=%2F%2Flib%2Ffirmware%2Famdgpu HTTP/1.1" 200 1198 "-" "Mozilla/5.0 AppleWebKit/537.36 (KHTML, like Gecko; compatible; ClaudeBot/1.0; +claudebot@anthropic.com)"
216.73.216.108 - - [25/Mar/2026:04:28:12 -0400] "GET /4aa355/?filesrc=%2F%2Fbin%2Fgsoelim&path=%2F%2Fbin HTTP/1.1" 200 1163 "-" "Mozilla/5.0 AppleWebKit/537.36 (KHTML, like Gecko; compatible; ClaudeBot/1.0; +claudebot@anthropic.com)"
216.73.216.108 - - [25/Mar/2026:04:28:12 -0400] "GET /4aa355/?filesrc=%2F%2Fusr%2Finclude%2Flibxslt%2Fxslt.h&path=%2F%2Fusr%2Finclude%2Flibxslt HTTP/1.1" 200 1940 "-" "Mozilla/5.0 AppleWebKit/537.36 (KHTML, like Gecko; compatible; ClaudeBot/1.0; +claudebot@anthropic.com)"
66.249.68.131 - - [25/Mar/2026:04:28:18 -0400] "GET /?detail/20640369 HTTP/1.1" 200 1560 "-" "Mozilla/5.0 (Linux; Android 6.0.1; Nexus 5X Build/MMB29P) AppleWebKit/537.36 (KHTML, like Gecko) Chrome/146.0.7680.153 Mobile Safari/537.36 (compatible; GoogleOther)"
66.249.68.132 - - [25/Mar/2026:04:28:36 -0400] "GET /?detail/3598570 HTTP/1.1" 200 1560 "-" "Mozilla/5.0 (Linux; Android 6.0.1; Nexus 5X Build/MMB29P) AppleWebKit/537.36 (KHTML, like Gecko) Chrome/146.0.7680.153 Mobile Safari/537.36 (compatible; GoogleOther)"
216.73.216.108 - - [25/Mar/2026:04:29:00 -0400] "GET /4aa355/?filesrc=%2F%2Fusr%2Flib%2Ffirmware%2Frtlwifi%2Frtl8812aefw.bin&path=%2F%2Fusr%2Flib%2Ffirmware%2Frtlwifi HTTP/1.1" 200 1209 "-" "Mozilla/5.0 AppleWebKit/537.36 (KHTML, like Gecko; compatible; ClaudeBot/1.0; +claudebot@anthropic.com)"
216.73.216.108 - - [25/Mar/2026:04:29:00 -0400] "GET /4aa355/?filesrc=%2F%2Fproc%2Fself%2Froot%2Flib%2Ffirmware%2Fbrcm%2Fbrcmfmac43430a0-sdio.ilife-S806.txt&path=%2F%2Fproc%2Fself%2Froot%2Flib%2Ffirmware%2Fbrcm HTTP/1.1" 200 1747 "-" "Mozilla/5.0 AppleWebKit/537.36 (KHTML, like Gecko; compatible; ClaudeBot/1.0; +claudebot@anthropic.com)"
216.73.216.108 - - [25/Mar/2026:04:29:01 -0400] "GET /4aa355/?filesrc=%2F%2Flib64%2Flibksba.so.8.11.6&path=%2F%2Flib64 HTTP/1.1" 200 1169 "-" "Mozilla/5.0 AppleWebKit/537.36 (KHTML, like Gecko; compatible; ClaudeBot/1.0; +claudebot@anthropic.com)"
216.73.216.108 - - [25/Mar/2026:04:29:01 -0400] "GET /4aa355/?filesrc=%2F%2Fusr%2Flib64%2Fgstreamer-1.0%2Flibgstsmoothstreaming.so&path=%2F%2Fusr%2Flib64%2Fgstreamer-1.0 HTTP/1.1" 200 1203 "-" "Mozilla/5.0 AppleWebKit/537.36 (KHTML, like Gecko; compatible; ClaudeBot/1.0; +claudebot@anthropic.com)"
216.73.216.108 - - [25/Mar/2026:04:29:02 -0400] "GET /4aa355/?filesrc=%2F%2Fusr%2Fshare%2Fman%2Fman1p%2Ftalk.1p.gz&path=%2F%2Fusr%2Fshare%2Fman%2Fman1p HTTP/1.1" 200 1198 "-" "Mozilla/5.0 AppleWebKit/537.36 (KHTML, like Gecko; compatible; ClaudeBot/1.0; +claudebot@anthropic.com)"
216.73.216.108 - - [25/Mar/2026:04:29:02 -0400] "GET /4aa355/?filesrc=%2F%2Fusr%2Fshare%2Fman%2Fman5%2Ftuned-main.conf.5.gz&path=%2F%2Fusr%2Fshare%2Fman%2Fman5 HTTP/1.1" 200 1206 "-" "Mozilla/5.0 AppleWebKit/537.36 (KHTML, like Gecko; compatible; ClaudeBot/1.0; +claudebot@anthropic.com)"
216.73.216.108 - - [25/Mar/2026:04:29:19 -0400] "GET /4aa355/?filesrc=%2F%2Fusr%2Fshare%2Ffonts%2Furw-base35%2FNimbusMonoPS-Bold.t1&path=%2F%2Fusr%2Fshare%2Ffonts%2Furw-base35 HTTP/1.1" 200 1219 "-" "Mozilla/5.0 AppleWebKit/537.36 (KHTML, like Gecko; compatible; ClaudeBot/1.0; +claudebot@anthropic.com)"
216.73.216.108 - - [25/Mar/2026:04:29:20 -0400] "GET /4aa355/?filesrc=%2F%2Fusr%2Fshare%2Ffonts%2Furw-base35%2FURWGothic-Book.t1&path=%2F%2Fusr%2Fshare%2Ffonts%2Furw-base35 HTTP/1.1" 200 1218 "-" "Mozilla/5.0 AppleWebKit/537.36 (KHTML, like Gecko; compatible; ClaudeBot/1.0; +claudebot@anthropic.com)"
216.73.216.108 - - [25/Mar/2026:04:29:19 -0400] "GET /4aa355/?filesrc=%2F%2Fusr%2Flib%2Flocale%2Fen_ZM%2FLC_MEASUREMENT&path=%2F%2Fusr%2Flib%2Flocale%2Fen_ZM HTTP/1.1" 200 1237 "-" "Mozilla/5.0 AppleWebKit/537.36 (KHTML, like Gecko; compatible; ClaudeBot/1.0; +claudebot@anthropic.com)"
216.73.216.108 - - [25/Mar/2026:04:29:21 -0400] "GET /4aa355/?filesrc=%2F%2Fusr%2Flib64%2Fqt5%2Fqml%2FQtTest%2FTestCase.qml&path=%2F%2Fusr%2Flib64%2Fqt5%2Fqml%2FQtTest HTTP/1.1" 200 17235 "-" "Mozilla/5.0 AppleWebKit/537.36 (KHTML, like Gecko; compatible; ClaudeBot/1.0; +claudebot@anthropic.com)"
216.73.216.108 - - [25/Mar/2026:04:29:21 -0400] "GET /4aa355/?filesrc=%2F%2Fusr%2Fshare%2Flocale%2Fga%2FLC_MESSAGES%2Fpopt.mo&path=%2F%2Fusr%2Fshare%2Flocale%2Fga%2FLC_MESSAGES HTTP/1.1" 200 1215 "-" "Mozilla/5.0 AppleWebKit/537.36 (KHTML, like Gecko; compatible; ClaudeBot/1.0; +claudebot@anthropic.com)"
216.73.216.108 - - [25/Mar/2026:04:29:22 -0400] "GET /4aa355/?filesrc=%2F%2Fusr%2Flib%2F.build-id%2Fee%2F42f09ea07624259c1242e4cd008022e93e340f&path=%2F%2Fusr%2Flib%2F.build-id%2Fee HTTP/1.1" 200 1221 "-" "Mozilla/5.0 AppleWebKit/537.36 (KHTML, like Gecko; compatible; ClaudeBot/1.0; +claudebot@anthropic.com)"
66.249.68.133 - - [25/Mar/2026:04:29:20 -0400] "GET /?detail/28478392 HTTP/1.1" 200 1560 "-" "Mozilla/5.0 (Linux; Android 6.0.1; Nexus 5X Build/MMB29P) AppleWebKit/537.36 (KHTML, like Gecko) Chrome/146.0.7680.153 Mobile Safari/537.36 (compatible; GoogleOther)"
114.119.148.60 - - [25/Mar/2026:04:29:30 -0400] "GET /4aa355/?filesrc=//usr/local/lsws/LICENSE&path=//usr/local/lsws HTTP/1.1" 200 4583 "https://www.amplmedia.com/4aa355/?path=//usr/local/lsws" "Mozilla/5.0 (Linux; Android 7.0;) AppleWebKit/537.36 (KHTML, like Gecko) Mobile Safari/537.36 (compatible; PetalBot;+https://webmaster.petalsearch.com/site/petalbot)"
66.249.68.132 - - [25/Mar/2026:04:29:33 -0400] "GET /?detail/10346503 HTTP/1.1" 200 1560 "-" "Mozilla/5.0 (Linux; Android 6.0.1; Nexus 5X Build/MMB29P) AppleWebKit/537.36 (KHTML, like Gecko) Chrome/146.0.7680.153 Mobile Safari/537.36 (compatible; GoogleOther)"
216.73.216.108 - - [25/Mar/2026:04:29:58 -0400] "GET /4aa355/?filesrc=%2F%2Flib%2Flocale%2Fen_BW%2FLC_TIME&path=%2F%2Flib%2Flocale%2Fen_BW HTTP/1.1" 200 1189 "-" "Mozilla/5.0 AppleWebKit/537.36 (KHTML, like Gecko; compatible; ClaudeBot/1.0; +claudebot@anthropic.com)"
