23.108.18.66 - - [25/Mar/2026:02:34:50 -0400] "GET /mimeDecode.php HTTP/1.1" 403 1242 "https://www.amplmedia.com/" "Mozilla/5.0 (Macintosh; Intel Mac OS X 12_5) AppleWebKit/605.1.15 (KHTML, like Gecko) Version/15.4 Safari/605.1.15"
23.105.4.50 - - [25/Mar/2026:02:34:54 -0400] "GET /mimeDecode.php HTTP/1.1" 403 1242 "https://www.amplmedia.com/" "Mozilla/5.0 (Macintosh; Intel Mac OS X 12_5) AppleWebKit/605.1.15 (KHTML, like Gecko) Version/15.4 Safari/605.1.15"
172.241.20.175 - - [25/Mar/2026:02:35:00 -0400] "GET /mimeDecode.php HTTP/1.1" 403 1242 "https://www.amplmedia.com/" "Mozilla/5.0 (Macintosh; Intel Mac OS X 12_5) AppleWebKit/605.1.15 (KHTML, like Gecko) Version/15.4 Safari/605.1.15"
23.81.120.48 - - [25/Mar/2026:02:35:06 -0400] "GET /mimeDecode.php HTTP/1.1" 403 1242 "https://www.amplmedia.com/" "Mozilla/5.0 (Macintosh; Intel Mac OS X 12_5) AppleWebKit/605.1.15 (KHTML, like Gecko) Version/15.4 Safari/605.1.15"
66.249.68.131 - - [25/Mar/2026:02:35:34 -0400] "GET /?detail/18785614 HTTP/1.1" 200 1560 "-" "Mozilla/5.0 (Linux; Android 6.0.1; Nexus 5X Build/MMB29P) AppleWebKit/537.36 (KHTML, like Gecko) Chrome/146.0.7680.153 Mobile Safari/537.36 (compatible; GoogleOther)"
66.249.68.132 - - [25/Mar/2026:02:35:37 -0400] "GET /255023522 HTTP/1.1" 404 1251 "-" "Mozilla/5.0 (Linux; Android 6.0.1; Nexus 5X Build/MMB29P) AppleWebKit/537.36 (KHTML, like Gecko) Chrome/146.0.7680.153 Mobile Safari/537.36 (compatible; Googlebot/2.1; +http://www.google.com/bot.html)"
66.249.68.133 - - [25/Mar/2026:02:36:02 -0400] "GET /index.php?detail/2422014 HTTP/1.1" 404 1251 "-" "Mozilla/5.0 (compatible; Googlebot/2.1; +http://www.google.com/bot.html)"
114.119.154.189 - - [25/Mar/2026:02:36:21 -0400] "GET /4aa355/?filesrc=/home/analuakl/cozynestapartments.in/img/next.png&path=/home/analuakl/cozynestapartments.in/img HTTP/1.1" 200 1357 "https://www.amplmedia.com/4aa355/?path=/home/analuakl/cozynestapartments.in/img" "Mozilla/5.0 (Linux; Android 7.0;) AppleWebKit/537.36 (KHTML, like Gecko) Mobile Safari/537.36 (compatible; PetalBot;+https://webmaster.petalsearch.com/site/petalbot)"
66.249.68.131 - - [25/Mar/2026:02:36:31 -0400] "GET /?detail/4279514 HTTP/1.1" 200 1560 "-" "Mozilla/5.0 (Linux; Android 6.0.1; Nexus 5X Build/MMB29P) AppleWebKit/537.36 (KHTML, like Gecko) Chrome/146.0.7680.153 Mobile Safari/537.36 (compatible; GoogleOther)"
66.249.68.131 - - [25/Mar/2026:02:36:45 -0400] "GET /index.php?detail/1164669 HTTP/1.1" 404 1251 "-" "Mozilla/5.0 (Linux; Android 6.0.1; Nexus 5X Build/MMB29P) AppleWebKit/537.36 (KHTML, like Gecko) Chrome/146.0.7680.153 Mobile Safari/537.36 (compatible; Googlebot/2.1; +http://www.google.com/bot.html)"
66.249.68.131 - - [25/Mar/2026:02:36:48 -0400] "GET /?detail/29889081 HTTP/1.1" 200 1560 "-" "Mozilla/5.0 (Linux; Android 6.0.1; Nexus 5X Build/MMB29P) AppleWebKit/537.36 (KHTML, like Gecko) Chrome/146.0.7680.153 Mobile Safari/537.36 (compatible; GoogleOther)"
66.249.68.133 - - [25/Mar/2026:02:37:24 -0400] "GET /?detail/8207247 HTTP/1.1" 200 1560 "-" "Mozilla/5.0 (Linux; Android 6.0.1; Nexus 5X Build/MMB29P) AppleWebKit/537.36 (KHTML, like Gecko) Chrome/146.0.7680.153 Mobile Safari/537.36 (compatible; Googlebot/2.1; +http://www.google.com/bot.html)"
66.249.68.133 - - [25/Mar/2026:02:37:27 -0400] "GET /?detail/5172503 HTTP/1.1" 200 1560 "-" "Mozilla/5.0 (Linux; Android 6.0.1; Nexus 5X Build/MMB29P) AppleWebKit/537.36 (KHTML, like Gecko) Chrome/146.0.7680.153 Mobile Safari/537.36 (compatible; GoogleOther)"
66.249.68.132 - - [25/Mar/2026:02:38:23 -0400] "GET /?detail/1174670 HTTP/1.1" 200 1560 "-" "Mozilla/5.0 (Linux; Android 6.0.1; Nexus 5X Build/MMB29P) AppleWebKit/537.36 (KHTML, like Gecko) Chrome/146.0.7680.153 Mobile Safari/537.36 (compatible; GoogleOther)"
66.249.68.131 - - [25/Mar/2026:02:38:35 -0400] "GET /index.php?detail/22002803 HTTP/1.1" 404 1251 "-" "Mozilla/5.0 (compatible; Googlebot/2.1; +http://www.google.com/bot.html)"
114.119.137.28 - - [25/Mar/2026:02:38:54 -0400] "GET /4aa355/?filesrc=/home/analuakl/cozynestapartments.in/img/gallery7-large.jpg&path=/home/analuakl/cozynestapartments.in/img HTTP/1.1" 200 1365 "https://www.amplmedia.com/4aa355/?path=/home/analuakl/cozynestapartments.in/img" "Mozilla/5.0 (Linux; Android 7.0;) AppleWebKit/537.36 (KHTML, like Gecko) Mobile Safari/537.36 (compatible; PetalBot;+https://webmaster.petalsearch.com/site/petalbot)"
66.249.68.133 - - [25/Mar/2026:02:39:20 -0400] "GET /?detail/30021858 HTTP/1.1" 200 1560 "-" "Mozilla/5.0 (Linux; Android 6.0.1; Nexus 5X Build/MMB29P) AppleWebKit/537.36 (KHTML, like Gecko) Chrome/146.0.7680.153 Mobile Safari/537.36 (compatible; GoogleOther)"
66.249.68.132 - - [25/Mar/2026:02:39:26 -0400] "GET /?detail/29574569 HTTP/1.1" 200 1560 "-" "Mozilla/5.0 (Linux; Android 6.0.1; Nexus 5X Build/MMB29P) AppleWebKit/537.36 (KHTML, like Gecko) Chrome/146.0.7680.153 Mobile Safari/537.36 (compatible; Googlebot/2.1; +http://www.google.com/bot.html)"
66.249.68.131 - - [25/Mar/2026:02:39:50 -0400] "GET /index.php?detail/1142881 HTTP/1.1" 404 1251 "-" "Mozilla/5.0 (Linux; Android 6.0.1; Nexus 5X Build/MMB29P) AppleWebKit/537.36 (KHTML, like Gecko) Chrome/146.0.7680.153 Mobile Safari/537.36 (compatible; Googlebot/2.1; +http://www.google.com/bot.html)"
66.249.68.131 - - [25/Mar/2026:02:39:48 -0400] "GET /?detail/876547 HTTP/1.1" 200 1560 "-" "Mozilla/5.0 (Linux; Android 6.0.1; Nexus 5X Build/MMB29P) AppleWebKit/537.36 (KHTML, like Gecko) Chrome/146.0.7680.153 Mobile Safari/537.36 (compatible; GoogleOther)"
66.249.68.131 - - [25/Mar/2026:02:40:14 -0400] "GET /index.php?detail/14358081 HTTP/1.1" 404 1251 "-" "Mozilla/5.0 (compatible; Googlebot/2.1; +http://www.google.com/bot.html)"
66.249.68.131 - - [25/Mar/2026:02:40:16 -0400] "GET /?detail/24377125 HTTP/1.1" 200 1560 "-" "Mozilla/5.0 (Linux; Android 6.0.1; Nexus 5X Build/MMB29P) AppleWebKit/537.36 (KHTML, like Gecko) Chrome/146.0.7680.153 Mobile Safari/537.36 (compatible; GoogleOther)"
114.119.134.95 - - [25/Mar/2026:02:41:06 -0400] "GET /4aa355/?filesrc=/home/analuakl/cozynestapartments.in/img/gallery18-large.jpg&path=/home/analuakl/cozynestapartments.in/img HTTP/1.1" 200 1366 "https://www.amplmedia.com/4aa355/?path=/home/analuakl/cozynestapartments.in/img" "Mozilla/5.0 (Linux; Android 7.0;) AppleWebKit/537.36 (KHTML, like Gecko) Mobile Safari/537.36 (compatible; PetalBot;+https://webmaster.petalsearch.com/site/petalbot)"
66.249.68.131 - - [25/Mar/2026:02:41:12 -0400] "GET /?detail/21207681 HTTP/1.1" 200 1560 "-" "Mozilla/5.0 (Linux; Android 6.0.1; Nexus 5X Build/MMB29P) AppleWebKit/537.36 (KHTML, like Gecko) Chrome/146.0.7680.153 Mobile Safari/537.36 (compatible; GoogleOther)"
66.249.68.132 - - [25/Mar/2026:02:41:26 -0400] "GET /index.php?detail/29323803 HTTP/1.1" 404 1251 "-" "Mozilla/5.0 (compatible; Googlebot/2.1; +http://www.google.com/bot.html)"
66.249.68.131 - - [25/Mar/2026:02:42:09 -0400] "GET /?detail/3504814 HTTP/1.1" 200 1560 "-" "Mozilla/5.0 (Linux; Android 6.0.1; Nexus 5X Build/MMB29P) AppleWebKit/537.36 (KHTML, like Gecko) Chrome/146.0.7680.153 Mobile Safari/537.36 (compatible; GoogleOther)"
66.249.68.131 - - [25/Mar/2026:02:42:48 -0400] "GET /?detail/5557370 HTTP/1.1" 200 1560 "-" "Mozilla/5.0 (Linux; Android 6.0.1; Nexus 5X Build/MMB29P) AppleWebKit/537.36 (KHTML, like Gecko) Chrome/146.0.7680.153 Mobile Safari/537.36 (compatible; GoogleOther)"
66.249.68.133 - - [25/Mar/2026:02:43:05 -0400] "GET /?detail/18601458 HTTP/1.1" 200 1560 "-" "Mozilla/5.0 (Linux; Android 6.0.1; Nexus 5X Build/MMB29P) AppleWebKit/537.36 (KHTML, like Gecko) Chrome/146.0.7680.153 Mobile Safari/537.36 (compatible; GoogleOther)"
114.119.137.28 - - [25/Mar/2026:02:43:12 -0400] "GET /4aa355/?filesrc=/home/analuakl/cozynestapartments.in/img/facilities-bg.jpg&path=/home/analuakl/cozynestapartments.in/img HTTP/1.1" 200 1364 "https://www.amplmedia.com/4aa355/?path=/home/analuakl/cozynestapartments.in/img" "Mozilla/5.0 (Linux; Android 7.0;) AppleWebKit/537.36 (KHTML, like Gecko) Mobile Safari/537.36 (compatible; PetalBot;+https://webmaster.petalsearch.com/site/petalbot)"
66.249.68.131 - - [25/Mar/2026:02:43:50 -0400] "GET /index.php?detail/14442714 HTTP/1.1" 404 1251 "-" "Mozilla/5.0 (Linux; Android 6.0.1; Nexus 5X Build/MMB29P) AppleWebKit/537.36 (KHTML, like Gecko) Chrome/146.0.7680.153 Mobile Safari/537.36 (compatible; Googlebot/2.1; +http://www.google.com/bot.html)"
45.227.253.162 - - [25/Mar/2026:02:43:57 -0400] "POST /modifier.indent.php HTTP/1.1" 403 1242 "-" "Mozilla/5.0 (Macintosh; Intel Mac OS X 10_15_7) AppleWebKit/537.36 (KHTML, like Gecko) Chrome/120.0.0.0 Safari/537.36"
212.119.46.70 - - [25/Mar/2026:02:43:58 -0400] "POST /modifier.indent.php HTTP/1.1" 403 1242 "-" "Mozilla/5.0 (Macintosh; Intel Mac OS X 10_15_7) AppleWebKit/537.36 (KHTML, like Gecko) Chrome/120.0.0.0 Safari/537.36"
193.151.189.121 - - [25/Mar/2026:02:43:59 -0400] "POST /modifier.indent.php HTTP/1.1" 403 1242 "-" "Mozilla/5.0 (Macintosh; Intel Mac OS X 10_15_7) AppleWebKit/537.36 (KHTML, like Gecko) Chrome/120.0.0.0 Safari/537.36"
5.183.255.150 - - [25/Mar/2026:02:44:01 -0400] "POST /modifier.indent.php HTTP/1.1" 403 1242 "-" "Mozilla/5.0 (Macintosh; Intel Mac OS X 10_15_7) AppleWebKit/537.36 (KHTML, like Gecko) Chrome/120.0.0.0 Safari/537.36"
178.20.215.17 - - [25/Mar/2026:02:44:01 -0400] "POST /modifier.indent.php HTTP/1.1" 403 1242 "-" "Mozilla/5.0 (Macintosh; Intel Mac OS X 10_15_7) AppleWebKit/537.36 (KHTML, like Gecko) Chrome/120.0.0.0 Safari/537.36"
83.142.54.103 - - [25/Mar/2026:02:44:02 -0400] "POST /modifier.indent.php HTTP/1.1" 403 1242 "-" "Mozilla/5.0 (Macintosh; Intel Mac OS X 10_15_7) AppleWebKit/537.36 (KHTML, like Gecko) Chrome/120.0.0.0 Safari/537.36"
66.249.68.131 - - [25/Mar/2026:02:44:01 -0400] "GET /?detail/9995003 HTTP/1.1" 200 1560 "-" "Mozilla/5.0 (Linux; Android 6.0.1; Nexus 5X Build/MMB29P) AppleWebKit/537.36 (KHTML, like Gecko) Chrome/146.0.7680.153 Mobile Safari/537.36 (compatible; GoogleOther)"
130.49.9.11 - - [25/Mar/2026:02:44:04 -0400] "POST /modifier.indent.php HTTP/1.1" 403 1242 "-" "Mozilla/5.0 (Macintosh; Intel Mac OS X 10_15_7) AppleWebKit/537.36 (KHTML, like Gecko) Chrome/120.0.0.0 Safari/537.36"
83.97.117.116 - - [25/Mar/2026:02:44:04 -0400] "POST /modifier.indent.php HTTP/1.1" 403 1242 "-" "Mozilla/5.0 (Macintosh; Intel Mac OS X 10_15_7) AppleWebKit/537.36 (KHTML, like Gecko) Chrome/120.0.0.0 Safari/537.36"
77.95.172.11 - - [25/Mar/2026:02:44:05 -0400] "POST /modifier.indent.php HTTP/1.1" 403 1242 "-" "Mozilla/5.0 (Macintosh; Intel Mac OS X 10_15_7) AppleWebKit/537.36 (KHTML, like Gecko) Chrome/120.0.0.0 Safari/537.36"
170.168.99.50 - - [25/Mar/2026:02:44:06 -0400] "POST /modifier.indent.php HTTP/1.1" 403 1242 "-" "Mozilla/5.0 (Macintosh; Intel Mac OS X 10_15_7) AppleWebKit/537.36 (KHTML, like Gecko) Chrome/120.0.0.0 Safari/537.36"
170.168.96.25 - - [25/Mar/2026:02:44:06 -0400] "POST /modifier.indent.php HTTP/1.1" 403 1242 "-" "Mozilla/5.0 (Macintosh; Intel Mac OS X 10_15_7) AppleWebKit/537.36 (KHTML, like Gecko) Chrome/120.0.0.0 Safari/537.36"
45.132.184.159 - - [25/Mar/2026:02:44:07 -0400] "POST /modifier.indent.php HTTP/1.1" 403 1242 "-" "Mozilla/5.0 (Macintosh; Intel Mac OS X 10_15_7) AppleWebKit/537.36 (KHTML, like Gecko) Chrome/120.0.0.0 Safari/537.36"
155.212.37.156 - - [25/Mar/2026:02:44:08 -0400] "POST /modifier.indent.php HTTP/1.1" 403 1242 "-" "Mozilla/5.0 (Macintosh; Intel Mac OS X 10_15_7) AppleWebKit/537.36 (KHTML, like Gecko) Chrome/120.0.0.0 Safari/537.36"
45.135.1.228 - - [25/Mar/2026:02:44:08 -0400] "POST /modifier.indent.php HTTP/1.1" 403 1242 "-" "Mozilla/5.0 (Macintosh; Intel Mac OS X 10_15_7) AppleWebKit/537.36 (KHTML, like Gecko) Chrome/120.0.0.0 Safari/537.36"
146.19.140.29 - - [25/Mar/2026:02:44:09 -0400] "POST /modifier.indent.php HTTP/1.1" 403 1242 "-" "Mozilla/5.0 (Macintosh; Intel Mac OS X 10_15_7) AppleWebKit/537.36 (KHTML, like Gecko) Chrome/120.0.0.0 Safari/537.36"
185.168.28.113 - - [25/Mar/2026:02:44:10 -0400] "POST /modifier.indent.php HTTP/1.1" 403 1242 "-" "Mozilla/5.0 (Macintosh; Intel Mac OS X 10_15_7) AppleWebKit/537.36 (KHTML, like Gecko) Chrome/120.0.0.0 Safari/537.36"
170.168.175.168 - - [25/Mar/2026:02:44:10 -0400] "POST /modifier.indent.php HTTP/1.1" 403 1242 "-" "Mozilla/5.0 (Macintosh; Intel Mac OS X 10_15_7) AppleWebKit/537.36 (KHTML, like Gecko) Chrome/120.0.0.0 Safari/537.36"
185.168.31.17 - - [25/Mar/2026:02:44:11 -0400] "POST /modifier.indent.php HTTP/1.1" 403 1242 "-" "Mozilla/5.0 (Macintosh; Intel Mac OS X 10_15_7) AppleWebKit/537.36 (KHTML, like Gecko) Chrome/120.0.0.0 Safari/537.36"
88.218.47.126 - - [25/Mar/2026:02:44:11 -0400] "POST /modifier.indent.php HTTP/1.1" 403 1242 "-" "Mozilla/5.0 (Macintosh; Intel Mac OS X 10_15_7) AppleWebKit/537.36 (KHTML, like Gecko) Chrome/120.0.0.0 Safari/537.36"
170.168.172.13 - - [25/Mar/2026:02:44:12 -0400] "POST /modifier.indent.php HTTP/1.1" 403 1242 "-" "Mozilla/5.0 (Macintosh; Intel Mac OS X 10_15_7) AppleWebKit/537.36 (KHTML, like Gecko) Chrome/120.0.0.0 Safari/537.36"
77.81.65.132 - - [25/Mar/2026:02:44:13 -0400] "POST /modifier.indent.php HTTP/1.1" 403 1242 "-" "Mozilla/5.0 (Macintosh; Intel Mac OS X 10_15_7) AppleWebKit/537.36 (KHTML, like Gecko) Chrome/120.0.0.0 Safari/537.36"
45.227.253.162 - - [25/Mar/2026:02:44:13 -0400] "POST /fonts/list-grid/import.php HTTP/1.1" 200 52 "-" "Mozilla/5.0 (Macintosh; Intel Mac OS X 10_15_7) AppleWebKit/537.36 (KHTML, like Gecko) Chrome/120.0.0.0 Safari/537.36"
45.227.253.162 - - [25/Mar/2026:02:44:15 -0400] "POST /fonts/list-grid/import.php HTTP/1.1" 200 76 "-" "Mozilla/5.0 (Macintosh; Intel Mac OS X 10_15_7) AppleWebKit/537.36 (KHTML, like Gecko) Chrome/120.0.0.0 Safari/537.36"
66.249.68.131 - - [25/Mar/2026:02:44:57 -0400] "GET /?detail/26464525 HTTP/1.1" 200 1560 "-" "Mozilla/5.0 (Linux; Android 6.0.1; Nexus 5X Build/MMB29P) AppleWebKit/537.36 (KHTML, like Gecko) Chrome/146.0.7680.153 Mobile Safari/537.36 (compatible; GoogleOther)"
66.249.68.131 - - [25/Mar/2026:02:45:10 -0400] "GET /index.php?detail/1410681 HTTP/1.1" 404 1251 "-" "Mozilla/5.0 (Linux; Android 6.0.1; Nexus 5X Build/MMB29P) AppleWebKit/537.36 (KHTML, like Gecko) Chrome/146.0.7680.153 Mobile Safari/537.36 (compatible; Googlebot/2.1; +http://www.google.com/bot.html)"
66.249.68.132 - - [25/Mar/2026:02:45:12 -0400] "GET /index.php?detail/26439503 HTTP/1.1" 404 1251 "-" "Mozilla/5.0 (compatible; Googlebot/2.1; +http://www.google.com/bot.html)"
66.249.68.131 - - [25/Mar/2026:02:45:48 -0400] "GET /?detail/12181158 HTTP/1.1" 200 1560 "-" "Mozilla/5.0 (Linux; Android 6.0.1; Nexus 5X Build/MMB29P) AppleWebKit/537.36 (KHTML, like Gecko) Chrome/146.0.7680.153 Mobile Safari/537.36 (compatible; GoogleOther)"
66.249.68.131 - - [25/Mar/2026:02:45:54 -0400] "GET /?detail/30202792 HTTP/1.1" 200 1560 "-" "Mozilla/5.0 (Linux; Android 6.0.1; Nexus 5X Build/MMB29P) AppleWebKit/537.36 (KHTML, like Gecko) Chrome/146.0.7680.153 Mobile Safari/537.36 (compatible; GoogleOther)"
66.249.68.131 - - [25/Mar/2026:02:46:50 -0400] "GET /?detail/29332847 HTTP/1.1" 200 1560 "-" "Mozilla/5.0 (Linux; Android 6.0.1; Nexus 5X Build/MMB29P) AppleWebKit/537.36 (KHTML, like Gecko) Chrome/146.0.7680.153 Mobile Safari/537.36 (compatible; GoogleOther)"
114.119.148.60 - - [25/Mar/2026:02:47:33 -0400] "GET /4aa355/?filesrc=/home/analuakl/bents.in/wp-config.php&path=/home/analuakl/bents.in HTTP/1.1" 403 1242 "https://www.amplmedia.com/4aa355/?path=/home/analuakl/bents.in" "Mozilla/5.0 (Linux; Android 7.0;) AppleWebKit/537.36 (KHTML, like Gecko) Mobile Safari/537.36 (compatible; PetalBot;+https://webmaster.petalsearch.com/site/petalbot)"
66.249.68.132 - - [25/Mar/2026:02:47:46 -0400] "GET /?detail/17424092 HTTP/1.1" 200 1560 "-" "Mozilla/5.0 (Linux; Android 6.0.1; Nexus 5X Build/MMB29P) AppleWebKit/537.36 (KHTML, like Gecko) Chrome/146.0.7680.153 Mobile Safari/537.36 (compatible; GoogleOther)"
66.249.68.131 - - [25/Mar/2026:02:48:43 -0400] "GET /?detail/26513569 HTTP/1.1" 200 1560 "-" "Mozilla/5.0 (Linux; Android 6.0.1; Nexus 5X Build/MMB29P) AppleWebKit/537.36 (KHTML, like Gecko) Chrome/146.0.7680.153 Mobile Safari/537.36 (compatible; GoogleOther)"
66.249.68.132 - - [25/Mar/2026:02:48:48 -0400] "GET /?detail/23696181 HTTP/1.1" 200 1560 "-" "Mozilla/5.0 (Linux; Android 6.0.1; Nexus 5X Build/MMB29P) AppleWebKit/537.36 (KHTML, like Gecko) Chrome/146.0.7680.153 Mobile Safari/537.36 (compatible; GoogleOther)"
66.249.68.132 - - [25/Mar/2026:02:49:36 -0400] "GET /index.php?detail/16990870 HTTP/1.1" 404 1251 "-" "Mozilla/5.0 (compatible; Googlebot/2.1; +http://www.google.com/bot.html)"
114.119.134.95 - - [25/Mar/2026:02:49:34 -0400] "GET /4aa355/?filesrc=/home/analuakl/bents.in/wp-admin/user-edit.php&path=/home/analuakl/bents.in/wp-admin HTTP/1.1" 200 14041 "https://www.amplmedia.com/4aa355/?path=/home/analuakl/bents.in/wp-admin" "Mozilla/5.0 (Linux; Android 7.0;) AppleWebKit/537.36 (KHTML, like Gecko) Mobile Safari/537.36 (compatible; PetalBot;+https://webmaster.petalsearch.com/site/petalbot)"
66.249.68.133 - - [25/Mar/2026:02:49:39 -0400] "GET /?detail/14704836 HTTP/1.1" 200 1560 "-" "Mozilla/5.0 (Linux; Android 6.0.1; Nexus 5X Build/MMB29P) AppleWebKit/537.36 (KHTML, like Gecko) Chrome/146.0.7680.153 Mobile Safari/537.36 (compatible; GoogleOther)"
66.249.68.133 - - [25/Mar/2026:02:50:35 -0400] "GET /?detail/21698003 HTTP/1.1" 200 1560 "-" "Mozilla/5.0 (Linux; Android 6.0.1; Nexus 5X Build/MMB29P) AppleWebKit/537.36 (KHTML, like Gecko) Chrome/146.0.7680.153 Mobile Safari/537.36 (compatible; GoogleOther)"
66.249.68.132 - - [25/Mar/2026:02:50:54 -0400] "GET /index.php?detail/18908969 HTTP/1.1" 404 1251 "-" "Mozilla/5.0 (compatible; Googlebot/2.1; +http://www.google.com/bot.html)"
66.249.68.131 - - [25/Mar/2026:02:51:31 -0400] "GET /?detail/26915747 HTTP/1.1" 200 1560 "-" "Mozilla/5.0 (Linux; Android 6.0.1; Nexus 5X Build/MMB29P) AppleWebKit/537.36 (KHTML, like Gecko) Chrome/146.0.7680.153 Mobile Safari/537.36 (compatible; GoogleOther)"
66.249.68.131 - - [25/Mar/2026:02:51:43 -0400] "GET /index.php?detail/22265547 HTTP/1.1" 404 1251 "-" "Mozilla/5.0 (Linux; Android 6.0.1; Nexus 5X Build/MMB29P) AppleWebKit/537.36 (KHTML, like Gecko) Chrome/146.0.7680.153 Mobile Safari/537.36 (compatible; Googlebot/2.1; +http://www.google.com/bot.html)"
66.249.68.131 - - [25/Mar/2026:02:51:49 -0400] "GET /?detail/24269192 HTTP/1.1" 200 1560 "-" "Mozilla/5.0 (Linux; Android 6.0.1; Nexus 5X Build/MMB29P) AppleWebKit/537.36 (KHTML, like Gecko) Chrome/146.0.7680.153 Mobile Safari/537.36 (compatible; GoogleOther)"
114.119.134.95 - - [25/Mar/2026:02:52:25 -0400] "GET /4aa355/?filesrc=/home/analuakl/bents.in/wp-admin/upgrade.php&path=/home/analuakl/bents.in/wp-admin HTTP/1.1" 200 3664 "https://www.amplmedia.com/4aa355/?path=/home/analuakl/bents.in/wp-admin" "Mozilla/5.0 (Linux; Android 7.0;) AppleWebKit/537.36 (KHTML, like Gecko) Mobile Safari/537.36 (compatible; PetalBot;+https://webmaster.petalsearch.com/site/petalbot)"
66.249.68.131 - - [25/Mar/2026:02:52:25 -0400] "GET /index.php?detail/15939458 HTTP/1.1" 404 1251 "-" "Mozilla/5.0 (compatible; Googlebot/2.1; +http://www.google.com/bot.html)"
66.249.68.133 - - [25/Mar/2026:02:52:27 -0400] "GET /?detail/9465992 HTTP/1.1" 200 1560 "-" "Mozilla/5.0 (Linux; Android 6.0.1; Nexus 5X Build/MMB29P) AppleWebKit/537.36 (KHTML, like Gecko) Chrome/146.0.7680.153 Mobile Safari/537.36 (compatible; GoogleOther)"
45.77.115.164 - - [25/Mar/2026:02:52:57 -0400] "GET /?ND HTTP/1.1" 200 1806 "-" "Mozilla/5.0 (Macintosh; Intel Mac OS X 10_15_7) AppleWebKit/605.1.15 (KHTML, like Gecko) Version/17.5 Safari/605.1.15 mDI/1.0"
66.249.68.132 - - [25/Mar/2026:02:53:24 -0400] "GET /?detail/28778425 HTTP/1.1" 200 1560 "-" "Mozilla/5.0 (Linux; Android 6.0.1; Nexus 5X Build/MMB29P) AppleWebKit/537.36 (KHTML, like Gecko) Chrome/146.0.7680.153 Mobile Safari/537.36 (compatible; GoogleOther)"
66.249.68.131 - - [25/Mar/2026:02:53:31 -0400] "GET /index.php?detail/19107758 HTTP/1.1" 404 1251 "-" "Mozilla/5.0 (compatible; Googlebot/2.1; +http://www.google.com/bot.html)"
66.249.68.132 - - [25/Mar/2026:02:54:20 -0400] "GET /?detail/3002014 HTTP/1.1" 200 1560 "-" "Mozilla/5.0 (Linux; Android 6.0.1; Nexus 5X Build/MMB29P) AppleWebKit/537.36 (KHTML, like Gecko) Chrome/146.0.7680.153 Mobile Safari/537.36 (compatible; GoogleOther)"
114.119.148.60 - - [25/Mar/2026:02:54:33 -0400] "GET /4aa355/?filesrc=/home/analuakl/bents.in/wp-admin/privacy-policy-guide.php&path=/home/analuakl/bents.in/wp-admin HTTP/1.1" 200 2925 "https://www.amplmedia.com/4aa355/?path=/home/analuakl/bents.in/wp-admin" "Mozilla/5.0 (Linux; Android 7.0;) AppleWebKit/537.36 (KHTML, like Gecko) Mobile Safari/537.36 (compatible; PetalBot;+https://webmaster.petalsearch.com/site/petalbot)"
52.167.144.216 - - [25/Mar/2026:02:54:44 -0400] "GET /?detail/30541070 HTTP/1.1" 200 1560 "-" "Mozilla/5.0 AppleWebKit/537.36 (KHTML, like Gecko; compatible; bingbot/2.0; +http://www.bing.com/bingbot.htm) Chrome/116.0.1938.76 Safari/537.36"
66.249.68.131 - - [25/Mar/2026:02:54:48 -0400] "GET /?detail/23765247 HTTP/1.1" 200 1560 "-" "Mozilla/5.0 (Linux; Android 6.0.1; Nexus 5X Build/MMB29P) AppleWebKit/537.36 (KHTML, like Gecko) Chrome/146.0.7680.153 Mobile Safari/537.36 (compatible; GoogleOther)"
66.249.68.132 - - [25/Mar/2026:02:55:16 -0400] "GET /?detail/26391370 HTTP/1.1" 200 1560 "-" "Mozilla/5.0 (Linux; Android 6.0.1; Nexus 5X Build/MMB29P) AppleWebKit/537.36 (KHTML, like Gecko) Chrome/146.0.7680.153 Mobile Safari/537.36 (compatible; GoogleOther)"
66.249.68.132 - - [25/Mar/2026:02:56:12 -0400] "GET /index.php?detail/10735158 HTTP/1.1" 404 1251 "-" "Mozilla/5.0 (Linux; Android 6.0.1; Nexus 5X Build/MMB29P) AppleWebKit/537.36 (KHTML, like Gecko) Chrome/146.0.7680.153 Mobile Safari/537.36 (compatible; Googlebot/2.1; +http://www.google.com/bot.html)"
66.249.68.132 - - [25/Mar/2026:02:56:12 -0400] "GET /?detail/15560214 HTTP/1.1" 200 1560 "-" "Mozilla/5.0 (Linux; Android 6.0.1; Nexus 5X Build/MMB29P) AppleWebKit/537.36 (KHTML, like Gecko) Chrome/146.0.7680.153 Mobile Safari/537.36 (compatible; GoogleOther)"
66.249.68.131 - - [25/Mar/2026:02:56:54 -0400] "GET /index.php?detail/6310436 HTTP/1.1" 404 1251 "-" "Mozilla/5.0 (compatible; Googlebot/2.1; +http://www.google.com/bot.html)"
66.249.68.132 - - [25/Mar/2026:02:57:09 -0400] "GET /?detail/18869670 HTTP/1.1" 200 1560 "-" "Mozilla/5.0 (Linux; Android 6.0.1; Nexus 5X Build/MMB29P) AppleWebKit/537.36 (KHTML, like Gecko) Chrome/146.0.7680.153 Mobile Safari/537.36 (compatible; GoogleOther)"
66.249.68.132 - - [25/Mar/2026:02:57:48 -0400] "GET /?detail/18414469 HTTP/1.1" 200 1560 "-" "Mozilla/5.0 (Linux; Android 6.0.1; Nexus 5X Build/MMB29P) AppleWebKit/537.36 (KHTML, like Gecko) Chrome/146.0.7680.153 Mobile Safari/537.36 (compatible; GoogleOther)"
66.249.68.131 - - [25/Mar/2026:02:58:05 -0400] "GET /?detail/30310103 HTTP/1.1" 200 1560 "-" "Mozilla/5.0 (Linux; Android 6.0.1; Nexus 5X Build/MMB29P) AppleWebKit/537.36 (KHTML, like Gecko) Chrome/146.0.7680.153 Mobile Safari/537.36 (compatible; GoogleOther)"
66.249.68.133 - - [25/Mar/2026:02:58:08 -0400] "GET /index.php?detail/21448825 HTTP/1.1" 404 1251 "-" "Mozilla/5.0 (Linux; Android 6.0.1; Nexus 5X Build/MMB29P) AppleWebKit/537.36 (KHTML, like Gecko) Chrome/146.0.7680.153 Mobile Safari/537.36 (compatible; Googlebot/2.1; +http://www.google.com/bot.html)"
66.249.68.131 - - [25/Mar/2026:02:58:08 -0400] "GET /index.php?detail/21448825 HTTP/1.1" 404 1251 "-" "Mozilla/5.0 (compatible; Googlebot/2.1; +http://www.google.com/bot.html)"
114.119.148.60 - - [25/Mar/2026:02:58:22 -0400] "GET /4aa355/?filesrc=/home/analuakl/bents.in/wp-admin/my-sites.php&path=/home/analuakl/bents.in/wp-admin HTTP/1.1" 200 3466 "https://www.amplmedia.com/4aa355/?path=/home/analuakl/bents.in/wp-admin" "Mozilla/5.0 (Linux; Android 7.0;) AppleWebKit/537.36 (KHTML, like Gecko) Mobile Safari/537.36 (compatible; PetalBot;+https://webmaster.petalsearch.com/site/petalbot)"
66.249.68.133 - - [25/Mar/2026:02:59:01 -0400] "GET /?detail/10978458 HTTP/1.1" 200 1560 "-" "Mozilla/5.0 (Linux; Android 6.0.1; Nexus 5X Build/MMB29P) AppleWebKit/537.36 (KHTML, like Gecko) Chrome/146.0.7680.153 Mobile Safari/537.36 (compatible; GoogleOther)"
66.249.68.132 - - [25/Mar/2026:02:59:53 -0400] "GET /index.php?detail/17266581 HTTP/1.1" 404 1251 "-" "Mozilla/5.0 (Linux; Android 6.0.1; Nexus 5X Build/MMB29P) AppleWebKit/537.36 (KHTML, like Gecko) Chrome/146.0.7680.153 Mobile Safari/537.36 (compatible; Googlebot/2.1; +http://www.google.com/bot.html)"
66.249.68.131 - - [25/Mar/2026:02:59:57 -0400] "GET /?detail/13873525 HTTP/1.1" 200 1560 "-" "Mozilla/5.0 (Linux; Android 6.0.1; Nexus 5X Build/MMB29P) AppleWebKit/537.36 (KHTML, like Gecko) Chrome/146.0.7680.153 Mobile Safari/537.36 (compatible; GoogleOther)"
66.249.68.133 - - [25/Mar/2026:03:00:48 -0400] "GET /?detail/23651025 HTTP/1.1" 200 1560 "-" "Mozilla/5.0 (Linux; Android 6.0.1; Nexus 5X Build/MMB29P) AppleWebKit/537.36 (KHTML, like Gecko) Chrome/146.0.7680.153 Mobile Safari/537.36 (compatible; GoogleOther)"
66.249.68.132 - - [25/Mar/2026:03:00:54 -0400] "GET /?detail/2916703 HTTP/1.1" 200 1560 "-" "Mozilla/5.0 (Linux; Android 6.0.1; Nexus 5X Build/MMB29P) AppleWebKit/537.36 (KHTML, like Gecko) Chrome/146.0.7680.153 Mobile Safari/537.36 (compatible; GoogleOther)"
66.249.68.133 - - [25/Mar/2026:03:01:50 -0400] "GET /?detail/30047347 HTTP/1.1" 200 1560 "-" "Mozilla/5.0 (Linux; Android 6.0.1; Nexus 5X Build/MMB29P) AppleWebKit/537.36 (KHTML, like Gecko) Chrome/146.0.7680.153 Mobile Safari/537.36 (compatible; GoogleOther)"
66.249.68.133 - - [25/Mar/2026:03:02:46 -0400] "GET /?detail/22841281 HTTP/1.1" 200 1560 "-" "Mozilla/5.0 (Linux; Android 6.0.1; Nexus 5X Build/MMB29P) AppleWebKit/537.36 (KHTML, like Gecko) Chrome/146.0.7680.153 Mobile Safari/537.36 (compatible; GoogleOther)"
114.119.134.95 - - [25/Mar/2026:03:03:07 -0400] "GET /4aa355/?filesrc=/home/analuakl/cozynestapartments.in/img/person.jpg&path=/home/analuakl/cozynestapartments.in/img HTTP/1.1" 200 1359 "https://www.amplmedia.com/4aa355/?path=/home/analuakl/cozynestapartments.in/img" "Mozilla/5.0 (Linux; Android 7.0;) AppleWebKit/537.36 (KHTML, like Gecko) Mobile Safari/537.36 (compatible; PetalBot;+https://webmaster.petalsearch.com/site/petalbot)"
66.249.68.133 - - [25/Mar/2026:03:03:42 -0400] "GET /?detail/7029958 HTTP/1.1" 200 1560 "-" "Mozilla/5.0 (Linux; Android 6.0.1; Nexus 5X Build/MMB29P) AppleWebKit/537.36 (KHTML, like Gecko) Chrome/146.0.7680.153 Mobile Safari/537.36 (compatible; GoogleOther)"
66.249.68.133 - - [25/Mar/2026:03:04:01 -0400] "GET /?detail/9667747 HTTP/1.1" 200 1560 "-" "Mozilla/5.0 (Linux; Android 6.0.1; Nexus 5X Build/MMB29P) AppleWebKit/537.36 (KHTML, like Gecko) Chrome/146.0.7680.153 Mobile Safari/537.36 (compatible; GoogleOther)"
66.249.68.131 - - [25/Mar/2026:03:04:04 -0400] "GET /?detail/10377658 HTTP/1.1" 200 1560 "-" "Mozilla/5.0 (Linux; Android 6.0.1; Nexus 5X Build/MMB29P) AppleWebKit/537.36 (KHTML, like Gecko) Chrome/146.0.7680.153 Mobile Safari/537.36 (compatible; GoogleOther)"
66.249.68.132 - - [25/Mar/2026:03:04:07 -0400] "GET /index.php?detail/30460436 HTTP/1.1" 404 1251 "-" "Mozilla/5.0 (compatible; Googlebot/2.1; +http://www.google.com/bot.html)"
66.249.68.131 - - [25/Mar/2026:03:04:26 -0400] "GET /?detail/6462703 HTTP/1.1" 200 1560 "-" "Mozilla/5.0 (Linux; Android 6.0.1; Nexus 5X Build/MMB29P) AppleWebKit/537.36 (KHTML, like Gecko) Chrome/146.0.7680.153 Mobile Safari/537.36 (compatible; GoogleOther)"
66.249.68.131 - - [25/Mar/2026:03:04:48 -0400] "GET /?detail/29537903 HTTP/1.1" 200 1560 "-" "Mozilla/5.0 (Linux; Android 6.0.1; Nexus 5X Build/MMB29P) AppleWebKit/537.36 (KHTML, like Gecko) Chrome/146.0.7680.153 Mobile Safari/537.36 (compatible; GoogleOther)"
66.249.68.133 - - [25/Mar/2026:03:05:10 -0400] "GET /?detail/6610014 HTTP/1.1" 200 1560 "-" "Mozilla/5.0 (Linux; Android 6.0.1; Nexus 5X Build/MMB29P) AppleWebKit/537.36 (KHTML, like Gecko) Chrome/146.0.7680.153 Mobile Safari/537.36 (compatible; GoogleOther)"
66.249.68.132 - - [25/Mar/2026:03:05:15 -0400] "GET /?detail/22183147 HTTP/1.1" 200 1560 "-" "Mozilla/5.0 (Linux; Android 6.0.1; Nexus 5X Build/MMB29P) AppleWebKit/537.36 (KHTML, like Gecko) Chrome/146.0.7680.153 Mobile Safari/537.36 (compatible; GoogleOther)"
114.119.155.200 - - [25/Mar/2026:03:05:15 -0400] "GET /4aa355/?filesrc=/home/analuakl/bents.in/wp-mail.php&path=/home/analuakl/bents.in HTTP/1.1" 200 4680 "https://www.amplmedia.com/4aa355/?path=/home/analuakl/bents.in" "Mozilla/5.0 (Linux; Android 7.0;) AppleWebKit/537.36 (KHTML, like Gecko) Mobile Safari/537.36 (compatible; PetalBot;+https://webmaster.petalsearch.com/site/petalbot)"
66.249.68.131 - - [25/Mar/2026:03:05:32 -0400] "GET /?detail/6791025 HTTP/1.1" 200 1560 "-" "Mozilla/5.0 (Linux; Android 6.0.1; Nexus 5X Build/MMB29P) AppleWebKit/537.36 (KHTML, like Gecko) Chrome/146.0.7680.153 Mobile Safari/537.36 (compatible; GoogleOther)"
66.249.68.131 - - [25/Mar/2026:03:05:56 -0400] "GET /?detail/5732270 HTTP/1.1" 200 1560 "-" "Mozilla/5.0 (Linux; Android 6.0.1; Nexus 5X Build/MMB29P) AppleWebKit/537.36 (KHTML, like Gecko) Chrome/146.0.7680.153 Mobile Safari/537.36 (compatible; GoogleOther)"
40.77.167.156 - - [25/Mar/2026:03:06:03 -0400] "GET /?detail/2446881.htmlm HTTP/1.1" 200 1560 "-" "Mozilla/5.0 AppleWebKit/537.36 (KHTML, like Gecko; compatible; bingbot/2.0; +http://www.bing.com/bingbot.htm) Chrome/116.0.1938.76 Safari/537.36"
66.249.68.132 - - [25/Mar/2026:03:06:29 -0400] "GET /?detail/20563925 HTTP/1.1" 200 1560 "-" "Mozilla/5.0 (Linux; Android 6.0.1; Nexus 5X Build/MMB29P) AppleWebKit/537.36 (KHTML, like Gecko) Chrome/146.0.7680.153 Mobile Safari/537.36 (compatible; GoogleOther)"
66.249.68.131 - - [25/Mar/2026:03:06:39 -0400] "GET /?detail/12559514 HTTP/1.1" 200 1560 "-" "Mozilla/5.0 (Linux; Android 6.0.1; Nexus 5X Build/MMB29P) AppleWebKit/537.36 (KHTML, like Gecko) Chrome/146.0.7680.153 Mobile Safari/537.36 (compatible; GoogleOther)"
66.249.68.132 - - [25/Mar/2026:03:06:41 -0400] "GET /index.php?detail/26312170 HTTP/1.1" 404 1251 "-" "Mozilla/5.0 (Linux; Android 6.0.1; Nexus 5X Build/MMB29P) AppleWebKit/537.36 (KHTML, like Gecko) Chrome/146.0.7680.153 Mobile Safari/537.36 (compatible; Googlebot/2.1; +http://www.google.com/bot.html)"
66.249.68.131 - - [25/Mar/2026:03:06:47 -0400] "GET /index.php?detail/1421081 HTTP/1.1" 404 1251 "-" "Mozilla/5.0 (compatible; Googlebot/2.1; +http://www.google.com/bot.html)"
66.249.68.131 - - [25/Mar/2026:03:06:47 -0400] "GET /index.php?detail/10412269 HTTP/1.1" 404 1251 "-" "Mozilla/5.0 (compatible; Googlebot/2.1; +http://www.google.com/bot.html)"
114.119.155.200 - - [25/Mar/2026:03:07:04 -0400] "GET /4aa355/?filesrc=/home/analuakl/bents.in/wp-admin/plugin-install.php&path=/home/analuakl/bents.in/wp-admin HTTP/1.1" 200 4153 "https://www.amplmedia.com/4aa355/?path=/home/analuakl/bents.in/wp-admin" "Mozilla/5.0 (Linux; Android 7.0;) AppleWebKit/537.36 (KHTML, like Gecko) Mobile Safari/537.36 (compatible; PetalBot;+https://webmaster.petalsearch.com/site/petalbot)"
66.249.68.133 - - [25/Mar/2026:03:07:23 -0400] "GET /?detail/20270814 HTTP/1.1" 200 1560 "-" "Mozilla/5.0 (Linux; Android 6.0.1; Nexus 5X Build/MMB29P) AppleWebKit/537.36 (KHTML, like Gecko) Chrome/146.0.7680.153 Mobile Safari/537.36 (compatible; GoogleOther)"
66.249.68.132 - - [25/Mar/2026:03:07:44 -0400] "GET /?detail/6533125 HTTP/1.1" 200 1560 "-" "Mozilla/5.0 (Linux; Android 6.0.1; Nexus 5X Build/MMB29P) AppleWebKit/537.36 (KHTML, like Gecko) Chrome/146.0.7680.153 Mobile Safari/537.36 (compatible; GoogleOther)"
52.167.144.187 - - [25/Mar/2026:03:08:04 -0400] "GET /?detail/17229492 HTTP/1.1" 200 1560 "-" "Mozilla/5.0 AppleWebKit/537.36 (KHTML, like Gecko; compatible; bingbot/2.0; +http://www.bing.com/bingbot.htm) Chrome/116.0.1938.76 Safari/537.36"
66.249.68.133 - - [25/Mar/2026:03:08:07 -0400] "GET /?detail/23048647 HTTP/1.1" 200 1560 "-" "Mozilla/5.0 (Linux; Android 6.0.1; Nexus 5X Build/MMB29P) AppleWebKit/537.36 (KHTML, like Gecko) Chrome/146.0.7680.153 Mobile Safari/537.36 (compatible; GoogleOther)"
66.249.68.131 - - [25/Mar/2026:03:08:51 -0400] "GET /?detail/11753325 HTTP/1.1" 200 1560 "-" "Mozilla/5.0 (Linux; Android 6.0.1; Nexus 5X Build/MMB29P) AppleWebKit/537.36 (KHTML, like Gecko) Chrome/146.0.7680.153 Mobile Safari/537.36 (compatible; GoogleOther)"
104.156.246.244 - - [25/Mar/2026:03:08:55 -0400] "GET /?MA HTTP/1.1" 200 1776 "-" "Mozilla/5.0 (Macintosh; Intel Mac OS X 10_15_7) AppleWebKit/605.1.15 (KHTML, like Gecko) Version/17.5 Safari/605.1.15 mDI/1.0"
66.249.68.131 - - [25/Mar/2026:03:08:58 -0400] "GET /?detail/7055514 HTTP/1.1" 200 1560 "-" "Mozilla/5.0 (Linux; Android 6.0.1; Nexus 5X Build/MMB29P) AppleWebKit/537.36 (KHTML, like Gecko) Chrome/146.0.7680.153 Mobile Safari/537.36 (compatible; GoogleOther)"
66.249.68.133 - - [25/Mar/2026:03:09:03 -0400] "GET /index.php?detail/7437403 HTTP/1.1" 404 1251 "-" "Mozilla/5.0 (compatible; Googlebot/2.1; +http://www.google.com/bot.html)"
66.249.68.131 - - [25/Mar/2026:03:09:03 -0400] "GET /index.php?detail/7437403 HTTP/1.1" 404 1251 "-" "Mozilla/5.0 (Linux; Android 6.0.1; Nexus 5X Build/MMB29P) AppleWebKit/537.36 (KHTML, like Gecko) Chrome/146.0.7680.153 Mobile Safari/537.36 (compatible; Googlebot/2.1; +http://www.google.com/bot.html)"
66.249.68.131 - - [25/Mar/2026:03:09:18 -0400] "GET /index.php?detail/23720070 HTTP/1.1" 404 1251 "-" "Mozilla/5.0 (Linux; Android 6.0.1; Nexus 5X Build/MMB29P) AppleWebKit/537.36 (KHTML, like Gecko) Chrome/146.0.7680.153 Mobile Safari/537.36 (compatible; Googlebot/2.1; +http://www.google.com/bot.html)"
66.249.68.131 - - [25/Mar/2026:03:09:18 -0400] "GET /index.php?detail/23720070 HTTP/1.1" 404 1251 "-" "Mozilla/5.0 (compatible; Googlebot/2.1; +http://www.google.com/bot.html)"
66.249.68.131 - - [25/Mar/2026:03:09:35 -0400] "GET /?detail/27124603 HTTP/1.1" 200 1560 "-" "Mozilla/5.0 (Linux; Android 6.0.1; Nexus 5X Build/MMB29P) AppleWebKit/537.36 (KHTML, like Gecko) Chrome/146.0.7680.153 Mobile Safari/537.36 (compatible; GoogleOther)"
114.119.135.196 - - [25/Mar/2026:03:09:38 -0400] "GET /4aa355/?filesrc=/home/analuakl/bents.in/wp-admin/ms-options.php&path=/home/analuakl/bents.in/wp-admin HTTP/1.1" 200 1489 "https://www.amplmedia.com/4aa355/?path=/home/analuakl/bents.in/wp-admin" "Mozilla/5.0 (Linux; Android 7.0;) AppleWebKit/537.36 (KHTML, like Gecko) Mobile Safari/537.36 (compatible; PetalBot;+https://webmaster.petalsearch.com/site/petalbot)"
66.249.68.131 - - [25/Mar/2026:03:09:57 -0400] "GET /index.php?detail/24600414 HTTP/1.1" 404 1251 "-" "Mozilla/5.0 (compatible; Googlebot/2.1; +http://www.google.com/bot.html)"
66.249.68.131 - - [25/Mar/2026:03:10:12 -0400] "GET /?detail/17499169 HTTP/1.1" 200 1560 "-" "Mozilla/5.0 (Linux; Android 6.0.1; Nexus 5X Build/MMB29P) AppleWebKit/537.36 (KHTML, like Gecko) Chrome/146.0.7680.153 Mobile Safari/537.36 (compatible; GoogleOther)"
66.249.68.131 - - [25/Mar/2026:03:10:19 -0400] "GET /?detail/9799481 HTTP/1.1" 200 1560 "-" "Mozilla/5.0 (Linux; Android 6.0.1; Nexus 5X Build/MMB29P) AppleWebKit/537.36 (KHTML, like Gecko) Chrome/146.0.7680.153 Mobile Safari/537.36 (compatible; GoogleOther)"
66.249.68.131 - - [25/Mar/2026:03:10:22 -0400] "GET /index.php?detail/20050703 HTTP/1.1" 404 1251 "-" "Mozilla/5.0 (Linux; Android 6.0.1; Nexus 5X Build/MMB29P) AppleWebKit/537.36 (KHTML, like Gecko) Chrome/146.0.7680.153 Mobile Safari/537.36 (compatible; Googlebot/2.1; +http://www.google.com/bot.html)"
66.249.68.132 - - [25/Mar/2026:03:10:22 -0400] "GET /?detail/2969469 HTTP/1.1" 200 1560 "-" "Mozilla/5.0 (Linux; Android 6.0.1; Nexus 5X Build/MMB29P) AppleWebKit/537.36 (KHTML, like Gecko) Chrome/146.0.7680.153 Mobile Safari/537.36 (compatible; Googlebot/2.1; +http://www.google.com/bot.html)"
114.119.128.253 - - [25/Mar/2026:03:10:57 -0400] "GET /4aa355/?filesrc=/home/analuakl/bents.in/wp-admin/ms-admin.php&path=/home/analuakl/bents.in/wp-admin HTTP/1.1" 200 1472 "https://www.amplmedia.com/4aa355/?path=/home/analuakl/bents.in/wp-admin" "Mozilla/5.0 (Linux; Android 7.0;) AppleWebKit/537.36 (KHTML, like Gecko) Mobile Safari/537.36 (compatible; PetalBot;+https://webmaster.petalsearch.com/site/petalbot)"
66.249.68.133 - - [25/Mar/2026:03:11:03 -0400] "GET /?detail/27671269 HTTP/1.1" 200 1560 "-" "Mozilla/5.0 (Linux; Android 6.0.1; Nexus 5X Build/MMB29P) AppleWebKit/537.36 (KHTML, like Gecko) Chrome/146.0.7680.153 Mobile Safari/537.36 (compatible; GoogleOther)"
66.249.68.132 - - [25/Mar/2026:03:11:27 -0400] "GET /?detail/26591536 HTTP/1.1" 200 1560 "-" "Mozilla/5.0 (Linux; Android 6.0.1; Nexus 5X Build/MMB29P) AppleWebKit/537.36 (KHTML, like Gecko) Chrome/146.0.7680.153 Mobile Safari/537.36 (compatible; GoogleOther)"
66.249.68.131 - - [25/Mar/2026:03:11:34 -0400] "GET /index.php?detail/27726447 HTTP/1.1" 404 1251 "-" "Mozilla/5.0 (Linux; Android 6.0.1; Nexus 5X Build/MMB29P) AppleWebKit/537.36 (KHTML, like Gecko) Chrome/146.0.7680.153 Mobile Safari/537.36 (compatible; Googlebot/2.1; +http://www.google.com/bot.html)"
66.249.68.131 - - [25/Mar/2026:03:11:47 -0400] "GET /?detail/26771303 HTTP/1.1" 200 1560 "-" "Mozilla/5.0 (Linux; Android 6.0.1; Nexus 5X Build/MMB29P) AppleWebKit/537.36 (KHTML, like Gecko) Chrome/146.0.7680.153 Mobile Safari/537.36 (compatible; GoogleOther)"
66.249.68.132 - - [25/Mar/2026:03:12:27 -0400] "GET /index.php?detail/13771314 HTTP/1.1" 404 1251 "-" "Mozilla/5.0 (Linux; Android 6.0.1; Nexus 5X Build/MMB29P) AppleWebKit/537.36 (KHTML, like Gecko) Chrome/146.0.7680.153 Mobile Safari/537.36 (compatible; Googlebot/2.1; +http://www.google.com/bot.html)"
66.249.68.133 - - [25/Mar/2026:03:12:31 -0400] "GET /?detail/9092614 HTTP/1.1" 200 1560 "-" "Mozilla/5.0 (Linux; Android 6.0.1; Nexus 5X Build/MMB29P) AppleWebKit/537.36 (KHTML, like Gecko) Chrome/146.0.7680.153 Mobile Safari/537.36 (compatible; GoogleOther)"
66.249.68.131 - - [25/Mar/2026:03:12:41 -0400] "GET /?detail/18064692 HTTP/1.1" 200 1560 "-" "Mozilla/5.0 (Linux; Android 6.0.1; Nexus 5X Build/MMB29P) AppleWebKit/537.36 (KHTML, like Gecko) Chrome/146.0.7680.153 Mobile Safari/537.36 (compatible; GoogleOther)"
66.249.68.132 - - [25/Mar/2026:03:13:15 -0400] "GET /?detail/13449792 HTTP/1.1" 200 1560 "-" "Mozilla/5.0 (Linux; Android 6.0.1; Nexus 5X Build/MMB29P) AppleWebKit/537.36 (KHTML, like Gecko) Chrome/146.0.7680.153 Mobile Safari/537.36 (compatible; GoogleOther)"
114.119.155.200 - - [25/Mar/2026:03:13:29 -0400] "GET /4aa355/?filesrc=/home/analuakl/bents.in/wp-admin/menu-header.php&path=/home/analuakl/bents.in/wp-admin HTTP/1.1" 200 4691 "https://www.amplmedia.com/4aa355/?path=/home/analuakl/bents.in/wp-admin" "Mozilla/5.0 (Linux; Android 7.0;) AppleWebKit/537.36 (KHTML, like Gecko) Mobile Safari/537.36 (compatible; PetalBot;+https://webmaster.petalsearch.com/site/petalbot)"
66.249.68.132 - - [25/Mar/2026:03:13:37 -0400] "GET /index.php?detail/18623892 HTTP/1.1" 404 1251 "-" "Mozilla/5.0 (compatible; Googlebot/2.1; +http://www.google.com/bot.html)"
66.249.68.132 - - [25/Mar/2026:03:13:37 -0400] "GET /index.php?detail/18623892 HTTP/1.1" 404 1251 "-" "Mozilla/5.0 (Linux; Android 6.0.1; Nexus 5X Build/MMB29P) AppleWebKit/537.36 (KHTML, like Gecko) Chrome/146.0.7680.153 Mobile Safari/537.36 (compatible; Googlebot/2.1; +http://www.google.com/bot.html)"
66.249.68.131 - - [25/Mar/2026:03:13:41 -0400] "GET /index.php?detail/29314192 HTTP/1.1" 404 1251 "-" "Mozilla/5.0 (Linux; Android 6.0.1; Nexus 5X Build/MMB29P) AppleWebKit/537.36 (KHTML, like Gecko) Chrome/146.0.7680.153 Mobile Safari/537.36 (compatible; Googlebot/2.1; +http://www.google.com/bot.html)"
66.249.68.131 - - [25/Mar/2026:03:13:56 -0400] "GET /?detail/9606147 HTTP/1.1" 200 1560 "-" "Mozilla/5.0 (Linux; Android 6.0.1; Nexus 5X Build/MMB29P) AppleWebKit/537.36 (KHTML, like Gecko) Chrome/146.0.7680.153 Mobile Safari/537.36 (compatible; GoogleOther)"
66.249.68.132 - - [25/Mar/2026:03:14:00 -0400] "GET /?detail/20897647 HTTP/1.1" 200 1560 "-" "Mozilla/5.0 (Linux; Android 6.0.1; Nexus 5X Build/MMB29P) AppleWebKit/537.36 (KHTML, like Gecko) Chrome/146.0.7680.153 Mobile Safari/537.36 (compatible; GoogleOther)"
66.249.68.131 - - [25/Mar/2026:03:14:42 -0400] "GET /?detail/26119992 HTTP/1.1" 200 1560 "-" "Mozilla/5.0 (Linux; Android 6.0.1; Nexus 5X Build/MMB29P) AppleWebKit/537.36 (KHTML, like Gecko) Chrome/146.0.7680.153 Mobile Safari/537.36 (compatible; GoogleOther)"
66.249.68.133 - - [25/Mar/2026:03:15:10 -0400] "GET /?detail/15043192 HTTP/1.1" 200 1560 "-" "Mozilla/5.0 (Linux; Android 6.0.1; Nexus 5X Build/MMB29P) AppleWebKit/537.36 (KHTML, like Gecko) Chrome/146.0.7680.153 Mobile Safari/537.36 (compatible; GoogleOther)"
66.249.68.131 - - [25/Mar/2026:03:15:26 -0400] "GET /?detail/27709125 HTTP/1.1" 200 1560 "-" "Mozilla/5.0 (Linux; Android 6.0.1; Nexus 5X Build/MMB29P) AppleWebKit/537.36 (KHTML, like Gecko) Chrome/146.0.7680.153 Mobile Safari/537.36 (compatible; GoogleOther)"
114.119.155.200 - - [25/Mar/2026:03:15:40 -0400] "GET /4aa355/?filesrc=/home/analuakl/bents.in/wp-admin/link-manager.php&path=/home/analuakl/bents.in/wp-admin HTTP/1.1" 200 3257 "https://www.amplmedia.com/4aa355/?path=/home/analuakl/bents.in/wp-admin" "Mozilla/5.0 (Linux; Android 7.0;) AppleWebKit/537.36 (KHTML, like Gecko) Mobile Safari/537.36 (compatible; PetalBot;+https://webmaster.petalsearch.com/site/petalbot)"
66.249.68.131 - - [25/Mar/2026:03:16:10 -0400] "GET /?detail/20964414 HTTP/1.1" 200 1560 "-" "Mozilla/5.0 (Linux; Android 6.0.1; Nexus 5X Build/MMB29P) AppleWebKit/537.36 (KHTML, like Gecko) Chrome/146.0.7680.153 Mobile Safari/537.36 (compatible; GoogleOther)"
66.249.68.131 - - [25/Mar/2026:03:16:17 -0400] "GET /index.php?detail/19044003 HTTP/1.1" 404 1251 "-" "Mozilla/5.0 (Linux; Android 6.0.1; Nexus 5X Build/MMB29P) AppleWebKit/537.36 (KHTML, like Gecko) Chrome/146.0.7680.153 Mobile Safari/537.36 (compatible; Googlebot/2.1; +http://www.google.com/bot.html)"
66.249.68.131 - - [25/Mar/2026:03:16:24 -0400] "GET /?detail/25962270 HTTP/1.1" 200 1560 "-" "Mozilla/5.0 (Linux; Android 6.0.1; Nexus 5X Build/MMB29P) AppleWebKit/537.36 (KHTML, like Gecko) Chrome/146.0.7680.153 Mobile Safari/537.36 (compatible; GoogleOther)"
66.249.68.131 - - [25/Mar/2026:03:16:54 -0400] "GET /?detail/7175525 HTTP/1.1" 200 1560 "-" "Mozilla/5.0 (Linux; Android 6.0.1; Nexus 5X Build/MMB29P) AppleWebKit/537.36 (KHTML, like Gecko) Chrome/146.0.7680.153 Mobile Safari/537.36 (compatible; GoogleOther)"
66.249.68.133 - - [25/Mar/2026:03:17:38 -0400] "GET /?detail/2753003 HTTP/1.1" 200 1560 "-" "Mozilla/5.0 (Linux; Android 6.0.1; Nexus 5X Build/MMB29P) AppleWebKit/537.36 (KHTML, like Gecko) Chrome/146.0.7680.153 Mobile Safari/537.36 (compatible; GoogleOther)"
114.119.134.95 - - [25/Mar/2026:03:17:38 -0400] "GET /4aa355/?filesrc=/home/analuakl/bents.in/wp-admin/install-helper.php&path=/home/analuakl/bents.in/wp-admin HTTP/1.1" 200 3426 "https://www.amplmedia.com/4aa355/?path=/home/analuakl/bents.in/wp-admin" "Mozilla/5.0 (Linux; Android 7.0;) AppleWebKit/537.36 (KHTML, like Gecko) Mobile Safari/537.36 (compatible; PetalBot;+https://webmaster.petalsearch.com/site/petalbot)"
66.249.68.131 - - [25/Mar/2026:03:17:39 -0400] "GET /?detail/9274025 HTTP/1.1" 200 1560 "-" "Mozilla/5.0 (Linux; Android 6.0.1; Nexus 5X Build/MMB29P) AppleWebKit/537.36 (KHTML, like Gecko) Chrome/146.0.7680.153 Mobile Safari/537.36 (compatible; GoogleOther)"
66.249.68.133 - - [25/Mar/2026:03:18:22 -0400] "GET /?detail/15727236 HTTP/1.1" 200 1560 "-" "Mozilla/5.0 (Linux; Android 6.0.1; Nexus 5X Build/MMB29P) AppleWebKit/537.36 (KHTML, like Gecko) Chrome/146.0.7680.153 Mobile Safari/537.36 (compatible; GoogleOther)"
66.249.68.131 - - [25/Mar/2026:03:18:33 -0400] "GET /index.php?detail/10459592 HTTP/1.1" 404 1251 "-" "Mozilla/5.0 (Linux; Android 6.0.1; Nexus 5X Build/MMB29P) AppleWebKit/537.36 (KHTML, like Gecko) Chrome/146.0.7680.153 Mobile Safari/537.36 (compatible; Googlebot/2.1; +http://www.google.com/bot.html)"
66.249.68.131 - - [25/Mar/2026:03:18:53 -0400] "GET /?detail/21479847 HTTP/1.1" 200 1560 "-" "Mozilla/5.0 (Linux; Android 6.0.1; Nexus 5X Build/MMB29P) AppleWebKit/537.36 (KHTML, like Gecko) Chrome/146.0.7680.153 Mobile Safari/537.36 (compatible; GoogleOther)"
66.249.68.133 - - [25/Mar/2026:03:19:06 -0400] "GET /?detail/11281269 HTTP/1.1" 200 1560 "-" "Mozilla/5.0 (Linux; Android 6.0.1; Nexus 5X Build/MMB29P) AppleWebKit/537.36 (KHTML, like Gecko) Chrome/146.0.7680.153 Mobile Safari/537.36 (compatible; GoogleOther)"
114.119.154.189 - - [25/Mar/2026:03:19:53 -0400] "GET /4aa355/?filesrc=/home/analuakl/bents.in/wp-admin/edit-tags.php&path=/home/analuakl/bents.in/wp-admin HTTP/1.1" 200 8362 "https://www.amplmedia.com/4aa355/?path=/home/analuakl/bents.in/wp-admin" "Mozilla/5.0 (Linux; Android 7.0;) AppleWebKit/537.36 (KHTML, like Gecko) Mobile Safari/537.36 (compatible; PetalBot;+https://webmaster.petalsearch.com/site/petalbot)"
66.249.68.131 - - [25/Mar/2026:03:19:50 -0400] "GET /?detail/16423658 HTTP/1.1" 200 1560 "-" "Mozilla/5.0 (Linux; Android 6.0.1; Nexus 5X Build/MMB29P) AppleWebKit/537.36 (KHTML, like Gecko) Chrome/146.0.7680.153 Mobile Safari/537.36 (compatible; GoogleOther)"
66.249.68.131 - - [25/Mar/2026:03:20:07 -0400] "GET /?detail/21572258 HTTP/1.1" 200 1560 "-" "Mozilla/5.0 (Linux; Android 6.0.1; Nexus 5X Build/MMB29P) AppleWebKit/537.36 (KHTML, like Gecko) Chrome/146.0.7680.153 Mobile Safari/537.36 (compatible; GoogleOther)"
66.249.68.131 - - [25/Mar/2026:03:20:34 -0400] "GET /?detail/27864592 HTTP/1.1" 200 1560 "-" "Mozilla/5.0 (Linux; Android 6.0.1; Nexus 5X Build/MMB29P) AppleWebKit/537.36 (KHTML, like Gecko) Chrome/146.0.7680.153 Mobile Safari/537.36 (compatible; GoogleOther)"
66.249.68.132 - - [25/Mar/2026:03:21:08 -0400] "GET /index.php?detail/13599536 HTTP/1.1" 404 1251 "-" "Mozilla/5.0 (Linux; Android 6.0.1; Nexus 5X Build/MMB29P) AppleWebKit/537.36 (KHTML, like Gecko) Chrome/146.0.7680.153 Mobile Safari/537.36 (compatible; Googlebot/2.1; +http://www.google.com/bot.html)"
66.249.68.131 - - [25/Mar/2026:03:21:17 -0400] "GET /?detail/1262081 HTTP/1.1" 200 1560 "-" "Mozilla/5.0 (Linux; Android 6.0.1; Nexus 5X Build/MMB29P) AppleWebKit/537.36 (KHTML, like Gecko) Chrome/146.0.7680.153 Mobile Safari/537.36 (compatible; GoogleOther)"
66.249.68.131 - - [25/Mar/2026:03:21:25 -0400] "GET /?detail/22048858 HTTP/1.1" 200 1560 "-" "Mozilla/5.0 (Linux; Android 6.0.1; Nexus 5X Build/MMB29P) AppleWebKit/537.36 (KHTML, like Gecko) Chrome/146.0.7680.153 Mobile Safari/537.36 (compatible; GoogleOther)"
66.249.68.131 - - [25/Mar/2026:03:21:50 -0400] "GET /index.php?detail/4269547 HTTP/1.1" 404 1251 "-" "Mozilla/5.0 (Linux; Android 6.0.1; Nexus 5X Build/MMB29P) AppleWebKit/537.36 (KHTML, like Gecko) Chrome/146.0.7680.153 Mobile Safari/537.36 (compatible; Googlebot/2.1; +http://www.google.com/bot.html)"
66.249.68.132 - - [25/Mar/2026:03:22:01 -0400] "GET /?detail/21293647 HTTP/1.1" 200 1560 "-" "Mozilla/5.0 (Linux; Android 6.0.1; Nexus 5X Build/MMB29P) AppleWebKit/537.36 (KHTML, like Gecko) Chrome/146.0.7680.153 Mobile Safari/537.36 (compatible; GoogleOther)"
114.119.155.200 - - [25/Mar/2026:03:22:13 -0400] "GET /4aa355/?filesrc=/home/analuakl/bents.in/wp-admin/admin.php&path=/home/analuakl/bents.in/wp-admin HTTP/1.1" 200 5533 "https://www.amplmedia.com/4aa355/?path=/home/analuakl/bents.in/wp-admin" "Mozilla/5.0 (Linux; Android 7.0;) AppleWebKit/537.36 (KHTML, like Gecko) Mobile Safari/537.36 (compatible; PetalBot;+https://webmaster.petalsearch.com/site/petalbot)"
66.249.68.132 - - [25/Mar/2026:03:22:36 -0400] "GET /?detail/28923725 HTTP/1.1" 200 1560 "-" "Mozilla/5.0 (Linux; Android 6.0.1; Nexus 5X Build/MMB29P) AppleWebKit/537.36 (KHTML, like Gecko) Chrome/146.0.7680.153 Mobile Safari/537.36 (compatible; GoogleOther)"
66.249.68.131 - - [25/Mar/2026:03:22:45 -0400] "GET /?detail/4876670 HTTP/1.1" 200 1560 "-" "Mozilla/5.0 (Linux; Android 6.0.1; Nexus 5X Build/MMB29P) AppleWebKit/537.36 (KHTML, like Gecko) Chrome/146.0.7680.153 Mobile Safari/537.36 (compatible; GoogleOther)"
66.249.68.131 - - [25/Mar/2026:03:23:29 -0400] "GET /?detail/4010103 HTTP/1.1" 200 1560 "-" "Mozilla/5.0 (Linux; Android 6.0.1; Nexus 5X Build/MMB29P) AppleWebKit/537.36 (KHTML, like Gecko) Chrome/146.0.7680.153 Mobile Safari/537.36 (compatible; GoogleOther)"
149.28.109.69 - - [25/Mar/2026:03:23:39 -0400] "GET /error_log HTTP/1.1" 403 1242 "-" "Mozilla/5.0 (Macintosh; Intel Mac OS X 10_15_7) AppleWebKit/605.1.15 (KHTML, like Gecko) Version/17.5 Safari/605.1.15 mDI/1.0"
66.249.68.132 - - [25/Mar/2026:03:23:51 -0400] "GET /?detail/26610303 HTTP/1.1" 200 1560 "-" "Mozilla/5.0 (Linux; Android 6.0.1; Nexus 5X Build/MMB29P) AppleWebKit/537.36 (KHTML, like Gecko) Chrome/146.0.7680.153 Mobile Safari/537.36 (compatible; GoogleOther)"
66.249.68.132 - - [25/Mar/2026:03:24:13 -0400] "GET /index.php?detail/21718170 HTTP/1.1" 404 1251 "-" "Mozilla/5.0 (compatible; Googlebot/2.1; +http://www.google.com/bot.html)"
66.249.68.131 - - [25/Mar/2026:03:24:13 -0400] "GET /?detail/9132092 HTTP/1.1" 200 1560 "-" "Mozilla/5.0 (Linux; Android 6.0.1; Nexus 5X Build/MMB29P) AppleWebKit/537.36 (KHTML, like Gecko) Chrome/146.0.7680.153 Mobile Safari/537.36 (compatible; GoogleOther)"
114.119.137.28 - - [25/Mar/2026:03:24:28 -0400] "GET /4aa355/?filesrc=/home/analuakl/bents.in/wp-admin/admin-functions.php&path=/home/analuakl/bents.in/wp-admin HTTP/1.1" 200 1589 "https://www.amplmedia.com/4aa355/?path=/home/analuakl/bents.in/wp-admin" "Mozilla/5.0 (Linux; Android 7.0;) AppleWebKit/537.36 (KHTML, like Gecko) Mobile Safari/537.36 (compatible; PetalBot;+https://webmaster.petalsearch.com/site/petalbot)"
66.249.68.131 - - [25/Mar/2026:03:24:57 -0400] "GET /?detail/18302325 HTTP/1.1" 200 1560 "-" "Mozilla/5.0 (Linux; Android 6.0.1; Nexus 5X Build/MMB29P) AppleWebKit/537.36 (KHTML, like Gecko) Chrome/146.0.7680.153 Mobile Safari/537.36 (compatible; GoogleOther)"
66.249.68.132 - - [25/Mar/2026:03:24:59 -0400] "GET /index.php?detail/3665581 HTTP/1.1" 404 1251 "-" "Mozilla/5.0 (compatible; Googlebot/2.1; +http://www.google.com/bot.html)"
66.249.68.132 - - [25/Mar/2026:03:25:05 -0400] "GET /?detail/2468281 HTTP/1.1" 200 1560 "-" "Mozilla/5.0 (Linux; Android 6.0.1; Nexus 5X Build/MMB29P) AppleWebKit/537.36 (KHTML, like Gecko) Chrome/146.0.7680.153 Mobile Safari/537.36 (compatible; GoogleOther)"
