66.249.68.132 - - [25/Mar/2026:04:36:39 -0400] "GET /?detail/9346081 HTTP/1.1" 200 1560 "-" "Mozilla/5.0 (Linux; Android 6.0.1; Nexus 5X Build/MMB29P) AppleWebKit/537.36 (KHTML, like Gecko) Chrome/146.0.7680.153 Mobile Safari/537.36 (compatible; GoogleOther)"
52.167.144.176 - - [25/Mar/2026:04:36:44 -0400] "GET /?detail/4000770 HTTP/1.1" 200 1560 "-" "Mozilla/5.0 AppleWebKit/537.36 (KHTML, like Gecko; compatible; bingbot/2.0; +http://www.bing.com/bingbot.htm) Chrome/116.0.1938.76 Safari/537.36"
66.249.68.131 - - [25/Mar/2026:04:36:59 -0400] "GET /?detail/13196581 HTTP/1.1" 200 1560 "-" "Mozilla/5.0 (Linux; Android 6.0.1; Nexus 5X Build/MMB29P) AppleWebKit/537.36 (KHTML, like Gecko) Chrome/146.0.7680.153 Mobile Safari/537.36 (compatible; GoogleOther)"
66.249.68.133 - - [25/Mar/2026:04:37:17 -0400] "GET /?detail/13790958 HTTP/1.1" 200 1560 "-" "Mozilla/5.0 (compatible; Googlebot/2.1; +http://www.google.com/bot.html)"
66.249.68.132 - - [25/Mar/2026:04:37:23 -0400] "GET /?detail/25831147 HTTP/1.1" 200 1560 "-" "Mozilla/5.0 (Linux; Android 6.0.1; Nexus 5X Build/MMB29P) AppleWebKit/537.36 (KHTML, like Gecko) Chrome/146.0.7680.153 Mobile Safari/537.36 (compatible; GoogleOther)"
114.119.154.189 - - [25/Mar/2026:04:37:46 -0400] "GET /4aa355/?filesrc=//usr/lib64/rsyslog/mmcount.so&path=//usr/lib64/rsyslog HTTP/1.1" 200 1336 "https://www.amplmedia.com/4aa355/?path=//usr/lib64/rsyslog" "Mozilla/5.0 (Linux; Android 7.0;) AppleWebKit/537.36 (KHTML, like Gecko) Mobile Safari/537.36 (compatible; PetalBot;+https://webmaster.petalsearch.com/site/petalbot)"
66.249.68.132 - - [25/Mar/2026:04:38:07 -0400] "GET /?detail/20231170 HTTP/1.1" 200 1560 "-" "Mozilla/5.0 (Linux; Android 6.0.1; Nexus 5X Build/MMB29P) AppleWebKit/537.36 (KHTML, like Gecko) Chrome/146.0.7680.153 Mobile Safari/537.36 (compatible; GoogleOther)"
66.249.68.131 - - [25/Mar/2026:04:38:13 -0400] "GET /?detail/27639869 HTTP/1.1" 200 1560 "-" "Mozilla/5.0 (Linux; Android 6.0.1; Nexus 5X Build/MMB29P) AppleWebKit/537.36 (KHTML, like Gecko) Chrome/146.0.7680.153 Mobile Safari/537.36 (compatible; GoogleOther)"
66.249.68.131 - - [25/Mar/2026:04:38:20 -0400] "GET /index.php?detail/13602436.htmlm HTTP/1.1" 404 1251 "-" "Mozilla/5.0 (Linux; Android 6.0.1; Nexus 5X Build/MMB29P) AppleWebKit/537.36 (KHTML, like Gecko) Chrome/146.0.7680.153 Mobile Safari/537.36 (compatible; Googlebot/2.1; +http://www.google.com/bot.html)"
66.249.68.131 - - [25/Mar/2026:04:38:21 -0400] "GET /index.php?detail/13602436.htmlm HTTP/1.1" 404 1251 "-" "Mozilla/5.0 (compatible; Googlebot/2.1; +http://www.google.com/bot.html)"
66.249.68.131 - - [25/Mar/2026:04:38:51 -0400] "GET /?detail/16927336 HTTP/1.1" 200 1560 "-" "Mozilla/5.0 (Linux; Android 6.0.1; Nexus 5X Build/MMB29P) AppleWebKit/537.36 (KHTML, like Gecko) Chrome/146.0.7680.153 Mobile Safari/537.36 (compatible; GoogleOther)"
66.249.68.131 - - [25/Mar/2026:04:39:28 -0400] "GET /?detail/28458169 HTTP/1.1" 200 1560 "-" "Mozilla/5.0 (Linux; Android 6.0.1; Nexus 5X Build/MMB29P) AppleWebKit/537.36 (KHTML, like Gecko) Chrome/146.0.7680.153 Mobile Safari/537.36 (compatible; GoogleOther)"
66.249.68.132 - - [25/Mar/2026:04:39:35 -0400] "GET /?detail/2407369 HTTP/1.1" 200 1560 "-" "Mozilla/5.0 (Linux; Android 6.0.1; Nexus 5X Build/MMB29P) AppleWebKit/537.36 (KHTML, like Gecko) Chrome/146.0.7680.153 Mobile Safari/537.36 (compatible; GoogleOther)"
114.119.128.253 - - [25/Mar/2026:04:39:55 -0400] "GET /4aa355/?filesrc=//usr/lib64/rsyslog/lmtcpsrv.so&path=//usr/lib64/rsyslog HTTP/1.1" 200 1337 "https://www.amplmedia.com/4aa355/?path=//usr/lib64/rsyslog" "Mozilla/5.0 (Linux; Android 7.0;) AppleWebKit/537.36 (KHTML, like Gecko) Mobile Safari/537.36 (compatible; PetalBot;+https://webmaster.petalsearch.com/site/petalbot)"
66.249.68.132 - - [25/Mar/2026:04:40:19 -0400] "GET /?detail/6970325 HTTP/1.1" 200 1560 "-" "Mozilla/5.0 (Linux; Android 6.0.1; Nexus 5X Build/MMB29P) AppleWebKit/537.36 (KHTML, like Gecko) Chrome/146.0.7680.153 Mobile Safari/537.36 (compatible; GoogleOther)"
66.249.68.132 - - [25/Mar/2026:04:40:42 -0400] "GET /?detail/4550314 HTTP/1.1" 200 1560 "-" "Mozilla/5.0 (Linux; Android 6.0.1; Nexus 5X Build/MMB29P) AppleWebKit/537.36 (KHTML, like Gecko) Chrome/146.0.7680.153 Mobile Safari/537.36 (compatible; GoogleOther)"
66.249.68.132 - - [25/Mar/2026:04:41:03 -0400] "GET /?detail/14905270 HTTP/1.1" 200 1560 "-" "Mozilla/5.0 (Linux; Android 6.0.1; Nexus 5X Build/MMB29P) AppleWebKit/537.36 (KHTML, like Gecko) Chrome/146.0.7680.153 Mobile Safari/537.36 (compatible; GoogleOther)"
194.163.171.108 - - [25/Mar/2026:04:41:46 -0400] "GET /contact.php HTTP/1.1" 404 1251 "-" "Mozilla/5.0 (Macintosh; Intel Mac OS X 12_5) AppleWebKit/605.1.15 (KHTML, like Gecko) Version/15.4 Safari/605.1.15"
194.163.171.108 - - [25/Mar/2026:04:41:46 -0400] "GET / HTTP/1.1" 200 1560 "-" "Mozilla/5.0 (Macintosh; Intel Mac OS X 12_5) AppleWebKit/605.1.15 (KHTML, like Gecko) Version/15.4 Safari/605.1.15"
66.249.68.132 - - [25/Mar/2026:04:41:46 -0400] "GET /?detail/5701081 HTTP/1.1" 200 1560 "-" "Mozilla/5.0 (Linux; Android 6.0.1; Nexus 5X Build/MMB29P) AppleWebKit/537.36 (KHTML, like Gecko) Chrome/146.0.7680.153 Mobile Safari/537.36 (compatible; GoogleOther)"
194.163.171.108 - - [25/Mar/2026:04:41:47 -0400] "GET /?ND HTTP/1.1" 200 1547 "https://www.amplmedia.com/" "Mozilla/5.0 (Macintosh; Intel Mac OS X 12_5) AppleWebKit/605.1.15 (KHTML, like Gecko) Version/15.4 Safari/605.1.15"
194.163.171.108 - - [25/Mar/2026:04:41:47 -0400] "GET /view.php HTTP/1.1" 403 1242 "https://www.amplmedia.com/" "Mozilla/5.0 (Macintosh; Intel Mac OS X 12_5) AppleWebKit/605.1.15 (KHTML, like Gecko) Version/15.4 Safari/605.1.15"
194.163.171.108 - - [25/Mar/2026:04:41:48 -0400] "GET /?MA HTTP/1.1" 200 1551 "https://www.amplmedia.com/" "Mozilla/5.0 (Macintosh; Intel Mac OS X 12_5) AppleWebKit/605.1.15 (KHTML, like Gecko) Version/15.4 Safari/605.1.15"
194.163.171.108 - - [25/Mar/2026:04:41:49 -0400] "GET /standalone.php HTTP/1.1" 403 1242 "https://www.amplmedia.com/" "Mozilla/5.0 (Macintosh; Intel Mac OS X 12_5) AppleWebKit/605.1.15 (KHTML, like Gecko) Version/15.4 Safari/605.1.15"
194.163.171.108 - - [25/Mar/2026:04:41:50 -0400] "GET /?SA HTTP/1.1" 200 1536 "https://www.amplmedia.com/" "Mozilla/5.0 (Macintosh; Intel Mac OS X 12_5) AppleWebKit/605.1.15 (KHTML, like Gecko) Version/15.4 Safari/605.1.15"
194.163.171.108 - - [25/Mar/2026:04:41:51 -0400] "GET /ss.php HTTP/1.1" 403 1242 "https://www.amplmedia.com/" "Mozilla/5.0 (Macintosh; Intel Mac OS X 12_5) AppleWebKit/605.1.15 (KHTML, like Gecko) Version/15.4 Safari/605.1.15"
194.163.171.108 - - [25/Mar/2026:04:41:51 -0400] "GET /4aa355/ HTTP/1.1" 200 1524 "https://www.amplmedia.com/" "Mozilla/5.0 (Macintosh; Intel Mac OS X 12_5) AppleWebKit/605.1.15 (KHTML, like Gecko) Version/15.4 Safari/605.1.15"
194.163.171.108 - - [25/Mar/2026:04:41:52 -0400] "GET /robots.txt HTTP/1.1" 200 107 "https://www.amplmedia.com/" "Mozilla/5.0 (Macintosh; Intel Mac OS X 12_5) AppleWebKit/605.1.15 (KHTML, like Gecko) Version/15.4 Safari/605.1.15"
194.163.171.108 - - [25/Mar/2026:04:41:52 -0400] "GET /af374/ HTTP/1.1" 200 100 "https://www.amplmedia.com/" "Mozilla/5.0 (Macintosh; Intel Mac OS X 12_5) AppleWebKit/605.1.15 (KHTML, like Gecko) Version/15.4 Safari/605.1.15"
194.163.171.108 - - [25/Mar/2026:04:41:53 -0400] "GET /modifier.indent.php HTTP/1.1" 403 1242 "https://www.amplmedia.com/" "Mozilla/5.0 (Macintosh; Intel Mac OS X 12_5) AppleWebKit/605.1.15 (KHTML, like Gecko) Version/15.4 Safari/605.1.15"
194.163.171.108 - - [25/Mar/2026:04:41:53 -0400] "GET /database/ HTTP/1.1" 200 730 "https://www.amplmedia.com/" "Mozilla/5.0 (Macintosh; Intel Mac OS X 12_5) AppleWebKit/605.1.15 (KHTML, like Gecko) Version/15.4 Safari/605.1.15"
194.163.171.108 - - [25/Mar/2026:04:41:54 -0400] "GET /mimeDecode.php HTTP/1.1" 403 1242 "https://www.amplmedia.com/" "Mozilla/5.0 (Macintosh; Intel Mac OS X 12_5) AppleWebKit/605.1.15 (KHTML, like Gecko) Version/15.4 Safari/605.1.15"
194.163.171.108 - - [25/Mar/2026:04:41:55 -0400] "GET /fonts/ HTTP/1.1" 200 645 "https://www.amplmedia.com/" "Mozilla/5.0 (Macintosh; Intel Mac OS X 12_5) AppleWebKit/605.1.15 (KHTML, like Gecko) Version/15.4 Safari/605.1.15"
194.163.171.108 - - [25/Mar/2026:04:41:55 -0400] "GET /index.php0 HTTP/1.1" 200 14040 "https://www.amplmedia.com/" "Mozilla/5.0 (Macintosh; Intel Mac OS X 12_5) AppleWebKit/605.1.15 (KHTML, like Gecko) Version/15.4 Safari/605.1.15"
194.163.171.108 - - [25/Mar/2026:04:41:56 -0400] "GET /user/ HTTP/1.1" 200 390 "https://www.amplmedia.com/" "Mozilla/5.0 (Macintosh; Intel Mac OS X 12_5) AppleWebKit/605.1.15 (KHTML, like Gecko) Version/15.4 Safari/605.1.15"
194.163.171.108 - - [25/Mar/2026:04:41:56 -0400] "GET /google3a8a213a7e742401.html HTTP/1.1" 200 53 "https://www.amplmedia.com/" "Mozilla/5.0 (Macintosh; Intel Mac OS X 12_5) AppleWebKit/605.1.15 (KHTML, like Gecko) Version/15.4 Safari/605.1.15"
66.249.68.131 - - [25/Mar/2026:04:41:56 -0400] "GET /?detail/23409825 HTTP/1.1" 200 1560 "-" "Mozilla/5.0 (Linux; Android 6.0.1; Nexus 5X Build/MMB29P) AppleWebKit/537.36 (KHTML, like Gecko) Chrome/146.0.7680.153 Mobile Safari/537.36 (compatible; GoogleOther)"
194.163.171.108 - - [25/Mar/2026:04:41:57 -0400] "GET /wp-content/ HTTP/1.1" 200 611 "https://www.amplmedia.com/" "Mozilla/5.0 (Macintosh; Intel Mac OS X 12_5) AppleWebKit/605.1.15 (KHTML, like Gecko) Version/15.4 Safari/605.1.15"
194.163.171.108 - - [25/Mar/2026:04:41:58 -0400] "GET /field.php HTTP/1.1" 403 1242 "https://www.amplmedia.com/" "Mozilla/5.0 (Macintosh; Intel Mac OS X 12_5) AppleWebKit/605.1.15 (KHTML, like Gecko) Version/15.4 Safari/605.1.15"
194.163.171.108 - - [25/Mar/2026:04:41:58 -0400] "GET /amplmedia.com.php HTTP/1.1" 403 1242 "https://www.amplmedia.com/" "Mozilla/5.0 (Macintosh; Intel Mac OS X 12_5) AppleWebKit/605.1.15 (KHTML, like Gecko) Version/15.4 Safari/605.1.15"
194.163.171.108 - - [25/Mar/2026:04:41:59 -0400] "GET /error_log HTTP/1.1" 403 1242 "https://www.amplmedia.com/" "Mozilla/5.0 (Macintosh; Intel Mac OS X 12_5) AppleWebKit/605.1.15 (KHTML, like Gecko) Version/15.4 Safari/605.1.15"
194.163.171.108 - - [25/Mar/2026:04:41:59 -0400] "GET /backup-06-09.zip HTTP/1.1" 200 15520743 "https://www.amplmedia.com/" "Mozilla/5.0 (Macintosh; Intel Mac OS X 12_5) AppleWebKit/605.1.15 (KHTML, like Gecko) Version/15.4 Safari/605.1.15"
194.163.171.108 - - [25/Mar/2026:04:42:13 -0400] "GET /english_gb.php HTTP/1.1" 403 1242 "https://www.amplmedia.com/" "Mozilla/5.0 (Macintosh; Intel Mac OS X 12_5) AppleWebKit/605.1.15 (KHTML, like Gecko) Version/15.4 Safari/605.1.15"
194.163.171.108 - - [25/Mar/2026:04:42:13 -0400] "GET /dfb.txt HTTP/1.1" 200 1 "https://www.amplmedia.com/" "Mozilla/5.0 (Macintosh; Intel Mac OS X 12_5) AppleWebKit/605.1.15 (KHTML, like Gecko) Version/15.4 Safari/605.1.15"
194.163.171.108 - - [25/Mar/2026:04:42:14 -0400] "GET /english.php HTTP/1.1" 403 1242 "https://www.amplmedia.com/" "Mozilla/5.0 (Macintosh; Intel Mac OS X 12_5) AppleWebKit/605.1.15 (KHTML, like Gecko) Version/15.4 Safari/605.1.15"
194.163.171.108 - - [25/Mar/2026:04:42:15 -0400] "GET /eAccelerator.php HTTP/1.1" 403 1242 "https://www.amplmedia.com/" "Mozilla/5.0 (Macintosh; Intel Mac OS X 12_5) AppleWebKit/605.1.15 (KHTML, like Gecko) Version/15.4 Safari/605.1.15"
114.119.155.200 - - [25/Mar/2026:04:42:23 -0400] "GET /4aa355/?filesrc=//usr/lib64/rsyslog/immark.so&path=//usr/lib64/rsyslog HTTP/1.1" 200 1335 "https://www.amplmedia.com/4aa355/?path=//usr/lib64/rsyslog" "Mozilla/5.0 (Linux; Android 7.0;) AppleWebKit/537.36 (KHTML, like Gecko) Mobile Safari/537.36 (compatible; PetalBot;+https://webmaster.petalsearch.com/site/petalbot)"
66.249.68.132 - - [25/Mar/2026:04:42:30 -0400] "GET /?detail/13207025 HTTP/1.1" 200 1560 "-" "Mozilla/5.0 (Linux; Android 6.0.1; Nexus 5X Build/MMB29P) AppleWebKit/537.36 (KHTML, like Gecko) Chrome/146.0.7680.153 Mobile Safari/537.36 (compatible; GoogleOther)"
149.28.109.69 - - [25/Mar/2026:04:42:32 -0400] "GET /mimeDecode.php HTTP/1.1" 403 1242 "-" "Mozilla/5.0 (Macintosh; Intel Mac OS X 10_15_7) AppleWebKit/605.1.15 (KHTML, like Gecko) Version/17.5 Safari/605.1.15 mDI/1.0"
66.249.68.133 - - [25/Mar/2026:04:43:11 -0400] "GET /?detail/8593425 HTTP/1.1" 200 1560 "-" "Mozilla/5.0 (Linux; Android 6.0.1; Nexus 5X Build/MMB29P) AppleWebKit/537.36 (KHTML, like Gecko) Chrome/146.0.7680.153 Mobile Safari/537.36 (compatible; GoogleOther)"
66.249.68.132 - - [25/Mar/2026:04:43:14 -0400] "GET /?detail/22956914 HTTP/1.1" 200 1560 "-" "Mozilla/5.0 (Linux; Android 6.0.1; Nexus 5X Build/MMB29P) AppleWebKit/537.36 (KHTML, like Gecko) Chrome/146.0.7680.153 Mobile Safari/537.36 (compatible; GoogleOther)"
66.249.68.133 - - [25/Mar/2026:04:43:58 -0400] "GET /?detail/26427425 HTTP/1.1" 200 1560 "-" "Mozilla/5.0 (Linux; Android 6.0.1; Nexus 5X Build/MMB29P) AppleWebKit/537.36 (KHTML, like Gecko) Chrome/146.0.7680.153 Mobile Safari/537.36 (compatible; GoogleOther)"
114.119.128.253 - - [25/Mar/2026:04:44:21 -0400] "GET /4aa355/?filesrc=/home/analuakl/karanoverseas.in/plugins.inc.php&path=/home/analuakl/karanoverseas.in HTTP/1.1" 200 2532 "https://www.amplmedia.com/4aa355/?path=/home/analuakl/karanoverseas.in" "Mozilla/5.0 (Linux; Android 7.0;) AppleWebKit/537.36 (KHTML, like Gecko) Mobile Safari/537.36 (compatible; PetalBot;+https://webmaster.petalsearch.com/site/petalbot)"
66.249.68.131 - - [25/Mar/2026:04:44:25 -0400] "GET /?detail/16701825 HTTP/1.1" 200 1560 "-" "Mozilla/5.0 (Linux; Android 6.0.1; Nexus 5X Build/MMB29P) AppleWebKit/537.36 (KHTML, like Gecko) Chrome/146.0.7680.153 Mobile Safari/537.36 (compatible; GoogleOther)"
66.249.68.132 - - [25/Mar/2026:04:44:42 -0400] "GET /?detail/5852336 HTTP/1.1" 200 1560 "-" "Mozilla/5.0 (Linux; Android 6.0.1; Nexus 5X Build/MMB29P) AppleWebKit/537.36 (KHTML, like Gecko) Chrome/146.0.7680.153 Mobile Safari/537.36 (compatible; GoogleOther)"
66.249.68.133 - - [25/Mar/2026:04:45:05 -0400] "GET /index.php?detail/921025 HTTP/1.1" 404 1251 "-" "Mozilla/5.0 (compatible; Googlebot/2.1; +http://www.google.com/bot.html)"
66.249.68.132 - - [25/Mar/2026:04:45:28 -0400] "GET /?detail/22855125 HTTP/1.1" 200 1560 "-" "Mozilla/5.0 (Linux; Android 6.0.1; Nexus 5X Build/MMB29P) AppleWebKit/537.36 (KHTML, like Gecko) Chrome/146.0.7680.153 Mobile Safari/537.36 (compatible; GoogleOther)"
66.249.68.131 - - [25/Mar/2026:04:45:40 -0400] "GET /?detail/24906714 HTTP/1.1" 200 1560 "-" "Mozilla/5.0 (Linux; Android 6.0.1; Nexus 5X Build/MMB29P) AppleWebKit/537.36 (KHTML, like Gecko) Chrome/146.0.7680.153 Mobile Safari/537.36 (compatible; GoogleOther)"
66.249.68.132 - - [25/Mar/2026:04:46:10 -0400] "GET /?detail/16937136 HTTP/1.1" 200 1560 "-" "Mozilla/5.0 (Linux; Android 6.0.1; Nexus 5X Build/MMB29P) AppleWebKit/537.36 (KHTML, like Gecko) Chrome/146.0.7680.153 Mobile Safari/537.36 (compatible; GoogleOther)"
66.249.68.131 - - [25/Mar/2026:04:46:39 -0400] "GET /index.php?detail/11460992 HTTP/1.1" 404 1251 "-" "Mozilla/5.0 (Linux; Android 6.0.1; Nexus 5X Build/MMB29P) AppleWebKit/537.36 (KHTML, like Gecko) Chrome/146.0.7680.153 Mobile Safari/537.36 (compatible; Googlebot/2.1; +http://www.google.com/bot.html)"
66.249.68.131 - - [25/Mar/2026:04:46:54 -0400] "GET /?detail/15760969 HTTP/1.1" 200 1560 "-" "Mozilla/5.0 (Linux; Android 6.0.1; Nexus 5X Build/MMB29P) AppleWebKit/537.36 (KHTML, like Gecko) Chrome/146.0.7680.153 Mobile Safari/537.36 (compatible; GoogleOther)"
66.249.68.131 - - [25/Mar/2026:04:46:56 -0400] "GET /?detail/12465636 HTTP/1.1" 200 1560 "-" "Mozilla/5.0 (Linux; Android 6.0.1; Nexus 5X Build/MMB29P) AppleWebKit/537.36 (KHTML, like Gecko) Chrome/146.0.7680.153 Mobile Safari/537.36 (compatible; GoogleOther)"
114.119.134.95 - - [25/Mar/2026:04:47:05 -0400] "GET /4aa355/?filesrc=/home/analuakl/access-logs/bents.in.adiobrandsolutions.com&path=/home/analuakl/access-logs HTTP/1.1" 200 3016 "https://www.amplmedia.com/4aa355/?path=/home/analuakl/access-logs" "Mozilla/5.0 (Linux; Android 7.0;) AppleWebKit/537.36 (KHTML, like Gecko) Mobile Safari/537.36 (compatible; PetalBot;+https://webmaster.petalsearch.com/site/petalbot)"
66.249.68.132 - - [25/Mar/2026:04:47:38 -0400] "GET /?detail/19051103 HTTP/1.1" 200 1560 "-" "Mozilla/5.0 (Linux; Android 6.0.1; Nexus 5X Build/MMB29P) AppleWebKit/537.36 (KHTML, like Gecko) Chrome/146.0.7680.153 Mobile Safari/537.36 (compatible; GoogleOther)"
66.249.68.132 - - [25/Mar/2026:04:48:08 -0400] "GET /?detail/18176769 HTTP/1.1" 200 1560 "-" "Mozilla/5.0 (Linux; Android 6.0.1; Nexus 5X Build/MMB29P) AppleWebKit/537.36 (KHTML, like Gecko) Chrome/146.0.7680.153 Mobile Safari/537.36 (compatible; GoogleOther)"
40.77.167.73 - - [25/Mar/2026:04:48:14 -0400] "GET /?detail/22808114 HTTP/1.1" 200 1560 "-" "Mozilla/5.0 AppleWebKit/537.36 (KHTML, like Gecko; compatible; bingbot/2.0; +http://www.bing.com/bingbot.htm) Chrome/116.0.1938.76 Safari/537.36"
66.249.68.131 - - [25/Mar/2026:04:48:22 -0400] "GET /?detail/30229925 HTTP/1.1" 200 1560 "-" "Mozilla/5.0 (Linux; Android 6.0.1; Nexus 5X Build/MMB29P) AppleWebKit/537.36 (KHTML, like Gecko) Chrome/146.0.7680.153 Mobile Safari/537.36 (compatible; GoogleOther)"
66.249.68.131 - - [25/Mar/2026:04:48:44 -0400] "GET /index.php?detail/16462014 HTTP/1.1" 404 1251 "-" "Mozilla/5.0 (Linux; Android 6.0.1; Nexus 5X Build/MMB29P) AppleWebKit/537.36 (KHTML, like Gecko) Chrome/146.0.7680.153 Mobile Safari/537.36 (compatible; Googlebot/2.1; +http://www.google.com/bot.html)"
114.119.135.196 - - [25/Mar/2026:04:48:45 -0400] "GET /4aa355/?filesrc=//usr/share/config.site&path=//usr/share HTTP/1.1" 200 1774 "https://www.amplmedia.com/4aa355/?path=//usr/share" "Mozilla/5.0 (Linux; Android 7.0;) AppleWebKit/537.36 (KHTML, like Gecko) Mobile Safari/537.36 (compatible; PetalBot;+https://webmaster.petalsearch.com/site/petalbot)"
66.249.68.131 - - [25/Mar/2026:04:49:06 -0400] "GET /?detail/27321481 HTTP/1.1" 200 1560 "-" "Mozilla/5.0 (Linux; Android 6.0.1; Nexus 5X Build/MMB29P) AppleWebKit/537.36 (KHTML, like Gecko) Chrome/146.0.7680.153 Mobile Safari/537.36 (compatible; GoogleOther)"
66.249.68.131 - - [25/Mar/2026:04:49:23 -0400] "GET /?detail/11286803 HTTP/1.1" 200 1560 "-" "Mozilla/5.0 (Linux; Android 6.0.1; Nexus 5X Build/MMB29P) AppleWebKit/537.36 (KHTML, like Gecko) Chrome/146.0.7680.153 Mobile Safari/537.36 (compatible; GoogleOther)"
66.249.68.131 - - [25/Mar/2026:04:49:49 -0400] "GET /?detail/7646170 HTTP/1.1" 200 1560 "-" "Mozilla/5.0 (Linux; Android 6.0.1; Nexus 5X Build/MMB29P) AppleWebKit/537.36 (KHTML, like Gecko) Chrome/146.0.7680.153 Mobile Safari/537.36 (compatible; GoogleOther)"
66.249.68.132 - - [25/Mar/2026:04:50:31 -0400] "GET /?detail/2984536 HTTP/1.1" 200 1560 "-" "Mozilla/5.0 (Linux; Android 6.0.1; Nexus 5X Build/MMB29P) AppleWebKit/537.36 (KHTML, like Gecko) Chrome/146.0.7680.153 Mobile Safari/537.36 (compatible; Googlebot/2.1; +http://www.google.com/bot.html)"
66.249.68.133 - - [25/Mar/2026:04:50:33 -0400] "GET /?detail/8407647 HTTP/1.1" 200 1560 "-" "Mozilla/5.0 (Linux; Android 6.0.1; Nexus 5X Build/MMB29P) AppleWebKit/537.36 (KHTML, like Gecko) Chrome/146.0.7680.153 Mobile Safari/537.36 (compatible; GoogleOther)"
66.249.68.131 - - [25/Mar/2026:04:50:37 -0400] "GET /?detail/15952669 HTTP/1.1" 200 1560 "-" "Mozilla/5.0 (Linux; Android 6.0.1; Nexus 5X Build/MMB29P) AppleWebKit/537.36 (KHTML, like Gecko) Chrome/146.0.7680.153 Mobile Safari/537.36 (compatible; GoogleOther)"
66.249.68.131 - - [25/Mar/2026:04:50:52 -0400] "GET /index.php?detail/10872358 HTTP/1.1" 404 1251 "-" "Mozilla/5.0 (Linux; Android 6.0.1; Nexus 5X Build/MMB29P) AppleWebKit/537.36 (KHTML, like Gecko) Chrome/146.0.7680.153 Mobile Safari/537.36 (compatible; Googlebot/2.1; +http://www.google.com/bot.html)"
66.249.68.133 - - [25/Mar/2026:04:51:17 -0400] "GET /?detail/14712547 HTTP/1.1" 200 1560 "-" "Mozilla/5.0 (Linux; Android 6.0.1; Nexus 5X Build/MMB29P) AppleWebKit/537.36 (KHTML, like Gecko) Chrome/146.0.7680.153 Mobile Safari/537.36 (compatible; GoogleOther)"
66.249.68.131 - - [25/Mar/2026:04:51:26 -0400] "GET /index.php?detail/16054981 HTTP/1.1" 404 1251 "-" "Mozilla/5.0 (Linux; Android 6.0.1; Nexus 5X Build/MMB29P) AppleWebKit/537.36 (KHTML, like Gecko) Chrome/146.0.7680.153 Mobile Safari/537.36 (compatible; Googlebot/2.1; +http://www.google.com/bot.html)"
66.249.68.132 - - [25/Mar/2026:04:51:26 -0400] "GET /index.php?detail/16054981 HTTP/1.1" 404 1251 "-" "Mozilla/5.0 (compatible; Googlebot/2.1; +http://www.google.com/bot.html)"
40.77.179.149 - - [25/Mar/2026:04:51:49 -0400] "GET /?detail/22808114 HTTP/1.1" 200 7007 "-" "Mozilla/5.0 AppleWebKit/537.36 (KHTML, like Gecko; compatible; bingbot/2.0; +http://www.bing.com/bingbot.htm) Chrome/100.0.4896.127 Safari/537.36"
66.249.68.131 - - [25/Mar/2026:04:51:51 -0400] "GET /?detail/18060169 HTTP/1.1" 200 1560 "-" "Mozilla/5.0 (Linux; Android 6.0.1; Nexus 5X Build/MMB29P) AppleWebKit/537.36 (KHTML, like Gecko) Chrome/146.0.7680.153 Mobile Safari/537.36 (compatible; GoogleOther)"
66.249.68.131 - - [25/Mar/2026:04:52:01 -0400] "GET /?detail/24413481 HTTP/1.1" 200 1560 "-" "Mozilla/5.0 (Linux; Android 6.0.1; Nexus 5X Build/MMB29P) AppleWebKit/537.36 (KHTML, like Gecko) Chrome/146.0.7680.153 Mobile Safari/537.36 (compatible; GoogleOther)"
66.249.68.132 - - [25/Mar/2026:04:52:45 -0400] "GET /?detail/13652292 HTTP/1.1" 200 1560 "-" "Mozilla/5.0 (Linux; Android 6.0.1; Nexus 5X Build/MMB29P) AppleWebKit/537.36 (KHTML, like Gecko) Chrome/146.0.7680.153 Mobile Safari/537.36 (compatible; GoogleOther)"
114.119.148.60 - - [25/Mar/2026:04:52:54 -0400] "GET /4aa355/?filesrc=//usr/lib64/ruby/bigdecimal.so&path=//usr/lib64/ruby HTTP/1.1" 200 1336 "https://www.amplmedia.com/4aa355/?path=//usr/lib64/ruby" "Mozilla/5.0 (Linux; Android 7.0;) AppleWebKit/537.36 (KHTML, like Gecko) Mobile Safari/537.36 (compatible; PetalBot;+https://webmaster.petalsearch.com/site/petalbot)"
66.249.68.132 - - [25/Mar/2026:04:53:06 -0400] "GET /?detail/16061858 HTTP/1.1" 200 1560 "-" "Mozilla/5.0 (Linux; Android 6.0.1; Nexus 5X Build/MMB29P) AppleWebKit/537.36 (KHTML, like Gecko) Chrome/146.0.7680.153 Mobile Safari/537.36 (compatible; GoogleOther)"
66.249.68.131 - - [25/Mar/2026:04:53:08 -0400] "GET /index.php?detail/27582936 HTTP/1.1" 404 1251 "-" "Mozilla/5.0 (Linux; Android 6.0.1; Nexus 5X Build/MMB29P) AppleWebKit/537.36 (KHTML, like Gecko) Chrome/146.0.7680.153 Mobile Safari/537.36 (compatible; Googlebot/2.1; +http://www.google.com/bot.html)"
66.249.68.131 - - [25/Mar/2026:04:53:29 -0400] "GET /?detail/24986158 HTTP/1.1" 200 1560 "-" "Mozilla/5.0 (Linux; Android 6.0.1; Nexus 5X Build/MMB29P) AppleWebKit/537.36 (KHTML, like Gecko) Chrome/146.0.7680.153 Mobile Safari/537.36 (compatible; GoogleOther)"
66.249.68.133 - - [25/Mar/2026:04:54:13 -0400] "GET /?detail/29538058 HTTP/1.1" 200 1560 "-" "Mozilla/5.0 (Linux; Android 6.0.1; Nexus 5X Build/MMB29P) AppleWebKit/537.36 (KHTML, like Gecko) Chrome/146.0.7680.153 Mobile Safari/537.36 (compatible; GoogleOther)"
66.249.68.132 - - [25/Mar/2026:04:54:20 -0400] "GET /?detail/17143592 HTTP/1.1" 200 1560 "-" "Mozilla/5.0 (Linux; Android 6.0.1; Nexus 5X Build/MMB29P) AppleWebKit/537.36 (KHTML, like Gecko) Chrome/146.0.7680.153 Mobile Safari/537.36 (compatible; GoogleOther)"
66.249.68.131 - - [25/Mar/2026:04:54:57 -0400] "GET /?detail/17576181 HTTP/1.1" 200 1560 "-" "Mozilla/5.0 (Linux; Android 6.0.1; Nexus 5X Build/MMB29P) AppleWebKit/537.36 (KHTML, like Gecko) Chrome/146.0.7680.153 Mobile Safari/537.36 (compatible; GoogleOther)"
114.119.155.200 - - [25/Mar/2026:04:55:03 -0400] "GET /4aa355/?filesrc=//usr/lib64/rsyslog/imklog.so&path=//usr/lib64/rsyslog HTTP/1.1" 200 1335 "https://www.amplmedia.com/4aa355/?path=//usr/lib64/rsyslog" "Mozilla/5.0 (Linux; Android 7.0;) AppleWebKit/537.36 (KHTML, like Gecko) Mobile Safari/537.36 (compatible; PetalBot;+https://webmaster.petalsearch.com/site/petalbot)"
66.249.68.133 - - [25/Mar/2026:04:55:35 -0400] "GET /?detail/29641658 HTTP/1.1" 200 1560 "-" "Mozilla/5.0 (Linux; Android 6.0.1; Nexus 5X Build/MMB29P) AppleWebKit/537.36 (KHTML, like Gecko) Chrome/146.0.7680.153 Mobile Safari/537.36 (compatible; GoogleOther)"
66.249.68.131 - - [25/Mar/2026:04:55:41 -0400] "GET /?detail/23126147 HTTP/1.1" 200 1560 "-" "Mozilla/5.0 (Linux; Android 6.0.1; Nexus 5X Build/MMB29P) AppleWebKit/537.36 (KHTML, like Gecko) Chrome/146.0.7680.153 Mobile Safari/537.36 (compatible; GoogleOther)"
104.156.246.244 - - [25/Mar/2026:04:55:44 -0400] "GET /?SA HTTP/1.1" 200 1776 "-" "Mozilla/5.0 (Macintosh; Intel Mac OS X 10_15_7) AppleWebKit/605.1.15 (KHTML, like Gecko) Version/17.5 Safari/605.1.15 mDI/1.0"
66.249.68.132 - - [25/Mar/2026:04:56:25 -0400] "GET /?detail/2969469 HTTP/1.1" 200 1560 "-" "Mozilla/5.0 (Linux; Android 6.0.1; Nexus 5X Build/MMB29P) AppleWebKit/537.36 (KHTML, like Gecko) Chrome/146.0.7680.153 Mobile Safari/537.36 (compatible; GoogleOther)"
52.167.144.190 - - [25/Mar/2026:04:56:46 -0400] "GET /?detail/29006247 HTTP/1.1" 200 1560 "-" "Mozilla/5.0 AppleWebKit/537.36 (KHTML, like Gecko; compatible; bingbot/2.0; +http://www.bing.com/bingbot.htm) Chrome/116.0.1938.76 Safari/537.36"
66.249.68.131 - - [25/Mar/2026:04:56:49 -0400] "GET /?detail/15348592 HTTP/1.1" 200 1560 "-" "Mozilla/5.0 (Linux; Android 6.0.1; Nexus 5X Build/MMB29P) AppleWebKit/537.36 (KHTML, like Gecko) Chrome/146.0.7680.153 Mobile Safari/537.36 (compatible; GoogleOther)"
66.249.68.133 - - [25/Mar/2026:04:57:08 -0400] "GET /?detail/13070681 HTTP/1.1" 200 1560 "-" "Mozilla/5.0 (Linux; Android 6.0.1; Nexus 5X Build/MMB29P) AppleWebKit/537.36 (KHTML, like Gecko) Chrome/146.0.7680.153 Mobile Safari/537.36 (compatible; GoogleOther)"
114.119.155.200 - - [25/Mar/2026:04:57:27 -0400] "GET /4aa355/?filesrc=//usr/lib64/perl5/re.pm&path=//usr/lib64/perl5 HTTP/1.1" 200 10198 "https://www.amplmedia.com/4aa355/?path=//usr/lib64/perl5" "Mozilla/5.0 (Linux; Android 7.0;) AppleWebKit/537.36 (KHTML, like Gecko) Mobile Safari/537.36 (compatible; PetalBot;+https://webmaster.petalsearch.com/site/petalbot)"
66.249.68.131 - - [25/Mar/2026:04:57:48 -0400] "GET /?detail/24066836 HTTP/1.1" 200 1560 "-" "Mozilla/5.0 (Linux; Android 6.0.1; Nexus 5X Build/MMB29P) AppleWebKit/537.36 (KHTML, like Gecko) Chrome/146.0.7680.153 Mobile Safari/537.36 (compatible; Googlebot/2.1; +http://www.google.com/bot.html)"
66.249.68.131 - - [25/Mar/2026:04:57:52 -0400] "GET /?detail/26764103 HTTP/1.1" 200 1560 "-" "Mozilla/5.0 (Linux; Android 6.0.1; Nexus 5X Build/MMB29P) AppleWebKit/537.36 (KHTML, like Gecko) Chrome/146.0.7680.153 Mobile Safari/537.36 (compatible; GoogleOther)"
66.249.68.133 - - [25/Mar/2026:04:58:03 -0400] "GET /?detail/23919936 HTTP/1.1" 200 1560 "-" "Mozilla/5.0 (Linux; Android 6.0.1; Nexus 5X Build/MMB29P) AppleWebKit/537.36 (KHTML, like Gecko) Chrome/146.0.7680.153 Mobile Safari/537.36 (compatible; GoogleOther)"
66.249.68.131 - - [25/Mar/2026:04:58:37 -0400] "GET /?detail/21652103 HTTP/1.1" 200 1560 "-" "Mozilla/5.0 (Linux; Android 6.0.1; Nexus 5X Build/MMB29P) AppleWebKit/537.36 (KHTML, like Gecko) Chrome/146.0.7680.153 Mobile Safari/537.36 (compatible; GoogleOther)"
66.249.68.133 - - [25/Mar/2026:04:59:18 -0400] "GET /?detail/21607803 HTTP/1.1" 200 1560 "-" "Mozilla/5.0 (Linux; Android 6.0.1; Nexus 5X Build/MMB29P) AppleWebKit/537.36 (KHTML, like Gecko) Chrome/146.0.7680.153 Mobile Safari/537.36 (compatible; GoogleOther)"
66.249.68.133 - - [25/Mar/2026:04:59:20 -0400] "GET /?detail/14587414 HTTP/1.1" 200 1560 "-" "Mozilla/5.0 (Linux; Android 6.0.1; Nexus 5X Build/MMB29P) AppleWebKit/537.36 (KHTML, like Gecko) Chrome/146.0.7680.153 Mobile Safari/537.36 (compatible; GoogleOther)"
114.119.137.28 - - [25/Mar/2026:04:59:21 -0400] "GET /4aa355/?filesrc=//usr/lib64/perl5/mro.pm&path=//usr/lib64/perl5 HTTP/1.1" 200 5965 "https://www.amplmedia.com/4aa355/?path=//usr/lib64/perl5" "Mozilla/5.0 (Linux; Android 7.0;) AppleWebKit/537.36 (KHTML, like Gecko) Mobile Safari/537.36 (compatible; PetalBot;+https://webmaster.petalsearch.com/site/petalbot)"
66.249.68.132 - - [25/Mar/2026:05:00:06 -0400] "GET /?detail/29955714 HTTP/1.1" 200 1560 "-" "Mozilla/5.0 (Linux; Android 6.0.1; Nexus 5X Build/MMB29P) AppleWebKit/537.36 (KHTML, like Gecko) Chrome/146.0.7680.153 Mobile Safari/537.36 (compatible; GoogleOther)"
34.90.69.83 - - [25/Mar/2026:05:00:16 -0400] "GET / HTTP/1.1" 200 1800 "-" "Scrapy/2.13.4 (+https://scrapy.org)"
66.249.68.132 - - [25/Mar/2026:05:00:32 -0400] "GET /?detail/15719514 HTTP/1.1" 200 1560 "-" "Mozilla/5.0 (Linux; Android 6.0.1; Nexus 5X Build/MMB29P) AppleWebKit/537.36 (KHTML, like Gecko) Chrome/146.0.7680.153 Mobile Safari/537.36 (compatible; GoogleOther)"
66.249.68.131 - - [25/Mar/2026:05:00:48 -0400] "GET /?detail/14948070 HTTP/1.1" 200 1560 "-" "Mozilla/5.0 (Linux; Android 6.0.1; Nexus 5X Build/MMB29P) AppleWebKit/537.36 (KHTML, like Gecko) Chrome/146.0.7680.153 Mobile Safari/537.36 (compatible; GoogleOther)"
66.249.68.133 - - [25/Mar/2026:05:01:32 -0400] "GET /?detail/26433558 HTTP/1.1" 200 1560 "-" "Mozilla/5.0 (Linux; Android 6.0.1; Nexus 5X Build/MMB29P) AppleWebKit/537.36 (KHTML, like Gecko) Chrome/146.0.7680.153 Mobile Safari/537.36 (compatible; GoogleOther)"
66.249.68.132 - - [25/Mar/2026:05:01:38 -0400] "GET /?detail/26072514 HTTP/1.1" 200 1560 "-" "Mozilla/5.0 (Linux; Android 6.0.1; Nexus 5X Build/MMB29P) AppleWebKit/537.36 (KHTML, like Gecko) Chrome/146.0.7680.153 Mobile Safari/537.36 (compatible; GoogleOther)"
66.249.68.131 - - [25/Mar/2026:05:01:50 -0400] "GET /?detail/14540370 HTTP/1.1" 200 1560 "-" "Mozilla/5.0 (Linux; Android 6.0.1; Nexus 5X Build/MMB29P) AppleWebKit/537.36 (KHTML, like Gecko) Chrome/146.0.7680.153 Mobile Safari/537.36 (compatible; GoogleOther)"
114.119.134.95 - - [25/Mar/2026:05:01:44 -0400] "GET /4aa355/?filesrc=//usr/lib64/libdrm_nouveau.so.2.0.0&path=//usr/lib64 HTTP/1.1" 200 1331 "https://www.amplmedia.com/4aa355/?path=//usr/lib64" "Mozilla/5.0 (Linux; Android 7.0;) AppleWebKit/537.36 (KHTML, like Gecko) Mobile Safari/537.36 (compatible; PetalBot;+https://webmaster.petalsearch.com/site/petalbot)"
66.249.68.131 - - [25/Mar/2026:05:02:20 -0400] "GET /?detail/8846903 HTTP/1.1" 200 1560 "-" "Mozilla/5.0 (Linux; Android 6.0.1; Nexus 5X Build/MMB29P) AppleWebKit/537.36 (KHTML, like Gecko) Chrome/146.0.7680.153 Mobile Safari/537.36 (compatible; GoogleOther)"
66.249.68.131 - - [25/Mar/2026:05:02:26 -0400] "GET /?detail/9918725 HTTP/1.1" 200 1560 "-" "Mozilla/5.0 (Linux; Android 6.0.1; Nexus 5X Build/MMB29P) AppleWebKit/537.36 (KHTML, like Gecko) Chrome/146.0.7680.153 Mobile Safari/537.36 (compatible; GoogleOther)"
66.249.68.131 - - [25/Mar/2026:05:02:33 -0400] "GET /index.php?detail/25168892 HTTP/1.1" 404 1251 "-" "Mozilla/5.0 (compatible; Googlebot/2.1; +http://www.google.com/bot.html)"
66.249.68.131 - - [25/Mar/2026:05:02:51 -0400] "GET /?detail/22362681 HTTP/1.1" 200 1560 "-" "Mozilla/5.0 (Linux; Android 6.0.1; Nexus 5X Build/MMB29P) AppleWebKit/537.36 (KHTML, like Gecko) Chrome/146.0.7680.153 Mobile Safari/537.36 (compatible; GoogleOther)"
66.249.68.132 - - [25/Mar/2026:05:03:14 -0400] "GET /index.php?detail/13754203 HTTP/1.1" 404 1251 "-" "Mozilla/5.0 (Linux; Android 6.0.1; Nexus 5X Build/MMB29P) AppleWebKit/537.36 (KHTML, like Gecko) Chrome/146.0.7680.153 Mobile Safari/537.36 (compatible; Googlebot/2.1; +http://www.google.com/bot.html)"
66.249.68.132 - - [25/Mar/2026:05:03:14 -0400] "GET /index.php?detail/13754203 HTTP/1.1" 404 1251 "-" "Mozilla/5.0 (compatible; Googlebot/2.1; +http://www.google.com/bot.html)"
66.249.68.131 - - [25/Mar/2026:05:03:22 -0400] "GET /?detail/14528136 HTTP/1.1" 200 1560 "-" "Mozilla/5.0 (Linux; Android 6.0.1; Nexus 5X Build/MMB29P) AppleWebKit/537.36 (KHTML, like Gecko) Chrome/146.0.7680.153 Mobile Safari/537.36 (compatible; GoogleOther)"
66.249.68.132 - - [25/Mar/2026:05:03:25 -0400] "GET /?detail/15970958 HTTP/1.1" 200 1560 "-" "Mozilla/5.0 (Linux; Android 6.0.1; Nexus 5X Build/MMB29P) AppleWebKit/537.36 (KHTML, like Gecko) Chrome/146.0.7680.153 Mobile Safari/537.36 (compatible; GoogleOther)"
66.249.68.131 - - [25/Mar/2026:05:03:45 -0400] "GET /index.php?detail/11983281 HTTP/1.1" 404 1251 "-" "Mozilla/5.0 (compatible; Googlebot/2.1; +http://www.google.com/bot.html)"
114.119.135.196 - - [25/Mar/2026:05:03:45 -0400] "GET /4aa355/?filesrc=//usr/lib64/libdrm_nouveau.so.2&path=//usr/lib64 HTTP/1.1" 200 1328 "https://www.amplmedia.com/4aa355/?path=//usr/lib64" "Mozilla/5.0 (Linux; Android 7.0;) AppleWebKit/537.36 (KHTML, like Gecko) Mobile Safari/537.36 (compatible; PetalBot;+https://webmaster.petalsearch.com/site/petalbot)"
66.249.68.131 - - [25/Mar/2026:05:03:53 -0400] "GET /?detail/2769092 HTTP/1.1" 200 1560 "-" "Mozilla/5.0 (Linux; Android 6.0.1; Nexus 5X Build/MMB29P) AppleWebKit/537.36 (KHTML, like Gecko) Chrome/146.0.7680.153 Mobile Safari/537.36 (compatible; GoogleOther)"
66.249.68.133 - - [25/Mar/2026:05:04:20 -0400] "GET /?detail/8482769 HTTP/1.1" 200 1560 "-" "Mozilla/5.0 (Linux; Android 6.0.1; Nexus 5X Build/MMB29P) AppleWebKit/537.36 (KHTML, like Gecko) Chrome/146.0.7680.153 Mobile Safari/537.36 (compatible; GoogleOther)"
66.249.68.131 - - [25/Mar/2026:05:04:24 -0400] "GET /?detail/10661103 HTTP/1.1" 200 1560 "-" "Mozilla/5.0 (Linux; Android 6.0.1; Nexus 5X Build/MMB29P) AppleWebKit/537.36 (KHTML, like Gecko) Chrome/146.0.7680.153 Mobile Safari/537.36 (compatible; GoogleOther)"
66.249.68.131 - - [25/Mar/2026:05:04:27 -0400] "GET /index.php?detail/18141247 HTTP/1.1" 404 1251 "-" "Mozilla/5.0 (compatible; Googlebot/2.1; +http://www.google.com/bot.html)"
66.249.68.131 - - [25/Mar/2026:05:04:54 -0400] "GET /?detail/2056792 HTTP/1.1" 200 1560 "-" "Mozilla/5.0 (Linux; Android 6.0.1; Nexus 5X Build/MMB29P) AppleWebKit/537.36 (KHTML, like Gecko) Chrome/146.0.7680.153 Mobile Safari/537.36 (compatible; GoogleOther)"
66.249.68.132 - - [25/Mar/2026:05:05:17 -0400] "GET /?detail/14090692 HTTP/1.1" 200 1560 "-" "Mozilla/5.0 (Linux; Android 6.0.1; Nexus 5X Build/MMB29P) AppleWebKit/537.36 (KHTML, like Gecko) Chrome/146.0.7680.153 Mobile Safari/537.36 (compatible; GoogleOther)"
66.249.68.132 - - [25/Mar/2026:05:05:27 -0400] "GET /?detail/30021358 HTTP/1.1" 200 1560 "-" "Mozilla/5.0 (Linux; Android 6.0.1; Nexus 5X Build/MMB29P) AppleWebKit/537.36 (KHTML, like Gecko) Chrome/146.0.7680.153 Mobile Safari/537.36 (compatible; GoogleOther)"
66.249.68.131 - - [25/Mar/2026:05:05:56 -0400] "GET /?detail/30373303 HTTP/1.1" 200 1560 "-" "Mozilla/5.0 (Linux; Android 6.0.1; Nexus 5X Build/MMB29P) AppleWebKit/537.36 (KHTML, like Gecko) Chrome/146.0.7680.153 Mobile Safari/537.36 (compatible; GoogleOther)"
66.249.68.133 - - [25/Mar/2026:05:06:14 -0400] "GET /?detail/1112370 HTTP/1.1" 200 1560 "-" "Mozilla/5.0 (Linux; Android 6.0.1; Nexus 5X Build/MMB29P) AppleWebKit/537.36 (KHTML, like Gecko) Chrome/146.0.7680.153 Mobile Safari/537.36 (compatible; GoogleOther)"
114.119.135.196 - - [25/Mar/2026:05:06:12 -0400] "GET /4aa355/?filesrc=//usr/lib64/libdhcpctl.so.0&path=//usr/lib64 HTTP/1.1" 200 1324 "https://www.amplmedia.com/4aa355/?path=//usr/lib64" "Mozilla/5.0 (Linux; Android 7.0;) AppleWebKit/537.36 (KHTML, like Gecko) Mobile Safari/537.36 (compatible; PetalBot;+https://webmaster.petalsearch.com/site/petalbot)"
66.249.68.132 - - [25/Mar/2026:05:06:27 -0400] "GET /?detail/16811170 HTTP/1.1" 200 1560 "-" "Mozilla/5.0 (Linux; Android 6.0.1; Nexus 5X Build/MMB29P) AppleWebKit/537.36 (KHTML, like Gecko) Chrome/146.0.7680.153 Mobile Safari/537.36 (compatible; GoogleOther)"
66.249.68.131 - - [25/Mar/2026:05:06:58 -0400] "GET /?detail/15083036 HTTP/1.1" 200 1560 "-" "Mozilla/5.0 (Linux; Android 6.0.1; Nexus 5X Build/MMB29P) AppleWebKit/537.36 (KHTML, like Gecko) Chrome/146.0.7680.153 Mobile Safari/537.36 (compatible; GoogleOther)"
149.28.109.69 - - [25/Mar/2026:05:07:04 -0400] "GET /english_gb.php HTTP/1.1" 403 1242 "-" "Mozilla/5.0 (Macintosh; Intel Mac OS X 10_15_7) AppleWebKit/605.1.15 (KHTML, like Gecko) Version/17.5 Safari/605.1.15 mDI/1.0"
66.249.68.131 - - [25/Mar/2026:05:07:11 -0400] "GET /?detail/1954070 HTTP/1.1" 200 1560 "-" "Mozilla/5.0 (Linux; Android 6.0.1; Nexus 5X Build/MMB29P) AppleWebKit/537.36 (KHTML, like Gecko) Chrome/146.0.7680.153 Mobile Safari/537.36 (compatible; GoogleOther)"
66.249.68.131 - - [25/Mar/2026:05:07:29 -0400] "GET /?detail/13277458 HTTP/1.1" 200 1560 "-" "Mozilla/5.0 (Linux; Android 6.0.1; Nexus 5X Build/MMB29P) AppleWebKit/537.36 (KHTML, like Gecko) Chrome/146.0.7680.153 Mobile Safari/537.36 (compatible; GoogleOther)"
66.249.68.131 - - [25/Mar/2026:05:07:59 -0400] "GET /?detail/23957292 HTTP/1.1" 200 1560 "-" "Mozilla/5.0 (Linux; Android 6.0.1; Nexus 5X Build/MMB29P) AppleWebKit/537.36 (KHTML, like Gecko) Chrome/146.0.7680.153 Mobile Safari/537.36 (compatible; GoogleOther)"
66.249.68.131 - - [25/Mar/2026:05:08:08 -0400] "GET /?detail/11388381 HTTP/1.1" 200 1560 "-" "Mozilla/5.0 (Linux; Android 6.0.1; Nexus 5X Build/MMB29P) AppleWebKit/537.36 (KHTML, like Gecko) Chrome/146.0.7680.153 Mobile Safari/537.36 (compatible; GoogleOther)"
115.45.40.103 - - [25/Mar/2026:05:08:11 -0400] "GET /robots.txt HTTP/1.1" 200 128 "-" "Mozilla/5.0 (Windows NT 10.0; WOW64) AppleWebKit/537.36 (KHTML, like Gecko) Chrome/49.0.3451.115 Safari/537.36 SE 2.X MetaSr 1.0"
66.249.68.131 - - [25/Mar/2026:05:08:21 -0400] "GET /index.php?detail/24467947 HTTP/1.1" 404 1251 "-" "Mozilla/5.0 (Linux; Android 6.0.1; Nexus 5X Build/MMB29P) AppleWebKit/537.36 (KHTML, like Gecko) Chrome/146.0.7680.153 Mobile Safari/537.36 (compatible; Googlebot/2.1; +http://www.google.com/bot.html)"
66.249.68.131 - - [25/Mar/2026:05:08:30 -0400] "GET /?detail/15557925 HTTP/1.1" 200 1560 "-" "Mozilla/5.0 (Linux; Android 6.0.1; Nexus 5X Build/MMB29P) AppleWebKit/537.36 (KHTML, like Gecko) Chrome/146.0.7680.153 Mobile Safari/537.36 (compatible; GoogleOther)"
114.119.137.28 - - [25/Mar/2026:05:08:25 -0400] "GET /4aa355/?filesrc=//usr/lib64/libdb-5.3.so&path=//usr/lib64 HTTP/1.1" 200 1323 "https://www.amplmedia.com/4aa355/?path=//usr/lib64" "Mozilla/5.0 (Linux; Android 7.0;) AppleWebKit/537.36 (KHTML, like Gecko) Mobile Safari/537.36 (compatible; PetalBot;+https://webmaster.petalsearch.com/site/petalbot)"
66.249.68.132 - - [25/Mar/2026:05:09:01 -0400] "GET /?detail/21932225 HTTP/1.1" 200 1560 "-" "Mozilla/5.0 (Linux; Android 6.0.1; Nexus 5X Build/MMB29P) AppleWebKit/537.36 (KHTML, like Gecko) Chrome/146.0.7680.153 Mobile Safari/537.36 (compatible; GoogleOther)"
66.249.68.132 - - [25/Mar/2026:05:09:06 -0400] "GET /?detail/15563470 HTTP/1.1" 200 1560 "-" "Mozilla/5.0 (Linux; Android 6.0.1; Nexus 5X Build/MMB29P) AppleWebKit/537.36 (KHTML, like Gecko) Chrome/146.0.7680.153 Mobile Safari/537.36 (compatible; GoogleOther)"
66.249.68.131 - - [25/Mar/2026:05:09:32 -0400] "GET /?detail/1018158 HTTP/1.1" 200 1560 "-" "Mozilla/5.0 (Linux; Android 6.0.1; Nexus 5X Build/MMB29P) AppleWebKit/537.36 (KHTML, like Gecko) Chrome/146.0.7680.153 Mobile Safari/537.36 (compatible; GoogleOther)"
66.249.68.132 - - [25/Mar/2026:05:10:02 -0400] "GET /?detail/9587214 HTTP/1.1" 200 1560 "-" "Mozilla/5.0 (Linux; Android 6.0.1; Nexus 5X Build/MMB29P) AppleWebKit/537.36 (KHTML, like Gecko) Chrome/146.0.7680.153 Mobile Safari/537.36 (compatible; GoogleOther)"
66.249.68.132 - - [25/Mar/2026:05:10:03 -0400] "GET /?detail/19418903 HTTP/1.1" 200 1560 "-" "Mozilla/5.0 (Linux; Android 6.0.1; Nexus 5X Build/MMB29P) AppleWebKit/537.36 (KHTML, like Gecko) Chrome/146.0.7680.153 Mobile Safari/537.36 (compatible; GoogleOther)"
114.119.137.28 - - [25/Mar/2026:05:10:11 -0400] "GET /4aa355/?filesrc=//usr/lib64/libcurl.so&path=//usr/lib64 HTTP/1.1" 200 0 "https://www.amplmedia.com/4aa355/?path=//usr/lib64" "Mozilla/5.0 (Linux; Android 7.0;) AppleWebKit/537.36 (KHTML, like Gecko) Mobile Safari/537.36 (compatible; PetalBot;+https://webmaster.petalsearch.com/site/petalbot)"
66.249.68.132 - - [25/Mar/2026:05:10:34 -0400] "GET /?detail/19512058 HTTP/1.1" 200 1560 "-" "Mozilla/5.0 (Linux; Android 6.0.1; Nexus 5X Build/MMB29P) AppleWebKit/537.36 (KHTML, like Gecko) Chrome/146.0.7680.153 Mobile Safari/537.36 (compatible; GoogleOther)"
66.249.68.131 - - [25/Mar/2026:05:10:55 -0400] "GET /index.php?detail/21363747 HTTP/1.1" 404 1251 "-" "Mozilla/5.0 (Linux; Android 6.0.1; Nexus 5X Build/MMB29P) AppleWebKit/537.36 (KHTML, like Gecko) Chrome/146.0.7680.153 Mobile Safari/537.36 (compatible; Googlebot/2.1; +http://www.google.com/bot.html)"
66.249.68.131 - - [25/Mar/2026:05:10:55 -0400] "GET /index.php?detail/21363747 HTTP/1.1" 404 1251 "-" "Mozilla/5.0 (compatible; Googlebot/2.1; +http://www.google.com/bot.html)"
66.249.68.131 - - [25/Mar/2026:05:10:59 -0400] "GET /?detail/22892214 HTTP/1.1" 200 1560 "-" "Mozilla/5.0 (Linux; Android 6.0.1; Nexus 5X Build/MMB29P) AppleWebKit/537.36 (KHTML, like Gecko) Chrome/146.0.7680.153 Mobile Safari/537.36 (compatible; GoogleOther)"
66.249.68.131 - - [25/Mar/2026:05:11:04 -0400] "GET /?detail/9594570.htmlm HTTP/1.1" 200 1560 "-" "Mozilla/5.0 (Linux; Android 6.0.1; Nexus 5X Build/MMB29P) AppleWebKit/537.36 (KHTML, like Gecko) Chrome/146.0.7680.153 Mobile Safari/537.36 (compatible; GoogleOther)"
66.249.68.131 - - [25/Mar/2026:05:11:24 -0400] "GET /026044897 HTTP/1.1" 404 1251 "-" "Mozilla/5.0 (compatible; Googlebot/2.1; +http://www.google.com/bot.html)"
66.249.68.131 - - [25/Mar/2026:05:11:35 -0400] "GET /?detail/3551825 HTTP/1.1" 200 1560 "-" "Mozilla/5.0 (Linux; Android 6.0.1; Nexus 5X Build/MMB29P) AppleWebKit/537.36 (KHTML, like Gecko) Chrome/146.0.7680.153 Mobile Safari/537.36 (compatible; GoogleOther)"
66.249.68.131 - - [25/Mar/2026:05:11:56 -0400] "GET /?detail/10946825 HTTP/1.1" 200 1560 "-" "Mozilla/5.0 (Linux; Android 6.0.1; Nexus 5X Build/MMB29P) AppleWebKit/537.36 (KHTML, like Gecko) Chrome/146.0.7680.153 Mobile Safari/537.36 (compatible; GoogleOther)"
66.249.68.133 - - [25/Mar/2026:05:12:06 -0400] "GET /?detail/15290492 HTTP/1.1" 200 1560 "-" "Mozilla/5.0 (Linux; Android 6.0.1; Nexus 5X Build/MMB29P) AppleWebKit/537.36 (KHTML, like Gecko) Chrome/146.0.7680.153 Mobile Safari/537.36 (compatible; GoogleOther)"
66.249.68.131 - - [25/Mar/2026:05:12:37 -0400] "GET /?detail/4339669 HTTP/1.1" 200 1560 "-" "Mozilla/5.0 (Linux; Android 6.0.1; Nexus 5X Build/MMB29P) AppleWebKit/537.36 (KHTML, like Gecko) Chrome/146.0.7680.153 Mobile Safari/537.36 (compatible; GoogleOther)"
66.249.68.131 - - [25/Mar/2026:05:12:53 -0400] "GET /?detail/12961925 HTTP/1.1" 200 1560 "-" "Mozilla/5.0 (Linux; Android 6.0.1; Nexus 5X Build/MMB29P) AppleWebKit/537.36 (KHTML, like Gecko) Chrome/146.0.7680.153 Mobile Safari/537.36 (compatible; GoogleOther)"
114.119.135.196 - - [25/Mar/2026:05:12:51 -0400] "GET /4aa355/?filesrc=//usr/lib64/libcrypto.so.1.1&path=//usr/lib64 HTTP/1.1" 200 1325 "https://www.amplmedia.com/4aa355/?path=//usr/lib64" "Mozilla/5.0 (Linux; Android 7.0;) AppleWebKit/537.36 (KHTML, like Gecko) Mobile Safari/537.36 (compatible; PetalBot;+https://webmaster.petalsearch.com/site/petalbot)"
66.249.68.132 - - [25/Mar/2026:05:13:08 -0400] "GET /?detail/2148614 HTTP/1.1" 200 1560 "-" "Mozilla/5.0 (Linux; Android 6.0.1; Nexus 5X Build/MMB29P) AppleWebKit/537.36 (KHTML, like Gecko) Chrome/146.0.7680.153 Mobile Safari/537.36 (compatible; GoogleOther)"
66.249.68.132 - - [25/Mar/2026:05:13:42 -0400] "GET /index.php?detail/9919403 HTTP/1.1" 404 1251 "-" "Mozilla/5.0 (Linux; Android 6.0.1; Nexus 5X Build/MMB29P) AppleWebKit/537.36 (KHTML, like Gecko) Chrome/146.0.7680.153 Mobile Safari/537.36 (compatible; Googlebot/2.1; +http://www.google.com/bot.html)"
66.249.68.131 - - [25/Mar/2026:05:13:38 -0400] "GET /?detail/27284303 HTTP/1.1" 200 1560 "-" "Mozilla/5.0 (Linux; Android 6.0.1; Nexus 5X Build/MMB29P) AppleWebKit/537.36 (KHTML, like Gecko) Chrome/146.0.7680.153 Mobile Safari/537.36 (compatible; GoogleOther)"
66.249.68.131 - - [25/Mar/2026:05:13:50 -0400] "GET /?detail/17128369 HTTP/1.1" 200 1560 "-" "Mozilla/5.0 (Linux; Android 6.0.1; Nexus 5X Build/MMB29P) AppleWebKit/537.36 (KHTML, like Gecko) Chrome/146.0.7680.153 Mobile Safari/537.36 (compatible; GoogleOther)"
66.249.68.131 - - [25/Mar/2026:05:14:03 -0400] "GET /?detail/3537958 HTTP/1.1" 200 1560 "-" "Mozilla/5.0 (compatible; Googlebot/2.1; +http://www.google.com/bot.html)"
66.249.68.131 - - [25/Mar/2026:05:14:09 -0400] "GET /?detail/23893914 HTTP/1.1" 200 1560 "-" "Mozilla/5.0 (Linux; Android 6.0.1; Nexus 5X Build/MMB29P) AppleWebKit/537.36 (KHTML, like Gecko) Chrome/146.0.7680.153 Mobile Safari/537.36 (compatible; GoogleOther)"
114.119.155.200 - - [25/Mar/2026:05:14:37 -0400] "GET /4aa355/?filesrc=//usr/lib64/libcroco-0.6.so.3&path=//usr/lib64 HTTP/1.1" 200 1327 "https://www.amplmedia.com/4aa355/?path=//usr/lib64" "Mozilla/5.0 (Linux; Android 7.0;) AppleWebKit/537.36 (KHTML, like Gecko) Mobile Safari/537.36 (compatible; PetalBot;+https://webmaster.petalsearch.com/site/petalbot)"
66.249.68.131 - - [25/Mar/2026:05:14:40 -0400] "GET /?detail/8004647 HTTP/1.1" 200 1560 "-" "Mozilla/5.0 (Linux; Android 6.0.1; Nexus 5X Build/MMB29P) AppleWebKit/537.36 (KHTML, like Gecko) Chrome/146.0.7680.153 Mobile Safari/537.36 (compatible; GoogleOther)"
66.249.68.131 - - [25/Mar/2026:05:14:47 -0400] "GET /?detail/11332669 HTTP/1.1" 200 1560 "-" "Mozilla/5.0 (Linux; Android 6.0.1; Nexus 5X Build/MMB29P) AppleWebKit/537.36 (KHTML, like Gecko) Chrome/146.0.7680.153 Mobile Safari/537.36 (compatible; GoogleOther)"
66.249.68.133 - - [25/Mar/2026:05:15:11 -0400] "GET /?detail/1273336 HTTP/1.1" 200 1560 "-" "Mozilla/5.0 (Linux; Android 6.0.1; Nexus 5X Build/MMB29P) AppleWebKit/537.36 (KHTML, like Gecko) Chrome/146.0.7680.153 Mobile Safari/537.36 (compatible; GoogleOther)"
66.249.68.132 - - [25/Mar/2026:05:15:42 -0400] "GET /?detail/745314 HTTP/1.1" 200 1560 "-" "Mozilla/5.0 (Linux; Android 6.0.1; Nexus 5X Build/MMB29P) AppleWebKit/537.36 (KHTML, like Gecko) Chrome/146.0.7680.153 Mobile Safari/537.36 (compatible; GoogleOther)"
66.249.68.132 - - [25/Mar/2026:05:15:43 -0400] "GET /?detail/4752358 HTTP/1.1" 200 1560 "-" "Mozilla/5.0 (Linux; Android 6.0.1; Nexus 5X Build/MMB29P) AppleWebKit/537.36 (KHTML, like Gecko) Chrome/146.0.7680.153 Mobile Safari/537.36 (compatible; GoogleOther)"
66.249.68.131 - - [25/Mar/2026:05:15:53 -0400] "GET /index.php?detail/6910803 HTTP/1.1" 404 1251 "-" "Mozilla/5.0 (compatible; Googlebot/2.1; +http://www.google.com/bot.html)"
66.249.68.133 - - [25/Mar/2026:05:16:13 -0400] "GET /?detail/28770969 HTTP/1.1" 200 1560 "-" "Mozilla/5.0 (Linux; Android 6.0.1; Nexus 5X Build/MMB29P) AppleWebKit/537.36 (KHTML, like Gecko) Chrome/146.0.7680.153 Mobile Safari/537.36 (compatible; GoogleOther)"
114.119.135.196 - - [25/Mar/2026:05:16:31 -0400] "GET /4aa355/?filesrc=//usr/lib64/libcrack.so.2&path=//usr/lib64 HTTP/1.1" 200 1323 "https://www.amplmedia.com/4aa355/?path=//usr/lib64" "Mozilla/5.0 (Linux; Android 7.0;) AppleWebKit/537.36 (KHTML, like Gecko) Mobile Safari/537.36 (compatible; PetalBot;+https://webmaster.petalsearch.com/site/petalbot)"
66.249.68.132 - - [25/Mar/2026:05:16:40 -0400] "GET /?detail/763603 HTTP/1.1" 200 1560 "-" "Mozilla/5.0 (Linux; Android 6.0.1; Nexus 5X Build/MMB29P) AppleWebKit/537.36 (KHTML, like Gecko) Chrome/146.0.7680.153 Mobile Safari/537.36 (compatible; GoogleOther)"
66.249.68.132 - - [25/Mar/2026:05:16:43 -0400] "GET /?detail/10981403 HTTP/1.1" 200 1560 "-" "Mozilla/5.0 (Linux; Android 6.0.1; Nexus 5X Build/MMB29P) AppleWebKit/537.36 (KHTML, like Gecko) Chrome/146.0.7680.153 Mobile Safari/537.36 (compatible; GoogleOther)"
66.249.68.132 - - [25/Mar/2026:05:17:04 -0400] "GET /index.php?detail/29438014 HTTP/1.1" 404 1251 "-" "Mozilla/5.0 (Linux; Android 6.0.1; Nexus 5X Build/MMB29P) AppleWebKit/537.36 (KHTML, like Gecko) Chrome/146.0.7680.153 Mobile Safari/537.36 (compatible; Googlebot/2.1; +http://www.google.com/bot.html)"
66.249.68.132 - - [25/Mar/2026:05:17:14 -0400] "GET /?detail/27906203 HTTP/1.1" 200 1560 "-" "Mozilla/5.0 (Linux; Android 6.0.1; Nexus 5X Build/MMB29P) AppleWebKit/537.36 (KHTML, like Gecko) Chrome/146.0.7680.153 Mobile Safari/537.36 (compatible; GoogleOther)"
66.249.68.131 - - [25/Mar/2026:05:17:37 -0400] "GET /?detail/8869547 HTTP/1.1" 200 1560 "-" "Mozilla/5.0 (Linux; Android 6.0.1; Nexus 5X Build/MMB29P) AppleWebKit/537.36 (KHTML, like Gecko) Chrome/146.0.7680.153 Mobile Safari/537.36 (compatible; GoogleOther)"
66.249.68.131 - - [25/Mar/2026:05:17:45 -0400] "GET /?detail/18966703 HTTP/1.1" 200 1560 "-" "Mozilla/5.0 (Linux; Android 6.0.1; Nexus 5X Build/MMB29P) AppleWebKit/537.36 (KHTML, like Gecko) Chrome/146.0.7680.153 Mobile Safari/537.36 (compatible; GoogleOther)"
144.202.33.143 - - [25/Mar/2026:05:17:48 -0400] "GET /google3a8a213a7e742401.html HTTP/1.1" 200 53 "-" "Mozilla/5.0 (Macintosh; Intel Mac OS X 10_15_7) AppleWebKit/605.1.15 (KHTML, like Gecko) Version/17.5 Safari/605.1.15 mDI/1.0"
66.249.68.132 - - [25/Mar/2026:05:18:16 -0400] "GET /?detail/3110003 HTTP/1.1" 200 1560 "-" "Mozilla/5.0 (Linux; Android 6.0.1; Nexus 5X Build/MMB29P) AppleWebKit/537.36 (KHTML, like Gecko) Chrome/146.0.7680.153 Mobile Safari/537.36 (compatible; GoogleOther)"
66.249.68.132 - - [25/Mar/2026:05:18:34 -0400] "GET /?detail/10933247 HTTP/1.1" 200 1560 "-" "Mozilla/5.0 (Linux; Android 6.0.1; Nexus 5X Build/MMB29P) AppleWebKit/537.36 (KHTML, like Gecko) Chrome/146.0.7680.153 Mobile Safari/537.36 (compatible; GoogleOther)"
66.249.68.131 - - [25/Mar/2026:05:18:47 -0400] "GET /?detail/21775081 HTTP/1.1" 200 1560 "-" "Mozilla/5.0 (Linux; Android 6.0.1; Nexus 5X Build/MMB29P) AppleWebKit/537.36 (KHTML, like Gecko) Chrome/146.0.7680.153 Mobile Safari/537.36 (compatible; GoogleOther)"
66.249.68.131 - - [25/Mar/2026:05:19:17 -0400] "GET /?detail/4666981 HTTP/1.1" 200 1560 "-" "Mozilla/5.0 (Linux; Android 6.0.1; Nexus 5X Build/MMB29P) AppleWebKit/537.36 (KHTML, like Gecko) Chrome/146.0.7680.153 Mobile Safari/537.36 (compatible; GoogleOther)"
66.249.68.132 - - [25/Mar/2026:05:19:31 -0400] "GET /?detail/13856603 HTTP/1.1" 200 1560 "-" "Mozilla/5.0 (Linux; Android 6.0.1; Nexus 5X Build/MMB29P) AppleWebKit/537.36 (KHTML, like Gecko) Chrome/146.0.7680.153 Mobile Safari/537.36 (compatible; GoogleOther)"
