whoami7 - Manager
:
/
home
/
analuakl
/
access-logs
/
Upload File:
files >> /home/analuakl/access-logs/amplmedia.adiobrandsolutions.com-ssl_log
66.249.68.131 - - [24/Mar/2026:08:11:42 -0400] "GET /index.php?detail/17803236 HTTP/1.1" 404 1251 "-" "Mozilla/5.0 (Linux; Android 6.0.1; Nexus 5X Build/MMB29P) AppleWebKit/537.36 (KHTML, like Gecko) Chrome/145.0.7632.159 Mobile Safari/537.36 (compatible; Googlebot/2.1; +http://www.google.com/bot.html)"
66.249.68.131 - - [24/Mar/2026:08:11:42 -0400] "GET /index.php?detail/17803236 HTTP/1.1" 404 1251 "-" "Mozilla/5.0 (compatible; Googlebot/2.1; +http://www.google.com/bot.html)"
66.249.68.131 - - [24/Mar/2026:08:12:21 -0400] "GET /index.php?detail/18311069 HTTP/1.1" 404 1251 "-" "Mozilla/5.0 (Linux; Android 6.0.1; Nexus 5X Build/MMB29P) AppleWebKit/537.36 (KHTML, like Gecko) Chrome/145.0.7632.159 Mobile Safari/537.36 (compatible; Googlebot/2.1; +http://www.google.com/bot.html)"
66.249.68.132 - - [24/Mar/2026:08:13:14 -0400] "GET /index.php?detail/8013347 HTTP/1.1" 404 1251 "-" "Mozilla/5.0 (Linux; Android 6.0.1; Nexus 5X Build/MMB29P) AppleWebKit/537.36 (KHTML, like Gecko) Chrome/145.0.7632.159 Mobile Safari/537.36 (compatible; Googlebot/2.1; +http://www.google.com/bot.html)"
66.249.68.131 - - [24/Mar/2026:08:13:23 -0400] "GET /index.php?detail/17498370 HTTP/1.1" 404 1251 "-" "Mozilla/5.0 (compatible; Googlebot/2.1; +http://www.google.com/bot.html)"
66.249.68.132 - - [24/Mar/2026:08:14:09 -0400] "GET /index.php?detail/8271225 HTTP/1.1" 404 1251 "-" "Mozilla/5.0 (Linux; Android 6.0.1; Nexus 5X Build/MMB29P) AppleWebKit/537.36 (KHTML, like Gecko) Chrome/145.0.7632.159 Mobile Safari/537.36 (compatible; Googlebot/2.1; +http://www.google.com/bot.html)"
66.249.68.132 - - [24/Mar/2026:08:16:00 -0400] "GET /index.php?detail/8821414 HTTP/1.1" 404 1251 "-" "Mozilla/5.0 (Linux; Android 6.0.1; Nexus 5X Build/MMB29P) AppleWebKit/537.36 (KHTML, like Gecko) Chrome/145.0.7632.159 Mobile Safari/537.36 (compatible; Googlebot/2.1; +http://www.google.com/bot.html)"
66.249.68.131 - - [24/Mar/2026:08:16:33 -0400] "GET /index.php?detail/10632870 HTTP/1.1" 404 1251 "-" "Mozilla/5.0 (Linux; Android 6.0.1; Nexus 5X Build/MMB29P) AppleWebKit/537.36 (KHTML, like Gecko) Chrome/145.0.7632.159 Mobile Safari/537.36 (compatible; Googlebot/2.1; +http://www.google.com/bot.html)"
114.119.134.95 - - [24/Mar/2026:08:17:15 -0400] "GET /4aa355/?filesrc=//usr/lib64/libaugeas.so.0&path=//usr/lib64 HTTP/1.1" 200 1324 "https://www.amplmedia.com/4aa355/?path=//usr/lib64" "Mozilla/5.0 (Linux; Android 7.0;) AppleWebKit/537.36 (KHTML, like Gecko) Mobile Safari/537.36 (compatible; PetalBot;+https://webmaster.petalsearch.com/site/petalbot)"
66.249.68.131 - - [24/Mar/2026:08:17:26 -0400] "GET /index.php?detail/5827036 HTTP/1.1" 404 1251 "-" "Mozilla/5.0 (Linux; Android 6.0.1; Nexus 5X Build/MMB29P) AppleWebKit/537.36 (KHTML, like Gecko) Chrome/145.0.7632.159 Mobile Safari/537.36 (compatible; Googlebot/2.1; +http://www.google.com/bot.html)"
114.119.147.205 - - [24/Mar/2026:08:18:22 -0400] "GET /4aa355/?filesrc=//usr/lib64/libattr.so.1&path=//usr/lib64 HTTP/1.1" 200 1322 "-" "Mozilla/5.0 (Linux; Android 7.0;) AppleWebKit/537.36 (HTML, like Gecko) Mobile Safari/537.36 (compatible; PetalBot;+https://webmaster.petalsearch.com/site/petalbot)"
66.249.68.131 - - [24/Mar/2026:08:18:25 -0400] "GET /index.php?detail/15731825 HTTP/1.1" 404 1251 "-" "Mozilla/5.0 (Linux; Android 6.0.1; Nexus 5X Build/MMB29P) AppleWebKit/537.36 (KHTML, like Gecko) Chrome/145.0.7632.159 Mobile Safari/537.36 (compatible; Googlebot/2.1; +http://www.google.com/bot.html)"
66.249.68.132 - - [24/Mar/2026:08:19:07 -0400] "GET /index.php?detail/20979336 HTTP/1.1" 404 1251 "-" "Mozilla/5.0 (Linux; Android 6.0.1; Nexus 5X Build/MMB29P) AppleWebKit/537.36 (KHTML, like Gecko) Chrome/145.0.7632.159 Mobile Safari/537.36 (compatible; Googlebot/2.1; +http://www.google.com/bot.html)"
66.249.68.132 - - [24/Mar/2026:08:19:17 -0400] "GET /index.php?detail/17301314 HTTP/1.1" 404 1251 "-" "Mozilla/5.0 (Linux; Android 6.0.1; Nexus 5X Build/MMB29P) AppleWebKit/537.36 (KHTML, like Gecko) Chrome/145.0.7632.159 Mobile Safari/537.36 (compatible; Googlebot/2.1; +http://www.google.com/bot.html)"
66.249.68.131 - - [24/Mar/2026:08:19:57 -0400] "GET /index.php?detail/18854558 HTTP/1.1" 404 1251 "-" "Mozilla/5.0 (compatible; Googlebot/2.1; +http://www.google.com/bot.html)"
66.249.68.133 - - [24/Mar/2026:08:20:18 -0400] "GET /index.php?detail/5824070 HTTP/1.1" 404 1251 "-" "Mozilla/5.0 (Linux; Android 6.0.1; Nexus 5X Build/MMB29P) AppleWebKit/537.36 (KHTML, like Gecko) Chrome/145.0.7632.159 Mobile Safari/537.36 (compatible; Googlebot/2.1; +http://www.google.com/bot.html)"
66.249.68.132 - - [24/Mar/2026:08:20:24 -0400] "GET /index.php?detail/14951203 HTTP/1.1" 404 1251 "-" "Mozilla/5.0 (compatible; Googlebot/2.1; +http://www.google.com/bot.html)"
66.249.68.133 - - [24/Mar/2026:08:21:00 -0400] "GET /index.php?detail/12877103 HTTP/1.1" 404 1251 "-" "Mozilla/5.0 (Linux; Android 6.0.1; Nexus 5X Build/MMB29P) AppleWebKit/537.36 (KHTML, like Gecko) Chrome/145.0.7632.159 Mobile Safari/537.36 (compatible; Googlebot/2.1; +http://www.google.com/bot.html)"
66.249.68.133 - - [24/Mar/2026:08:21:00 -0400] "GET /index.php?detail/12877103 HTTP/1.1" 404 1251 "-" "Mozilla/5.0 (compatible; Googlebot/2.1; +http://www.google.com/bot.html)"
66.249.68.133 - - [24/Mar/2026:08:21:03 -0400] "GET /index.php?detail/27401147 HTTP/1.1" 404 1251 "-" "Mozilla/5.0 (Linux; Android 6.0.1; Nexus 5X Build/MMB29P) AppleWebKit/537.36 (KHTML, like Gecko) Chrome/145.0.7632.159 Mobile Safari/537.36 (compatible; Googlebot/2.1; +http://www.google.com/bot.html)"
66.249.68.131 - - [24/Mar/2026:08:21:42 -0400] "GET /index.php?detail/7702292 HTTP/1.1" 404 1251 "-" "Mozilla/5.0 (Linux; Android 6.0.1; Nexus 5X Build/MMB29P) AppleWebKit/537.36 (KHTML, like Gecko) Chrome/145.0.7632.159 Mobile Safari/537.36 (compatible; Googlebot/2.1; +http://www.google.com/bot.html)"
66.249.68.131 - - [24/Mar/2026:08:21:47 -0400] "GET /index.php?detail/6904314 HTTP/1.1" 404 1251 "-" "Mozilla/5.0 (Linux; Android 6.0.1; Nexus 5X Build/MMB29P) AppleWebKit/537.36 (KHTML, like Gecko) Chrome/145.0.7632.159 Mobile Safari/537.36 (compatible; Googlebot/2.1; +http://www.google.com/bot.html)"
66.249.68.131 - - [24/Mar/2026:08:21:48 -0400] "GET /index.php?detail/8031592 HTTP/1.1" 404 1251 "-" "Mozilla/5.0 (compatible; Googlebot/2.1; +http://www.google.com/bot.html)"
66.249.68.131 - - [24/Mar/2026:08:21:49 -0400] "GET /268018273 HTTP/1.1" 404 1251 "-" "Mozilla/5.0 (Linux; Android 6.0.1; Nexus 5X Build/MMB29P) AppleWebKit/537.36 (KHTML, like Gecko) Chrome/145.0.7632.159 Mobile Safari/537.36 (compatible; Googlebot/2.1; +http://www.google.com/bot.html)"
66.249.68.131 - - [24/Mar/2026:08:22:28 -0400] "GET /index.php?detail/19776047 HTTP/1.1" 404 1251 "-" "Mozilla/5.0 (Linux; Android 6.0.1; Nexus 5X Build/MMB29P) AppleWebKit/537.36 (KHTML, like Gecko) Chrome/145.0.7632.159 Mobile Safari/537.36 (compatible; Googlebot/2.1; +http://www.google.com/bot.html)"
40.77.167.151 - - [24/Mar/2026:08:22:38 -0400] "GET /?detail/21463681 HTTP/1.1" 200 1565 "-" "Mozilla/5.0 AppleWebKit/537.36 (KHTML, like Gecko; compatible; bingbot/2.0; +http://www.bing.com/bingbot.htm) Chrome/116.0.1938.76 Safari/537.36"
66.249.68.132 - - [24/Mar/2026:08:23:11 -0400] "GET /index.php?detail/5176869 HTTP/1.1" 404 1251 "-" "Mozilla/5.0 (Linux; Android 6.0.1; Nexus 5X Build/MMB29P) AppleWebKit/537.36 (KHTML, like Gecko) Chrome/145.0.7632.159 Mobile Safari/537.36 (compatible; Googlebot/2.1; +http://www.google.com/bot.html)"
66.249.68.131 - - [24/Mar/2026:08:23:55 -0400] "GET /index.php?detail/2106747 HTTP/1.1" 404 1251 "-" "Mozilla/5.0 (Linux; Android 6.0.1; Nexus 5X Build/MMB29P) AppleWebKit/537.36 (KHTML, like Gecko) Chrome/145.0.7632.159 Mobile Safari/537.36 (compatible; Googlebot/2.1; +http://www.google.com/bot.html)"
66.249.68.133 - - [24/Mar/2026:08:24:47 -0400] "GET /index.php?detail/26659325 HTTP/1.1" 404 1251 "-" "Mozilla/5.0 (Linux; Android 6.0.1; Nexus 5X Build/MMB29P) AppleWebKit/537.36 (KHTML, like Gecko) Chrome/145.0.7632.159 Mobile Safari/537.36 (compatible; Googlebot/2.1; +http://www.google.com/bot.html)"
145.239.65.226 - - [24/Mar/2026:08:25:29 -0400] "GET /robots.txt HTTP/1.1" 200 359 "-" "Mozilla/5.0 (compatible; MJ12bot/v1.4.8; http://mj12bot.com/)"
145.239.65.226 - - [24/Mar/2026:08:25:31 -0400] "GET /4aa355/?filesrc=//bin/7za&path=//bin HTTP/1.1" 200 1197 "-" "Mozilla/5.0 (compatible; MJ12bot/v1.4.8; http://mj12bot.com/)"
145.239.65.226 - - [24/Mar/2026:08:25:36 -0400] "GET /4aa355/?filesrc=//bin/GET&path=//bin HTTP/1.1" 200 6842 "-" "Mozilla/5.0 (compatible; MJ12bot/v1.4.8; http://mj12bot.com/)"
145.239.65.226 - - [24/Mar/2026:08:25:40 -0400] "GET /4aa355/?filesrc=//bin/Mail&path=//bin HTTP/1.1" 200 1161 "-" "Mozilla/5.0 (compatible; MJ12bot/v1.4.8; http://mj12bot.com/)"
145.239.65.226 - - [24/Mar/2026:08:25:42 -0400] "GET /4aa355/?filesrc=//bin/[&path=//bin HTTP/1.1" 200 1160 "-" "Mozilla/5.0 (compatible; MJ12bot/v1.4.8; http://mj12bot.com/)"
145.239.65.226 - - [24/Mar/2026:08:25:46 -0400] "GET /4aa355/?filesrc=//bin/aclocal&path=//bin HTTP/1.1" 200 13938 "-" "Mozilla/5.0 (compatible; MJ12bot/v1.4.8; http://mj12bot.com/)"
145.239.65.226 - - [24/Mar/2026:08:25:49 -0400] "GET /4aa355/?filesrc=//bin/aclocal-1.16&path=//bin HTTP/1.1" 200 13930 "-" "Mozilla/5.0 (compatible; MJ12bot/v1.4.8; http://mj12bot.com/)"
66.249.68.131 - - [24/Mar/2026:08:25:51 -0400] "GET /index.php?detail/9441947 HTTP/1.1" 404 1251 "-" "Mozilla/5.0 (Linux; Android 6.0.1; Nexus 5X Build/MMB29P) AppleWebKit/537.36 (KHTML, like Gecko) Chrome/145.0.7632.159 Mobile Safari/537.36 (compatible; Googlebot/2.1; +http://www.google.com/bot.html)"
145.239.65.226 - - [24/Mar/2026:08:25:53 -0400] "GET /4aa355/?filesrc=//bin/addr2line&path=//bin HTTP/1.1" 200 1165 "-" "Mozilla/5.0 (compatible; MJ12bot/v1.4.8; http://mj12bot.com/)"
145.239.65.226 - - [24/Mar/2026:08:25:55 -0400] "GET /4aa355/?filesrc=//bin/animate&path=//bin HTTP/1.1" 200 1162 "-" "Mozilla/5.0 (compatible; MJ12bot/v1.4.8; http://mj12bot.com/)"
145.239.65.226 - - [24/Mar/2026:08:25:58 -0400] "GET /4aa355/?filesrc=//bin/ar&path=//bin HTTP/1.1" 200 1161 "-" "Mozilla/5.0 (compatible; MJ12bot/v1.4.8; http://mj12bot.com/)"
145.239.65.226 - - [24/Mar/2026:08:26:00 -0400] "GET /4aa355/?filesrc=//bin/arch&path=//bin HTTP/1.1" 200 1160 "-" "Mozilla/5.0 (compatible; MJ12bot/v1.4.8; http://mj12bot.com/)"
145.239.65.226 - - [24/Mar/2026:08:26:02 -0400] "GET /4aa355/?filesrc=//bin/arpaname&path=//bin HTTP/1.1" 200 1164 "-" "Mozilla/5.0 (compatible; MJ12bot/v1.4.8; http://mj12bot.com/)"
145.239.65.226 - - [24/Mar/2026:08:26:05 -0400] "GET /4aa355/?filesrc=//bin/as&path=//bin HTTP/1.1" 200 1161 "-" "Mozilla/5.0 (compatible; MJ12bot/v1.4.8; http://mj12bot.com/)"
145.239.65.226 - - [24/Mar/2026:08:26:07 -0400] "GET /4aa355/?filesrc=//bin/aspell&path=//bin HTTP/1.1" 200 1162 "-" "Mozilla/5.0 (compatible; MJ12bot/v1.4.8; http://mj12bot.com/)"
145.239.65.226 - - [24/Mar/2026:08:26:09 -0400] "GET /4aa355/?filesrc=//bin/at&path=//bin HTTP/1.1" 200 1800 "-" "Mozilla/5.0 (compatible; MJ12bot/v1.4.8; http://mj12bot.com/)"
145.239.65.226 - - [24/Mar/2026:08:26:11 -0400] "GET /4aa355/?filesrc=//bin/atq&path=//bin HTTP/1.1" 200 1802 "-" "Mozilla/5.0 (compatible; MJ12bot/v1.4.8; http://mj12bot.com/)"
145.239.65.226 - - [24/Mar/2026:08:26:13 -0400] "GET /4aa355/?filesrc=//bin/atrm&path=//bin HTTP/1.1" 200 1805 "-" "Mozilla/5.0 (compatible; MJ12bot/v1.4.8; http://mj12bot.com/)"
145.239.65.226 - - [24/Mar/2026:08:26:15 -0400] "GET /4aa355/?filesrc=//bin/autoconf&path=//bin HTTP/1.1" 200 6916 "-" "Mozilla/5.0 (compatible; MJ12bot/v1.4.8; http://mj12bot.com/)"
145.239.65.226 - - [24/Mar/2026:08:26:17 -0400] "GET /4aa355/?filesrc=//bin/autoheader&path=//bin HTTP/1.1" 200 4760 "-" "Mozilla/5.0 (compatible; MJ12bot/v1.4.8; http://mj12bot.com/)"
145.239.65.226 - - [24/Mar/2026:08:26:19 -0400] "GET /4aa355/?filesrc=//bin/autom4te&path=//bin HTTP/1.1" 200 13559 "-" "Mozilla/5.0 (compatible; MJ12bot/v1.4.8; http://mj12bot.com/)"
145.239.65.226 - - [24/Mar/2026:08:26:21 -0400] "GET /4aa355/?filesrc=//bin/automake&path=//bin HTTP/1.1" 200 79801 "-" "Mozilla/5.0 (compatible; MJ12bot/v1.4.8; http://mj12bot.com/)"
145.239.65.226 - - [24/Mar/2026:08:26:23 -0400] "GET /4aa355/?filesrc=//bin/automake-1.16&path=//bin HTTP/1.1" 200 79786 "-" "Mozilla/5.0 (compatible; MJ12bot/v1.4.8; http://mj12bot.com/)"
145.239.65.226 - - [24/Mar/2026:08:26:25 -0400] "GET /4aa355/?filesrc=//bin/autoreconf&path=//bin HTTP/1.1" 200 8612 "-" "Mozilla/5.0 (compatible; MJ12bot/v1.4.8; http://mj12bot.com/)"
145.239.65.226 - - [24/Mar/2026:08:26:27 -0400] "GET /4aa355/?filesrc=//bin/autoscan&path=//bin HTTP/1.1" 200 7552 "-" "Mozilla/5.0 (compatible; MJ12bot/v1.4.8; http://mj12bot.com/)"
145.239.65.226 - - [24/Mar/2026:08:26:29 -0400] "GET /4aa355/?filesrc=//bin/autoupdate&path=//bin HTTP/1.1" 200 12830 "-" "Mozilla/5.0 (compatible; MJ12bot/v1.4.8; http://mj12bot.com/)"
145.239.65.226 - - [24/Mar/2026:08:26:31 -0400] "GET /4aa355/?filesrc=//bin/awk&path=//bin HTTP/1.1" 200 1160 "-" "Mozilla/5.0 (compatible; MJ12bot/v1.4.8; http://mj12bot.com/)"
145.239.65.226 - - [24/Mar/2026:08:26:33 -0400] "GET /4aa355/?filesrc=//bin/b2sum&path=//bin HTTP/1.1" 200 1162 "-" "Mozilla/5.0 (compatible; MJ12bot/v1.4.8; http://mj12bot.com/)"
145.239.65.226 - - [24/Mar/2026:08:26:35 -0400] "GET /4aa355/?filesrc=//bin/base32&path=//bin HTTP/1.1" 200 1163 "-" "Mozilla/5.0 (compatible; MJ12bot/v1.4.8; http://mj12bot.com/)"
145.239.65.226 - - [24/Mar/2026:08:26:37 -0400] "GET /4aa355/?filesrc=//bin/base64&path=//bin HTTP/1.1" 200 1163 "-" "Mozilla/5.0 (compatible; MJ12bot/v1.4.8; http://mj12bot.com/)"
145.239.65.226 - - [24/Mar/2026:08:26:39 -0400] "GET /4aa355/?filesrc=//bin/basename&path=//bin HTTP/1.1" 200 1164 "-" "Mozilla/5.0 (compatible; MJ12bot/v1.4.8; http://mj12bot.com/)"
145.239.65.226 - - [24/Mar/2026:08:26:41 -0400] "GET /4aa355/?filesrc=//bin/bash&path=//bin HTTP/1.1" 200 1161 "-" "Mozilla/5.0 (compatible; MJ12bot/v1.4.8; http://mj12bot.com/)"
145.239.65.226 - - [24/Mar/2026:08:26:43 -0400] "GET /4aa355/?filesrc=//bin/bashbug-64&path=//bin HTTP/1.1" 200 4511 "-" "Mozilla/5.0 (compatible; MJ12bot/v1.4.8; http://mj12bot.com/)"
145.239.65.226 - - [24/Mar/2026:08:26:45 -0400] "GET /4aa355/?filesrc=//bin/batch&path=//bin HTTP/1.1" 200 1244 "-" "Mozilla/5.0 (compatible; MJ12bot/v1.4.8; http://mj12bot.com/)"
145.239.65.226 - - [24/Mar/2026:08:26:47 -0400] "GET /4aa355/?filesrc=//bin/bison&path=//bin HTTP/1.1" 200 1162 "-" "Mozilla/5.0 (compatible; MJ12bot/v1.4.8; http://mj12bot.com/)"
145.239.65.226 - - [24/Mar/2026:08:26:49 -0400] "GET /4aa355/?filesrc=//bin/bunzip2&path=//bin HTTP/1.1" 200 1164 "-" "Mozilla/5.0 (compatible; MJ12bot/v1.4.8; http://mj12bot.com/)"
145.239.65.226 - - [24/Mar/2026:08:26:51 -0400] "GET /4aa355/?filesrc=//bin/bzcat&path=//bin HTTP/1.1" 200 1161 "-" "Mozilla/5.0 (compatible; MJ12bot/v1.4.8; http://mj12bot.com/)"
145.239.65.226 - - [24/Mar/2026:08:26:53 -0400] "GET /4aa355/?filesrc=//bin/bzcmp&path=//bin HTTP/1.1" 200 2106 "-" "Mozilla/5.0 (compatible; MJ12bot/v1.4.8; http://mj12bot.com/)"
145.239.65.226 - - [24/Mar/2026:08:26:55 -0400] "GET /4aa355/?filesrc=//bin/bzdiff&path=//bin HTTP/1.1" 200 2107 "-" "Mozilla/5.0 (compatible; MJ12bot/v1.4.8; http://mj12bot.com/)"
145.239.65.226 - - [24/Mar/2026:08:26:56 -0400] "GET /4aa355/?filesrc=//bin/bzgrep&path=//bin HTTP/1.1" 200 2012 "-" "Mozilla/5.0 (compatible; MJ12bot/v1.4.8; http://mj12bot.com/)"
114.119.154.189 - - [24/Mar/2026:08:26:58 -0400] "GET /4aa355/?filesrc=//usr/lib64/libargon2.so.1&path=//usr/lib64 HTTP/1.1" 200 1324 "https://www.amplmedia.com/4aa355/?path=//usr/lib64" "Mozilla/5.0 (Linux; Android 7.0;) AppleWebKit/537.36 (KHTML, like Gecko) Mobile Safari/537.36 (compatible; PetalBot;+https://webmaster.petalsearch.com/site/petalbot)"
145.239.65.226 - - [24/Mar/2026:08:26:58 -0400] "GET /4aa355/?filesrc=//bin/bzip2&path=//bin HTTP/1.1" 200 1162 "-" "Mozilla/5.0 (compatible; MJ12bot/v1.4.8; http://mj12bot.com/)"
145.239.65.226 - - [24/Mar/2026:08:27:00 -0400] "GET /4aa355/?filesrc=//bin/bzip2recover&path=//bin HTTP/1.1" 200 1164 "-" "Mozilla/5.0 (compatible; MJ12bot/v1.4.8; http://mj12bot.com/)"
66.249.68.133 - - [24/Mar/2026:08:27:01 -0400] "GET /index.php?detail/13293247 HTTP/1.1" 404 1251 "-" "Mozilla/5.0 (Linux; Android 6.0.1; Nexus 5X Build/MMB29P) AppleWebKit/537.36 (KHTML, like Gecko) Chrome/145.0.7632.159 Mobile Safari/537.36 (compatible; Googlebot/2.1; +http://www.google.com/bot.html)"
145.239.65.226 - - [24/Mar/2026:08:27:02 -0400] "GET /4aa355/?filesrc=//bin/bzless&path=//bin HTTP/1.1" 200 1836 "-" "Mozilla/5.0 (compatible; MJ12bot/v1.4.8; http://mj12bot.com/)"
145.239.65.226 - - [24/Mar/2026:08:27:04 -0400] "GET /4aa355/?filesrc=//bin/bzmore&path=//bin HTTP/1.1" 200 1836 "-" "Mozilla/5.0 (compatible; MJ12bot/v1.4.8; http://mj12bot.com/)"
145.239.65.226 - - [24/Mar/2026:08:27:06 -0400] "GET /4aa355/?filesrc=//bin/c%20%20&path=//bin HTTP/1.1" 200 1268 "-" "Mozilla/5.0 (compatible; MJ12bot/v1.4.8; http://mj12bot.com/)"
145.239.65.226 - - [24/Mar/2026:08:27:07 -0400] "GET /4aa355/?filesrc=//bin/c%20%20filt&path=//bin HTTP/1.1" 200 1268 "-" "Mozilla/5.0 (compatible; MJ12bot/v1.4.8; http://mj12bot.com/)"
145.239.65.226 - - [24/Mar/2026:08:27:09 -0400] "GET /4aa355/?filesrc=//bin/c89&path=//bin HTTP/1.1" 200 1262 "-" "Mozilla/5.0 (compatible; MJ12bot/v1.4.8; http://mj12bot.com/)"
145.239.65.226 - - [24/Mar/2026:08:27:11 -0400] "GET /4aa355/?filesrc=//bin/cagefs_enter.proxied&path=//bin HTTP/1.1" 200 1814 "-" "Mozilla/5.0 (compatible; MJ12bot/v1.4.8; http://mj12bot.com/)"
145.239.65.226 - - [24/Mar/2026:08:27:13 -0400] "GET /4aa355/?filesrc=//bin/cpan&path=//bin HTTP/1.1" 200 4824 "-" "Mozilla/5.0 (compatible; MJ12bot/v1.4.8; http://mj12bot.com/)"
66.249.68.131 - - [24/Mar/2026:08:27:15 -0400] "GET /index.php?detail/30120503 HTTP/1.1" 404 1251 "-" "Mozilla/5.0 (Linux; Android 6.0.1; Nexus 5X Build/MMB29P) AppleWebKit/537.36 (KHTML, like Gecko) Chrome/145.0.7632.159 Mobile Safari/537.36 (compatible; Googlebot/2.1; +http://www.google.com/bot.html)"
145.239.65.226 - - [24/Mar/2026:08:27:15 -0400] "GET /4aa355/?filesrc=//bin/cpp&path=//bin HTTP/1.1" 200 1160 "-" "Mozilla/5.0 (compatible; MJ12bot/v1.4.8; http://mj12bot.com/)"
145.239.65.226 - - [24/Mar/2026:08:27:17 -0400] "GET /4aa355/?filesrc=//bin/createdb&path=//bin HTTP/1.1" 200 1163 "-" "Mozilla/5.0 (compatible; MJ12bot/v1.4.8; http://mj12bot.com/)"
145.239.65.226 - - [24/Mar/2026:08:27:18 -0400] "GET /4aa355/?filesrc=//bin/createuser&path=//bin HTTP/1.1" 200 1165 "-" "Mozilla/5.0 (compatible; MJ12bot/v1.4.8; http://mj12bot.com/)"
145.239.65.226 - - [24/Mar/2026:08:27:20 -0400] "GET /4aa355/?filesrc=//bin/crontab&path=//bin HTTP/1.1" 200 1816 "-" "Mozilla/5.0 (compatible; MJ12bot/v1.4.8; http://mj12bot.com/)"
145.239.65.226 - - [24/Mar/2026:08:27:22 -0400] "GET /4aa355/?filesrc=//bin/display&path=//bin HTTP/1.1" 200 1161 "-" "Mozilla/5.0 (compatible; MJ12bot/v1.4.8; http://mj12bot.com/)"
145.239.65.226 - - [24/Mar/2026:08:27:24 -0400] "GET /4aa355/?filesrc=//bin/dnstap-read&path=//bin HTTP/1.1" 200 1166 "-" "Mozilla/5.0 (compatible; MJ12bot/v1.4.8; http://mj12bot.com/)"
145.239.65.226 - - [24/Mar/2026:08:27:26 -0400] "GET /4aa355/?filesrc=//bin/dropdb&path=//bin HTTP/1.1" 200 1162 "-" "Mozilla/5.0 (compatible; MJ12bot/v1.4.8; http://mj12bot.com/)"
145.239.65.226 - - [24/Mar/2026:08:27:27 -0400] "GET /4aa355/?filesrc=//bin/dropuser&path=//bin HTTP/1.1" 200 1164 "-" "Mozilla/5.0 (compatible; MJ12bot/v1.4.8; http://mj12bot.com/)"
145.239.65.226 - - [24/Mar/2026:08:27:29 -0400] "GET /4aa355/?filesrc=//bin/du&path=//bin HTTP/1.1" 200 1161 "-" "Mozilla/5.0 (compatible; MJ12bot/v1.4.8; http://mj12bot.com/)"
145.239.65.226 - - [24/Mar/2026:08:27:31 -0400] "GET /4aa355/?filesrc=//bin/echo&path=//bin HTTP/1.1" 200 1160 "-" "Mozilla/5.0 (compatible; MJ12bot/v1.4.8; http://mj12bot.com/)"
145.239.65.226 - - [24/Mar/2026:08:27:33 -0400] "GET /4aa355/?filesrc=//bin/egrep&path=//bin HTTP/1.1" 200 1184 "-" "Mozilla/5.0 (compatible; MJ12bot/v1.4.8; http://mj12bot.com/)"
145.239.65.226 - - [24/Mar/2026:08:27:35 -0400] "GET /4aa355/?filesrc=//bin/enc2xs&path=//bin HTTP/1.1" 200 17285 "-" "Mozilla/5.0 (compatible; MJ12bot/v1.4.8; http://mj12bot.com/)"
145.239.65.226 - - [24/Mar/2026:08:27:37 -0400] "GET /4aa355/?filesrc=//bin/enchant&path=//bin HTTP/1.1" 200 1162 "-" "Mozilla/5.0 (compatible; MJ12bot/v1.4.8; http://mj12bot.com/)"
145.239.65.226 - - [24/Mar/2026:08:27:38 -0400] "GET /4aa355/?filesrc=//bin/enchant-lsmod&path=//bin HTTP/1.1" 200 1165 "-" "Mozilla/5.0 (compatible; MJ12bot/v1.4.8; http://mj12bot.com/)"
145.239.65.226 - - [24/Mar/2026:08:27:40 -0400] "GET /4aa355/?filesrc=//bin/env&path=//bin HTTP/1.1" 200 1161 "-" "Mozilla/5.0 (compatible; MJ12bot/v1.4.8; http://mj12bot.com/)"
145.239.65.226 - - [24/Mar/2026:08:27:42 -0400] "GET /4aa355/?filesrc=//bin/eps2eps&path=//bin HTTP/1.1" 200 1576 "-" "Mozilla/5.0 (compatible; MJ12bot/v1.4.8; http://mj12bot.com/)"
145.239.65.226 - - [24/Mar/2026:08:27:44 -0400] "GET /4aa355/?filesrc=//bin/eqn&path=//bin HTTP/1.1" 200 1162 "-" "Mozilla/5.0 (compatible; MJ12bot/v1.4.8; http://mj12bot.com/)"
145.239.65.226 - - [24/Mar/2026:08:27:46 -0400] "GET /4aa355/?filesrc=//bin/expand&path=//bin HTTP/1.1" 200 1162 "-" "Mozilla/5.0 (compatible; MJ12bot/v1.4.8; http://mj12bot.com/)"
145.239.65.226 - - [24/Mar/2026:08:27:47 -0400] "GET /4aa355/?filesrc=//bin/expr&path=//bin HTTP/1.1" 200 1161 "-" "Mozilla/5.0 (compatible; MJ12bot/v1.4.8; http://mj12bot.com/)"
145.239.65.226 - - [24/Mar/2026:08:27:49 -0400] "GET /4aa355/?filesrc=//bin/factor&path=//bin HTTP/1.1" 200 1161 "-" "Mozilla/5.0 (compatible; MJ12bot/v1.4.8; http://mj12bot.com/)"
145.239.65.226 - - [24/Mar/2026:08:27:51 -0400] "GET /4aa355/?filesrc=//bin/false&path=//bin HTTP/1.1" 200 1161 "-" "Mozilla/5.0 (compatible; MJ12bot/v1.4.8; http://mj12bot.com/)"
145.239.65.226 - - [24/Mar/2026:08:27:52 -0400] "GET /4aa355/?filesrc=//bin/fc-cache&path=//bin HTTP/1.1" 200 1207 "-" "Mozilla/5.0 (compatible; MJ12bot/v1.4.8; http://mj12bot.com/)"
145.239.65.226 - - [24/Mar/2026:08:27:54 -0400] "GET /4aa355/?filesrc=//bin/fc-cache-64&path=//bin HTTP/1.1" 200 1166 "-" "Mozilla/5.0 (compatible; MJ12bot/v1.4.8; http://mj12bot.com/)"
145.239.65.226 - - [24/Mar/2026:08:27:56 -0400] "GET /4aa355/?filesrc=//bin/fc-cat&path=//bin HTTP/1.1" 200 1162 "-" "Mozilla/5.0 (compatible; MJ12bot/v1.4.8; http://mj12bot.com/)"
145.239.65.226 - - [24/Mar/2026:08:27:58 -0400] "GET /4aa355/?filesrc=//bin/fc-conflist&path=//bin HTTP/1.1" 200 1166 "-" "Mozilla/5.0 (compatible; MJ12bot/v1.4.8; http://mj12bot.com/)"
145.239.65.226 - - [24/Mar/2026:08:27:59 -0400] "GET /4aa355/?filesrc=//bin/fc-list&path=//bin HTTP/1.1" 200 1162 "-" "Mozilla/5.0 (compatible; MJ12bot/v1.4.8; http://mj12bot.com/)"
145.239.65.226 - - [24/Mar/2026:08:28:01 -0400] "GET /4aa355/?filesrc=//bin/fc-match&path=//bin HTTP/1.1" 200 1163 "-" "Mozilla/5.0 (compatible; MJ12bot/v1.4.8; http://mj12bot.com/)"
66.249.68.131 - - [24/Mar/2026:08:28:01 -0400] "GET /index.php?detail/21662358 HTTP/1.1" 404 1251 "-" "Mozilla/5.0 (Linux; Android 6.0.1; Nexus 5X Build/MMB29P) AppleWebKit/537.36 (KHTML, like Gecko) Chrome/145.0.7632.159 Mobile Safari/537.36 (compatible; Googlebot/2.1; +http://www.google.com/bot.html)"
145.239.65.226 - - [24/Mar/2026:08:28:03 -0400] "GET /4aa355/?filesrc=//bin/fc-pattern&path=//bin HTTP/1.1" 200 1161 "-" "Mozilla/5.0 (compatible; MJ12bot/v1.4.8; http://mj12bot.com/)"
145.239.65.226 - - [24/Mar/2026:08:28:04 -0400] "GET /4aa355/?filesrc=//bin/fc-query&path=//bin HTTP/1.1" 200 1166 "-" "Mozilla/5.0 (compatible; MJ12bot/v1.4.8; http://mj12bot.com/)"
145.239.65.226 - - [24/Mar/2026:08:28:06 -0400] "GET /4aa355/?filesrc=//bin/fc-scan&path=//bin HTTP/1.1" 200 1162 "-" "Mozilla/5.0 (compatible; MJ12bot/v1.4.8; http://mj12bot.com/)"
145.239.65.226 - - [24/Mar/2026:08:28:08 -0400] "GET /4aa355/?filesrc=//bin/flex&path=//bin HTTP/1.1" 200 1161 "-" "Mozilla/5.0 (compatible; MJ12bot/v1.4.8; http://mj12bot.com/)"
145.239.65.226 - - [24/Mar/2026:08:28:10 -0400] "GET /4aa355/?filesrc=//bin/fmt&path=//bin HTTP/1.1" 200 1161 "-" "Mozilla/5.0 (compatible; MJ12bot/v1.4.8; http://mj12bot.com/)"
145.239.65.226 - - [24/Mar/2026:08:28:12 -0400] "GET /4aa355/?filesrc=//bin/fold&path=//bin HTTP/1.1" 200 1161 "-" "Mozilla/5.0 (compatible; MJ12bot/v1.4.8; http://mj12bot.com/)"
145.239.65.226 - - [24/Mar/2026:08:28:14 -0400] "GET /4aa355/?filesrc=//bin/getconf&path=//bin HTTP/1.1" 200 1164 "-" "Mozilla/5.0 (compatible; MJ12bot/v1.4.8; http://mj12bot.com/)"
145.239.65.226 - - [24/Mar/2026:08:28:16 -0400] "GET /4aa355/?filesrc=//bin/gnroff&path=//bin HTTP/1.1" 200 2724 "-" "Mozilla/5.0 (compatible; MJ12bot/v1.4.8; http://mj12bot.com/)"
145.239.65.226 - - [24/Mar/2026:08:28:19 -0400] "GET /4aa355/?filesrc=//bin/gpg-agent&path=//bin HTTP/1.1" 200 1165 "-" "Mozilla/5.0 (compatible; MJ12bot/v1.4.8; http://mj12bot.com/)"
145.239.65.226 - - [24/Mar/2026:08:28:20 -0400] "GET /4aa355/?filesrc=//bin/gpg-error&path=//bin HTTP/1.1" 200 1164 "-" "Mozilla/5.0 (compatible; MJ12bot/v1.4.8; http://mj12bot.com/)"
145.239.65.226 - - [24/Mar/2026:08:28:22 -0400] "GET /4aa355/?filesrc=//bin/gpg-zip&path=//bin HTTP/1.1" 200 2458 "-" "Mozilla/5.0 (compatible; MJ12bot/v1.4.8; http://mj12bot.com/)"
145.239.65.226 - - [24/Mar/2026:08:28:24 -0400] "GET /4aa355/?filesrc=//bin/gpgsplit&path=//bin HTTP/1.1" 200 1164 "-" "Mozilla/5.0 (compatible; MJ12bot/v1.4.8; http://mj12bot.com/)"
145.239.65.226 - - [24/Mar/2026:08:28:26 -0400] "GET /4aa355/?filesrc=//bin/gpgv&path=//bin HTTP/1.1" 200 1162 "-" "Mozilla/5.0 (compatible; MJ12bot/v1.4.8; http://mj12bot.com/)"
145.239.65.226 - - [24/Mar/2026:08:28:28 -0400] "GET /4aa355/?filesrc=//bin/gpic&path=//bin HTTP/1.1" 200 1160 "-" "Mozilla/5.0 (compatible; MJ12bot/v1.4.8; http://mj12bot.com/)"
145.239.65.226 - - [24/Mar/2026:08:28:29 -0400] "GET /4aa355/?filesrc=//bin/gprof&path=//bin HTTP/1.1" 200 1162 "-" "Mozilla/5.0 (compatible; MJ12bot/v1.4.8; http://mj12bot.com/)"
145.239.65.226 - - [24/Mar/2026:08:28:31 -0400] "GET /4aa355/?filesrc=//bin/groff&path=//bin HTTP/1.1" 200 1162 "-" "Mozilla/5.0 (compatible; MJ12bot/v1.4.8; http://mj12bot.com/)"
145.239.65.226 - - [24/Mar/2026:08:28:33 -0400] "GET /4aa355/?path=//home/analuakl/.subaccounts HTTP/1.1" 200 1437 "-" "Mozilla/5.0 (compatible; MJ12bot/v1.4.8; http://mj12bot.com/)"
145.239.65.226 - - [24/Mar/2026:08:28:35 -0400] "GET /4aa355/?path=/home/analuakl/www/thinkbyte HTTP/1.1" 200 1648 "-" "Mozilla/5.0 (compatible; MJ12bot/v1.4.8; http://mj12bot.com/)"
66.249.68.131 - - [24/Mar/2026:08:28:41 -0400] "GET /index.php?detail/14375181 HTTP/1.1" 404 1251 "-" "Mozilla/5.0 (Linux; Android 6.0.1; Nexus 5X Build/MMB29P) AppleWebKit/537.36 (KHTML, like Gecko) Chrome/145.0.7632.159 Mobile Safari/537.36 (compatible; Googlebot/2.1; +http://www.google.com/bot.html)"
114.119.137.28 - - [24/Mar/2026:08:29:01 -0400] "GET /4aa355/?filesrc=//usr/lib64/libapr-1.so.0&path=//usr/lib64 HTTP/1.1" 200 1323 "https://www.amplmedia.com/4aa355/?path=//usr/lib64" "Mozilla/5.0 (Linux; Android 7.0;) AppleWebKit/537.36 (KHTML, like Gecko) Mobile Safari/537.36 (compatible; PetalBot;+https://webmaster.petalsearch.com/site/petalbot)"
66.249.68.132 - - [24/Mar/2026:08:30:18 -0400] "GET /index.php?detail/21968081 HTTP/1.1" 404 1251 "-" "Mozilla/5.0 (Linux; Android 6.0.1; Nexus 5X Build/MMB29P) AppleWebKit/537.36 (KHTML, like Gecko) Chrome/145.0.7632.159 Mobile Safari/537.36 (compatible; Googlebot/2.1; +http://www.google.com/bot.html)"
66.249.68.133 - - [24/Mar/2026:08:30:21 -0400] "GET /index.php?detail/10433814 HTTP/1.1" 404 1251 "-" "Mozilla/5.0 (compatible; Googlebot/2.1; +http://www.google.com/bot.html)"
66.249.68.131 - - [24/Mar/2026:08:30:45 -0400] "GET /index.php?detail/25034881 HTTP/1.1" 404 1251 "-" "Mozilla/5.0 (Linux; Android 6.0.1; Nexus 5X Build/MMB29P) AppleWebKit/537.36 (KHTML, like Gecko) Chrome/145.0.7632.159 Mobile Safari/537.36 (compatible; Googlebot/2.1; +http://www.google.com/bot.html)"
66.249.68.133 - - [24/Mar/2026:08:31:12 -0400] "GET /index.php?detail/4595825 HTTP/1.1" 404 1251 "-" "Mozilla/5.0 (Linux; Android 6.0.1; Nexus 5X Build/MMB29P) AppleWebKit/537.36 (KHTML, like Gecko) Chrome/145.0.7632.159 Mobile Safari/537.36 (compatible; Googlebot/2.1; +http://www.google.com/bot.html)"
114.119.134.95 - - [24/Mar/2026:08:31:16 -0400] "GET /4aa355/?filesrc=//usr/lib64/libanl-2.28.so&path=//usr/lib64 HTTP/1.1" 200 1324 "https://www.amplmedia.com/4aa355/?path=//usr/lib64" "Mozilla/5.0 (Linux; Android 7.0;) AppleWebKit/537.36 (KHTML, like Gecko) Mobile Safari/537.36 (compatible; PetalBot;+https://webmaster.petalsearch.com/site/petalbot)"
66.249.68.131 - - [24/Mar/2026:08:31:54 -0400] "GET /index.php?detail/25125581.htmlm HTTP/1.1" 404 1251 "-" "Mozilla/5.0 (Linux; Android 6.0.1; Nexus 5X Build/MMB29P) AppleWebKit/537.36 (KHTML, like Gecko) Chrome/145.0.7632.159 Mobile Safari/537.36 (compatible; Googlebot/2.1; +http://www.google.com/bot.html)"
66.249.68.131 - - [24/Mar/2026:08:32:31 -0400] "GET /index.php?detail/27724836 HTTP/1.1" 404 1251 "-" "Mozilla/5.0 (Linux; Android 6.0.1; Nexus 5X Build/MMB29P) AppleWebKit/537.36 (KHTML, like Gecko) Chrome/145.0.7632.159 Mobile Safari/537.36 (compatible; Googlebot/2.1; +http://www.google.com/bot.html)"
66.249.68.131 - - [24/Mar/2026:08:32:47 -0400] "GET /?detail/27670714 HTTP/1.1" 200 1565 "-" "Mozilla/5.0 (Linux; Android 6.0.1; Nexus 5X Build/MMB29P) AppleWebKit/537.36 (KHTML, like Gecko) Chrome/145.0.7632.159 Mobile Safari/537.36 (compatible; GoogleOther)"
66.249.68.132 - - [24/Mar/2026:08:33:03 -0400] "GET /index.php?detail/8232770 HTTP/1.1" 404 1251 "-" "Mozilla/5.0 (Linux; Android 6.0.1; Nexus 5X Build/MMB29P) AppleWebKit/537.36 (KHTML, like Gecko) Chrome/145.0.7632.159 Mobile Safari/537.36 (compatible; Googlebot/2.1; +http://www.google.com/bot.html)"
66.249.68.131 - - [24/Mar/2026:08:33:51 -0400] "GET /index.php?detail/4030814.htmlm HTTP/1.1" 404 1251 "-" "Mozilla/5.0 (Linux; Android 6.0.1; Nexus 5X Build/MMB29P) AppleWebKit/537.36 (KHTML, like Gecko) Chrome/145.0.7632.159 Mobile Safari/537.36 (compatible; Googlebot/2.1; +http://www.google.com/bot.html)"
66.249.68.133 - - [24/Mar/2026:08:34:11 -0400] "GET /index.php?detail/10930158 HTTP/1.1" 404 1251 "-" "Mozilla/5.0 (Linux; Android 6.0.1; Nexus 5X Build/MMB29P) AppleWebKit/537.36 (KHTML, like Gecko) Chrome/145.0.7632.159 Mobile Safari/537.36 (compatible; Googlebot/2.1; +http://www.google.com/bot.html)"
66.249.68.132 - - [24/Mar/2026:08:35:15 -0400] "GET /index.php?detail/6460281 HTTP/1.1" 404 1251 "-" "Mozilla/5.0 (Linux; Android 6.0.1; Nexus 5X Build/MMB29P) AppleWebKit/537.36 (KHTML, like Gecko) Chrome/145.0.7632.159 Mobile Safari/537.36 (compatible; Googlebot/2.1; +http://www.google.com/bot.html)"
66.249.68.132 - - [24/Mar/2026:08:35:26 -0400] "GET /index.php?detail/24130869 HTTP/1.1" 404 1251 "-" "Mozilla/5.0 (Linux; Android 6.0.1; Nexus 5X Build/MMB29P) AppleWebKit/537.36 (KHTML, like Gecko) Chrome/145.0.7632.159 Mobile Safari/537.36 (compatible; Googlebot/2.1; +http://www.google.com/bot.html)"
114.119.148.60 - - [24/Mar/2026:08:35:29 -0400] "GET /4aa355/?filesrc=//usr/lib64/libatomic_ops_gpl.so.1&path=//usr/lib64 HTTP/1.1" 200 1330 "https://www.amplmedia.com/4aa355/?path=//usr/lib64" "Mozilla/5.0 (Linux; Android 7.0;) AppleWebKit/537.36 (KHTML, like Gecko) Mobile Safari/537.36 (compatible; PetalBot;+https://webmaster.petalsearch.com/site/petalbot)"
66.249.68.133 - - [24/Mar/2026:08:36:07 -0400] "GET /index.php?detail/30205970 HTTP/1.1" 404 1251 "-" "Mozilla/5.0 (Linux; Android 6.0.1; Nexus 5X Build/MMB29P) AppleWebKit/537.36 (KHTML, like Gecko) Chrome/145.0.7632.159 Mobile Safari/537.36 (compatible; Googlebot/2.1; +http://www.google.com/bot.html)"
66.249.68.131 - - [24/Mar/2026:08:36:24 -0400] "GET /index.php?detail/28474758 HTTP/1.1" 404 1251 "-" "Mozilla/5.0 (Linux; Android 6.0.1; Nexus 5X Build/MMB29P) AppleWebKit/537.36 (KHTML, like Gecko) Chrome/145.0.7632.159 Mobile Safari/537.36 (compatible; Googlebot/2.1; +http://www.google.com/bot.html)"
66.249.68.131 - - [24/Mar/2026:08:36:39 -0400] "GET /robots.txt HTTP/1.1" 200 107 "-" "Mozilla/5.0 (compatible; Googlebot/2.1; +http://www.google.com/bot.html)"
66.249.68.131 - - [24/Mar/2026:08:36:59 -0400] "GET /index.php?detail/5983403.htmlm HTTP/1.1" 404 1251 "-" "Mozilla/5.0 (Linux; Android 6.0.1; Nexus 5X Build/MMB29P) AppleWebKit/537.36 (KHTML, like Gecko) Chrome/145.0.7632.159 Mobile Safari/537.36 (compatible; Googlebot/2.1; +http://www.google.com/bot.html)"
66.249.68.132 - - [24/Mar/2026:08:37:39 -0400] "GET /index.php?detail/17115370 HTTP/1.1" 404 1251 "-" "Mozilla/5.0 (Linux; Android 6.0.1; Nexus 5X Build/MMB29P) AppleWebKit/537.36 (KHTML, like Gecko) Chrome/145.0.7632.159 Mobile Safari/537.36 (compatible; Googlebot/2.1; +http://www.google.com/bot.html)"
114.119.128.253 - - [24/Mar/2026:08:37:43 -0400] "GET /4aa355/?filesrc=//usr/lib64/libatomic_ops.so.1&path=//usr/lib64 HTTP/1.1" 200 1326 "https://www.amplmedia.com/4aa355/?path=//usr/lib64" "Mozilla/5.0 (Linux; Android 7.0;) AppleWebKit/537.36 (KHTML, like Gecko) Mobile Safari/537.36 (compatible; PetalBot;+https://webmaster.petalsearch.com/site/petalbot)"
66.249.68.132 - - [24/Mar/2026:08:38:17 -0400] "GET /index.php?detail/7126892 HTTP/1.1" 404 1251 "-" "Mozilla/5.0 (Linux; Android 6.0.1; Nexus 5X Build/MMB29P) AppleWebKit/537.36 (KHTML, like Gecko) Chrome/145.0.7632.159 Mobile Safari/537.36 (compatible; Googlebot/2.1; +http://www.google.com/bot.html)"
66.249.68.133 - - [24/Mar/2026:08:39:14 -0400] "GET /index.php?detail/26774836 HTTP/1.1" 404 1251 "-" "Mozilla/5.0 (Linux; Android 6.0.1; Nexus 5X Build/MMB29P) AppleWebKit/537.36 (KHTML, like Gecko) Chrome/145.0.7632.159 Mobile Safari/537.36 (compatible; Googlebot/2.1; +http://www.google.com/bot.html)"
66.249.68.131 - - [24/Mar/2026:08:39:25 -0400] "GET /index.php?detail/9460103 HTTP/1.1" 404 1251 "-" "Mozilla/5.0 (Linux; Android 6.0.1; Nexus 5X Build/MMB29P) AppleWebKit/537.36 (KHTML, like Gecko) Chrome/145.0.7632.159 Mobile Safari/537.36 (compatible; Googlebot/2.1; +http://www.google.com/bot.html)"
114.119.147.97 - - [24/Mar/2026:08:39:37 -0400] "GET /4aa355/?filesrc=//usr/lib64/libaec.so.0.0.8&path=//usr/lib64 HTTP/1.1" 200 1325 "-" "Mozilla/5.0 (Linux; Android 7.0;) AppleWebKit/537.36 (HTML, like Gecko) Mobile Safari/537.36 (compatible; PetalBot;+https://webmaster.petalsearch.com/site/petalbot)"
66.249.68.131 - - [24/Mar/2026:08:39:52 -0400] "GET /index.php?detail/26872936 HTTP/1.1" 404 1251 "-" "Mozilla/5.0 (Linux; Android 6.0.1; Nexus 5X Build/MMB29P) AppleWebKit/537.36 (KHTML, like Gecko) Chrome/145.0.7632.159 Mobile Safari/537.36 (compatible; Googlebot/2.1; +http://www.google.com/bot.html)"
66.249.68.133 - - [24/Mar/2026:08:40:08 -0400] "GET /index.php?detail/7377758 HTTP/1.1" 404 1251 "-" "Mozilla/5.0 (Linux; Android 6.0.1; Nexus 5X Build/MMB29P) AppleWebKit/537.36 (KHTML, like Gecko) Chrome/145.0.7632.159 Mobile Safari/537.36 (compatible; Googlebot/2.1; +http://www.google.com/bot.html)"
66.249.68.131 - - [24/Mar/2026:08:40:22 -0400] "GET /index.php?detail/14745858 HTTP/1.1" 404 1251 "-" "Mozilla/5.0 (Linux; Android 6.0.1; Nexus 5X Build/MMB29P) AppleWebKit/537.36 (KHTML, like Gecko) Chrome/145.0.7632.159 Mobile Safari/537.36 (compatible; Googlebot/2.1; +http://www.google.com/bot.html)"
136.144.35.133 - - [24/Mar/2026:08:40:34 -0400] "GET /wp-login.php HTTP/1.1" 404 1251 "-" "Mozilla/5.0"
66.249.68.131 - - [24/Mar/2026:08:40:35 -0400] "GET /shop/detail/courage054002028.htm HTTP/1.1" 404 1251 "-" "Mozilla/5.0 (compatible; Googlebot/2.1; +http://www.google.com/bot.html)"
66.249.68.132 - - [24/Mar/2026:08:41:00 -0400] "GET /index.php?detail/19773092 HTTP/1.1" 404 1251 "-" "Mozilla/5.0 (Linux; Android 6.0.1; Nexus 5X Build/MMB29P) AppleWebKit/537.36 (KHTML, like Gecko) Chrome/145.0.7632.159 Mobile Safari/537.36 (compatible; Googlebot/2.1; +http://www.google.com/bot.html)"
45.227.253.162 - - [24/Mar/2026:08:41:12 -0400] "POST /modifier.indent.php HTTP/1.1" 403 1242 "-" "Mozilla/5.0 (Macintosh; Intel Mac OS X 10_15_7) AppleWebKit/537.36 (KHTML, like Gecko) Chrome/120.0.0.0 Safari/537.36"
45.227.253.162 - - [24/Mar/2026:08:41:13 -0400] "POST /english.php HTTP/1.1" 403 1242 "-" "Mozilla/5.0 (Macintosh; Intel Mac OS X 10_15_7) AppleWebKit/537.36 (KHTML, like Gecko) Chrome/120.0.0.0 Safari/537.36"
45.227.253.162 - - [24/Mar/2026:08:41:13 -0400] "POST /mimeDecode.php HTTP/1.1" 403 1242 "-" "Mozilla/5.0 (Macintosh; Intel Mac OS X 10_15_7) AppleWebKit/537.36 (KHTML, like Gecko) Chrome/120.0.0.0 Safari/537.36"
45.227.253.162 - - [24/Mar/2026:08:41:14 -0400] "POST /fonts/list-grid/import.php HTTP/1.1" 200 54 "-" "Mozilla/5.0 (Macintosh; Intel Mac OS X 10_15_7) AppleWebKit/537.36 (KHTML, like Gecko) Chrome/120.0.0.0 Safari/537.36"
45.227.253.162 - - [24/Mar/2026:08:41:15 -0400] "POST /fonts/list-grid/import.php HTTP/1.1" 200 76 "-" "Mozilla/5.0 (Macintosh; Intel Mac OS X 10_15_7) AppleWebKit/537.36 (KHTML, like Gecko) Chrome/120.0.0.0 Safari/537.36"
114.119.128.253 - - [24/Mar/2026:08:41:42 -0400] "GET /4aa355/?filesrc=//usr/lib64/libXxf86vm.so.1.0.0&path=//usr/lib64 HTTP/1.1" 200 1330 "https://www.amplmedia.com/4aa355/?path=//usr/lib64" "Mozilla/5.0 (Linux; Android 7.0;) AppleWebKit/537.36 (KHTML, like Gecko) Mobile Safari/537.36 (compatible; PetalBot;+https://webmaster.petalsearch.com/site/petalbot)"
66.249.68.131 - - [24/Mar/2026:08:41:48 -0400] "GET /index.php?detail/28520158 HTTP/1.1" 404 1251 "-" "Mozilla/5.0 (Linux; Android 6.0.1; Nexus 5X Build/MMB29P) AppleWebKit/537.36 (KHTML, like Gecko) Chrome/145.0.7632.159 Mobile Safari/537.36 (compatible; Googlebot/2.1; +http://www.google.com/bot.html)"
66.249.68.131 - - [24/Mar/2026:08:42:27 -0400] "GET /index.php?detail/12017092 HTTP/1.1" 404 1251 "-" "Mozilla/5.0 (Linux; Android 6.0.1; Nexus 5X Build/MMB29P) AppleWebKit/537.36 (KHTML, like Gecko) Chrome/145.0.7632.159 Mobile Safari/537.36 (compatible; Googlebot/2.1; +http://www.google.com/bot.html)"
66.249.68.133 - - [24/Mar/2026:08:43:20 -0400] "GET /index.php?detail/22625958 HTTP/1.1" 404 1251 "-" "Mozilla/5.0 (Linux; Android 6.0.1; Nexus 5X Build/MMB29P) AppleWebKit/537.36 (KHTML, like Gecko) Chrome/145.0.7632.159 Mobile Safari/537.36 (compatible; Googlebot/2.1; +http://www.google.com/bot.html)"
66.249.68.131 - - [24/Mar/2026:08:43:39 -0400] "GET /index.php?detail/26439503 HTTP/1.1" 404 1251 "-" "Mozilla/5.0 (Linux; Android 6.0.1; Nexus 5X Build/MMB29P) AppleWebKit/537.36 (KHTML, like Gecko) Chrome/145.0.7632.159 Mobile Safari/537.36 (compatible; Googlebot/2.1; +http://www.google.com/bot.html)"
114.119.130.248 - - [24/Mar/2026:08:43:53 -0400] "GET /4aa355/?filesrc=//usr/lib64/libXrender.so.1&path=//usr/lib64 HTTP/1.1" 200 1325 "-" "Mozilla/5.0 (Linux; Android 7.0;) AppleWebKit/537.36 (HTML, like Gecko) Mobile Safari/537.36 (compatible; PetalBot;+https://webmaster.petalsearch.com/site/petalbot)"
66.249.68.133 - - [24/Mar/2026:08:44:10 -0400] "GET /index.php?detail/7856158 HTTP/1.1" 404 1251 "-" "Mozilla/5.0 (Linux; Android 6.0.1; Nexus 5X Build/MMB29P) AppleWebKit/537.36 (KHTML, like Gecko) Chrome/145.0.7632.159 Mobile Safari/537.36 (compatible; Googlebot/2.1; +http://www.google.com/bot.html)"
66.249.68.131 - - [24/Mar/2026:08:44:50 -0400] "GET /index.php?detail/1575592 HTTP/1.1" 404 1251 "-" "Mozilla/5.0 (Linux; Android 6.0.1; Nexus 5X Build/MMB29P) AppleWebKit/537.36 (KHTML, like Gecko) Chrome/145.0.7632.159 Mobile Safari/537.36 (compatible; Googlebot/2.1; +http://www.google.com/bot.html)"
66.249.68.132 - - [24/Mar/2026:08:45:38 -0400] "GET /index.php?detail/7990470 HTTP/1.1" 404 1251 "-" "Mozilla/5.0 (Linux; Android 6.0.1; Nexus 5X Build/MMB29P) AppleWebKit/537.36 (KHTML, like Gecko) Chrome/145.0.7632.159 Mobile Safari/537.36 (compatible; Googlebot/2.1; +http://www.google.com/bot.html)"
114.119.128.253 - - [24/Mar/2026:08:46:26 -0400] "GET /4aa355/?filesrc=//usr/lib64/libXinerama.so.1&path=//usr/lib64 HTTP/1.1" 200 1325 "https://www.amplmedia.com/4aa355/?path=//usr/lib64" "Mozilla/5.0 (Linux; Android 7.0;) AppleWebKit/537.36 (KHTML, like Gecko) Mobile Safari/537.36 (compatible; PetalBot;+https://webmaster.petalsearch.com/site/petalbot)"
66.249.68.131 - - [24/Mar/2026:08:46:53 -0400] "GET /index.php?detail/14548225 HTTP/1.1" 404 1251 "-" "Mozilla/5.0 (Linux; Android 6.0.1; Nexus 5X Build/MMB29P) AppleWebKit/537.36 (KHTML, like Gecko) Chrome/145.0.7632.159 Mobile Safari/537.36 (compatible; Googlebot/2.1; +http://www.google.com/bot.html)"
66.249.68.131 - - [24/Mar/2026:08:47:29 -0400] "GET /index.php?detail/6051036 HTTP/1.1" 404 1251 "-" "Mozilla/5.0 (Linux; Android 6.0.1; Nexus 5X Build/MMB29P) AppleWebKit/537.36 (KHTML, like Gecko) Chrome/145.0.7632.159 Mobile Safari/537.36 (compatible; Googlebot/2.1; +http://www.google.com/bot.html)"
66.249.68.133 - - [24/Mar/2026:08:48:01 -0400] "GET /index.php?detail/5500869 HTTP/1.1" 404 1251 "-" "Mozilla/5.0 (Linux; Android 6.0.1; Nexus 5X Build/MMB29P) AppleWebKit/537.36 (KHTML, like Gecko) Chrome/145.0.7632.159 Mobile Safari/537.36 (compatible; Googlebot/2.1; +http://www.google.com/bot.html)"
66.249.68.131 - - [24/Mar/2026:08:48:25 -0400] "GET /index.php?detail/14518392 HTTP/1.1" 404 1251 "-" "Mozilla/5.0 (Linux; Android 6.0.1; Nexus 5X Build/MMB29P) AppleWebKit/537.36 (KHTML, like Gecko) Chrome/145.0.7632.159 Mobile Safari/537.36 (compatible; Googlebot/2.1; +http://www.google.com/bot.html)"
66.249.68.131 - - [24/Mar/2026:08:48:55 -0400] "GET /index.php?detail/10784881 HTTP/1.1" 404 1251 "-" "Mozilla/5.0 (Linux; Android 6.0.1; Nexus 5X Build/MMB29P) AppleWebKit/537.36 (KHTML, like Gecko) Chrome/145.0.7632.159 Mobile Safari/537.36 (compatible; Googlebot/2.1; +http://www.google.com/bot.html)"
66.249.68.132 - - [24/Mar/2026:08:49:28 -0400] "GET /index.php?detail/11543358.htmlm HTTP/1.1" 404 1251 "-" "Mozilla/5.0 (Linux; Android 6.0.1; Nexus 5X Build/MMB29P) AppleWebKit/537.36 (KHTML, like Gecko) Chrome/145.0.7632.159 Mobile Safari/537.36 (compatible; Googlebot/2.1; +http://www.google.com/bot.html)"
66.249.68.131 - - [24/Mar/2026:08:50:24 -0400] "GET /index.php?detail/14521103 HTTP/1.1" 404 1251 "-" "Mozilla/5.0 (Linux; Android 6.0.1; Nexus 5X Build/MMB29P) AppleWebKit/537.36 (KHTML, like Gecko) Chrome/145.0.7632.159 Mobile Safari/537.36 (compatible; Googlebot/2.1; +http://www.google.com/bot.html)"
114.119.148.60 - - [24/Mar/2026:08:50:49 -0400] "GET /4aa355/?filesrc=//usr/lib64/libXcursor.so.1.0.2&path=//usr/lib64 HTTP/1.1" 200 1328 "https://www.amplmedia.com/4aa355/?path=//usr/lib64" "Mozilla/5.0 (Linux; Android 7.0;) AppleWebKit/537.36 (KHTML, like Gecko) Mobile Safari/537.36 (compatible; PetalBot;+https://webmaster.petalsearch.com/site/petalbot)"
66.249.68.132 - - [24/Mar/2026:08:51:03 -0400] "GET /index.php?detail/2432469 HTTP/1.1" 404 1251 "-" "Mozilla/5.0 (Linux; Android 6.0.1; Nexus 5X Build/MMB29P) AppleWebKit/537.36 (KHTML, like Gecko) Chrome/145.0.7632.159 Mobile Safari/537.36 (compatible; Googlebot/2.1; +http://www.google.com/bot.html)"
192.71.2.99 - - [24/Mar/2026:08:51:36 -0400] "GET / HTTP/1.1" 200 1805 "http://amplmedia.com/" "Mozilla/5.0 (iPhone; CPU iPhone OS 17_1_2 like Mac OS X) AppleWebKit/605.1.15 (KHTML, like Gecko) Version/17.1.2 Mobile/15E148 Safari/604"
66.249.68.132 - - [24/Mar/2026:08:52:02 -0400] "GET /index.php?detail/21091403 HTTP/1.1" 404 1251 "-" "Mozilla/5.0 (Linux; Android 6.0.1; Nexus 5X Build/MMB29P) AppleWebKit/537.36 (KHTML, like Gecko) Chrome/145.0.7632.159 Mobile Safari/537.36 (compatible; Googlebot/2.1; +http://www.google.com/bot.html)"
114.119.137.28 - - [24/Mar/2026:08:52:35 -0400] "GET /4aa355/?filesrc=//usr/lib64/libXcomposite.so.1.0.0&path=//usr/lib64 HTTP/1.1" 200 1330 "https://www.amplmedia.com/4aa355/?path=//usr/lib64" "Mozilla/5.0 (Linux; Android 7.0;) AppleWebKit/537.36 (KHTML, like Gecko) Mobile Safari/537.36 (compatible; PetalBot;+https://webmaster.petalsearch.com/site/petalbot)"
66.249.68.131 - - [24/Mar/2026:08:55:26 -0400] "GET /index.php?detail/22352614 HTTP/1.1" 404 1251 "-" "Mozilla/5.0 (compatible; Googlebot/2.1; +http://www.google.com/bot.html)"
66.249.68.132 - - [24/Mar/2026:08:55:26 -0400] "GET /index.php?detail/22352614 HTTP/1.1" 404 1251 "-" "Mozilla/5.0 (Linux; Android 6.0.1; Nexus 5X Build/MMB29P) AppleWebKit/537.36 (KHTML, like Gecko) Chrome/145.0.7632.159 Mobile Safari/537.36 (compatible; Googlebot/2.1; +http://www.google.com/bot.html)"
114.119.134.95 - - [24/Mar/2026:08:59:06 -0400] "GET /4aa355/?filesrc=//usr/lib64/libQt5Xml.so.5&path=//usr/lib64 HTTP/1.1" 200 1326 "https://www.amplmedia.com/4aa355/?path=//usr/lib64" "Mozilla/5.0 (Linux; Android 7.0;) AppleWebKit/537.36 (KHTML, like Gecko) Mobile Safari/537.36 (compatible; PetalBot;+https://webmaster.petalsearch.com/site/petalbot)"
114.119.154.189 - - [24/Mar/2026:09:00:53 -0400] "GET /4aa355/?filesrc=//usr/lib64/libQt5XcbQpa.so.5&path=//usr/lib64 HTTP/1.1" 200 1328 "https://www.amplmedia.com/4aa355/?path=//usr/lib64" "Mozilla/5.0 (Linux; Android 7.0;) AppleWebKit/537.36 (KHTML, like Gecko) Mobile Safari/537.36 (compatible; PetalBot;+https://webmaster.petalsearch.com/site/petalbot)"
66.249.68.131 - - [24/Mar/2026:09:01:49 -0400] "GET /index.php?detail/23193714 HTTP/1.1" 404 1251 "-" "Mozilla/5.0 (compatible; Googlebot/2.1; +http://www.google.com/bot.html)"
66.249.68.132 - - [24/Mar/2026:09:01:57 -0400] "GET /index.php?detail/13636447 HTTP/1.1" 404 1251 "-" "Mozilla/5.0 (compatible; Googlebot/2.1; +http://www.google.com/bot.html)"
66.249.68.132 - - [24/Mar/2026:09:02:24 -0400] "GET /index.php?detail/6320158 HTTP/1.1" 404 1251 "-" "Mozilla/5.0 (Linux; Android 6.0.1; Nexus 5X Build/MMB29P) AppleWebKit/537.36 (KHTML, like Gecko) Chrome/145.0.7632.159 Mobile Safari/537.36 (compatible; Googlebot/2.1; +http://www.google.com/bot.html)"
40.77.167.77 - - [24/Mar/2026:09:03:09 -0400] "GET /?detail/30314981.htmlm HTTP/1.1" 200 1565 "-" "Mozilla/5.0 AppleWebKit/537.36 (KHTML, like Gecko; compatible; bingbot/2.0; +http://www.bing.com/bingbot.htm) Chrome/116.0.1938.76 Safari/537.36"
114.119.137.28 - - [24/Mar/2026:09:03:33 -0400] "GET /4aa355/?filesrc=//usr/lib64/libQt5Test.so.5.15.3&path=//usr/lib64 HTTP/1.1" 200 1330 "https://www.amplmedia.com/4aa355/?path=//usr/lib64" "Mozilla/5.0 (Linux; Android 7.0;) AppleWebKit/537.36 (KHTML, like Gecko) Mobile Safari/537.36 (compatible; PetalBot;+https://webmaster.petalsearch.com/site/petalbot)"
66.249.68.131 - - [24/Mar/2026:09:04:49 -0400] "GET /index.php?detail/29725181 HTTP/1.1" 404 1251 "-" "Mozilla/5.0 (Linux; Android 6.0.1; Nexus 5X Build/MMB29P) AppleWebKit/537.36 (KHTML, like Gecko) Chrome/145.0.7632.159 Mobile Safari/537.36 (compatible; Googlebot/2.1; +http://www.google.com/bot.html)"
114.119.154.189 - - [24/Mar/2026:09:05:22 -0400] "GET /4aa355/?filesrc=//usr/lib64/libQt5QuickTest.so.5.15.3&path=//usr/lib64 HTTP/1.1" 200 1334 "https://www.amplmedia.com/4aa355/?path=//usr/lib64" "Mozilla/5.0 (Linux; Android 7.0;) AppleWebKit/537.36 (KHTML, like Gecko) Mobile Safari/537.36 (compatible; PetalBot;+https://webmaster.petalsearch.com/site/petalbot)"
114.119.128.253 - - [24/Mar/2026:09:07:37 -0400] "GET /4aa355/?path=/home/analuakl/.caldav/gem@amplmedia.com HTTP/1.1" 200 1828 "https://www.amplmedia.com/4aa355/?path=/home/analuakl/.caldav/gem%40amplmedia.com" "Mozilla/5.0 (Linux; Android 7.0;) AppleWebKit/537.36 (KHTML, like Gecko) Mobile Safari/537.36 (compatible; PetalBot;+https://webmaster.petalsearch.com/site/petalbot)"
66.249.68.131 - - [24/Mar/2026:09:08:12 -0400] "GET /index.php?detail/28235136 HTTP/1.1" 404 1251 "-" "Mozilla/5.0 (Linux; Android 6.0.1; Nexus 5X Build/MMB29P) AppleWebKit/537.36 (KHTML, like Gecko) Chrome/145.0.7632.159 Mobile Safari/537.36 (compatible; Googlebot/2.1; +http://www.google.com/bot.html)"
66.249.68.132 - - [24/Mar/2026:09:09:18 -0400] "GET /index.php?detail/4555436 HTTP/1.1" 404 1251 "-" "Mozilla/5.0 (compatible; Googlebot/2.1; +http://www.google.com/bot.html)"
66.249.68.133 - - [24/Mar/2026:09:09:19 -0400] "GET /index.php?detail/16138747 HTTP/1.1" 404 1251 "-" "Mozilla/5.0 (compatible; Googlebot/2.1; +http://www.google.com/bot.html)"
66.249.68.132 - - [24/Mar/2026:09:10:58 -0400] "GET /index.php?detail/26179581 HTTP/1.1" 404 1251 "-" "Mozilla/5.0 (compatible; Googlebot/2.1; +http://www.google.com/bot.html)"
114.119.128.253 - - [24/Mar/2026:09:11:50 -0400] "GET /4aa355/?filesrc=/home/analuakl/logs/sukhmaagroup.adiobrandsolutions.com-Jan-2023.gz&path=/home/analuakl/logs HTTP/1.1" 200 1359 "https://www.amplmedia.com/4aa355/?path=/home/analuakl/logs" "Mozilla/5.0 (Linux; Android 7.0;) AppleWebKit/537.36 (KHTML, like Gecko) Mobile Safari/537.36 (compatible; PetalBot;+https://webmaster.petalsearch.com/site/petalbot)"
43.153.96.233 - - [24/Mar/2026:09:14:18 -0400] "GET / HTTP/1.1" 200 1809 "http://www.amplmedia.com" "Mozilla/5.0 (iPhone; CPU iPhone OS 13_2_3 like Mac OS X) AppleWebKit/605.1.15 (KHTML, like Gecko) Version/13.0.3 Mobile/15E148 Safari/604.1"
66.249.68.132 - - [24/Mar/2026:09:14:41 -0400] "GET /index.php?detail/27256558 HTTP/1.1" 404 1251 "-" "Mozilla/5.0 (compatible; Googlebot/2.1; +http://www.google.com/bot.html)"
114.119.148.60 - - [24/Mar/2026:09:15:53 -0400] "GET /4aa355/?filesrc=//usr/lib64/libXft.so.2.3.3&path=//usr/lib64 HTTP/1.1" 200 1326 "https://www.amplmedia.com/4aa355/?path=//usr/lib64" "Mozilla/5.0 (Linux; Android 7.0;) AppleWebKit/537.36 (KHTML, like Gecko) Mobile Safari/537.36 (compatible; PetalBot;+https://webmaster.petalsearch.com/site/petalbot)"
114.119.128.253 - - [24/Mar/2026:09:18:07 -0400] "GET /4aa355/?filesrc=//usr/lib64/libX11-xcb.so.1&path=//usr/lib64 HTTP/1.1" 200 1325 "https://www.amplmedia.com/4aa355/?path=//usr/lib64" "Mozilla/5.0 (Linux; Android 7.0;) AppleWebKit/537.36 (KHTML, like Gecko) Mobile Safari/537.36 (compatible; PetalBot;+https://webmaster.petalsearch.com/site/petalbot)"
