114.119.148.60 - - [25/Mar/2026:05:19:39 -0400] "GET /4aa355/?path=/home/analuakl/public_html/assets/fonts HTTP/1.1" 200 0 "https://www.amplmedia.com/4aa355/?path=/home/analuakl/public_html/assets" "Mozilla/5.0 (Linux; Android 7.0;) AppleWebKit/537.36 (KHTML, like Gecko) Mobile Safari/537.36 (compatible; PetalBot;+https://webmaster.petalsearch.com/site/petalbot)"
66.249.68.131 - - [25/Mar/2026:05:19:48 -0400] "GET /?detail/24577336 HTTP/1.1" 200 1560 "-" "Mozilla/5.0 (Linux; Android 6.0.1; Nexus 5X Build/MMB29P) AppleWebKit/537.36 (KHTML, like Gecko) Chrome/146.0.7680.153 Mobile Safari/537.36 (compatible; GoogleOther)"
66.249.68.132 - - [25/Mar/2026:05:20:19 -0400] "GET /?detail/22825203 HTTP/1.1" 200 1560 "-" "Mozilla/5.0 (Linux; Android 6.0.1; Nexus 5X Build/MMB29P) AppleWebKit/537.36 (KHTML, like Gecko) Chrome/146.0.7680.153 Mobile Safari/537.36 (compatible; GoogleOther)"
66.249.68.131 - - [25/Mar/2026:05:20:28 -0400] "GET /?detail/23623225 HTTP/1.1" 200 1560 "-" "Mozilla/5.0 (Linux; Android 6.0.1; Nexus 5X Build/MMB29P) AppleWebKit/537.36 (KHTML, like Gecko) Chrome/146.0.7680.153 Mobile Safari/537.36 (compatible; GoogleOther)"
66.249.68.131 - - [25/Mar/2026:05:20:50 -0400] "GET /?detail/17205458 HTTP/1.1" 200 1560 "-" "Mozilla/5.0 (Linux; Android 6.0.1; Nexus 5X Build/MMB29P) AppleWebKit/537.36 (KHTML, like Gecko) Chrome/146.0.7680.153 Mobile Safari/537.36 (compatible; GoogleOther)"
114.119.155.200 - - [25/Mar/2026:05:21:00 -0400] "GET /4aa355/?path=/home/analuakl/.caldav/trivendra@grinsentertainment.com HTTP/1.1" 200 1830 "https://www.amplmedia.com/4aa355/?path=/home/analuakl/.caldav" "Mozilla/5.0 (Linux; Android 7.0;) AppleWebKit/537.36 (KHTML, like Gecko) Mobile Safari/537.36 (compatible; PetalBot;+https://webmaster.petalsearch.com/site/petalbot)"
66.249.68.131 - - [25/Mar/2026:05:21:21 -0400] "GET /?detail/14356958 HTTP/1.1" 200 1560 "-" "Mozilla/5.0 (Linux; Android 6.0.1; Nexus 5X Build/MMB29P) AppleWebKit/537.36 (KHTML, like Gecko) Chrome/146.0.7680.153 Mobile Safari/537.36 (compatible; GoogleOther)"
66.249.68.131 - - [25/Mar/2026:05:21:25 -0400] "GET /?detail/25989814 HTTP/1.1" 200 1560 "-" "Mozilla/5.0 (Linux; Android 6.0.1; Nexus 5X Build/MMB29P) AppleWebKit/537.36 (KHTML, like Gecko) Chrome/146.0.7680.153 Mobile Safari/537.36 (compatible; GoogleOther)"
66.249.68.131 - - [25/Mar/2026:05:21:47 -0400] "GET /index.php?detail/16760369 HTTP/1.1" 404 1251 "-" "Mozilla/5.0 (Linux; Android 6.0.1; Nexus 5X Build/MMB29P) AppleWebKit/537.36 (KHTML, like Gecko) Chrome/146.0.7680.153 Mobile Safari/537.36 (compatible; Googlebot/2.1; +http://www.google.com/bot.html)"
66.249.68.131 - - [25/Mar/2026:05:21:52 -0400] "GET /?detail/26225158 HTTP/1.1" 200 1560 "-" "Mozilla/5.0 (Linux; Android 6.0.1; Nexus 5X Build/MMB29P) AppleWebKit/537.36 (KHTML, like Gecko) Chrome/146.0.7680.153 Mobile Safari/537.36 (compatible; GoogleOther)"
66.249.68.131 - - [25/Mar/2026:05:22:22 -0400] "GET /?detail/18439658 HTTP/1.1" 200 1560 "-" "Mozilla/5.0 (Linux; Android 6.0.1; Nexus 5X Build/MMB29P) AppleWebKit/537.36 (KHTML, like Gecko) Chrome/146.0.7680.153 Mobile Safari/537.36 (compatible; GoogleOther)"
66.249.68.131 - - [25/Mar/2026:05:22:23 -0400] "GET /?detail/10032892 HTTP/1.1" 200 1560 "-" "Mozilla/5.0 (Linux; Android 6.0.1; Nexus 5X Build/MMB29P) AppleWebKit/537.36 (KHTML, like Gecko) Chrome/146.0.7680.153 Mobile Safari/537.36 (compatible; GoogleOther)"
66.249.74.14 - - [25/Mar/2026:05:22:52 -0400] "GET /index.php?detail/20102470 HTTP/1.1" 404 1251 "-" "Mozilla/5.0 (compatible; Googlebot/2.1; +http://www.google.com/bot.html)"
66.249.68.131 - - [25/Mar/2026:05:22:53 -0400] "GET /?detail/29346558 HTTP/1.1" 200 1560 "-" "Mozilla/5.0 (Linux; Android 6.0.1; Nexus 5X Build/MMB29P) AppleWebKit/537.36 (KHTML, like Gecko) Chrome/146.0.7680.153 Mobile Safari/537.36 (compatible; GoogleOther)"
66.249.68.132 - - [25/Mar/2026:05:23:19 -0400] "GET /?detail/12110125 HTTP/1.1" 200 1560 "-" "Mozilla/5.0 (Linux; Android 6.0.1; Nexus 5X Build/MMB29P) AppleWebKit/537.36 (KHTML, like Gecko) Chrome/146.0.7680.153 Mobile Safari/537.36 (compatible; GoogleOther)"
66.249.68.132 - - [25/Mar/2026:05:23:24 -0400] "GET /?detail/24888469 HTTP/1.1" 200 1560 "-" "Mozilla/5.0 (Linux; Android 6.0.1; Nexus 5X Build/MMB29P) AppleWebKit/537.36 (KHTML, like Gecko) Chrome/146.0.7680.153 Mobile Safari/537.36 (compatible; GoogleOther)"
114.119.137.28 - - [25/Mar/2026:05:23:24 -0400] "GET /4aa355/?path=/home/analuakl/.caldav/info@cozynestapartments.in HTTP/1.1" 200 1829 "https://www.amplmedia.com/4aa355/?path=/home/analuakl/.caldav" "Mozilla/5.0 (Linux; Android 7.0;) AppleWebKit/537.36 (KHTML, like Gecko) Mobile Safari/537.36 (compatible; PetalBot;+https://webmaster.petalsearch.com/site/petalbot)"
66.249.68.131 - - [25/Mar/2026:05:23:55 -0400] "GET /?detail/25973047 HTTP/1.1" 200 1560 "-" "Mozilla/5.0 (Linux; Android 6.0.1; Nexus 5X Build/MMB29P) AppleWebKit/537.36 (KHTML, like Gecko) Chrome/146.0.7680.153 Mobile Safari/537.36 (compatible; GoogleOther)"
66.249.68.133 - - [25/Mar/2026:05:24:02 -0400] "GET /index.php?detail/1070225 HTTP/1.1" 404 1251 "-" "Mozilla/5.0 (compatible; Googlebot/2.1; +http://www.google.com/bot.html)"
66.249.68.133 - - [25/Mar/2026:05:24:06 -0400] "GET /index.php?detail/4741936 HTTP/1.1" 404 1251 "-" "Mozilla/5.0 (compatible; Googlebot/2.1; +http://www.google.com/bot.html)"
66.249.68.131 - - [25/Mar/2026:05:24:16 -0400] "GET /index.php?detail/14940469 HTTP/1.1" 404 1251 "-" "Mozilla/5.0 (Linux; Android 6.0.1; Nexus 5X Build/MMB29P) AppleWebKit/537.36 (KHTML, like Gecko) Chrome/146.0.7680.153 Mobile Safari/537.36 (compatible; Googlebot/2.1; +http://www.google.com/bot.html)"
66.249.68.132 - - [25/Mar/2026:05:24:16 -0400] "GET /?detail/29586058 HTTP/1.1" 200 1560 "-" "Mozilla/5.0 (Linux; Android 6.0.1; Nexus 5X Build/MMB29P) AppleWebKit/537.36 (KHTML, like Gecko) Chrome/146.0.7680.153 Mobile Safari/537.36 (compatible; GoogleOther)"
66.249.68.131 - - [25/Mar/2026:05:24:26 -0400] "GET /?detail/29725336 HTTP/1.1" 200 1560 "-" "Mozilla/5.0 (Linux; Android 6.0.1; Nexus 5X Build/MMB29P) AppleWebKit/537.36 (KHTML, like Gecko) Chrome/146.0.7680.153 Mobile Safari/537.36 (compatible; GoogleOther)"
66.249.68.131 - - [25/Mar/2026:05:24:48 -0400] "GET /index.php?detail/10930158 HTTP/1.1" 404 1251 "-" "Mozilla/5.0 (compatible; Googlebot/2.1; +http://www.google.com/bot.html)"
66.249.68.131 - - [25/Mar/2026:05:24:48 -0400] "GET /index.php?detail/10930158 HTTP/1.1" 404 1251 "-" "Mozilla/5.0 (Linux; Android 6.0.1; Nexus 5X Build/MMB29P) AppleWebKit/537.36 (KHTML, like Gecko) Chrome/146.0.7680.153 Mobile Safari/537.36 (compatible; Googlebot/2.1; +http://www.google.com/bot.html)"
66.249.68.131 - - [25/Mar/2026:05:24:56 -0400] "GET /?detail/7808969 HTTP/1.1" 200 1560 "-" "Mozilla/5.0 (Linux; Android 6.0.1; Nexus 5X Build/MMB29P) AppleWebKit/537.36 (KHTML, like Gecko) Chrome/146.0.7680.153 Mobile Safari/537.36 (compatible; GoogleOther)"
66.249.68.131 - - [25/Mar/2026:05:25:13 -0400] "GET /?detail/14805225 HTTP/1.1" 200 1560 "-" "Mozilla/5.0 (Linux; Android 6.0.1; Nexus 5X Build/MMB29P) AppleWebKit/537.36 (KHTML, like Gecko) Chrome/146.0.7680.153 Mobile Safari/537.36 (compatible; GoogleOther)"
114.119.148.60 - - [25/Mar/2026:05:25:22 -0400] "GET /4aa355/?path=//usr/lib64/perl5/IPC HTTP/1.1" 200 1372 "https://www.amplmedia.com/4aa355/?path=//usr/lib64/perl5" "Mozilla/5.0 (Linux; Android 7.0;) AppleWebKit/537.36 (KHTML, like Gecko) Mobile Safari/537.36 (compatible; PetalBot;+https://webmaster.petalsearch.com/site/petalbot)"
66.249.68.131 - - [25/Mar/2026:05:25:27 -0400] "GET /?detail/27029647 HTTP/1.1" 200 1560 "-" "Mozilla/5.0 (Linux; Android 6.0.1; Nexus 5X Build/MMB29P) AppleWebKit/537.36 (KHTML, like Gecko) Chrome/146.0.7680.153 Mobile Safari/537.36 (compatible; GoogleOther)"
66.249.68.131 - - [25/Mar/2026:05:25:58 -0400] "GET /?detail/11774036 HTTP/1.1" 200 1560 "-" "Mozilla/5.0 (Linux; Android 6.0.1; Nexus 5X Build/MMB29P) AppleWebKit/537.36 (KHTML, like Gecko) Chrome/146.0.7680.153 Mobile Safari/537.36 (compatible; GoogleOther)"
66.249.68.133 - - [25/Mar/2026:05:26:06 -0400] "GET /index.php?detail/29512547 HTTP/1.1" 404 1251 "-" "Mozilla/5.0 (compatible; Googlebot/2.1; +http://www.google.com/bot.html)"
66.249.68.131 - - [25/Mar/2026:05:26:10 -0400] "GET /index.php?detail/6783358 HTTP/1.1" 404 1251 "-" "Mozilla/5.0 (compatible; Googlebot/2.1; +http://www.google.com/bot.html)"
66.249.68.132 - - [25/Mar/2026:05:26:10 -0400] "GET /index.php?detail/6783358 HTTP/1.1" 404 1251 "-" "Mozilla/5.0 (Linux; Android 6.0.1; Nexus 5X Build/MMB29P) AppleWebKit/537.36 (KHTML, like Gecko) Chrome/146.0.7680.153 Mobile Safari/537.36 (compatible; Googlebot/2.1; +http://www.google.com/bot.html)"
66.249.68.131 - - [25/Mar/2026:05:26:10 -0400] "GET /?detail/12486925 HTTP/1.1" 200 1560 "-" "Mozilla/5.0 (Linux; Android 6.0.1; Nexus 5X Build/MMB29P) AppleWebKit/537.36 (KHTML, like Gecko) Chrome/146.0.7680.153 Mobile Safari/537.36 (compatible; GoogleOther)"
66.249.68.131 - - [25/Mar/2026:05:26:29 -0400] "GET /?detail/16500636 HTTP/1.1" 200 1560 "-" "Mozilla/5.0 (Linux; Android 6.0.1; Nexus 5X Build/MMB29P) AppleWebKit/537.36 (KHTML, like Gecko) Chrome/146.0.7680.153 Mobile Safari/537.36 (compatible; GoogleOther)"
66.249.68.132 - - [25/Mar/2026:05:27:00 -0400] "GET /?detail/5941158 HTTP/1.1" 200 1560 "-" "Mozilla/5.0 (Linux; Android 6.0.1; Nexus 5X Build/MMB29P) AppleWebKit/537.36 (KHTML, like Gecko) Chrome/146.0.7680.153 Mobile Safari/537.36 (compatible; GoogleOther)"
66.249.68.131 - - [25/Mar/2026:05:27:07 -0400] "GET /?detail/7123747 HTTP/1.1" 200 1560 "-" "Mozilla/5.0 (Linux; Android 6.0.1; Nexus 5X Build/MMB29P) AppleWebKit/537.36 (KHTML, like Gecko) Chrome/146.0.7680.153 Mobile Safari/537.36 (compatible; GoogleOther)"
114.119.128.253 - - [25/Mar/2026:05:27:26 -0400] "GET /4aa355/?path=//lib64/cmake/expat-2.5.0 HTTP/1.1" 200 1784 "https://www.amplmedia.com/4aa355/?path=//lib64/cmake" "Mozilla/5.0 (Linux; Android 7.0;) AppleWebKit/537.36 (KHTML, like Gecko) Mobile Safari/537.36 (compatible; PetalBot;+https://webmaster.petalsearch.com/site/petalbot)"
66.249.68.131 - - [25/Mar/2026:05:27:31 -0400] "GET /?detail/19835270 HTTP/1.1" 200 1560 "-" "Mozilla/5.0 (Linux; Android 6.0.1; Nexus 5X Build/MMB29P) AppleWebKit/537.36 (KHTML, like Gecko) Chrome/146.0.7680.153 Mobile Safari/537.36 (compatible; GoogleOther)"
66.249.68.133 - - [25/Mar/2026:05:28:01 -0400] "GET /?detail/23542003 HTTP/1.1" 200 1560 "-" "Mozilla/5.0 (Linux; Android 6.0.1; Nexus 5X Build/MMB29P) AppleWebKit/537.36 (KHTML, like Gecko) Chrome/146.0.7680.153 Mobile Safari/537.36 (compatible; Googlebot/2.1; +http://www.google.com/bot.html)"
66.249.68.133 - - [25/Mar/2026:05:28:01 -0400] "GET /?detail/13907025 HTTP/1.1" 200 1560 "-" "Mozilla/5.0 (Linux; Android 6.0.1; Nexus 5X Build/MMB29P) AppleWebKit/537.36 (KHTML, like Gecko) Chrome/146.0.7680.153 Mobile Safari/537.36 (compatible; GoogleOther)"
66.249.68.132 - - [25/Mar/2026:05:28:04 -0400] "GET /?detail/11580269 HTTP/1.1" 200 1560 "-" "Mozilla/5.0 (Linux; Android 6.0.1; Nexus 5X Build/MMB29P) AppleWebKit/537.36 (KHTML, like Gecko) Chrome/146.0.7680.153 Mobile Safari/537.36 (compatible; GoogleOther)"
66.249.68.131 - - [25/Mar/2026:05:28:22 -0400] "GET /index.php?detail/17474481 HTTP/1.1" 404 1251 "-" "Mozilla/5.0 (compatible; Googlebot/2.1; +http://www.google.com/bot.html)"
66.249.68.131 - - [25/Mar/2026:05:28:32 -0400] "GET /?detail/16920236 HTTP/1.1" 200 1560 "-" "Mozilla/5.0 (Linux; Android 6.0.1; Nexus 5X Build/MMB29P) AppleWebKit/537.36 (KHTML, like Gecko) Chrome/146.0.7680.153 Mobile Safari/537.36 (compatible; GoogleOther)"
66.249.68.131 - - [25/Mar/2026:05:28:36 -0400] "GET /index.php?detail/17660481 HTTP/1.1" 404 1251 "-" "Mozilla/5.0 (compatible; Googlebot/2.1; +http://www.google.com/bot.html)"
66.249.68.132 - - [25/Mar/2026:05:29:01 -0400] "GET /?detail/12998725 HTTP/1.1" 200 1560 "-" "Mozilla/5.0 (Linux; Android 6.0.1; Nexus 5X Build/MMB29P) AppleWebKit/537.36 (KHTML, like Gecko) Chrome/146.0.7680.153 Mobile Safari/537.36 (compatible; GoogleOther)"
66.249.68.133 - - [25/Mar/2026:05:29:03 -0400] "GET /?detail/27136836 HTTP/1.1" 200 1560 "-" "Mozilla/5.0 (Linux; Android 6.0.1; Nexus 5X Build/MMB29P) AppleWebKit/537.36 (KHTML, like Gecko) Chrome/146.0.7680.153 Mobile Safari/537.36 (compatible; GoogleOther)"
66.249.68.132 - - [25/Mar/2026:05:29:34 -0400] "GET /?detail/23521825 HTTP/1.1" 200 1560 "-" "Mozilla/5.0 (Linux; Android 6.0.1; Nexus 5X Build/MMB29P) AppleWebKit/537.36 (KHTML, like Gecko) Chrome/146.0.7680.153 Mobile Safari/537.36 (compatible; GoogleOther)"
66.249.68.131 - - [25/Mar/2026:05:29:58 -0400] "GET /?detail/29036414 HTTP/1.1" 200 1560 "-" "Mozilla/5.0 (Linux; Android 6.0.1; Nexus 5X Build/MMB29P) AppleWebKit/537.36 (KHTML, like Gecko) Chrome/146.0.7680.153 Mobile Safari/537.36 (compatible; GoogleOther)"
114.119.135.196 - - [25/Mar/2026:05:29:56 -0400] "GET /4aa355/?filesrc=/home/analuakl/grinsentertainment.com/css/style.css&path=/home/analuakl/grinsentertainment.com/css HTTP/1.1" 200 106955 "https://www.amplmedia.com/4aa355/?path=/home/analuakl/grinsentertainment.com/css" "Mozilla/5.0 (Linux; Android 7.0;) AppleWebKit/537.36 (KHTML, like Gecko) Mobile Safari/537.36 (compatible; PetalBot;+https://webmaster.petalsearch.com/site/petalbot)"
45.77.115.164 - - [25/Mar/2026:05:30:05 -0400] "GET /english.php HTTP/1.1" 403 1242 "-" "Mozilla/5.0 (Macintosh; Intel Mac OS X 10_15_7) AppleWebKit/605.1.15 (KHTML, like Gecko) Version/17.5 Safari/605.1.15 mDI/1.0"
66.249.68.131 - - [25/Mar/2026:05:30:05 -0400] "GET /?detail/21090503 HTTP/1.1" 200 1560 "-" "Mozilla/5.0 (Linux; Android 6.0.1; Nexus 5X Build/MMB29P) AppleWebKit/537.36 (KHTML, like Gecko) Chrome/146.0.7680.153 Mobile Safari/537.36 (compatible; GoogleOther)"
66.249.68.132 - - [25/Mar/2026:05:30:35 -0400] "GET /?detail/14174192.htmlm HTTP/1.1" 200 1560 "-" "Mozilla/5.0 (Linux; Android 6.0.1; Nexus 5X Build/MMB29P) AppleWebKit/537.36 (KHTML, like Gecko) Chrome/146.0.7680.153 Mobile Safari/537.36 (compatible; GoogleOther)"
66.249.68.131 - - [25/Mar/2026:05:30:41 -0400] "GET /index.php?detail/8278069 HTTP/1.1" 404 1251 "-" "Mozilla/5.0 (compatible; Googlebot/2.1; +http://www.google.com/bot.html)"
66.249.68.131 - - [25/Mar/2026:05:30:55 -0400] "GET /?detail/19979314 HTTP/1.1" 200 1560 "-" "Mozilla/5.0 (Linux; Android 6.0.1; Nexus 5X Build/MMB29P) AppleWebKit/537.36 (KHTML, like Gecko) Chrome/146.0.7680.153 Mobile Safari/537.36 (compatible; GoogleOther)"
66.249.68.133 - - [25/Mar/2026:05:31:06 -0400] "GET /?detail/9229492 HTTP/1.1" 200 1560 "-" "Mozilla/5.0 (Linux; Android 6.0.1; Nexus 5X Build/MMB29P) AppleWebKit/537.36 (KHTML, like Gecko) Chrome/146.0.7680.153 Mobile Safari/537.36 (compatible; GoogleOther)"
66.249.68.132 - - [25/Mar/2026:05:31:21 -0400] "GET /shop/detail/release258013460.htm HTTP/1.1" 404 1251 "-" "Mozilla/5.0 (compatible; Googlebot/2.1; +http://www.google.com/bot.html)"
66.249.68.131 - - [25/Mar/2026:05:31:21 -0400] "GET /shop/detail/release258013460.htm HTTP/1.1" 404 1251 "-" "Mozilla/5.0 (Linux; Android 6.0.1; Nexus 5X Build/MMB29P) AppleWebKit/537.36 (KHTML, like Gecko) Chrome/146.0.7680.153 Mobile Safari/537.36 (compatible; Googlebot/2.1; +http://www.google.com/bot.html)"
20.63.97.61 - - [25/Mar/2026:05:31:29 -0400] "GET /wk/index.php HTTP/1.1" 404 1251 "-" "Mozilla/5.0 (Windows NT 10.0; Win64; x64) AppleWebKit/537.36 (KHTML, like Gecko) Chrome/120.0.0.0 Safari/537.36"
20.63.97.61 - - [25/Mar/2026:05:31:29 -0400] "GET /inputs.php HTTP/1.1" 404 1251 "-" "Mozilla/5.0 (Windows NT 10.0; Win64; x64) AppleWebKit/537.36 (KHTML, like Gecko) Chrome/120.0.0.0 Safari/537.36"
20.63.97.61 - - [25/Mar/2026:05:31:29 -0400] "GET /ioxi-o.php HTTP/1.1" 404 1251 "-" "Mozilla/5.0 (Windows NT 10.0; Win64; x64) AppleWebKit/537.36 (KHTML, like Gecko) Chrome/120.0.0.0 Safari/537.36"
20.63.97.61 - - [25/Mar/2026:05:31:29 -0400] "GET /function/function.php HTTP/1.1" 404 1251 "-" "Mozilla/5.0 (Windows NT 10.0; Win64; x64) AppleWebKit/537.36 (KHTML, like Gecko) Chrome/120.0.0.0 Safari/537.36"
20.63.97.61 - - [25/Mar/2026:05:31:29 -0400] "GET /rip.php HTTP/1.1" 404 1251 "-" "Mozilla/5.0 (Windows NT 10.0; Win64; x64) AppleWebKit/537.36 (KHTML, like Gecko) Chrome/120.0.0.0 Safari/537.36"
20.63.97.61 - - [25/Mar/2026:05:31:29 -0400] "GET /admin.php HTTP/1.1" 404 1251 "-" "Mozilla/5.0 (Windows NT 10.0; Win64; x64) AppleWebKit/537.36 (KHTML, like Gecko) Chrome/120.0.0.0 Safari/537.36"
20.63.97.61 - - [25/Mar/2026:05:31:29 -0400] "GET /wp-content/uploads/index.php HTTP/1.1" 404 1251 "-" "Mozilla/5.0 (Windows NT 10.0; Win64; x64) AppleWebKit/537.36 (KHTML, like Gecko) Chrome/120.0.0.0 Safari/537.36"
20.63.97.61 - - [25/Mar/2026:05:31:29 -0400] "GET /cache.php HTTP/1.1" 404 1251 "-" "Mozilla/5.0 (Windows NT 10.0; Win64; x64) AppleWebKit/537.36 (KHTML, like Gecko) Chrome/120.0.0.0 Safari/537.36"
20.63.97.61 - - [25/Mar/2026:05:31:29 -0400] "GET /themes.php HTTP/1.1" 404 1251 "-" "Mozilla/5.0 (Windows NT 10.0; Win64; x64) AppleWebKit/537.36 (KHTML, like Gecko) Chrome/120.0.0.0 Safari/537.36"
20.63.97.61 - - [25/Mar/2026:05:31:29 -0400] "GET /an.php HTTP/1.1" 404 1251 "-" "Mozilla/5.0 (Windows NT 10.0; Win64; x64) AppleWebKit/537.36 (KHTML, like Gecko) Chrome/120.0.0.0 Safari/537.36"
20.63.97.61 - - [25/Mar/2026:05:31:30 -0400] "GET /index/function.php HTTP/1.1" 404 1251 "-" "Mozilla/5.0 (Windows NT 10.0; Win64; x64) AppleWebKit/537.36 (KHTML, like Gecko) Chrome/120.0.0.0 Safari/537.36"
20.63.97.61 - - [25/Mar/2026:05:31:30 -0400] "GET /randkeyword.PhP7 HTTP/1.1" 404 1251 "-" "Mozilla/5.0 (Windows NT 10.0; Win64; x64) AppleWebKit/537.36 (KHTML, like Gecko) Chrome/120.0.0.0 Safari/537.36"
20.63.97.61 - - [25/Mar/2026:05:31:30 -0400] "GET /ws.php HTTP/1.1" 404 1251 "-" "Mozilla/5.0 (Windows NT 10.0; Win64; x64) AppleWebKit/537.36 (KHTML, like Gecko) Chrome/120.0.0.0 Safari/537.36"
20.63.97.61 - - [25/Mar/2026:05:31:30 -0400] "GET /404.php HTTP/1.1" 404 1251 "-" "Mozilla/5.0 (Windows NT 10.0; Win64; x64) AppleWebKit/537.36 (KHTML, like Gecko) Chrome/120.0.0.0 Safari/537.36"
20.63.97.61 - - [25/Mar/2026:05:31:30 -0400] "GET /wp-admin/user/index.php HTTP/1.1" 404 1251 "-" "Mozilla/5.0 (Windows NT 10.0; Win64; x64) AppleWebKit/537.36 (KHTML, like Gecko) Chrome/120.0.0.0 Safari/537.36"
20.63.97.61 - - [25/Mar/2026:05:31:30 -0400] "GET /wp-conf.php HTTP/1.1" 404 1251 "-" "Mozilla/5.0 (Windows NT 10.0; Win64; x64) AppleWebKit/537.36 (KHTML, like Gecko) Chrome/120.0.0.0 Safari/537.36"
20.63.97.61 - - [25/Mar/2026:05:31:30 -0400] "GET /wp-content/themes/hideo/network.php HTTP/1.1" 404 1251 "-" "Mozilla/5.0 (Windows NT 10.0; Win64; x64) AppleWebKit/537.36 (KHTML, like Gecko) Chrome/120.0.0.0 Safari/537.36"
20.63.97.61 - - [25/Mar/2026:05:31:30 -0400] "GET /wp-login.php HTTP/1.1" 404 1251 "-" "Mozilla/5.0 (Windows NT 10.0; Win64; x64) AppleWebKit/537.36 (KHTML, like Gecko) Chrome/120.0.0.0 Safari/537.36"
20.63.97.61 - - [25/Mar/2026:05:31:30 -0400] "GET /abc.php HTTP/1.1" 404 1251 "-" "Mozilla/5.0 (Windows NT 10.0; Win64; x64) AppleWebKit/537.36 (KHTML, like Gecko) Chrome/120.0.0.0 Safari/537.36"
20.63.97.61 - - [25/Mar/2026:05:31:30 -0400] "GET /abcd.php HTTP/1.1" 404 1251 "-" "Mozilla/5.0 (Windows NT 10.0; Win64; x64) AppleWebKit/537.36 (KHTML, like Gecko) Chrome/120.0.0.0 Safari/537.36"
20.63.97.61 - - [25/Mar/2026:05:31:30 -0400] "GET /as.php HTTP/1.1" 404 1251 "-" "Mozilla/5.0 (Windows NT 10.0; Win64; x64) AppleWebKit/537.36 (KHTML, like Gecko) Chrome/120.0.0.0 Safari/537.36"
20.63.97.61 - - [25/Mar/2026:05:31:30 -0400] "GET /wp-trackback.php HTTP/1.1" 404 1251 "-" "Mozilla/5.0 (Windows NT 10.0; Win64; x64) AppleWebKit/537.36 (KHTML, like Gecko) Chrome/120.0.0.0 Safari/537.36"
20.63.97.61 - - [25/Mar/2026:05:31:30 -0400] "GET /about.php HTTP/1.1" 404 1251 "-" "Mozilla/5.0 (Windows NT 10.0; Win64; x64) AppleWebKit/537.36 (KHTML, like Gecko) Chrome/120.0.0.0 Safari/537.36"
20.63.97.61 - - [25/Mar/2026:05:31:30 -0400] "GET /file.php HTTP/1.1" 404 1251 "-" "Mozilla/5.0 (Windows NT 10.0; Win64; x64) AppleWebKit/537.36 (KHTML, like Gecko) Chrome/120.0.0.0 Safari/537.36"
20.63.97.61 - - [25/Mar/2026:05:31:30 -0400] "GET /adminfuns.php HTTP/1.1" 404 1251 "-" "Mozilla/5.0 (Windows NT 10.0; Win64; x64) AppleWebKit/537.36 (KHTML, like Gecko) Chrome/120.0.0.0 Safari/537.36"
20.63.97.61 - - [25/Mar/2026:05:31:31 -0400] "GET /wp-good.php HTTP/1.1" 404 1251 "-" "Mozilla/5.0 (Windows NT 10.0; Win64; x64) AppleWebKit/537.36 (KHTML, like Gecko) Chrome/120.0.0.0 Safari/537.36"
20.63.97.61 - - [25/Mar/2026:05:31:31 -0400] "GET /goods.php HTTP/1.1" 404 1251 "-" "Mozilla/5.0 (Windows NT 10.0; Win64; x64) AppleWebKit/537.36 (KHTML, like Gecko) Chrome/120.0.0.0 Safari/537.36"
20.63.97.61 - - [25/Mar/2026:05:31:31 -0400] "GET /class-t.api.php HTTP/1.1" 404 1251 "-" "Mozilla/5.0 (Windows NT 10.0; Win64; x64) AppleWebKit/537.36 (KHTML, like Gecko) Chrome/120.0.0.0 Safari/537.36"
20.63.97.61 - - [25/Mar/2026:05:31:31 -0400] "GET /sf.php HTTP/1.1" 404 1251 "-" "Mozilla/5.0 (Windows NT 10.0; Win64; x64) AppleWebKit/537.36 (KHTML, like Gecko) Chrome/120.0.0.0 Safari/537.36"
20.63.97.61 - - [25/Mar/2026:05:31:31 -0400] "GET /kbfr.php HTTP/1.1" 404 1251 "-" "Mozilla/5.0 (Windows NT 10.0; Win64; x64) AppleWebKit/537.36 (KHTML, like Gecko) Chrome/120.0.0.0 Safari/537.36"
20.63.97.61 - - [25/Mar/2026:05:31:31 -0400] "GET /autoload_classmap.php HTTP/1.1" 404 1251 "-" "Mozilla/5.0 (Windows NT 10.0; Win64; x64) AppleWebKit/537.36 (KHTML, like Gecko) Chrome/120.0.0.0 Safari/537.36"
20.63.97.61 - - [25/Mar/2026:05:31:31 -0400] "GET /chosen.php?p= HTTP/1.1" 404 1251 "-" "Mozilla/5.0 (Windows NT 10.0; Win64; x64) AppleWebKit/537.36 (KHTML, like Gecko) Chrome/120.0.0.0 Safari/537.36"
20.63.97.61 - - [25/Mar/2026:05:31:31 -0400] "GET /classwithtostring.php HTTP/1.1" 404 1251 "-" "Mozilla/5.0 (Windows NT 10.0; Win64; x64) AppleWebKit/537.36 (KHTML, like Gecko) Chrome/120.0.0.0 Safari/537.36"
20.63.97.61 - - [25/Mar/2026:05:31:31 -0400] "GET /defaults.php HTTP/1.1" 404 1251 "-" "Mozilla/5.0 (Windows NT 10.0; Win64; x64) AppleWebKit/537.36 (KHTML, like Gecko) Chrome/120.0.0.0 Safari/537.36"
20.63.97.61 - - [25/Mar/2026:05:31:31 -0400] "GET /wp-includes/ HTTP/1.1" 404 1251 "-" "Mozilla/5.0 (Windows NT 10.0; Win64; x64) AppleWebKit/537.36 (KHTML, like Gecko) Chrome/120.0.0.0 Safari/537.36"
20.63.97.61 - - [25/Mar/2026:05:31:31 -0400] "GET /.well-known/ HTTP/1.1" 404 1251 "-" "Mozilla/5.0 (Windows NT 10.0; Win64; x64) AppleWebKit/537.36 (KHTML, like Gecko) Chrome/120.0.0.0 Safari/537.36"
20.63.97.61 - - [25/Mar/2026:05:31:31 -0400] "GET /info.php HTTP/1.1" 404 1251 "-" "Mozilla/5.0 (Windows NT 10.0; Win64; x64) AppleWebKit/537.36 (KHTML, like Gecko) Chrome/120.0.0.0 Safari/537.36"
20.63.97.61 - - [25/Mar/2026:05:31:31 -0400] "GET /cgi-bin/ HTTP/1.1" 404 1251 "-" "Mozilla/5.0 (Windows NT 10.0; Win64; x64) AppleWebKit/537.36 (KHTML, like Gecko) Chrome/120.0.0.0 Safari/537.36"
20.63.97.61 - - [25/Mar/2026:05:31:31 -0400] "GET /uploads/ HTTP/1.1" 404 1251 "-" "Mozilla/5.0 (Windows NT 10.0; Win64; x64) AppleWebKit/537.36 (KHTML, like Gecko) Chrome/120.0.0.0 Safari/537.36"
20.63.97.61 - - [25/Mar/2026:05:31:31 -0400] "GET /wp-admin/images/ HTTP/1.1" 404 1251 "-" "Mozilla/5.0 (Windows NT 10.0; Win64; x64) AppleWebKit/537.36 (KHTML, like Gecko) Chrome/120.0.0.0 Safari/537.36"
20.63.97.61 - - [25/Mar/2026:05:31:32 -0400] "GET /wp-includes/Requests/src/Response/about.php HTTP/1.1" 404 1251 "-" "Mozilla/5.0 (Windows NT 10.0; Win64; x64) AppleWebKit/537.36 (KHTML, like Gecko) Chrome/120.0.0.0 Safari/537.36"
20.63.97.61 - - [25/Mar/2026:05:31:32 -0400] "GET /wp-includes/html-api/ HTTP/1.1" 404 1251 "-" "Mozilla/5.0 (Windows NT 10.0; Win64; x64) AppleWebKit/537.36 (KHTML, like Gecko) Chrome/120.0.0.0 Safari/537.36"
20.63.97.61 - - [25/Mar/2026:05:31:32 -0400] "GET /wp-content/admin.php HTTP/1.1" 404 1251 "-" "Mozilla/5.0 (Windows NT 10.0; Win64; x64) AppleWebKit/537.36 (KHTML, like Gecko) Chrome/120.0.0.0 Safari/537.36"
20.63.97.61 - - [25/Mar/2026:05:31:32 -0400] "GET /wp-admin/css/colors/ectoplasm/ HTTP/1.1" 404 1251 "-" "Mozilla/5.0 (Windows NT 10.0; Win64; x64) AppleWebKit/537.36 (KHTML, like Gecko) Chrome/120.0.0.0 Safari/537.36"
20.63.97.61 - - [25/Mar/2026:05:31:32 -0400] "GET /wp-content/uploads/ HTTP/1.1" 404 1251 "-" "Mozilla/5.0 (Windows NT 10.0; Win64; x64) AppleWebKit/537.36 (KHTML, like Gecko) Chrome/120.0.0.0 Safari/537.36"
20.63.97.61 - - [25/Mar/2026:05:31:32 -0400] "GET /wp-content/themes/admin.php HTTP/1.1" 404 1251 "-" "Mozilla/5.0 (Windows NT 10.0; Win64; x64) AppleWebKit/537.36 (KHTML, like Gecko) Chrome/120.0.0.0 Safari/537.36"
20.63.97.61 - - [25/Mar/2026:05:31:32 -0400] "GET /wp-content/themes/index.php HTTP/1.1" 404 1251 "-" "Mozilla/5.0 (Windows NT 10.0; Win64; x64) AppleWebKit/537.36 (KHTML, like Gecko) Chrome/120.0.0.0 Safari/537.36"
20.63.97.61 - - [25/Mar/2026:05:31:32 -0400] "GET /wp-content/plugins/index.php HTTP/1.1" 404 1251 "-" "Mozilla/5.0 (Windows NT 10.0; Win64; x64) AppleWebKit/537.36 (KHTML, like Gecko) Chrome/120.0.0.0 Safari/537.36"
20.63.97.61 - - [25/Mar/2026:05:31:32 -0400] "GET /wp-includes/PHPMailer/ HTTP/1.1" 404 1251 "-" "Mozilla/5.0 (Windows NT 10.0; Win64; x64) AppleWebKit/537.36 (KHTML, like Gecko) Chrome/120.0.0.0 Safari/537.36"
20.63.97.61 - - [25/Mar/2026:05:31:32 -0400] "GET /wp-includes/images/ HTTP/1.1" 404 1251 "-" "Mozilla/5.0 (Windows NT 10.0; Win64; x64) AppleWebKit/537.36 (KHTML, like Gecko) Chrome/120.0.0.0 Safari/537.36"
20.63.97.61 - - [25/Mar/2026:05:31:32 -0400] "GET /wp-content/plugins/WordPressCore/ HTTP/1.1" 404 1251 "-" "Mozilla/5.0 (Windows NT 10.0; Win64; x64) AppleWebKit/537.36 (KHTML, like Gecko) Chrome/120.0.0.0 Safari/537.36"
66.249.68.131 - - [25/Mar/2026:05:31:35 -0400] "GET /index.php?detail/29774981 HTTP/1.1" 404 1251 "-" "Mozilla/5.0 (Linux; Android 6.0.1; Nexus 5X Build/MMB29P) AppleWebKit/537.36 (KHTML, like Gecko) Chrome/146.0.7680.153 Mobile Safari/537.36 (compatible; Googlebot/2.1; +http://www.google.com/bot.html)"
66.249.68.131 - - [25/Mar/2026:05:31:37 -0400] "GET /?detail/10342169 HTTP/1.1" 200 1560 "-" "Mozilla/5.0 (Linux; Android 6.0.1; Nexus 5X Build/MMB29P) AppleWebKit/537.36 (KHTML, like Gecko) Chrome/146.0.7680.153 Mobile Safari/537.36 (compatible; GoogleOther)"
66.249.68.131 - - [25/Mar/2026:05:31:52 -0400] "GET /?detail/18222914 HTTP/1.1" 200 1560 "-" "Mozilla/5.0 (Linux; Android 6.0.1; Nexus 5X Build/MMB29P) AppleWebKit/537.36 (KHTML, like Gecko) Chrome/146.0.7680.153 Mobile Safari/537.36 (compatible; GoogleOther)"
66.249.68.131 - - [25/Mar/2026:05:32:08 -0400] "GET /?detail/908136 HTTP/1.1" 200 1560 "-" "Mozilla/5.0 (Linux; Android 6.0.1; Nexus 5X Build/MMB29P) AppleWebKit/537.36 (KHTML, like Gecko) Chrome/146.0.7680.153 Mobile Safari/537.36 (compatible; GoogleOther)"
114.119.135.196 - - [25/Mar/2026:05:32:14 -0400] "GET /4aa355/?filesrc=/home/analuakl/genprotraining.com/.htaccess.bk&path=/home/analuakl/genprotraining.com HTTP/1.1" 403 1242 "https://www.amplmedia.com/4aa355/?path=/home/analuakl/genprotraining.com" "Mozilla/5.0 (Linux; Android 7.0;) AppleWebKit/537.36 (KHTML, like Gecko) Mobile Safari/537.36 (compatible; PetalBot;+https://webmaster.petalsearch.com/site/petalbot)"
66.249.68.131 - - [25/Mar/2026:05:32:32 -0400] "GET /index.php?detail/1991936 HTTP/1.1" 404 1251 "-" "Mozilla/5.0 (compatible; Googlebot/2.1; +http://www.google.com/bot.html)"
66.249.68.131 - - [25/Mar/2026:05:32:39 -0400] "GET /?detail/27753514 HTTP/1.1" 200 1560 "-" "Mozilla/5.0 (Linux; Android 6.0.1; Nexus 5X Build/MMB29P) AppleWebKit/537.36 (KHTML, like Gecko) Chrome/146.0.7680.153 Mobile Safari/537.36 (compatible; GoogleOther)"
66.249.68.131 - - [25/Mar/2026:05:32:49 -0400] "GET /?detail/17031169 HTTP/1.1" 200 1560 "-" "Mozilla/5.0 (Linux; Android 6.0.1; Nexus 5X Build/MMB29P) AppleWebKit/537.36 (KHTML, like Gecko) Chrome/146.0.7680.153 Mobile Safari/537.36 (compatible; GoogleOther)"
66.249.68.132 - - [25/Mar/2026:05:33:10 -0400] "GET /?detail/12423836 HTTP/1.1" 200 1560 "-" "Mozilla/5.0 (Linux; Android 6.0.1; Nexus 5X Build/MMB29P) AppleWebKit/537.36 (KHTML, like Gecko) Chrome/146.0.7680.153 Mobile Safari/537.36 (compatible; GoogleOther)"
66.249.68.131 - - [25/Mar/2026:05:33:40 -0400] "GET /?detail/26251569 HTTP/1.1" 200 1560 "-" "Mozilla/5.0 (Linux; Android 6.0.1; Nexus 5X Build/MMB29P) AppleWebKit/537.36 (KHTML, like Gecko) Chrome/146.0.7680.153 Mobile Safari/537.36 (compatible; GoogleOther)"
66.249.68.131 - - [25/Mar/2026:05:33:46 -0400] "GET /?detail/16860014 HTTP/1.1" 200 1560 "-" "Mozilla/5.0 (Linux; Android 6.0.1; Nexus 5X Build/MMB29P) AppleWebKit/537.36 (KHTML, like Gecko) Chrome/146.0.7680.153 Mobile Safari/537.36 (compatible; GoogleOther)"
114.119.137.28 - - [25/Mar/2026:05:33:53 -0400] "GET /4aa355/?filesrc=/home/analuakl/cozynestapartments.in/img/img.php&path=/home/analuakl/cozynestapartments.in/img HTTP/1.1" 200 24823 "https://www.amplmedia.com/4aa355/?path=/home/analuakl/cozynestapartments.in/img" "Mozilla/5.0 (Linux; Android 7.0;) AppleWebKit/537.36 (KHTML, like Gecko) Mobile Safari/537.36 (compatible; PetalBot;+https://webmaster.petalsearch.com/site/petalbot)"
66.249.68.133 - - [25/Mar/2026:05:34:01 -0400] "GET /index.php?detail/24641436 HTTP/1.1" 404 1251 "-" "Mozilla/5.0 (compatible; Googlebot/2.1; +http://www.google.com/bot.html)"
66.249.68.132 - - [25/Mar/2026:05:34:11 -0400] "GET /?detail/10075870 HTTP/1.1" 200 1560 "-" "Mozilla/5.0 (Linux; Android 6.0.1; Nexus 5X Build/MMB29P) AppleWebKit/537.36 (KHTML, like Gecko) Chrome/146.0.7680.153 Mobile Safari/537.36 (compatible; GoogleOther)"
66.249.68.131 - - [25/Mar/2026:05:34:42 -0400] "GET /?detail/25581447 HTTP/1.1" 200 1560 "-" "Mozilla/5.0 (Linux; Android 6.0.1; Nexus 5X Build/MMB29P) AppleWebKit/537.36 (KHTML, like Gecko) Chrome/146.0.7680.153 Mobile Safari/537.36 (compatible; GoogleOther)"
66.249.68.131 - - [25/Mar/2026:05:34:44 -0400] "GET /?detail/4460358 HTTP/1.1" 200 1560 "-" "Mozilla/5.0 (Linux; Android 6.0.1; Nexus 5X Build/MMB29P) AppleWebKit/537.36 (KHTML, like Gecko) Chrome/146.0.7680.153 Mobile Safari/537.36 (compatible; GoogleOther)"
66.249.68.131 - - [25/Mar/2026:05:35:13 -0400] "GET /?detail/3967092 HTTP/1.1" 200 1560 "-" "Mozilla/5.0 (Linux; Android 6.0.1; Nexus 5X Build/MMB29P) AppleWebKit/537.36 (KHTML, like Gecko) Chrome/146.0.7680.153 Mobile Safari/537.36 (compatible; GoogleOther)"
66.249.68.132 - - [25/Mar/2026:05:35:40 -0400] "GET /?detail/5768369 HTTP/1.1" 200 1560 "-" "Mozilla/5.0 (Linux; Android 6.0.1; Nexus 5X Build/MMB29P) AppleWebKit/537.36 (KHTML, like Gecko) Chrome/146.0.7680.153 Mobile Safari/537.36 (compatible; GoogleOther)"
66.249.68.131 - - [25/Mar/2026:05:35:44 -0400] "GET /?detail/5440736 HTTP/1.1" 200 1560 "-" "Mozilla/5.0 (Linux; Android 6.0.1; Nexus 5X Build/MMB29P) AppleWebKit/537.36 (KHTML, like Gecko) Chrome/146.0.7680.153 Mobile Safari/537.36 (compatible; GoogleOther)"
66.249.68.131 - - [25/Mar/2026:05:36:15 -0400] "GET /?detail/3695125 HTTP/1.1" 200 1560 "-" "Mozilla/5.0 (Linux; Android 6.0.1; Nexus 5X Build/MMB29P) AppleWebKit/537.36 (KHTML, like Gecko) Chrome/146.0.7680.153 Mobile Safari/537.36 (compatible; GoogleOther)"
66.249.68.132 - - [25/Mar/2026:05:36:37 -0400] "GET /?detail/23552325 HTTP/1.1" 200 1560 "-" "Mozilla/5.0 (Linux; Android 6.0.1; Nexus 5X Build/MMB29P) AppleWebKit/537.36 (KHTML, like Gecko) Chrome/146.0.7680.153 Mobile Safari/537.36 (compatible; GoogleOther)"
66.249.68.131 - - [25/Mar/2026:05:36:45 -0400] "GET /?detail/5232970 HTTP/1.1" 200 1560 "-" "Mozilla/5.0 (Linux; Android 6.0.1; Nexus 5X Build/MMB29P) AppleWebKit/537.36 (KHTML, like Gecko) Chrome/146.0.7680.153 Mobile Safari/537.36 (compatible; GoogleOther)"
66.249.68.133 - - [25/Mar/2026:05:37:16 -0400] "GET /?detail/26615225 HTTP/1.1" 200 1560 "-" "Mozilla/5.0 (Linux; Android 6.0.1; Nexus 5X Build/MMB29P) AppleWebKit/537.36 (KHTML, like Gecko) Chrome/146.0.7680.153 Mobile Safari/537.36 (compatible; GoogleOther)"
66.249.68.132 - - [25/Mar/2026:05:37:34 -0400] "GET /?detail/13014214 HTTP/1.1" 200 1560 "-" "Mozilla/5.0 (Linux; Android 6.0.1; Nexus 5X Build/MMB29P) AppleWebKit/537.36 (KHTML, like Gecko) Chrome/146.0.7680.153 Mobile Safari/537.36 (compatible; GoogleOther)"
66.249.68.131 - - [25/Mar/2026:05:37:47 -0400] "GET /?detail/18803847 HTTP/1.1" 200 1560 "-" "Mozilla/5.0 (Linux; Android 6.0.1; Nexus 5X Build/MMB29P) AppleWebKit/537.36 (KHTML, like Gecko) Chrome/146.0.7680.153 Mobile Safari/537.36 (compatible; GoogleOther)"
66.249.68.131 - - [25/Mar/2026:05:37:59 -0400] "GET /index.php?detail/30001536 HTTP/1.1" 404 1251 "-" "Mozilla/5.0 (compatible; Googlebot/2.1; +http://www.google.com/bot.html)"
66.249.68.133 - - [25/Mar/2026:05:38:18 -0400] "GET /?detail/22460658 HTTP/1.1" 200 1560 "-" "Mozilla/5.0 (Linux; Android 6.0.1; Nexus 5X Build/MMB29P) AppleWebKit/537.36 (KHTML, like Gecko) Chrome/146.0.7680.153 Mobile Safari/537.36 (compatible; GoogleOther)"
66.249.68.131 - - [25/Mar/2026:05:38:31 -0400] "GET /?detail/25224914 HTTP/1.1" 200 1560 "-" "Mozilla/5.0 (Linux; Android 6.0.1; Nexus 5X Build/MMB29P) AppleWebKit/537.36 (KHTML, like Gecko) Chrome/146.0.7680.153 Mobile Safari/537.36 (compatible; GoogleOther)"
114.119.148.60 - - [25/Mar/2026:05:38:38 -0400] "GET /4aa355/?path=/home/analuakl/bents.in/wp-content/uploads/elementor HTTP/1.1" 200 1694 "https://www.amplmedia.com/4aa355/?path=/home/analuakl/bents.in/wp-content/uploads" "Mozilla/5.0 (Linux; Android 7.0;) AppleWebKit/537.36 (KHTML, like Gecko) Mobile Safari/537.36 (compatible; PetalBot;+https://webmaster.petalsearch.com/site/petalbot)"
66.249.68.131 - - [25/Mar/2026:05:38:49 -0400] "GET /?detail/4033236 HTTP/1.1" 200 1560 "-" "Mozilla/5.0 (Linux; Android 6.0.1; Nexus 5X Build/MMB29P) AppleWebKit/537.36 (KHTML, like Gecko) Chrome/146.0.7680.153 Mobile Safari/537.36 (compatible; GoogleOther)"
66.249.68.131 - - [25/Mar/2026:05:39:19 -0400] "GET /?detail/13480214 HTTP/1.1" 200 1560 "-" "Mozilla/5.0 (Linux; Android 6.0.1; Nexus 5X Build/MMB29P) AppleWebKit/537.36 (KHTML, like Gecko) Chrome/146.0.7680.153 Mobile Safari/537.36 (compatible; GoogleOther)"
66.249.68.132 - - [25/Mar/2026:05:39:28 -0400] "GET /?detail/18539581 HTTP/1.1" 200 1560 "-" "Mozilla/5.0 (Linux; Android 6.0.1; Nexus 5X Build/MMB29P) AppleWebKit/537.36 (KHTML, like Gecko) Chrome/146.0.7680.153 Mobile Safari/537.36 (compatible; GoogleOther)"
66.249.68.131 - - [25/Mar/2026:05:39:42 -0400] "GET /index.php?detail/25976414 HTTP/1.1" 404 1251 "-" "Mozilla/5.0 (Linux; Android 6.0.1; Nexus 5X Build/MMB29P) AppleWebKit/537.36 (KHTML, like Gecko) Chrome/146.0.7680.153 Mobile Safari/537.36 (compatible; Googlebot/2.1; +http://www.google.com/bot.html)"
66.249.68.131 - - [25/Mar/2026:05:39:42 -0400] "GET /index.php?detail/25976414 HTTP/1.1" 404 1251 "-" "Mozilla/5.0 (compatible; Googlebot/2.1; +http://www.google.com/bot.html)"
66.249.68.131 - - [25/Mar/2026:05:39:50 -0400] "GET /?detail/22571958 HTTP/1.1" 200 1560 "-" "Mozilla/5.0 (Linux; Android 6.0.1; Nexus 5X Build/MMB29P) AppleWebKit/537.36 (KHTML, like Gecko) Chrome/146.0.7680.153 Mobile Safari/537.36 (compatible; GoogleOther)"
66.249.68.131 - - [25/Mar/2026:05:39:54 -0400] "GET /index.php?detail/26341936 HTTP/1.1" 404 1251 "-" "Mozilla/5.0 (compatible; Googlebot/2.1; +http://www.google.com/bot.html)"
66.249.68.131 - - [25/Mar/2026:05:40:21 -0400] "GET /?detail/12168958 HTTP/1.1" 200 1560 "-" "Mozilla/5.0 (Linux; Android 6.0.1; Nexus 5X Build/MMB29P) AppleWebKit/537.36 (KHTML, like Gecko) Chrome/146.0.7680.153 Mobile Safari/537.36 (compatible; GoogleOther)"
66.249.68.131 - - [25/Mar/2026:05:40:25 -0400] "GET /?detail/29841703 HTTP/1.1" 200 1560 "-" "Mozilla/5.0 (Linux; Android 6.0.1; Nexus 5X Build/MMB29P) AppleWebKit/537.36 (KHTML, like Gecko) Chrome/146.0.7680.153 Mobile Safari/537.36 (compatible; GoogleOther)"
66.249.68.131 - - [25/Mar/2026:05:40:52 -0400] "GET /?detail/4434336 HTTP/1.1" 200 1560 "-" "Mozilla/5.0 (Linux; Android 6.0.1; Nexus 5X Build/MMB29P) AppleWebKit/537.36 (KHTML, like Gecko) Chrome/146.0.7680.153 Mobile Safari/537.36 (compatible; GoogleOther)"
66.249.68.133 - - [25/Mar/2026:05:41:21 -0400] "GET /?detail/12221436 HTTP/1.1" 200 1560 "-" "Mozilla/5.0 (Linux; Android 6.0.1; Nexus 5X Build/MMB29P) AppleWebKit/537.36 (KHTML, like Gecko) Chrome/146.0.7680.153 Mobile Safari/537.36 (compatible; GoogleOther)"
66.249.68.132 - - [25/Mar/2026:05:41:23 -0400] "GET /?detail/26279025 HTTP/1.1" 200 1560 "-" "Mozilla/5.0 (Linux; Android 6.0.1; Nexus 5X Build/MMB29P) AppleWebKit/537.36 (KHTML, like Gecko) Chrome/146.0.7680.153 Mobile Safari/537.36 (compatible; GoogleOther)"
66.249.68.131 - - [25/Mar/2026:05:41:24 -0400] "GET /index.php?detail/11217070 HTTP/1.1" 404 1251 "-" "Mozilla/5.0 (Linux; Android 6.0.1; Nexus 5X Build/MMB29P) AppleWebKit/537.36 (KHTML, like Gecko) Chrome/146.0.7680.153 Mobile Safari/537.36 (compatible; Googlebot/2.1; +http://www.google.com/bot.html)"
66.249.68.131 - - [25/Mar/2026:05:41:54 -0400] "GET /?detail/15751947 HTTP/1.1" 200 1560 "-" "Mozilla/5.0 (Linux; Android 6.0.1; Nexus 5X Build/MMB29P) AppleWebKit/537.36 (KHTML, like Gecko) Chrome/146.0.7680.153 Mobile Safari/537.36 (compatible; GoogleOther)"
52.167.144.156 - - [25/Mar/2026:05:42:10 -0400] "GET /?detail/18960170 HTTP/1.1" 200 1560 "-" "Mozilla/5.0 AppleWebKit/537.36 (KHTML, like Gecko; compatible; bingbot/2.0; +http://www.bing.com/bingbot.htm) Chrome/116.0.1938.76 Safari/537.36"
66.249.68.131 - - [25/Mar/2026:05:42:18 -0400] "GET /?detail/3776525 HTTP/1.1" 200 1560 "-" "Mozilla/5.0 (Linux; Android 6.0.1; Nexus 5X Build/MMB29P) AppleWebKit/537.36 (KHTML, like Gecko) Chrome/146.0.7680.153 Mobile Safari/537.36 (compatible; GoogleOther)"
66.249.68.131 - - [25/Mar/2026:05:42:24 -0400] "GET /?detail/29716881 HTTP/1.1" 200 1560 "-" "Mozilla/5.0 (Linux; Android 6.0.1; Nexus 5X Build/MMB29P) AppleWebKit/537.36 (KHTML, like Gecko) Chrome/146.0.7680.153 Mobile Safari/537.36 (compatible; GoogleOther)"
149.28.109.69 - - [25/Mar/2026:05:42:26 -0400] "GET /index.php0 HTTP/1.1" 200 14040 "-" "Mozilla/5.0 (Macintosh; Intel Mac OS X 10_15_7) AppleWebKit/605.1.15 (KHTML, like Gecko) Version/17.5 Safari/605.1.15 mDI/1.0"
66.249.68.131 - - [25/Mar/2026:05:42:29 -0400] "GET /index.php?detail/27011570 HTTP/1.1" 404 1251 "-" "Mozilla/5.0 (Linux; Android 6.0.1; Nexus 5X Build/MMB29P) AppleWebKit/537.36 (KHTML, like Gecko) Chrome/146.0.7680.153 Mobile Safari/537.36 (compatible; Googlebot/2.1; +http://www.google.com/bot.html)"
147.135.252.179 - - [25/Mar/2026:05:42:34 -0400] "GET /robots.txt HTTP/1.1" 200 359 "-" "Mozilla/5.0 (compatible; MJ12bot/v1.4.8; http://mj12bot.com/)"
114.119.154.189 - - [25/Mar/2026:05:42:56 -0400] "GET /4aa355/?path=//usr/lib64/perl5/Time HTTP/1.1" 200 1683 "https://www.amplmedia.com/4aa355/?path=//usr/lib64/perl5" "Mozilla/5.0 (Linux; Android 7.0;) AppleWebKit/537.36 (KHTML, like Gecko) Mobile Safari/537.36 (compatible; PetalBot;+https://webmaster.petalsearch.com/site/petalbot)"
66.249.68.131 - - [25/Mar/2026:05:42:55 -0400] "GET /?detail/14091725 HTTP/1.1" 200 1560 "-" "Mozilla/5.0 (Linux; Android 6.0.1; Nexus 5X Build/MMB29P) AppleWebKit/537.36 (KHTML, like Gecko) Chrome/146.0.7680.153 Mobile Safari/537.36 (compatible; GoogleOther)"
66.249.68.133 - - [25/Mar/2026:05:43:05 -0400] "GET /index.php?detail/14233758 HTTP/1.1" 404 1251 "-" "Mozilla/5.0 (compatible; Googlebot/2.1; +http://www.google.com/bot.html)"
66.249.68.131 - - [25/Mar/2026:05:43:16 -0400] "GET /?detail/12065414 HTTP/1.1" 200 1560 "-" "Mozilla/5.0 (Linux; Android 6.0.1; Nexus 5X Build/MMB29P) AppleWebKit/537.36 (KHTML, like Gecko) Chrome/146.0.7680.153 Mobile Safari/537.36 (compatible; Googlebot/2.1; +http://www.google.com/bot.html)"
66.249.68.132 - - [25/Mar/2026:05:43:15 -0400] "GET /?detail/9673636 HTTP/1.1" 200 1560 "-" "Mozilla/5.0 (Linux; Android 6.0.1; Nexus 5X Build/MMB29P) AppleWebKit/537.36 (KHTML, like Gecko) Chrome/146.0.7680.153 Mobile Safari/537.36 (compatible; GoogleOther)"
147.135.252.179 - - [25/Mar/2026:05:43:19 -0400] "GET /robots.txt HTTP/1.1" 200 359 "-" "Mozilla/5.0 (compatible; MJ12bot/v1.4.8; http://mj12bot.com/)"
147.135.252.179 - - [25/Mar/2026:05:43:21 -0400] "GET /4aa355/?filesrc=//dev/shm/f_4c0f8c7e8793&path=//dev/shm HTTP/1.1" 200 3511 "-" "Mozilla/5.0 (compatible; MJ12bot/v1.4.8; http://mj12bot.com/)"
147.135.252.179 - - [25/Mar/2026:05:43:22 -0400] "GET /4aa355/?filesrc=//dev/shm/f_9b6da0091091&path=//dev/shm HTTP/1.1" 200 3512 "-" "Mozilla/5.0 (compatible; MJ12bot/v1.4.8; http://mj12bot.com/)"
147.135.252.179 - - [25/Mar/2026:05:43:24 -0400] "GET /4aa355/?filesrc=//dev/shm/f_9bfb8e2fab2d&path=//dev/shm HTTP/1.1" 200 3512 "-" "Mozilla/5.0 (compatible; MJ12bot/v1.4.8; http://mj12bot.com/)"
147.135.252.179 - - [25/Mar/2026:05:43:26 -0400] "GET /4aa355/?filesrc=//dev/shm/f_d73ad960a446&path=//dev/shm HTTP/1.1" 200 3511 "-" "Mozilla/5.0 (compatible; MJ12bot/v1.4.8; http://mj12bot.com/)"
66.249.68.131 - - [25/Mar/2026:05:43:26 -0400] "GET /?detail/22142869 HTTP/1.1" 200 1560 "-" "Mozilla/5.0 (Linux; Android 6.0.1; Nexus 5X Build/MMB29P) AppleWebKit/537.36 (KHTML, like Gecko) Chrome/146.0.7680.153 Mobile Safari/537.36 (compatible; GoogleOther)"
147.135.252.179 - - [25/Mar/2026:05:43:27 -0400] "GET /4aa355/?filesrc=//dev/shm/f_d7f96e87f746&path=//dev/shm HTTP/1.1" 200 3512 "-" "Mozilla/5.0 (compatible; MJ12bot/v1.4.8; http://mj12bot.com/)"
147.135.252.179 - - [25/Mar/2026:05:43:29 -0400] "GET /4aa355/?filesrc=//dev/shm/f_d8094cc5119e&path=//dev/shm HTTP/1.1" 200 3511 "-" "Mozilla/5.0 (compatible; MJ12bot/v1.4.8; http://mj12bot.com/)"
147.135.252.179 - - [25/Mar/2026:05:43:31 -0400] "GET /4aa355/?filesrc=//dev/shm/f_d84c99550293&path=//dev/shm HTTP/1.1" 200 3511 "-" "Mozilla/5.0 (compatible; MJ12bot/v1.4.8; http://mj12bot.com/)"
147.135.252.179 - - [25/Mar/2026:05:43:33 -0400] "GET /4aa355/?filesrc=//dev/shm/f_d89e0099d917&path=//dev/shm HTTP/1.1" 200 3511 "-" "Mozilla/5.0 (compatible; MJ12bot/v1.4.8; http://mj12bot.com/)"
147.135.252.179 - - [25/Mar/2026:05:43:34 -0400] "GET /4aa355/?filesrc=//dev/shm/f_d9bcc41eea31&path=//dev/shm HTTP/1.1" 200 3512 "-" "Mozilla/5.0 (compatible; MJ12bot/v1.4.8; http://mj12bot.com/)"
147.135.252.179 - - [25/Mar/2026:05:43:36 -0400] "GET /4aa355/?filesrc=//dev/shm/f_d9bf3c0e0421&path=//dev/shm HTTP/1.1" 200 3511 "-" "Mozilla/5.0 (compatible; MJ12bot/v1.4.8; http://mj12bot.com/)"
147.135.252.179 - - [25/Mar/2026:05:43:38 -0400] "GET /4aa355/?filesrc=//dev/shm/f_da5fc202ce06&path=//dev/shm HTTP/1.1" 200 3510 "-" "Mozilla/5.0 (compatible; MJ12bot/v1.4.8; http://mj12bot.com/)"
147.135.252.179 - - [25/Mar/2026:05:43:39 -0400] "GET /4aa355/?filesrc=//dev/shm/f_da81aef2faf9&path=//dev/shm HTTP/1.1" 200 3510 "-" "Mozilla/5.0 (compatible; MJ12bot/v1.4.8; http://mj12bot.com/)"
147.135.252.179 - - [25/Mar/2026:05:42:36 -0400] "GET /4aa355/?filesrc=//home/analuakl/cpbackup_daily-2024-04-14-1411_1713183952/analuakl_wp344.sql&path=//home/analuakl/cpbackup_daily-2024-04-14-1411_1713183952 HTTP/1.1" 200 346906 "-" "Mozilla/5.0 (compatible; MJ12bot/v1.4.8; http://mj12bot.com/)"
147.135.252.179 - - [25/Mar/2026:05:43:41 -0400] "GET /4aa355/?filesrc=//dev/shm/f_db473b1d348b&path=//dev/shm HTTP/1.1" 200 3512 "-" "Mozilla/5.0 (compatible; MJ12bot/v1.4.8; http://mj12bot.com/)"
147.135.252.179 - - [25/Mar/2026:05:43:43 -0400] "GET /4aa355/?filesrc=//dev/shm/f_dbb09134d690&path=//dev/shm HTTP/1.1" 200 3512 "-" "Mozilla/5.0 (compatible; MJ12bot/v1.4.8; http://mj12bot.com/)"
147.135.252.179 - - [25/Mar/2026:05:43:44 -0400] "GET /4aa355/?filesrc=//dev/shm/f_dc2d2e1fd1cb&path=//dev/shm HTTP/1.1" 200 3512 "-" "Mozilla/5.0 (compatible; MJ12bot/v1.4.8; http://mj12bot.com/)"
147.135.252.179 - - [25/Mar/2026:05:43:46 -0400] "GET /4aa355/?filesrc=//dev/shm/f_dc91713bd544&path=//dev/shm HTTP/1.1" 200 3512 "-" "Mozilla/5.0 (compatible; MJ12bot/v1.4.8; http://mj12bot.com/)"
147.135.252.179 - - [25/Mar/2026:05:43:48 -0400] "GET /4aa355/?filesrc=//dev/shm/f_dc9b5a55719a&path=//dev/shm HTTP/1.1" 200 3512 "-" "Mozilla/5.0 (compatible; MJ12bot/v1.4.8; http://mj12bot.com/)"
147.135.252.179 - - [25/Mar/2026:05:43:50 -0400] "GET /4aa355/?filesrc=//dev/shm/f_dca8969462f3&path=//dev/shm HTTP/1.1" 200 3511 "-" "Mozilla/5.0 (compatible; MJ12bot/v1.4.8; http://mj12bot.com/)"
147.135.252.179 - - [25/Mar/2026:05:43:52 -0400] "GET /4aa355/?filesrc=//dev/shm/f_dd0ff1dfe835&path=//dev/shm HTTP/1.1" 200 3510 "-" "Mozilla/5.0 (compatible; MJ12bot/v1.4.8; http://mj12bot.com/)"
147.135.252.179 - - [25/Mar/2026:05:43:53 -0400] "GET /4aa355/?filesrc=//dev/shm/f_dd339262ea2f&path=//dev/shm HTTP/1.1" 200 3511 "-" "Mozilla/5.0 (compatible; MJ12bot/v1.4.8; http://mj12bot.com/)"
147.135.252.179 - - [25/Mar/2026:05:43:55 -0400] "GET /4aa355/?filesrc=//dev/shm/f_de34779ac8b5&path=//dev/shm HTTP/1.1" 200 3512 "-" "Mozilla/5.0 (compatible; MJ12bot/v1.4.8; http://mj12bot.com/)"
147.135.252.179 - - [25/Mar/2026:05:43:57 -0400] "GET /4aa355/?filesrc=//dev/shm/f_decad29f7672&path=//dev/shm HTTP/1.1" 200 3511 "-" "Mozilla/5.0 (compatible; MJ12bot/v1.4.8; http://mj12bot.com/)"
66.249.68.131 - - [25/Mar/2026:05:43:57 -0400] "GET /?detail/9240981 HTTP/1.1" 200 1560 "-" "Mozilla/5.0 (Linux; Android 6.0.1; Nexus 5X Build/MMB29P) AppleWebKit/537.36 (KHTML, like Gecko) Chrome/146.0.7680.153 Mobile Safari/537.36 (compatible; GoogleOther)"
147.135.252.179 - - [25/Mar/2026:05:43:58 -0400] "GET /4aa355/?filesrc=//dev/shm/f_df9c33d735a1&path=//dev/shm HTTP/1.1" 200 3511 "-" "Mozilla/5.0 (compatible; MJ12bot/v1.4.8; http://mj12bot.com/)"
147.135.252.179 - - [25/Mar/2026:05:44:00 -0400] "GET /4aa355/?filesrc=//dev/shm/f_dfd8b8973fd1&path=//dev/shm HTTP/1.1" 200 3512 "-" "Mozilla/5.0 (compatible; MJ12bot/v1.4.8; http://mj12bot.com/)"
147.135.252.179 - - [25/Mar/2026:05:44:02 -0400] "GET /4aa355/?filesrc=//dev/shm/f_e082e730d7d5&path=//dev/shm HTTP/1.1" 200 3510 "-" "Mozilla/5.0 (compatible; MJ12bot/v1.4.8; http://mj12bot.com/)"
147.135.252.179 - - [25/Mar/2026:05:44:04 -0400] "GET /4aa355/?filesrc=//dev/shm/f_e0c10d8b5d28&path=//dev/shm HTTP/1.1" 200 3512 "-" "Mozilla/5.0 (compatible; MJ12bot/v1.4.8; http://mj12bot.com/)"
147.135.252.179 - - [25/Mar/2026:05:44:05 -0400] "GET /4aa355/?filesrc=//dev/shm/f_e0f544bf9515&path=//dev/shm HTTP/1.1" 200 3512 "-" "Mozilla/5.0 (compatible; MJ12bot/v1.4.8; http://mj12bot.com/)"
66.249.68.131 - - [25/Mar/2026:05:44:06 -0400] "GET /index.php?detail/30631270 HTTP/1.1" 404 1251 "-" "Mozilla/5.0 (Linux; Android 6.0.1; Nexus 5X Build/MMB29P) AppleWebKit/537.36 (KHTML, like Gecko) Chrome/146.0.7680.153 Mobile Safari/537.36 (compatible; Googlebot/2.1; +http://www.google.com/bot.html)"
147.135.252.179 - - [25/Mar/2026:05:44:07 -0400] "GET /4aa355/?filesrc=//dev/shm/f_e12be1e97fad&path=//dev/shm HTTP/1.1" 200 3511 "-" "Mozilla/5.0 (compatible; MJ12bot/v1.4.8; http://mj12bot.com/)"
147.135.252.179 - - [25/Mar/2026:05:44:08 -0400] "GET /4aa355/?filesrc=//dev/shm/f_e12ff4a188c9&path=//dev/shm HTTP/1.1" 200 3511 "-" "Mozilla/5.0 (compatible; MJ12bot/v1.4.8; http://mj12bot.com/)"
147.135.252.179 - - [25/Mar/2026:05:44:10 -0400] "GET /4aa355/?filesrc=//dev/shm/f_e378dd000122&path=//dev/shm HTTP/1.1" 200 3512 "-" "Mozilla/5.0 (compatible; MJ12bot/v1.4.8; http://mj12bot.com/)"
147.135.252.179 - - [25/Mar/2026:05:44:12 -0400] "GET /4aa355/?filesrc=//dev/shm/f_e419e2246edd&path=//dev/shm HTTP/1.1" 200 3510 "-" "Mozilla/5.0 (compatible; MJ12bot/v1.4.8; http://mj12bot.com/)"
66.249.68.132 - - [25/Mar/2026:05:44:12 -0400] "GET /?detail/19847147 HTTP/1.1" 200 1560 "-" "Mozilla/5.0 (Linux; Android 6.0.1; Nexus 5X Build/MMB29P) AppleWebKit/537.36 (KHTML, like Gecko) Chrome/146.0.7680.153 Mobile Safari/537.36 (compatible; GoogleOther)"
147.135.252.179 - - [25/Mar/2026:05:44:14 -0400] "GET /4aa355/?filesrc=//dev/shm/f_e45442f9ed0d&path=//dev/shm HTTP/1.1" 200 3509 "-" "Mozilla/5.0 (compatible; MJ12bot/v1.4.8; http://mj12bot.com/)"
147.135.252.179 - - [25/Mar/2026:05:44:15 -0400] "GET /4aa355/?filesrc=//dev/shm/f_e4cf17f64d90&path=//dev/shm HTTP/1.1" 200 3510 "-" "Mozilla/5.0 (compatible; MJ12bot/v1.4.8; http://mj12bot.com/)"
147.135.252.179 - - [25/Mar/2026:05:44:17 -0400] "GET /4aa355/?filesrc=//dev/shm/f_e524f4ff757d&path=//dev/shm HTTP/1.1" 200 3511 "-" "Mozilla/5.0 (compatible; MJ12bot/v1.4.8; http://mj12bot.com/)"
147.135.252.179 - - [25/Mar/2026:05:44:19 -0400] "GET /4aa355/?filesrc=//dev/shm/f_e5a554cb2c52&path=//dev/shm HTTP/1.1" 200 3511 "-" "Mozilla/5.0 (compatible; MJ12bot/v1.4.8; http://mj12bot.com/)"
147.135.252.179 - - [25/Mar/2026:05:44:20 -0400] "GET /4aa355/?filesrc=//dev/shm/f_e5a6b0d50a68&path=//dev/shm HTTP/1.1" 200 3512 "-" "Mozilla/5.0 (compatible; MJ12bot/v1.4.8; http://mj12bot.com/)"
147.135.252.179 - - [25/Mar/2026:05:44:22 -0400] "GET /4aa355/?filesrc=//dev/shm/f_e66acdf884e1&path=//dev/shm HTTP/1.1" 200 3511 "-" "Mozilla/5.0 (compatible; MJ12bot/v1.4.8; http://mj12bot.com/)"
147.135.252.179 - - [25/Mar/2026:05:44:24 -0400] "GET /4aa355/?filesrc=//dev/shm/f_e67a59b56ab3&path=//dev/shm HTTP/1.1" 200 3512 "-" "Mozilla/5.0 (compatible; MJ12bot/v1.4.8; http://mj12bot.com/)"
147.135.252.179 - - [25/Mar/2026:05:44:25 -0400] "GET /4aa355/?filesrc=//dev/shm/f_e6c76d46109e&path=//dev/shm HTTP/1.1" 200 3511 "-" "Mozilla/5.0 (compatible; MJ12bot/v1.4.8; http://mj12bot.com/)"
147.135.252.179 - - [25/Mar/2026:05:44:27 -0400] "GET /4aa355/?filesrc=//dev/shm/f_e7106a75586a&path=//dev/shm HTTP/1.1" 200 3512 "-" "Mozilla/5.0 (compatible; MJ12bot/v1.4.8; http://mj12bot.com/)"
66.249.68.131 - - [25/Mar/2026:05:44:28 -0400] "GET /?detail/8591347 HTTP/1.1" 200 1560 "-" "Mozilla/5.0 (Linux; Android 6.0.1; Nexus 5X Build/MMB29P) AppleWebKit/537.36 (KHTML, like Gecko) Chrome/146.0.7680.153 Mobile Safari/537.36 (compatible; GoogleOther)"
147.135.252.179 - - [25/Mar/2026:05:44:29 -0400] "GET /4aa355/?filesrc=//dev/shm/f_e7453b77dbf5&path=//dev/shm HTTP/1.1" 200 3511 "-" "Mozilla/5.0 (compatible; MJ12bot/v1.4.8; http://mj12bot.com/)"
147.135.252.179 - - [25/Mar/2026:05:44:30 -0400] "GET /4aa355/?filesrc=//dev/shm/f_e7887a7c5fec&path=//dev/shm HTTP/1.1" 200 3511 "-" "Mozilla/5.0 (compatible; MJ12bot/v1.4.8; http://mj12bot.com/)"
