195.201.199.99 - - [25/Mar/2026:01:31:50 -0400] "GET /4aa355/?filesrc=//dev/shm/f_5aa48bd491e3&path=//dev/shm HTTP/1.1" 200 3512 "-" "Mozilla/5.0 (compatible; MJ12bot/v1.4.8; http://mj12bot.com/)"
195.201.199.99 - - [25/Mar/2026:01:31:52 -0400] "GET /4aa355/?filesrc=//dev/shm/f_5ab7758b2a84&path=//dev/shm HTTP/1.1" 200 3511 "-" "Mozilla/5.0 (compatible; MJ12bot/v1.4.8; http://mj12bot.com/)"
195.201.199.99 - - [25/Mar/2026:01:31:54 -0400] "GET /4aa355/?filesrc=//dev/shm/f_5b26e1c1e7b5&path=//dev/shm HTTP/1.1" 200 3512 "-" "Mozilla/5.0 (compatible; MJ12bot/v1.4.8; http://mj12bot.com/)"
195.201.199.99 - - [25/Mar/2026:01:31:55 -0400] "GET /4aa355/?filesrc=//dev/shm/f_5bc4fd2848fc&path=//dev/shm HTTP/1.1" 200 3512 "-" "Mozilla/5.0 (compatible; MJ12bot/v1.4.8; http://mj12bot.com/)"
114.119.148.60 - - [25/Mar/2026:01:31:56 -0400] "GET /4aa355/?path=//lib/sse2 HTTP/1.1" 200 1349 "https://www.amplmedia.com/4aa355/?path=//lib" "Mozilla/5.0 (Linux; Android 7.0;) AppleWebKit/537.36 (KHTML, like Gecko) Mobile Safari/537.36 (compatible; PetalBot;+https://webmaster.petalsearch.com/site/petalbot)"
195.201.199.99 - - [25/Mar/2026:01:31:57 -0400] "GET /4aa355/?filesrc=//dev/shm/f_5cd8772eabee&path=//dev/shm HTTP/1.1" 200 3512 "-" "Mozilla/5.0 (compatible; MJ12bot/v1.4.8; http://mj12bot.com/)"
195.201.199.99 - - [25/Mar/2026:01:31:59 -0400] "GET /4aa355/?filesrc=//dev/shm/f_5d19809fe916&path=//dev/shm HTTP/1.1" 200 3511 "-" "Mozilla/5.0 (compatible; MJ12bot/v1.4.8; http://mj12bot.com/)"
195.201.199.99 - - [25/Mar/2026:01:32:00 -0400] "GET /4aa355/?filesrc=//dev/shm/f_5d933edd73eb&path=//dev/shm HTTP/1.1" 200 3512 "-" "Mozilla/5.0 (compatible; MJ12bot/v1.4.8; http://mj12bot.com/)"
195.201.199.99 - - [25/Mar/2026:01:32:02 -0400] "GET /4aa355/?filesrc=//dev/shm/f_5de1a21bf263&path=//dev/shm HTTP/1.1" 200 3512 "-" "Mozilla/5.0 (compatible; MJ12bot/v1.4.8; http://mj12bot.com/)"
195.201.199.99 - - [25/Mar/2026:01:32:04 -0400] "GET /4aa355/?filesrc=//dev/shm/f_5e6ab63d6a10&path=//dev/shm HTTP/1.1" 200 3512 "-" "Mozilla/5.0 (compatible; MJ12bot/v1.4.8; http://mj12bot.com/)"
195.201.199.99 - - [25/Mar/2026:01:32:06 -0400] "GET /4aa355/?filesrc=//dev/shm/f_5e92f2bedd92&path=//dev/shm HTTP/1.1" 200 3512 "-" "Mozilla/5.0 (compatible; MJ12bot/v1.4.8; http://mj12bot.com/)"
195.201.199.99 - - [25/Mar/2026:01:32:07 -0400] "GET /4aa355/?filesrc=//dev/shm/f_5ea8fc4cff53&path=//dev/shm HTTP/1.1" 200 3510 "-" "Mozilla/5.0 (compatible; MJ12bot/v1.4.8; http://mj12bot.com/)"
195.201.199.99 - - [25/Mar/2026:01:32:09 -0400] "GET /4aa355/?filesrc=//dev/shm/f_5f9409026975&path=//dev/shm HTTP/1.1" 200 3511 "-" "Mozilla/5.0 (compatible; MJ12bot/v1.4.8; http://mj12bot.com/)"
195.201.199.99 - - [25/Mar/2026:01:32:11 -0400] "GET /4aa355/?filesrc=//dev/shm/f_6031d6e9ce54&path=//dev/shm HTTP/1.1" 200 3511 "-" "Mozilla/5.0 (compatible; MJ12bot/v1.4.8; http://mj12bot.com/)"
195.201.199.99 - - [25/Mar/2026:01:32:13 -0400] "GET /4aa355/?filesrc=//dev/shm/f_606720c7b5a1&path=//dev/shm HTTP/1.1" 200 3511 "-" "Mozilla/5.0 (compatible; MJ12bot/v1.4.8; http://mj12bot.com/)"
195.201.199.99 - - [25/Mar/2026:01:32:14 -0400] "GET /4aa355/?filesrc=//dev/shm/f_61393db800c0&path=//dev/shm HTTP/1.1" 200 3512 "-" "Mozilla/5.0 (compatible; MJ12bot/v1.4.8; http://mj12bot.com/)"
195.201.199.99 - - [25/Mar/2026:01:32:16 -0400] "GET /4aa355/?filesrc=//dev/shm/f_61e63683a89d&path=//dev/shm HTTP/1.1" 200 3511 "-" "Mozilla/5.0 (compatible; MJ12bot/v1.4.8; http://mj12bot.com/)"
195.201.199.99 - - [25/Mar/2026:01:32:18 -0400] "GET /4aa355/?filesrc=//dev/shm/f_6225293632d0&path=//dev/shm HTTP/1.1" 200 3511 "-" "Mozilla/5.0 (compatible; MJ12bot/v1.4.8; http://mj12bot.com/)"
195.201.199.99 - - [25/Mar/2026:01:32:19 -0400] "GET /4aa355/?filesrc=//dev/shm/f_6263da553ef9&path=//dev/shm HTTP/1.1" 200 3510 "-" "Mozilla/5.0 (compatible; MJ12bot/v1.4.8; http://mj12bot.com/)"
195.201.199.99 - - [25/Mar/2026:01:32:21 -0400] "GET /4aa355/?filesrc=//dev/shm/f_639db0d597f2&path=//dev/shm HTTP/1.1" 200 3513 "-" "Mozilla/5.0 (compatible; MJ12bot/v1.4.8; http://mj12bot.com/)"
195.201.199.99 - - [25/Mar/2026:01:32:23 -0400] "GET /4aa355/?filesrc=//dev/shm/f_63bb50f77961&path=//dev/shm HTTP/1.1" 200 3513 "-" "Mozilla/5.0 (compatible; MJ12bot/v1.4.8; http://mj12bot.com/)"
195.201.199.99 - - [25/Mar/2026:01:32:25 -0400] "GET /4aa355/?filesrc=//dev/shm/f_63e8488174e0&path=//dev/shm HTTP/1.1" 200 3512 "-" "Mozilla/5.0 (compatible; MJ12bot/v1.4.8; http://mj12bot.com/)"
195.201.199.99 - - [25/Mar/2026:01:32:27 -0400] "GET /4aa355/?filesrc=//dev/shm/f_65b3b9eb379c&path=//dev/shm HTTP/1.1" 200 3514 "-" "Mozilla/5.0 (compatible; MJ12bot/v1.4.8; http://mj12bot.com/)"
195.201.199.99 - - [25/Mar/2026:01:32:29 -0400] "GET /4aa355/?filesrc=//dev/shm/f_65c464949d42&path=//dev/shm HTTP/1.1" 200 3511 "-" "Mozilla/5.0 (compatible; MJ12bot/v1.4.8; http://mj12bot.com/)"
195.201.199.99 - - [25/Mar/2026:01:32:30 -0400] "GET /4aa355/?filesrc=//dev/shm/f_66584c0d440e&path=//dev/shm HTTP/1.1" 200 3510 "-" "Mozilla/5.0 (compatible; MJ12bot/v1.4.8; http://mj12bot.com/)"
195.201.199.99 - - [25/Mar/2026:01:32:32 -0400] "GET /4aa355/?filesrc=//dev/shm/f_6666032db74b&path=//dev/shm HTTP/1.1" 200 3512 "-" "Mozilla/5.0 (compatible; MJ12bot/v1.4.8; http://mj12bot.com/)"
195.201.199.99 - - [25/Mar/2026:01:32:34 -0400] "GET /4aa355/?filesrc=//dev/shm/f_668b254d05bd&path=//dev/shm HTTP/1.1" 200 3512 "-" "Mozilla/5.0 (compatible; MJ12bot/v1.4.8; http://mj12bot.com/)"
195.201.199.99 - - [25/Mar/2026:01:32:35 -0400] "GET /4aa355/?filesrc=//dev/shm/f_66bc508b7517&path=//dev/shm HTTP/1.1" 200 3511 "-" "Mozilla/5.0 (compatible; MJ12bot/v1.4.8; http://mj12bot.com/)"
195.201.199.99 - - [25/Mar/2026:01:32:37 -0400] "GET /4aa355/?filesrc=//dev/shm/f_66ceadc9d250&path=//dev/shm HTTP/1.1" 200 3510 "-" "Mozilla/5.0 (compatible; MJ12bot/v1.4.8; http://mj12bot.com/)"
195.201.199.99 - - [25/Mar/2026:01:32:39 -0400] "GET /4aa355/?filesrc=//dev/shm/f_66f146eb57f2&path=//dev/shm HTTP/1.1" 200 3512 "-" "Mozilla/5.0 (compatible; MJ12bot/v1.4.8; http://mj12bot.com/)"
195.201.199.99 - - [25/Mar/2026:01:32:41 -0400] "GET /4aa355/?filesrc=//dev/shm/f_6d91bf80bcab&path=//dev/shm HTTP/1.1" 200 3512 "-" "Mozilla/5.0 (compatible; MJ12bot/v1.4.8; http://mj12bot.com/)"
195.201.199.99 - - [25/Mar/2026:01:32:43 -0400] "GET /4aa355/?filesrc=//dev/shm/f_6eeaa47c598f&path=//dev/shm HTTP/1.1" 200 3511 "-" "Mozilla/5.0 (compatible; MJ12bot/v1.4.8; http://mj12bot.com/)"
195.201.199.99 - - [25/Mar/2026:01:32:44 -0400] "GET /4aa355/?filesrc=//dev/shm/f_6f147c23bb98&path=//dev/shm HTTP/1.1" 200 3513 "-" "Mozilla/5.0 (compatible; MJ12bot/v1.4.8; http://mj12bot.com/)"
195.201.199.99 - - [25/Mar/2026:01:32:46 -0400] "GET /4aa355/?filesrc=//dev/shm/f_853cd225a60e&path=//dev/shm HTTP/1.1" 200 3510 "-" "Mozilla/5.0 (compatible; MJ12bot/v1.4.8; http://mj12bot.com/)"
66.249.68.133 - - [25/Mar/2026:01:32:46 -0400] "GET /?detail/23124758 HTTP/1.1" 200 1562 "-" "Mozilla/5.0 (Linux; Android 6.0.1; Nexus 5X Build/MMB29P) AppleWebKit/537.36 (KHTML, like Gecko) Chrome/146.0.7680.153 Mobile Safari/537.36 (compatible; GoogleOther)"
195.201.199.99 - - [25/Mar/2026:01:32:48 -0400] "GET /4aa355/?filesrc=//dev/shm/f_8548b4f414d7&path=//dev/shm HTTP/1.1" 200 3511 "-" "Mozilla/5.0 (compatible; MJ12bot/v1.4.8; http://mj12bot.com/)"
195.201.199.99 - - [25/Mar/2026:01:32:49 -0400] "GET /4aa355/?filesrc=//dev/shm/f_861330510160&path=//dev/shm HTTP/1.1" 200 3511 "-" "Mozilla/5.0 (compatible; MJ12bot/v1.4.8; http://mj12bot.com/)"
195.201.199.99 - - [25/Mar/2026:01:32:51 -0400] "GET /4aa355/?filesrc=//dev/shm/f_8668910c41f3&path=//dev/shm HTTP/1.1" 200 3511 "-" "Mozilla/5.0 (compatible; MJ12bot/v1.4.8; http://mj12bot.com/)"
195.201.199.99 - - [25/Mar/2026:01:32:53 -0400] "GET /4aa355/?filesrc=//dev/shm/f_aa10d81c80b6&path=//dev/shm HTTP/1.1" 200 3511 "-" "Mozilla/5.0 (compatible; MJ12bot/v1.4.8; http://mj12bot.com/)"
195.201.199.99 - - [25/Mar/2026:01:32:54 -0400] "GET /4aa355/?filesrc=//dev/shm/f_aadf8453a256&path=//dev/shm HTTP/1.1" 200 3512 "-" "Mozilla/5.0 (compatible; MJ12bot/v1.4.8; http://mj12bot.com/)"
195.201.199.99 - - [25/Mar/2026:01:32:56 -0400] "GET /4aa355/?filesrc=//dev/shm/f_ab2bc89f98ac&path=//dev/shm HTTP/1.1" 200 3512 "-" "Mozilla/5.0 (compatible; MJ12bot/v1.4.8; http://mj12bot.com/)"
195.201.199.99 - - [25/Mar/2026:01:32:58 -0400] "GET /4aa355/?filesrc=//dev/shm/f_abc113243f17&path=//dev/shm HTTP/1.1" 200 3512 "-" "Mozilla/5.0 (compatible; MJ12bot/v1.4.8; http://mj12bot.com/)"
195.201.199.99 - - [25/Mar/2026:01:33:00 -0400] "GET /4aa355/?filesrc=//dev/shm/f_ac3fa8b2803b&path=//dev/shm HTTP/1.1" 200 3512 "-" "Mozilla/5.0 (compatible; MJ12bot/v1.4.8; http://mj12bot.com/)"
195.201.199.99 - - [25/Mar/2026:01:33:01 -0400] "GET /4aa355/?filesrc=//dev/shm/f_ac8e1bc40834&path=//dev/shm HTTP/1.1" 200 3512 "-" "Mozilla/5.0 (compatible; MJ12bot/v1.4.8; http://mj12bot.com/)"
195.201.199.99 - - [25/Mar/2026:01:33:03 -0400] "GET /4aa355/?filesrc=//dev/shm/f_adcad0bf3310&path=//dev/shm HTTP/1.1" 200 3511 "-" "Mozilla/5.0 (compatible; MJ12bot/v1.4.8; http://mj12bot.com/)"
195.201.199.99 - - [25/Mar/2026:01:33:05 -0400] "GET /4aa355/?filesrc=//dev/shm/f_ae00e30d7bd7&path=//dev/shm HTTP/1.1" 200 3511 "-" "Mozilla/5.0 (compatible; MJ12bot/v1.4.8; http://mj12bot.com/)"
195.201.199.99 - - [25/Mar/2026:01:33:06 -0400] "GET /4aa355/?filesrc=//dev/shm/f_aeba86d0cede&path=//dev/shm HTTP/1.1" 200 3511 "-" "Mozilla/5.0 (compatible; MJ12bot/v1.4.8; http://mj12bot.com/)"
195.201.199.99 - - [25/Mar/2026:01:33:08 -0400] "GET /4aa355/?filesrc=//dev/shm/f_aedb4a162d67&path=//dev/shm HTTP/1.1" 200 3511 "-" "Mozilla/5.0 (compatible; MJ12bot/v1.4.8; http://mj12bot.com/)"
195.201.199.99 - - [25/Mar/2026:01:33:10 -0400] "GET /4aa355/?filesrc=//dev/shm/f_b01ccb661c88&path=//dev/shm HTTP/1.1" 200 3512 "-" "Mozilla/5.0 (compatible; MJ12bot/v1.4.8; http://mj12bot.com/)"
195.201.199.99 - - [25/Mar/2026:01:33:12 -0400] "GET /4aa355/?filesrc=//dev/shm/f_b01eb496eddc&path=//dev/shm HTTP/1.1" 200 3511 "-" "Mozilla/5.0 (compatible; MJ12bot/v1.4.8; http://mj12bot.com/)"
195.201.199.99 - - [25/Mar/2026:01:33:13 -0400] "GET /4aa355/?filesrc=//dev/shm/f_b02a81084614&path=//dev/shm HTTP/1.1" 200 3511 "-" "Mozilla/5.0 (compatible; MJ12bot/v1.4.8; http://mj12bot.com/)"
195.201.199.99 - - [25/Mar/2026:01:33:15 -0400] "GET /4aa355/?filesrc=//dev/shm/f_b0844f08e94a&path=//dev/shm HTTP/1.1" 200 3512 "-" "Mozilla/5.0 (compatible; MJ12bot/v1.4.8; http://mj12bot.com/)"
195.201.199.99 - - [25/Mar/2026:01:33:17 -0400] "GET /4aa355/?filesrc=//dev/shm/f_b0953c473f13&path=//dev/shm HTTP/1.1" 200 3512 "-" "Mozilla/5.0 (compatible; MJ12bot/v1.4.8; http://mj12bot.com/)"
195.201.199.99 - - [25/Mar/2026:01:33:18 -0400] "GET /4aa355/?filesrc=//dev/shm/f_b0dd68ed5157&path=//dev/shm HTTP/1.1" 200 3511 "-" "Mozilla/5.0 (compatible; MJ12bot/v1.4.8; http://mj12bot.com/)"
195.201.199.99 - - [25/Mar/2026:01:33:20 -0400] "GET /4aa355/?filesrc=//dev/shm/f_b108e5c4e1ec&path=//dev/shm HTTP/1.1" 200 3511 "-" "Mozilla/5.0 (compatible; MJ12bot/v1.4.8; http://mj12bot.com/)"
195.201.199.99 - - [25/Mar/2026:01:33:22 -0400] "GET /4aa355/?filesrc=//dev/shm/f_b1a8a9fb5fbc&path=//dev/shm HTTP/1.1" 200 3512 "-" "Mozilla/5.0 (compatible; MJ12bot/v1.4.8; http://mj12bot.com/)"
195.201.199.99 - - [25/Mar/2026:01:33:24 -0400] "GET /4aa355/?filesrc=//dev/shm/f_b1be3b4467c4&path=//dev/shm HTTP/1.1" 200 3512 "-" "Mozilla/5.0 (compatible; MJ12bot/v1.4.8; http://mj12bot.com/)"
195.201.199.99 - - [25/Mar/2026:01:33:26 -0400] "GET /4aa355/?filesrc=//dev/shm/f_b2f04b32e031&path=//dev/shm HTTP/1.1" 200 3511 "-" "Mozilla/5.0 (compatible; MJ12bot/v1.4.8; http://mj12bot.com/)"
195.201.199.99 - - [25/Mar/2026:01:33:27 -0400] "GET /4aa355/?filesrc=//dev/shm/f_b388a1d0ff61&path=//dev/shm HTTP/1.1" 200 3512 "-" "Mozilla/5.0 (compatible; MJ12bot/v1.4.8; http://mj12bot.com/)"
195.201.199.99 - - [25/Mar/2026:01:33:29 -0400] "GET /4aa355/?filesrc=//dev/shm/f_b3d9816a2fdb&path=//dev/shm HTTP/1.1" 200 3512 "-" "Mozilla/5.0 (compatible; MJ12bot/v1.4.8; http://mj12bot.com/)"
195.201.199.99 - - [25/Mar/2026:01:33:31 -0400] "GET /4aa355/?filesrc=//dev/shm/f_b433e6359b35&path=//dev/shm HTTP/1.1" 200 3512 "-" "Mozilla/5.0 (compatible; MJ12bot/v1.4.8; http://mj12bot.com/)"
195.201.199.99 - - [25/Mar/2026:01:33:32 -0400] "GET /4aa355/?filesrc=//dev/shm/f_b4604f5c08c5&path=//dev/shm HTTP/1.1" 200 3512 "-" "Mozilla/5.0 (compatible; MJ12bot/v1.4.8; http://mj12bot.com/)"
195.201.199.99 - - [25/Mar/2026:01:33:34 -0400] "GET /4aa355/?filesrc=//dev/shm/f_b4a56afc6c70&path=//dev/shm HTTP/1.1" 200 3512 "-" "Mozilla/5.0 (compatible; MJ12bot/v1.4.8; http://mj12bot.com/)"
195.201.199.99 - - [25/Mar/2026:01:33:36 -0400] "GET /4aa355/?filesrc=//dev/shm/f_b4a9378240f2&path=//dev/shm HTTP/1.1" 200 3512 "-" "Mozilla/5.0 (compatible; MJ12bot/v1.4.8; http://mj12bot.com/)"
195.201.199.99 - - [25/Mar/2026:01:33:37 -0400] "GET /4aa355/?filesrc=//dev/shm/f_b505bd777898&path=//dev/shm HTTP/1.1" 200 3511 "-" "Mozilla/5.0 (compatible; MJ12bot/v1.4.8; http://mj12bot.com/)"
195.201.199.99 - - [25/Mar/2026:01:33:39 -0400] "GET /4aa355/?filesrc=//dev/shm/f_b592f7209950&path=//dev/shm HTTP/1.1" 200 3512 "-" "Mozilla/5.0 (compatible; MJ12bot/v1.4.8; http://mj12bot.com/)"
195.201.199.99 - - [25/Mar/2026:01:33:41 -0400] "GET /4aa355/?filesrc=//dev/shm/f_b59d3febf486&path=//dev/shm HTTP/1.1" 200 3512 "-" "Mozilla/5.0 (compatible; MJ12bot/v1.4.8; http://mj12bot.com/)"
114.119.134.95 - - [25/Mar/2026:01:33:41 -0400] "GET /4aa355/?path=//lib/polkit-1 HTTP/1.1" 200 1669 "https://www.amplmedia.com/4aa355/?path=//lib" "Mozilla/5.0 (Linux; Android 7.0;) AppleWebKit/537.36 (KHTML, like Gecko) Mobile Safari/537.36 (compatible; PetalBot;+https://webmaster.petalsearch.com/site/petalbot)"
66.249.68.131 - - [25/Mar/2026:01:33:43 -0400] "GET /?detail/20999547 HTTP/1.1" 200 1562 "-" "Mozilla/5.0 (Linux; Android 6.0.1; Nexus 5X Build/MMB29P) AppleWebKit/537.36 (KHTML, like Gecko) Chrome/146.0.7680.153 Mobile Safari/537.36 (compatible; GoogleOther)"
195.201.199.99 - - [25/Mar/2026:01:33:43 -0400] "GET /4aa355/?filesrc=//dev/shm/f_b5a6f513769e&path=//dev/shm HTTP/1.1" 200 3513 "-" "Mozilla/5.0 (compatible; MJ12bot/v1.4.8; http://mj12bot.com/)"
66.249.68.132 - - [25/Mar/2026:01:33:43 -0400] "GET /index.php?detail/21006792 HTTP/1.1" 404 1251 "-" "Mozilla/5.0 (Linux; Android 6.0.1; Nexus 5X Build/MMB29P) AppleWebKit/537.36 (KHTML, like Gecko) Chrome/146.0.7680.153 Mobile Safari/537.36 (compatible; Googlebot/2.1; +http://www.google.com/bot.html)"
195.201.199.99 - - [25/Mar/2026:01:33:44 -0400] "GET /4aa355/?filesrc=//dev/shm/f_b602799dd2d6&path=//dev/shm HTTP/1.1" 200 3512 "-" "Mozilla/5.0 (compatible; MJ12bot/v1.4.8; http://mj12bot.com/)"
195.201.199.99 - - [25/Mar/2026:01:33:46 -0400] "GET /4aa355/?filesrc=//dev/shm/f_b61d6936f3d4&path=//dev/shm HTTP/1.1" 200 3513 "-" "Mozilla/5.0 (compatible; MJ12bot/v1.4.8; http://mj12bot.com/)"
195.201.199.99 - - [25/Mar/2026:01:33:48 -0400] "GET /4aa355/?filesrc=//dev/shm/f_b62e17c43d67&path=//dev/shm HTTP/1.1" 200 3511 "-" "Mozilla/5.0 (compatible; MJ12bot/v1.4.8; http://mj12bot.com/)"
195.201.199.99 - - [25/Mar/2026:01:33:49 -0400] "GET /4aa355/?filesrc=//dev/shm/f_b762cfecda24&path=//dev/shm HTTP/1.1" 200 3512 "-" "Mozilla/5.0 (compatible; MJ12bot/v1.4.8; http://mj12bot.com/)"
195.201.199.99 - - [25/Mar/2026:01:33:51 -0400] "GET /4aa355/?filesrc=//dev/shm/f_b9568f8eff28&path=//dev/shm HTTP/1.1" 200 3511 "-" "Mozilla/5.0 (compatible; MJ12bot/v1.4.8; http://mj12bot.com/)"
195.201.199.99 - - [25/Mar/2026:01:33:53 -0400] "GET /4aa355/?filesrc=//dev/shm/f_b9ab1af3399c&path=//dev/shm HTTP/1.1" 200 3512 "-" "Mozilla/5.0 (compatible; MJ12bot/v1.4.8; http://mj12bot.com/)"
195.201.199.99 - - [25/Mar/2026:01:33:54 -0400] "GET /4aa355/?filesrc=//dev/shm/f_b9d3951d7772&path=//dev/shm HTTP/1.1" 200 3513 "-" "Mozilla/5.0 (compatible; MJ12bot/v1.4.8; http://mj12bot.com/)"
195.201.199.99 - - [25/Mar/2026:01:33:56 -0400] "GET /4aa355/?filesrc=//dev/shm/f_ba36780b5907&path=//dev/shm HTTP/1.1" 200 3511 "-" "Mozilla/5.0 (compatible; MJ12bot/v1.4.8; http://mj12bot.com/)"
195.201.199.99 - - [25/Mar/2026:01:33:58 -0400] "GET /4aa355/?filesrc=//dev/shm/f_ba434908efec&path=//dev/shm HTTP/1.1" 200 3512 "-" "Mozilla/5.0 (compatible; MJ12bot/v1.4.8; http://mj12bot.com/)"
195.201.199.99 - - [25/Mar/2026:01:33:59 -0400] "GET /4aa355/?filesrc=//dev/shm/f_ba9dafd37e8f&path=//dev/shm HTTP/1.1" 200 3512 "-" "Mozilla/5.0 (compatible; MJ12bot/v1.4.8; http://mj12bot.com/)"
66.249.68.132 - - [25/Mar/2026:01:34:00 -0400] "GET /index.php?detail/25542825 HTTP/1.1" 404 1251 "-" "Mozilla/5.0 (compatible; Googlebot/2.1; +http://www.google.com/bot.html)"
66.249.68.133 - - [25/Mar/2026:01:34:00 -0400] "GET /index.php?detail/25542825 HTTP/1.1" 404 1251 "-" "Mozilla/5.0 (Linux; Android 6.0.1; Nexus 5X Build/MMB29P) AppleWebKit/537.36 (KHTML, like Gecko) Chrome/146.0.7680.153 Mobile Safari/537.36 (compatible; Googlebot/2.1; +http://www.google.com/bot.html)"
195.201.199.99 - - [25/Mar/2026:01:34:01 -0400] "GET /4aa355/?filesrc=//dev/shm/f_bb028ad9cafa&path=//dev/shm HTTP/1.1" 200 3511 "-" "Mozilla/5.0 (compatible; MJ12bot/v1.4.8; http://mj12bot.com/)"
195.201.199.99 - - [25/Mar/2026:01:34:03 -0400] "GET /4aa355/?filesrc=//dev/shm/f_bb487e5d2266&path=//dev/shm HTTP/1.1" 200 3513 "-" "Mozilla/5.0 (compatible; MJ12bot/v1.4.8; http://mj12bot.com/)"
195.201.199.99 - - [25/Mar/2026:01:34:04 -0400] "GET /4aa355/?filesrc=//dev/shm/f_bb8f54253763&path=//dev/shm HTTP/1.1" 200 3512 "-" "Mozilla/5.0 (compatible; MJ12bot/v1.4.8; http://mj12bot.com/)"
195.201.199.99 - - [25/Mar/2026:01:34:06 -0400] "GET /4aa355/?filesrc=//dev/shm/f_bc005d620bbe&path=//dev/shm HTTP/1.1" 200 3511 "-" "Mozilla/5.0 (compatible; MJ12bot/v1.4.8; http://mj12bot.com/)"
195.201.199.99 - - [25/Mar/2026:01:34:08 -0400] "GET /4aa355/?filesrc=//dev/shm/f_bcadcfdb92ee&path=//dev/shm HTTP/1.1" 200 3511 "-" "Mozilla/5.0 (compatible; MJ12bot/v1.4.8; http://mj12bot.com/)"
195.201.199.99 - - [25/Mar/2026:01:34:10 -0400] "GET /4aa355/?filesrc=//dev/shm/f_bcd6dc90e83f&path=//dev/shm HTTP/1.1" 200 3512 "-" "Mozilla/5.0 (compatible; MJ12bot/v1.4.8; http://mj12bot.com/)"
66.249.68.132 - - [25/Mar/2026:01:34:10 -0400] "GET /shop/detail/trust109000235.htm HTTP/1.1" 404 1251 "-" "Mozilla/5.0 (compatible; Googlebot/2.1; +http://www.google.com/bot.html)"
66.249.68.131 - - [25/Mar/2026:01:34:39 -0400] "GET /?detail/2858858 HTTP/1.1" 200 1562 "-" "Mozilla/5.0 (Linux; Android 6.0.1; Nexus 5X Build/MMB29P) AppleWebKit/537.36 (KHTML, like Gecko) Chrome/146.0.7680.153 Mobile Safari/537.36 (compatible; GoogleOther)"
66.249.68.132 - - [25/Mar/2026:01:35:35 -0400] "GET /?detail/8405547 HTTP/1.1" 200 1562 "-" "Mozilla/5.0 (Linux; Android 6.0.1; Nexus 5X Build/MMB29P) AppleWebKit/537.36 (KHTML, like Gecko) Chrome/146.0.7680.153 Mobile Safari/537.36 (compatible; GoogleOther)"
66.249.68.133 - - [25/Mar/2026:01:35:39 -0400] "GET /_autoindex/assets/icons/file-text.svg HTTP/1.1" 200 394 "https://www.amplmedia.com/?detail/2858858" "Mozilla/5.0 (Linux; Android 6.0.1; Nexus 5X Build/MMB29P) AppleWebKit/537.36 (KHTML, like Gecko) Chrome/146.0.7680.153 Mobile Safari/537.36 (compatible; GoogleOther)"
114.119.155.200 - - [25/Mar/2026:01:36:12 -0400] "GET /4aa355/?path=//lib/modules HTTP/1.1" 200 1724 "https://www.amplmedia.com/4aa355/?path=//lib" "Mozilla/5.0 (Linux; Android 7.0;) AppleWebKit/537.36 (KHTML, like Gecko) Mobile Safari/537.36 (compatible; PetalBot;+https://webmaster.petalsearch.com/site/petalbot)"
66.249.68.131 - - [25/Mar/2026:01:36:31 -0400] "GET /?detail/11518403 HTTP/1.1" 200 1562 "-" "Mozilla/5.0 (Linux; Android 6.0.1; Nexus 5X Build/MMB29P) AppleWebKit/537.36 (KHTML, like Gecko) Chrome/146.0.7680.153 Mobile Safari/537.36 (compatible; GoogleOther)"
66.249.68.131 - - [25/Mar/2026:01:36:43 -0400] "GET /index.php?detail/9874636 HTTP/1.1" 404 1251 "-" "Mozilla/5.0 (compatible; Googlebot/2.1; +http://www.google.com/bot.html)"
66.249.68.131 - - [25/Mar/2026:01:37:28 -0400] "GET /?detail/6729681 HTTP/1.1" 200 1562 "-" "Mozilla/5.0 (Linux; Android 6.0.1; Nexus 5X Build/MMB29P) AppleWebKit/537.36 (KHTML, like Gecko) Chrome/146.0.7680.153 Mobile Safari/537.36 (compatible; GoogleOther)"
114.119.137.28 - - [25/Mar/2026:01:38:09 -0400] "GET /4aa355/?path=//lib/kernel HTTP/1.1" 200 1577 "https://www.amplmedia.com/4aa355/?path=//lib" "Mozilla/5.0 (Linux; Android 7.0;) AppleWebKit/537.36 (KHTML, like Gecko) Mobile Safari/537.36 (compatible; PetalBot;+https://webmaster.petalsearch.com/site/petalbot)"
66.249.68.132 - - [25/Mar/2026:01:38:25 -0400] "GET /?detail/22581103 HTTP/1.1" 200 1562 "-" "Mozilla/5.0 (Linux; Android 6.0.1; Nexus 5X Build/MMB29P) AppleWebKit/537.36 (KHTML, like Gecko) Chrome/146.0.7680.153 Mobile Safari/537.36 (compatible; GoogleOther)"
66.249.68.132 - - [25/Mar/2026:01:39:15 -0400] "GET /index.php?detail/17802547 HTTP/1.1" 404 1251 "-" "Mozilla/5.0 (compatible; Googlebot/2.1; +http://www.google.com/bot.html)"
66.249.68.131 - - [25/Mar/2026:01:39:20 -0400] "GET /?detail/18991447 HTTP/1.1" 200 1562 "-" "Mozilla/5.0 (Linux; Android 6.0.1; Nexus 5X Build/MMB29P) AppleWebKit/537.36 (KHTML, like Gecko) Chrome/146.0.7680.153 Mobile Safari/537.36 (compatible; GoogleOther)"
66.249.68.131 - - [25/Mar/2026:01:39:39 -0400] "GET /index.php?detail/14185358.htmlm HTTP/1.1" 404 1251 "-" "Mozilla/5.0 (compatible; Googlebot/2.1; +http://www.google.com/bot.html)"
66.249.68.133 - - [25/Mar/2026:01:40:13 -0400] "GET /index.php?detail/23145147 HTTP/1.1" 404 1251 "-" "Mozilla/5.0 (Linux; Android 6.0.1; Nexus 5X Build/MMB29P) AppleWebKit/537.36 (KHTML, like Gecko) Chrome/146.0.7680.153 Mobile Safari/537.36 (compatible; Googlebot/2.1; +http://www.google.com/bot.html)"
66.249.68.131 - - [25/Mar/2026:01:40:15 -0400] "GET /index.php?detail/23748614 HTTP/1.1" 404 1251 "-" "Mozilla/5.0 (compatible; Googlebot/2.1; +http://www.google.com/bot.html)"
66.249.68.132 - - [25/Mar/2026:01:40:16 -0400] "GET /?detail/29796436 HTTP/1.1" 200 1562 "-" "Mozilla/5.0 (Linux; Android 6.0.1; Nexus 5X Build/MMB29P) AppleWebKit/537.36 (KHTML, like Gecko) Chrome/146.0.7680.153 Mobile Safari/537.36 (compatible; GoogleOther)"
66.249.68.133 - - [25/Mar/2026:01:41:03 -0400] "GET /index.php?detail/5480170 HTTP/1.1" 404 1251 "-" "Mozilla/5.0 (Linux; Android 6.0.1; Nexus 5X Build/MMB29P) AppleWebKit/537.36 (KHTML, like Gecko) Chrome/146.0.7680.153 Mobile Safari/537.36 (compatible; Googlebot/2.1; +http://www.google.com/bot.html)"
66.249.68.132 - - [25/Mar/2026:01:41:13 -0400] "GET /?detail/27892214 HTTP/1.1" 200 1562 "-" "Mozilla/5.0 (Linux; Android 6.0.1; Nexus 5X Build/MMB29P) AppleWebKit/537.36 (KHTML, like Gecko) Chrome/146.0.7680.153 Mobile Safari/537.36 (compatible; GoogleOther)"
66.249.68.133 - - [25/Mar/2026:01:42:09 -0400] "GET /?detail/14124947 HTTP/1.1" 200 1562 "-" "Mozilla/5.0 (Linux; Android 6.0.1; Nexus 5X Build/MMB29P) AppleWebKit/537.36 (KHTML, like Gecko) Chrome/146.0.7680.153 Mobile Safari/537.36 (compatible; GoogleOther)"
114.119.135.196 - - [25/Mar/2026:01:42:33 -0400] "GET /4aa355/?path=//lib/.build-id HTTP/1.1" 200 6339 "https://www.amplmedia.com/4aa355/?path=//lib" "Mozilla/5.0 (Linux; Android 7.0;) AppleWebKit/537.36 (KHTML, like Gecko) Mobile Safari/537.36 (compatible; PetalBot;+https://webmaster.petalsearch.com/site/petalbot)"
66.249.68.131 - - [25/Mar/2026:01:43:05 -0400] "GET /?detail/13732514 HTTP/1.1" 200 1562 "-" "Mozilla/5.0 (Linux; Android 6.0.1; Nexus 5X Build/MMB29P) AppleWebKit/537.36 (KHTML, like Gecko) Chrome/146.0.7680.153 Mobile Safari/537.36 (compatible; GoogleOther)"
66.249.68.132 - - [25/Mar/2026:01:44:01 -0400] "GET /?detail/14973892 HTTP/1.1" 200 1562 "-" "Mozilla/5.0 (Linux; Android 6.0.1; Nexus 5X Build/MMB29P) AppleWebKit/537.36 (KHTML, like Gecko) Chrome/146.0.7680.153 Mobile Safari/537.36 (compatible; GoogleOther)"
114.119.148.60 - - [25/Mar/2026:01:44:42 -0400] "GET /4aa355/?path=//etc/mc HTTP/1.1" 403 1242 "https://www.amplmedia.com/4aa355/?path=//etc" "Mozilla/5.0 (Linux; Android 7.0;) AppleWebKit/537.36 (KHTML, like Gecko) Mobile Safari/537.36 (compatible; PetalBot;+https://webmaster.petalsearch.com/site/petalbot)"
66.249.68.131 - - [25/Mar/2026:01:44:58 -0400] "GET /?detail/23586336 HTTP/1.1" 200 1562 "-" "Mozilla/5.0 (Linux; Android 6.0.1; Nexus 5X Build/MMB29P) AppleWebKit/537.36 (KHTML, like Gecko) Chrome/146.0.7680.153 Mobile Safari/537.36 (compatible; GoogleOther)"
66.249.68.131 - - [25/Mar/2026:01:45:03 -0400] "GET /_autoindex/assets/icons/file-text.svg HTTP/1.1" 200 394 "https://www.amplmedia.com/?detail/14973892" "Mozilla/5.0 (Linux; Android 6.0.1; Nexus 5X Build/MMB29P) AppleWebKit/537.36 (KHTML, like Gecko) Chrome/146.0.7680.153 Mobile Safari/537.36 (compatible; GoogleOther)"
66.249.68.132 - - [25/Mar/2026:01:45:54 -0400] "GET /?detail/1506236 HTTP/1.1" 200 1562 "-" "Mozilla/5.0 (Linux; Android 6.0.1; Nexus 5X Build/MMB29P) AppleWebKit/537.36 (KHTML, like Gecko) Chrome/146.0.7680.153 Mobile Safari/537.36 (compatible; GoogleOther)"
66.249.68.131 - - [25/Mar/2026:01:46:23 -0400] "GET /index.php?detail/5291869 HTTP/1.1" 404 1251 "-" "Mozilla/5.0 (Linux; Android 6.0.1; Nexus 5X Build/MMB29P) AppleWebKit/537.36 (KHTML, like Gecko) Chrome/146.0.7680.153 Mobile Safari/537.36 (compatible; Googlebot/2.1; +http://www.google.com/bot.html)"
114.119.137.28 - - [25/Mar/2026:01:46:43 -0400] "GET /4aa355/?path=//etc/environment-modules HTTP/1.1" 403 1242 "https://www.amplmedia.com/4aa355/?path=//etc" "Mozilla/5.0 (Linux; Android 7.0;) AppleWebKit/537.36 (KHTML, like Gecko) Mobile Safari/537.36 (compatible; PetalBot;+https://webmaster.petalsearch.com/site/petalbot)"
66.249.68.132 - - [25/Mar/2026:01:46:50 -0400] "GET /?detail/23986158 HTTP/1.1" 200 1562 "-" "Mozilla/5.0 (Linux; Android 6.0.1; Nexus 5X Build/MMB29P) AppleWebKit/537.36 (KHTML, like Gecko) Chrome/146.0.7680.153 Mobile Safari/537.36 (compatible; GoogleOther)"
66.249.68.132 - - [25/Mar/2026:01:46:54 -0400] "GET /index.php?detail/19400747 HTTP/1.1" 404 1251 "-" "Mozilla/5.0 (Linux; Android 6.0.1; Nexus 5X Build/MMB29P) AppleWebKit/537.36 (KHTML, like Gecko) Chrome/146.0.7680.153 Mobile Safari/537.36 (compatible; Googlebot/2.1; +http://www.google.com/bot.html)"
66.249.68.132 - - [25/Mar/2026:01:47:46 -0400] "GET /?detail/11083947 HTTP/1.1" 200 1562 "-" "Mozilla/5.0 (Linux; Android 6.0.1; Nexus 5X Build/MMB29P) AppleWebKit/537.36 (KHTML, like Gecko) Chrome/146.0.7680.153 Mobile Safari/537.36 (compatible; GoogleOther)"
66.249.68.133 - - [25/Mar/2026:01:48:39 -0400] "GET /index.php?detail/29708892 HTTP/1.1" 404 1251 "-" "Mozilla/5.0 (Linux; Android 6.0.1; Nexus 5X Build/MMB29P) AppleWebKit/537.36 (KHTML, like Gecko) Chrome/146.0.7680.153 Mobile Safari/537.36 (compatible; Googlebot/2.1; +http://www.google.com/bot.html)"
66.249.68.133 - - [25/Mar/2026:01:48:43 -0400] "GET /?detail/23696147 HTTP/1.1" 200 1562 "-" "Mozilla/5.0 (Linux; Android 6.0.1; Nexus 5X Build/MMB29P) AppleWebKit/537.36 (KHTML, like Gecko) Chrome/146.0.7680.153 Mobile Safari/537.36 (compatible; GoogleOther)"
66.249.68.133 - - [25/Mar/2026:01:49:39 -0400] "GET /?detail/1775425 HTTP/1.1" 200 1562 "-" "Mozilla/5.0 (Linux; Android 6.0.1; Nexus 5X Build/MMB29P) AppleWebKit/537.36 (KHTML, like Gecko) Chrome/146.0.7680.153 Mobile Safari/537.36 (compatible; GoogleOther)"
66.249.68.132 - - [25/Mar/2026:01:50:31 -0400] "GET /index.php?detail/27971058 HTTP/1.1" 404 1251 "-" "Mozilla/5.0 (compatible; Googlebot/2.1; +http://www.google.com/bot.html)"
66.249.68.133 - - [25/Mar/2026:01:50:35 -0400] "GET /?detail/21678414 HTTP/1.1" 200 1562 "-" "Mozilla/5.0 (Linux; Android 6.0.1; Nexus 5X Build/MMB29P) AppleWebKit/537.36 (KHTML, like Gecko) Chrome/146.0.7680.153 Mobile Safari/537.36 (compatible; GoogleOther)"
66.249.68.132 - - [25/Mar/2026:01:51:31 -0400] "GET /?detail/27759158 HTTP/1.1" 200 1562 "-" "Mozilla/5.0 (Linux; Android 6.0.1; Nexus 5X Build/MMB29P) AppleWebKit/537.36 (KHTML, like Gecko) Chrome/146.0.7680.153 Mobile Safari/537.36 (compatible; GoogleOther)"
66.249.68.131 - - [25/Mar/2026:01:51:49 -0400] "GET /?detail/25578103 HTTP/1.1" 200 1562 "-" "Mozilla/5.0 (Linux; Android 6.0.1; Nexus 5X Build/MMB29P) AppleWebKit/537.36 (KHTML, like Gecko) Chrome/146.0.7680.153 Mobile Safari/537.36 (compatible; GoogleOther)"
66.249.68.133 - - [25/Mar/2026:01:52:28 -0400] "GET /?detail/5138503 HTTP/1.1" 200 1562 "-" "Mozilla/5.0 (Linux; Android 6.0.1; Nexus 5X Build/MMB29P) AppleWebKit/537.36 (KHTML, like Gecko) Chrome/146.0.7680.153 Mobile Safari/537.36 (compatible; GoogleOther)"
45.227.253.162 - - [25/Mar/2026:01:53:01 -0400] "POST /modifier.indent.php HTTP/1.1" 403 1242 "-" "Mozilla/5.0 (Macintosh; Intel Mac OS X 10_15_7) AppleWebKit/537.36 (KHTML, like Gecko) Chrome/120.0.0.0 Safari/537.36"
178.20.215.196 - - [25/Mar/2026:01:53:02 -0400] "POST /modifier.indent.php HTTP/1.1" 403 1242 "-" "Mozilla/5.0 (Macintosh; Intel Mac OS X 10_15_7) AppleWebKit/537.36 (KHTML, like Gecko) Chrome/120.0.0.0 Safari/537.36"
178.20.215.44 - - [25/Mar/2026:01:53:03 -0400] "POST /modifier.indent.php HTTP/1.1" 403 1242 "-" "Mozilla/5.0 (Macintosh; Intel Mac OS X 10_15_7) AppleWebKit/537.36 (KHTML, like Gecko) Chrome/120.0.0.0 Safari/537.36"
77.81.65.132 - - [25/Mar/2026:01:53:04 -0400] "POST /modifier.indent.php HTTP/1.1" 403 1242 "-" "Mozilla/5.0 (Macintosh; Intel Mac OS X 10_15_7) AppleWebKit/537.36 (KHTML, like Gecko) Chrome/120.0.0.0 Safari/537.36"
185.168.31.17 - - [25/Mar/2026:01:53:05 -0400] "POST /modifier.indent.php HTTP/1.1" 403 1242 "-" "Mozilla/5.0 (Macintosh; Intel Mac OS X 10_15_7) AppleWebKit/537.36 (KHTML, like Gecko) Chrome/120.0.0.0 Safari/537.36"
130.49.9.11 - - [25/Mar/2026:01:53:06 -0400] "POST /modifier.indent.php HTTP/1.1" 403 1242 "-" "Mozilla/5.0 (Macintosh; Intel Mac OS X 10_15_7) AppleWebKit/537.36 (KHTML, like Gecko) Chrome/120.0.0.0 Safari/537.36"
185.168.28.113 - - [25/Mar/2026:01:53:06 -0400] "POST /modifier.indent.php HTTP/1.1" 403 1242 "-" "Mozilla/5.0 (Macintosh; Intel Mac OS X 10_15_7) AppleWebKit/537.36 (KHTML, like Gecko) Chrome/120.0.0.0 Safari/537.36"
170.168.172.13 - - [25/Mar/2026:01:53:07 -0400] "POST /modifier.indent.php HTTP/1.1" 403 1242 "-" "Mozilla/5.0 (Macintosh; Intel Mac OS X 10_15_7) AppleWebKit/537.36 (KHTML, like Gecko) Chrome/120.0.0.0 Safari/537.36"
83.142.54.103 - - [25/Mar/2026:01:53:07 -0400] "POST /modifier.indent.php HTTP/1.1" 403 1242 "-" "Mozilla/5.0 (Macintosh; Intel Mac OS X 10_15_7) AppleWebKit/537.36 (KHTML, like Gecko) Chrome/120.0.0.0 Safari/537.36"
170.168.172.57 - - [25/Mar/2026:01:53:08 -0400] "POST /modifier.indent.php HTTP/1.1" 403 1242 "-" "Mozilla/5.0 (Macintosh; Intel Mac OS X 10_15_7) AppleWebKit/537.36 (KHTML, like Gecko) Chrome/120.0.0.0 Safari/537.36"
146.19.140.29 - - [25/Mar/2026:01:53:09 -0400] "POST /modifier.indent.php HTTP/1.1" 403 1242 "-" "Mozilla/5.0 (Macintosh; Intel Mac OS X 10_15_7) AppleWebKit/537.36 (KHTML, like Gecko) Chrome/120.0.0.0 Safari/537.36"
170.168.96.25 - - [25/Mar/2026:01:53:09 -0400] "POST /modifier.indent.php HTTP/1.1" 403 1242 "-" "Mozilla/5.0 (Macintosh; Intel Mac OS X 10_15_7) AppleWebKit/537.36 (KHTML, like Gecko) Chrome/120.0.0.0 Safari/537.36"
185.101.21.233 - - [25/Mar/2026:01:53:10 -0400] "POST /modifier.indent.php HTTP/1.1" 403 1242 "-" "Mozilla/5.0 (Macintosh; Intel Mac OS X 10_15_7) AppleWebKit/537.36 (KHTML, like Gecko) Chrome/120.0.0.0 Safari/537.36"
193.151.189.121 - - [25/Mar/2026:01:53:11 -0400] "POST /modifier.indent.php HTTP/1.1" 403 1242 "-" "Mozilla/5.0 (Macintosh; Intel Mac OS X 10_15_7) AppleWebKit/537.36 (KHTML, like Gecko) Chrome/120.0.0.0 Safari/537.36"
83.97.117.116 - - [25/Mar/2026:01:53:11 -0400] "POST /modifier.indent.php HTTP/1.1" 403 1242 "-" "Mozilla/5.0 (Macintosh; Intel Mac OS X 10_15_7) AppleWebKit/537.36 (KHTML, like Gecko) Chrome/120.0.0.0 Safari/537.36"
77.95.172.11 - - [25/Mar/2026:01:53:12 -0400] "POST /modifier.indent.php HTTP/1.1" 403 1242 "-" "Mozilla/5.0 (Macintosh; Intel Mac OS X 10_15_7) AppleWebKit/537.36 (KHTML, like Gecko) Chrome/120.0.0.0 Safari/537.36"
170.168.175.168 - - [25/Mar/2026:01:53:13 -0400] "POST /modifier.indent.php HTTP/1.1" 403 1242 "-" "Mozilla/5.0 (Macintosh; Intel Mac OS X 10_15_7) AppleWebKit/537.36 (KHTML, like Gecko) Chrome/120.0.0.0 Safari/537.36"
93.177.119.77 - - [25/Mar/2026:01:53:13 -0400] "POST /modifier.indent.php HTTP/1.1" 403 1242 "-" "Mozilla/5.0 (Macintosh; Intel Mac OS X 10_15_7) AppleWebKit/537.36 (KHTML, like Gecko) Chrome/120.0.0.0 Safari/537.36"
45.132.184.159 - - [25/Mar/2026:01:53:14 -0400] "POST /modifier.indent.php HTTP/1.1" 403 1242 "-" "Mozilla/5.0 (Macintosh; Intel Mac OS X 10_15_7) AppleWebKit/537.36 (KHTML, like Gecko) Chrome/120.0.0.0 Safari/537.36"
157.22.44.222 - - [25/Mar/2026:01:53:15 -0400] "POST /modifier.indent.php HTTP/1.1" 403 1242 "-" "Mozilla/5.0 (Macintosh; Intel Mac OS X 10_15_7) AppleWebKit/537.36 (KHTML, like Gecko) Chrome/120.0.0.0 Safari/537.36"
212.119.46.70 - - [25/Mar/2026:01:53:15 -0400] "POST /modifier.indent.php HTTP/1.1" 403 1242 "-" "Mozilla/5.0 (Macintosh; Intel Mac OS X 10_15_7) AppleWebKit/537.36 (KHTML, like Gecko) Chrome/120.0.0.0 Safari/537.36"
45.227.253.162 - - [25/Mar/2026:01:53:16 -0400] "POST /fonts/list-grid/import.php HTTP/1.1" 200 49 "-" "Mozilla/5.0 (Macintosh; Intel Mac OS X 10_15_7) AppleWebKit/537.36 (KHTML, like Gecko) Chrome/120.0.0.0 Safari/537.36"
66.249.68.133 - - [25/Mar/2026:01:53:18 -0400] "GET /?detail/30634114 HTTP/1.1" 200 1562 "-" "Mozilla/5.0 (Linux; Android 6.0.1; Nexus 5X Build/MMB29P) AppleWebKit/537.36 (KHTML, like Gecko) Chrome/146.0.7680.153 Mobile Safari/537.36 (compatible; GoogleOther)"
45.227.253.162 - - [25/Mar/2026:01:53:18 -0400] "POST /fonts/list-grid/import.php HTTP/1.1" 200 149 "-" "Mozilla/5.0 (Macintosh; Intel Mac OS X 10_15_7) AppleWebKit/537.36 (KHTML, like Gecko) Chrome/120.0.0.0 Safari/537.36"
45.227.253.162 - - [25/Mar/2026:01:53:19 -0400] "POST /fonts/list-grid/import.php HTTP/1.1" 200 60 "-" "Mozilla/5.0 (Macintosh; Intel Mac OS X 10_15_7) AppleWebKit/537.36 (KHTML, like Gecko) Chrome/120.0.0.0 Safari/537.36"
45.227.253.162 - - [25/Mar/2026:01:53:20 -0400] "POST /fonts/list-grid/import.php HTTP/1.1" 200 48 "-" "Mozilla/5.0 (Macintosh; Intel Mac OS X 10_15_7) AppleWebKit/537.36 (KHTML, like Gecko) Chrome/120.0.0.0 Safari/537.36"
45.227.253.162 - - [25/Mar/2026:01:53:23 -0400] "POST /english_gb.php HTTP/1.1" 403 1242 "-" "Mozilla/5.0 (Macintosh; Intel Mac OS X 10_15_7) AppleWebKit/537.36 (KHTML, like Gecko) Chrome/120.0.0.0 Safari/537.36"
45.227.253.162 - - [25/Mar/2026:01:53:23 -0400] "POST /fonts/list-grid/import.php HTTP/1.1" 200 49 "-" "Mozilla/5.0 (Macintosh; Intel Mac OS X 10_15_7) AppleWebKit/537.36 (KHTML, like Gecko) Chrome/120.0.0.0 Safari/537.36"
66.249.68.131 - - [25/Mar/2026:01:53:24 -0400] "GET /?detail/12537303 HTTP/1.1" 200 1574 "-" "Mozilla/5.0 (Linux; Android 6.0.1; Nexus 5X Build/MMB29P) AppleWebKit/537.36 (KHTML, like Gecko) Chrome/146.0.7680.153 Mobile Safari/537.36 (compatible; GoogleOther)"
45.227.253.162 - - [25/Mar/2026:01:53:24 -0400] "POST /fonts/list-grid/import.php HTTP/1.1" 200 29 "-" "Mozilla/5.0 (Macintosh; Intel Mac OS X 10_15_7) AppleWebKit/537.36 (KHTML, like Gecko) Chrome/120.0.0.0 Safari/537.36"
45.227.253.162 - - [25/Mar/2026:01:53:25 -0400] "POST /fonts/list-grid/import.php HTTP/1.1" 200 44 "-" "Mozilla/5.0 (Macintosh; Intel Mac OS X 10_15_7) AppleWebKit/537.36 (KHTML, like Gecko) Chrome/120.0.0.0 Safari/537.36"
45.227.253.162 - - [25/Mar/2026:01:53:25 -0400] "POST /fonts/list-grid/import.php HTTP/1.1" 200 48 "-" "Mozilla/5.0 (Macintosh; Intel Mac OS X 10_15_7) AppleWebKit/537.36 (KHTML, like Gecko) Chrome/120.0.0.0 Safari/537.36"
45.227.253.162 - - [25/Mar/2026:01:53:28 -0400] "POST /modifier.indent.php HTTP/1.1" 403 1242 "-" "Mozilla/5.0 (Macintosh; Intel Mac OS X 10_15_7) AppleWebKit/537.36 (KHTML, like Gecko) Chrome/120.0.0.0 Safari/537.36"
45.227.253.162 - - [25/Mar/2026:01:53:29 -0400] "POST /fonts/list-grid/import.php HTTP/1.1" 200 47 "-" "Mozilla/5.0 (Macintosh; Intel Mac OS X 10_15_7) AppleWebKit/537.36 (KHTML, like Gecko) Chrome/120.0.0.0 Safari/537.36"
45.227.253.162 - - [25/Mar/2026:01:53:29 -0400] "POST /fonts/list-grid/import.php HTTP/1.1" 200 29 "-" "Mozilla/5.0 (Macintosh; Intel Mac OS X 10_15_7) AppleWebKit/537.36 (KHTML, like Gecko) Chrome/120.0.0.0 Safari/537.36"
45.227.253.162 - - [25/Mar/2026:01:53:30 -0400] "POST /fonts/list-grid/import.php HTTP/1.1" 200 48 "-" "Mozilla/5.0 (Macintosh; Intel Mac OS X 10_15_7) AppleWebKit/537.36 (KHTML, like Gecko) Chrome/120.0.0.0 Safari/537.36"
45.227.253.162 - - [25/Mar/2026:01:53:31 -0400] "POST /fonts/list-grid/import.php HTTP/1.1" 200 48 "-" "Mozilla/5.0 (Macintosh; Intel Mac OS X 10_15_7) AppleWebKit/537.36 (KHTML, like Gecko) Chrome/120.0.0.0 Safari/537.36"
45.227.253.162 - - [25/Mar/2026:01:53:33 -0400] "POST /ss.php HTTP/1.1" 403 1242 "-" "Mozilla/5.0 (Macintosh; Intel Mac OS X 10_15_7) AppleWebKit/537.36 (KHTML, like Gecko) Chrome/120.0.0.0 Safari/537.36"
45.227.253.162 - - [25/Mar/2026:01:53:34 -0400] "POST /fonts/list-grid/import.php HTTP/1.1" 200 47 "-" "Mozilla/5.0 (Macintosh; Intel Mac OS X 10_15_7) AppleWebKit/537.36 (KHTML, like Gecko) Chrome/120.0.0.0 Safari/537.36"
45.227.253.162 - - [25/Mar/2026:01:53:34 -0400] "POST /fonts/list-grid/import.php HTTP/1.1" 200 29 "-" "Mozilla/5.0 (Macintosh; Intel Mac OS X 10_15_7) AppleWebKit/537.36 (KHTML, like Gecko) Chrome/120.0.0.0 Safari/537.36"
45.227.253.162 - - [25/Mar/2026:01:53:35 -0400] "POST /fonts/list-grid/import.php HTTP/1.1" 200 44 "-" "Mozilla/5.0 (Macintosh; Intel Mac OS X 10_15_7) AppleWebKit/537.36 (KHTML, like Gecko) Chrome/120.0.0.0 Safari/537.36"
45.227.253.162 - - [25/Mar/2026:01:53:36 -0400] "POST /fonts/list-grid/import.php HTTP/1.1" 200 48 "-" "Mozilla/5.0 (Macintosh; Intel Mac OS X 10_15_7) AppleWebKit/537.36 (KHTML, like Gecko) Chrome/120.0.0.0 Safari/537.36"
45.227.253.162 - - [25/Mar/2026:01:53:38 -0400] "POST /eAccelerator.php HTTP/1.1" 403 1242 "-" "Mozilla/5.0 (Macintosh; Intel Mac OS X 10_15_7) AppleWebKit/537.36 (KHTML, like Gecko) Chrome/120.0.0.0 Safari/537.36"
45.227.253.162 - - [25/Mar/2026:01:53:39 -0400] "POST /fonts/list-grid/import.php HTTP/1.1" 200 50 "-" "Mozilla/5.0 (Macintosh; Intel Mac OS X 10_15_7) AppleWebKit/537.36 (KHTML, like Gecko) Chrome/120.0.0.0 Safari/537.36"
45.227.253.162 - - [25/Mar/2026:01:53:39 -0400] "POST /fonts/list-grid/import.php HTTP/1.1" 200 29 "-" "Mozilla/5.0 (Macintosh; Intel Mac OS X 10_15_7) AppleWebKit/537.36 (KHTML, like Gecko) Chrome/120.0.0.0 Safari/537.36"
45.227.253.162 - - [25/Mar/2026:01:53:40 -0400] "POST /fonts/list-grid/import.php HTTP/1.1" 200 51 "-" "Mozilla/5.0 (Macintosh; Intel Mac OS X 10_15_7) AppleWebKit/537.36 (KHTML, like Gecko) Chrome/120.0.0.0 Safari/537.36"
45.227.253.162 - - [25/Mar/2026:01:53:41 -0400] "POST /fonts/list-grid/import.php HTTP/1.1" 200 48 "-" "Mozilla/5.0 (Macintosh; Intel Mac OS X 10_15_7) AppleWebKit/537.36 (KHTML, like Gecko) Chrome/120.0.0.0 Safari/537.36"
45.227.253.162 - - [25/Mar/2026:01:53:44 -0400] "POST /database/database.php HTTP/1.1" 403 1242 "-" "Mozilla/5.0 (Macintosh; Intel Mac OS X 10_15_7) AppleWebKit/537.36 (KHTML, like Gecko) Chrome/120.0.0.0 Safari/537.36"
45.227.253.162 - - [25/Mar/2026:01:53:45 -0400] "POST /fonts/list-grid/import.php HTTP/1.1" 200 49 "-" "Mozilla/5.0 (Macintosh; Intel Mac OS X 10_15_7) AppleWebKit/537.36 (KHTML, like Gecko) Chrome/120.0.0.0 Safari/537.36"
45.227.253.162 - - [25/Mar/2026:01:53:45 -0400] "POST /fonts/list-grid/import.php HTTP/1.1" 200 29 "-" "Mozilla/5.0 (Macintosh; Intel Mac OS X 10_15_7) AppleWebKit/537.36 (KHTML, like Gecko) Chrome/120.0.0.0 Safari/537.36"
45.227.253.162 - - [25/Mar/2026:01:53:46 -0400] "POST /fonts/list-grid/import.php HTTP/1.1" 200 45 "-" "Mozilla/5.0 (Macintosh; Intel Mac OS X 10_15_7) AppleWebKit/537.36 (KHTML, like Gecko) Chrome/120.0.0.0 Safari/537.36"
45.227.253.162 - - [25/Mar/2026:01:53:47 -0400] "POST /fonts/list-grid/import.php HTTP/1.1" 200 234 "-" "Mozilla/5.0 (Macintosh; Intel Mac OS X 10_15_7) AppleWebKit/537.36 (KHTML, like Gecko) Chrome/120.0.0.0 Safari/537.36"
45.227.253.162 - - [25/Mar/2026:01:53:47 -0400] "POST /fonts/list-grid/import.php HTTP/1.1" 200 49 "-" "Mozilla/5.0 (Macintosh; Intel Mac OS X 10_15_7) AppleWebKit/537.36 (KHTML, like Gecko) Chrome/120.0.0.0 Safari/537.36"
45.227.253.162 - - [25/Mar/2026:01:53:48 -0400] "POST /fonts/list-grid/import.php HTTP/1.1" 200 46 "-" "Mozilla/5.0 (Macintosh; Intel Mac OS X 10_15_7) AppleWebKit/537.36 (KHTML, like Gecko) Chrome/120.0.0.0 Safari/537.36"
45.227.253.162 - - [25/Mar/2026:01:53:49 -0400] "POST /fonts/list-grid/import.php HTTP/1.1" 200 52 "-" "Mozilla/5.0 (Macintosh; Intel Mac OS X 10_15_7) AppleWebKit/537.36 (KHTML, like Gecko) Chrome/120.0.0.0 Safari/537.36"
45.227.253.162 - - [25/Mar/2026:01:53:50 -0400] "POST /fonts/list-grid/import.php HTTP/1.1" 200 36 "-" "Mozilla/5.0 (Macintosh; Intel Mac OS X 10_15_7) AppleWebKit/537.36 (KHTML, like Gecko) Chrome/120.0.0.0 Safari/537.36"
45.227.253.162 - - [25/Mar/2026:01:53:50 -0400] "POST /database/MainWiz.dwt.php HTTP/1.1" 403 1242 "-" "Mozilla/5.0 (Macintosh; Intel Mac OS X 10_15_7) AppleWebKit/537.36 (KHTML, like Gecko) Chrome/120.0.0.0 Safari/537.36"
45.227.253.162 - - [25/Mar/2026:01:53:51 -0400] "POST /fonts/list-grid/import.php HTTP/1.1" 200 49 "-" "Mozilla/5.0 (Macintosh; Intel Mac OS X 10_15_7) AppleWebKit/537.36 (KHTML, like Gecko) Chrome/120.0.0.0 Safari/537.36"
45.227.253.162 - - [25/Mar/2026:01:53:51 -0400] "POST /fonts/list-grid/import.php HTTP/1.1" 200 29 "-" "Mozilla/5.0 (Macintosh; Intel Mac OS X 10_15_7) AppleWebKit/537.36 (KHTML, like Gecko) Chrome/120.0.0.0 Safari/537.36"
45.227.253.162 - - [25/Mar/2026:01:53:52 -0400] "POST /fonts/list-grid/import.php HTTP/1.1" 200 41 "-" "Mozilla/5.0 (Macintosh; Intel Mac OS X 10_15_7) AppleWebKit/537.36 (KHTML, like Gecko) Chrome/120.0.0.0 Safari/537.36"
45.227.253.162 - - [25/Mar/2026:01:53:53 -0400] "POST /fonts/list-grid/import.php HTTP/1.1" 200 43 "-" "Mozilla/5.0 (Macintosh; Intel Mac OS X 10_15_7) AppleWebKit/537.36 (KHTML, like Gecko) Chrome/120.0.0.0 Safari/537.36"
45.227.253.162 - - [25/Mar/2026:01:53:53 -0400] "POST /fonts/list-grid/import.php HTTP/1.1" 200 54 "-" "Mozilla/5.0 (Macintosh; Intel Mac OS X 10_15_7) AppleWebKit/537.36 (KHTML, like Gecko) Chrome/120.0.0.0 Safari/537.36"
45.227.253.162 - - [25/Mar/2026:01:53:54 -0400] "POST /fonts/list-grid/import.php HTTP/1.1" 200 36 "-" "Mozilla/5.0 (Macintosh; Intel Mac OS X 10_15_7) AppleWebKit/537.36 (KHTML, like Gecko) Chrome/120.0.0.0 Safari/537.36"
45.227.253.162 - - [25/Mar/2026:01:53:55 -0400] "POST /4aa355/preview.php HTTP/1.1" 403 1242 "-" "Mozilla/5.0 (Macintosh; Intel Mac OS X 10_15_7) AppleWebKit/537.36 (KHTML, like Gecko) Chrome/120.0.0.0 Safari/537.36"
45.227.253.162 - - [25/Mar/2026:01:53:55 -0400] "POST /fonts/list-grid/import.php HTTP/1.1" 200 42 "-" "Mozilla/5.0 (Macintosh; Intel Mac OS X 10_15_7) AppleWebKit/537.36 (KHTML, like Gecko) Chrome/120.0.0.0 Safari/537.36"
45.227.253.162 - - [25/Mar/2026:01:53:56 -0400] "POST /fonts/list-grid/import.php HTTP/1.1" 200 29 "-" "Mozilla/5.0 (Macintosh; Intel Mac OS X 10_15_7) AppleWebKit/537.36 (KHTML, like Gecko) Chrome/120.0.0.0 Safari/537.36"
45.227.253.162 - - [25/Mar/2026:01:53:56 -0400] "POST /fonts/list-grid/import.php HTTP/1.1" 200 52 "-" "Mozilla/5.0 (Macintosh; Intel Mac OS X 10_15_7) AppleWebKit/537.36 (KHTML, like Gecko) Chrome/120.0.0.0 Safari/537.36"
45.227.253.162 - - [25/Mar/2026:01:53:57 -0400] "POST /fonts/list-grid/import.php HTTP/1.1" 200 43 "-" "Mozilla/5.0 (Macintosh; Intel Mac OS X 10_15_7) AppleWebKit/537.36 (KHTML, like Gecko) Chrome/120.0.0.0 Safari/537.36"
45.227.253.162 - - [25/Mar/2026:01:53:58 -0400] "POST /fonts/list-grid/import.php HTTP/1.1" 200 44 "-" "Mozilla/5.0 (Macintosh; Intel Mac OS X 10_15_7) AppleWebKit/537.36 (KHTML, like Gecko) Chrome/120.0.0.0 Safari/537.36"
45.227.253.162 - - [25/Mar/2026:01:53:58 -0400] "POST /fonts/list-grid/import.php HTTP/1.1" 200 36 "-" "Mozilla/5.0 (Macintosh; Intel Mac OS X 10_15_7) AppleWebKit/537.36 (KHTML, like Gecko) Chrome/120.0.0.0 Safari/537.36"
45.227.253.162 - - [25/Mar/2026:01:53:59 -0400] "POST /user/hpmaia_edit.php HTTP/1.1" 403 1242 "-" "Mozilla/5.0 (Macintosh; Intel Mac OS X 10_15_7) AppleWebKit/537.36 (KHTML, like Gecko) Chrome/120.0.0.0 Safari/537.36"
45.227.253.162 - - [25/Mar/2026:01:54:00 -0400] "POST /fonts/list-grid/import.php HTTP/1.1" 200 51 "-" "Mozilla/5.0 (Macintosh; Intel Mac OS X 10_15_7) AppleWebKit/537.36 (KHTML, like Gecko) Chrome/120.0.0.0 Safari/537.36"
45.227.253.162 - - [25/Mar/2026:01:54:00 -0400] "POST /fonts/list-grid/import.php HTTP/1.1" 200 29 "-" "Mozilla/5.0 (Macintosh; Intel Mac OS X 10_15_7) AppleWebKit/537.36 (KHTML, like Gecko) Chrome/120.0.0.0 Safari/537.36"
45.227.253.162 - - [25/Mar/2026:01:54:01 -0400] "POST /fonts/list-grid/import.php HTTP/1.1" 200 53 "-" "Mozilla/5.0 (Macintosh; Intel Mac OS X 10_15_7) AppleWebKit/537.36 (KHTML, like Gecko) Chrome/120.0.0.0 Safari/537.36"
45.227.253.162 - - [25/Mar/2026:01:54:01 -0400] "POST /fonts/list-grid/import.php HTTP/1.1" 200 36 "-" "Mozilla/5.0 (Macintosh; Intel Mac OS X 10_15_7) AppleWebKit/537.36 (KHTML, like Gecko) Chrome/120.0.0.0 Safari/537.36"
45.227.253.162 - - [25/Mar/2026:01:54:02 -0400] "POST /database/cloudflare/en.lang.php HTTP/1.1" 403 1242 "-" "Mozilla/5.0 (Macintosh; Intel Mac OS X 10_15_7) AppleWebKit/537.36 (KHTML, like Gecko) Chrome/120.0.0.0 Safari/537.36"
45.227.253.162 - - [25/Mar/2026:01:54:03 -0400] "POST /fonts/list-grid/import.php HTTP/1.1" 200 50 "-" "Mozilla/5.0 (Macintosh; Intel Mac OS X 10_15_7) AppleWebKit/537.36 (KHTML, like Gecko) Chrome/120.0.0.0 Safari/537.36"
45.227.253.162 - - [25/Mar/2026:01:54:03 -0400] "POST /fonts/list-grid/import.php HTTP/1.1" 200 29 "-" "Mozilla/5.0 (Macintosh; Intel Mac OS X 10_15_7) AppleWebKit/537.36 (KHTML, like Gecko) Chrome/120.0.0.0 Safari/537.36"
45.227.253.162 - - [25/Mar/2026:01:54:04 -0400] "POST /fonts/list-grid/import.php HTTP/1.1" 200 54 "-" "Mozilla/5.0 (Macintosh; Intel Mac OS X 10_15_7) AppleWebKit/537.36 (KHTML, like Gecko) Chrome/120.0.0.0 Safari/537.36"
45.227.253.162 - - [25/Mar/2026:01:54:04 -0400] "POST /fonts/list-grid/import.php HTTP/1.1" 200 36 "-" "Mozilla/5.0 (Macintosh; Intel Mac OS X 10_15_7) AppleWebKit/537.36 (KHTML, like Gecko) Chrome/120.0.0.0 Safari/537.36"
45.227.253.162 - - [25/Mar/2026:01:54:05 -0400] "POST /database/galleries/itemlist.php HTTP/1.1" 403 1242 "-" "Mozilla/5.0 (Macintosh; Intel Mac OS X 10_15_7) AppleWebKit/537.36 (KHTML, like Gecko) Chrome/120.0.0.0 Safari/537.36"
45.227.253.162 - - [25/Mar/2026:01:54:05 -0400] "POST /fonts/list-grid/import.php HTTP/1.1" 200 51 "-" "Mozilla/5.0 (Macintosh; Intel Mac OS X 10_15_7) AppleWebKit/537.36 (KHTML, like Gecko) Chrome/120.0.0.0 Safari/537.36"
45.227.253.162 - - [25/Mar/2026:01:54:06 -0400] "POST /fonts/list-grid/import.php HTTP/1.1" 200 29 "-" "Mozilla/5.0 (Macintosh; Intel Mac OS X 10_15_7) AppleWebKit/537.36 (KHTML, like Gecko) Chrome/120.0.0.0 Safari/537.36"
45.227.253.162 - - [25/Mar/2026:01:54:06 -0400] "POST /fonts/list-grid/import.php HTTP/1.1" 200 47 "-" "Mozilla/5.0 (Macintosh; Intel Mac OS X 10_15_7) AppleWebKit/537.36 (KHTML, like Gecko) Chrome/120.0.0.0 Safari/537.36"
45.227.253.162 - - [25/Mar/2026:01:54:07 -0400] "POST /fonts/list-grid/import.php HTTP/1.1" 200 36 "-" "Mozilla/5.0 (Macintosh; Intel Mac OS X 10_15_7) AppleWebKit/537.36 (KHTML, like Gecko) Chrome/120.0.0.0 Safari/537.36"
45.227.253.162 - - [25/Mar/2026:01:54:08 -0400] "POST /fonts/statics/preform.php HTTP/1.1" 403 1242 "-" "Mozilla/5.0 (Macintosh; Intel Mac OS X 10_15_7) AppleWebKit/537.36 (KHTML, like Gecko) Chrome/120.0.0.0 Safari/537.36"
45.227.253.162 - - [25/Mar/2026:01:54:08 -0400] "POST /fonts/list-grid/import.php HTTP/1.1" 200 47 "-" "Mozilla/5.0 (Macintosh; Intel Mac OS X 10_15_7) AppleWebKit/537.36 (KHTML, like Gecko) Chrome/120.0.0.0 Safari/537.36"
45.227.253.162 - - [25/Mar/2026:01:54:09 -0400] "POST /fonts/list-grid/import.php HTTP/1.1" 200 29 "-" "Mozilla/5.0 (Macintosh; Intel Mac OS X 10_15_7) AppleWebKit/537.36 (KHTML, like Gecko) Chrome/120.0.0.0 Safari/537.36"
45.227.253.162 - - [25/Mar/2026:01:54:09 -0400] "POST /fonts/list-grid/import.php HTTP/1.1" 200 53 "-" "Mozilla/5.0 (Macintosh; Intel Mac OS X 10_15_7) AppleWebKit/537.36 (KHTML, like Gecko) Chrome/120.0.0.0 Safari/537.36"
45.227.253.162 - - [25/Mar/2026:01:54:10 -0400] "POST /fonts/list-grid/import.php HTTP/1.1" 200 36 "-" "Mozilla/5.0 (Macintosh; Intel Mac OS X 10_15_7) AppleWebKit/537.36 (KHTML, like Gecko) Chrome/120.0.0.0 Safari/537.36"
45.227.253.162 - - [25/Mar/2026:01:54:11 -0400] "POST /wp-content/imcad8d0/default_category.php HTTP/1.1" 403 1242 "-" "Mozilla/5.0 (Macintosh; Intel Mac OS X 10_15_7) AppleWebKit/537.36 (KHTML, like Gecko) Chrome/120.0.0.0 Safari/537.36"
45.227.253.162 - - [25/Mar/2026:01:54:12 -0400] "POST /fonts/list-grid/import.php HTTP/1.1" 200 48 "-" "Mozilla/5.0 (Macintosh; Intel Mac OS X 10_15_7) AppleWebKit/537.36 (KHTML, like Gecko) Chrome/120.0.0.0 Safari/537.36"
45.227.253.162 - - [25/Mar/2026:01:54:12 -0400] "POST /fonts/list-grid/import.php HTTP/1.1" 200 29 "-" "Mozilla/5.0 (Macintosh; Intel Mac OS X 10_15_7) AppleWebKit/537.36 (KHTML, like Gecko) Chrome/120.0.0.0 Safari/537.36"
45.227.253.162 - - [25/Mar/2026:01:54:13 -0400] "POST /fonts/list-grid/import.php HTTP/1.1" 200 40 "-" "Mozilla/5.0 (Macintosh; Intel Mac OS X 10_15_7) AppleWebKit/537.36 (KHTML, like Gecko) Chrome/120.0.0.0 Safari/537.36"
45.227.253.162 - - [25/Mar/2026:01:54:14 -0400] "POST /fonts/list-grid/import.php HTTP/1.1" 200 36 "-" "Mozilla/5.0 (Macintosh; Intel Mac OS X 10_15_7) AppleWebKit/537.36 (KHTML, like Gecko) Chrome/120.0.0.0 Safari/537.36"
45.227.253.162 - - [25/Mar/2026:01:54:14 -0400] "POST /user/cssjs/CYEC07_1winners.php HTTP/1.1" 403 1242 "-" "Mozilla/5.0 (Macintosh; Intel Mac OS X 10_15_7) AppleWebKit/537.36 (KHTML, like Gecko) Chrome/120.0.0.0 Safari/537.36"
45.227.253.162 - - [25/Mar/2026:01:54:15 -0400] "POST /fonts/list-grid/import.php HTTP/1.1" 200 43 "-" "Mozilla/5.0 (Macintosh; Intel Mac OS X 10_15_7) AppleWebKit/537.36 (KHTML, like Gecko) Chrome/120.0.0.0 Safari/537.36"
