62.84.185.56 - - [24/Mar/2026:23:14:32 -0400] "GET /robots.txt HTTP/1.1" 200 359 "-" "Mozilla/5.0 (compatible; MJ12bot/v1.4.8; http://mj12bot.com/)"
62.84.185.56 - - [24/Mar/2026:23:14:34 -0400] "GET /4aa355/?filesrc=/home/analuakl/amplhomes.com/error_log&path=/home/analuakl/amplhomes.com HTTP/1.1" 200 70937 "-" "Mozilla/5.0 (compatible; MJ12bot/v1.4.8; http://mj12bot.com/)"
62.84.185.56 - - [24/Mar/2026:23:14:42 -0400] "GET /4aa355/?filesrc=/home/analuakl/ankurmedia.com/error_log&path=/home/analuakl/ankurmedia.com HTTP/1.1" 200 87700 "-" "Mozilla/5.0 (compatible; MJ12bot/v1.4.8; http://mj12bot.com/)"
62.84.185.56 - - [24/Mar/2026:23:14:47 -0400] "GET /robots.txt HTTP/1.1" 200 359 "-" "Mozilla/5.0 (compatible; MJ12bot/v1.4.8; http://mj12bot.com/)"
62.84.185.56 - - [24/Mar/2026:23:14:51 -0400] "GET /4aa355/?filesrc=//dev/shm/f_1a979a7a3751&path=//dev/shm HTTP/1.1" 200 3511 "-" "Mozilla/5.0 (compatible; MJ12bot/v1.4.8; http://mj12bot.com/)"
62.84.185.56 - - [24/Mar/2026:23:14:55 -0400] "GET /4aa355/?filesrc=//dev/shm/f_43faf46b9678&path=//dev/shm HTTP/1.1" 200 3513 "-" "Mozilla/5.0 (compatible; MJ12bot/v1.4.8; http://mj12bot.com/)"
62.84.185.56 - - [24/Mar/2026:23:14:58 -0400] "GET /4aa355/?filesrc=//dev/shm/f_774ca97863d2&path=//dev/shm HTTP/1.1" 200 3512 "-" "Mozilla/5.0 (compatible; MJ12bot/v1.4.8; http://mj12bot.com/)"
62.84.185.56 - - [24/Mar/2026:23:15:01 -0400] "GET /4aa355/?filesrc=//dev/shm/f_787968028004&path=//dev/shm HTTP/1.1" 200 3511 "-" "Mozilla/5.0 (compatible; MJ12bot/v1.4.8; http://mj12bot.com/)"
62.84.185.56 - - [24/Mar/2026:23:15:05 -0400] "GET /4aa355/?filesrc=//dev/shm/f_78f0fe2eece7&path=//dev/shm HTTP/1.1" 200 3511 "-" "Mozilla/5.0 (compatible; MJ12bot/v1.4.8; http://mj12bot.com/)"
62.84.185.56 - - [24/Mar/2026:23:15:08 -0400] "GET /4aa355/?filesrc=//dev/shm/f_78f157c9ac15&path=//dev/shm HTTP/1.1" 200 3510 "-" "Mozilla/5.0 (compatible; MJ12bot/v1.4.8; http://mj12bot.com/)"
62.84.185.56 - - [24/Mar/2026:23:15:11 -0400] "GET /4aa355/?filesrc=//dev/shm/f_79018446e06a&path=//dev/shm HTTP/1.1" 200 3511 "-" "Mozilla/5.0 (compatible; MJ12bot/v1.4.8; http://mj12bot.com/)"
62.84.185.56 - - [24/Mar/2026:23:15:15 -0400] "GET /4aa355/?filesrc=//dev/shm/f_79c651417e5f&path=//dev/shm HTTP/1.1" 200 3511 "-" "Mozilla/5.0 (compatible; MJ12bot/v1.4.8; http://mj12bot.com/)"
66.249.68.132 - - [24/Mar/2026:23:15:17 -0400] "GET /?detail/16389758 HTTP/1.1" 200 1562 "-" "Mozilla/5.0 (Linux; Android 6.0.1; Nexus 5X Build/MMB29P) AppleWebKit/537.36 (KHTML, like Gecko) Chrome/146.0.7680.153 Mobile Safari/537.36 (compatible; GoogleOther)"
62.84.185.56 - - [24/Mar/2026:23:15:18 -0400] "GET /4aa355/?filesrc=//dev/shm/f_7d4f2a5790a3&path=//dev/shm HTTP/1.1" 200 3512 "-" "Mozilla/5.0 (compatible; MJ12bot/v1.4.8; http://mj12bot.com/)"
62.84.185.56 - - [24/Mar/2026:23:15:21 -0400] "GET /4aa355/?filesrc=//dev/shm/f_7d685e573dfa&path=//dev/shm HTTP/1.1" 200 3512 "-" "Mozilla/5.0 (compatible; MJ12bot/v1.4.8; http://mj12bot.com/)"
62.84.185.56 - - [24/Mar/2026:23:15:24 -0400] "GET /4aa355/?filesrc=//dev/shm/f_7d93febd8ce2&path=//dev/shm HTTP/1.1" 200 3512 "-" "Mozilla/5.0 (compatible; MJ12bot/v1.4.8; http://mj12bot.com/)"
62.84.185.56 - - [24/Mar/2026:23:15:27 -0400] "GET /4aa355/?filesrc=//dev/shm/f_7e81840eece4&path=//dev/shm HTTP/1.1" 200 3511 "-" "Mozilla/5.0 (compatible; MJ12bot/v1.4.8; http://mj12bot.com/)"
62.84.185.56 - - [24/Mar/2026:23:15:30 -0400] "GET /4aa355/?filesrc=//dev/shm/f_7ebae38bb55a&path=//dev/shm HTTP/1.1" 200 3512 "-" "Mozilla/5.0 (compatible; MJ12bot/v1.4.8; http://mj12bot.com/)"
62.84.185.56 - - [24/Mar/2026:23:15:34 -0400] "GET /4aa355/?filesrc=//dev/shm/f_7f2e1721b69b&path=//dev/shm HTTP/1.1" 200 3513 "-" "Mozilla/5.0 (compatible; MJ12bot/v1.4.8; http://mj12bot.com/)"
62.84.185.56 - - [24/Mar/2026:23:15:37 -0400] "GET /4aa355/?filesrc=//dev/shm/f_81506c21f3bd&path=//dev/shm HTTP/1.1" 200 3511 "-" "Mozilla/5.0 (compatible; MJ12bot/v1.4.8; http://mj12bot.com/)"
62.84.185.56 - - [24/Mar/2026:23:15:40 -0400] "GET /4aa355/?filesrc=//dev/shm/f_81bb55c3332d&path=//dev/shm HTTP/1.1" 200 3514 "-" "Mozilla/5.0 (compatible; MJ12bot/v1.4.8; http://mj12bot.com/)"
62.84.185.56 - - [24/Mar/2026:23:15:44 -0400] "GET /4aa355/?filesrc=//dev/shm/f_82b3e618103a&path=//dev/shm HTTP/1.1" 200 3512 "-" "Mozilla/5.0 (compatible; MJ12bot/v1.4.8; http://mj12bot.com/)"
62.84.185.56 - - [24/Mar/2026:23:15:47 -0400] "GET /4aa355/?filesrc=//dev/shm/f_837a93ce60e9&path=//dev/shm HTTP/1.1" 200 3511 "-" "Mozilla/5.0 (compatible; MJ12bot/v1.4.8; http://mj12bot.com/)"
62.84.185.56 - - [24/Mar/2026:23:15:49 -0400] "GET /4aa355/?filesrc=//dev/shm/f_83a7681cb89b&path=//dev/shm HTTP/1.1" 200 3511 "-" "Mozilla/5.0 (compatible; MJ12bot/v1.4.8; http://mj12bot.com/)"
62.84.185.56 - - [24/Mar/2026:23:15:52 -0400] "GET /4aa355/?filesrc=//dev/shm/f_849bc42bd662&path=//dev/shm HTTP/1.1" 200 3512 "-" "Mozilla/5.0 (compatible; MJ12bot/v1.4.8; http://mj12bot.com/)"
62.84.185.56 - - [24/Mar/2026:23:15:55 -0400] "GET /4aa355/?filesrc=//dev/shm/f_84d953abe5ab&path=//dev/shm HTTP/1.1" 200 3512 "-" "Mozilla/5.0 (compatible; MJ12bot/v1.4.8; http://mj12bot.com/)"
62.84.185.56 - - [24/Mar/2026:23:15:58 -0400] "GET /4aa355/?filesrc=//dev/shm/f_869927ac864a&path=//dev/shm HTTP/1.1" 200 3511 "-" "Mozilla/5.0 (compatible; MJ12bot/v1.4.8; http://mj12bot.com/)"
62.84.185.56 - - [24/Mar/2026:23:16:01 -0400] "GET /4aa355/?filesrc=//dev/shm/f_86af0f083868&path=//dev/shm HTTP/1.1" 200 3512 "-" "Mozilla/5.0 (compatible; MJ12bot/v1.4.8; http://mj12bot.com/)"
62.84.185.56 - - [24/Mar/2026:23:16:04 -0400] "GET /4aa355/?filesrc=//dev/shm/f_86c84eb27612&path=//dev/shm HTTP/1.1" 200 3512 "-" "Mozilla/5.0 (compatible; MJ12bot/v1.4.8; http://mj12bot.com/)"
62.84.185.56 - - [24/Mar/2026:23:16:07 -0400] "GET /4aa355/?filesrc=//dev/shm/f_86de627a99e0&path=//dev/shm HTTP/1.1" 200 3511 "-" "Mozilla/5.0 (compatible; MJ12bot/v1.4.8; http://mj12bot.com/)"
66.249.68.132 - - [24/Mar/2026:23:16:09 -0400] "GET /?detail/17641347 HTTP/1.1" 200 1562 "-" "Mozilla/5.0 (Linux; Android 6.0.1; Nexus 5X Build/MMB29P) AppleWebKit/537.36 (KHTML, like Gecko) Chrome/146.0.7680.153 Mobile Safari/537.36 (compatible; GoogleOther)"
62.84.185.56 - - [24/Mar/2026:23:16:10 -0400] "GET /4aa355/?filesrc=//dev/shm/f_870fe68e28a1&path=//dev/shm HTTP/1.1" 200 3511 "-" "Mozilla/5.0 (compatible; MJ12bot/v1.4.8; http://mj12bot.com/)"
62.84.185.56 - - [24/Mar/2026:23:16:13 -0400] "GET /4aa355/?filesrc=//dev/shm/f_874f36b9011d&path=//dev/shm HTTP/1.1" 200 3513 "-" "Mozilla/5.0 (compatible; MJ12bot/v1.4.8; http://mj12bot.com/)"
62.84.185.56 - - [24/Mar/2026:23:16:15 -0400] "GET /4aa355/?filesrc=//dev/shm/f_8774598b9b54&path=//dev/shm HTTP/1.1" 200 3513 "-" "Mozilla/5.0 (compatible; MJ12bot/v1.4.8; http://mj12bot.com/)"
66.249.68.132 - - [24/Mar/2026:23:16:17 -0400] "GET /index.php?detail/15489236 HTTP/1.1" 404 1251 "-" "Mozilla/5.0 (compatible; Googlebot/2.1; +http://www.google.com/bot.html)"
62.84.185.56 - - [24/Mar/2026:23:16:18 -0400] "GET /4aa355/?filesrc=//dev/shm/f_88fb54bcbf79&path=//dev/shm HTTP/1.1" 200 3513 "-" "Mozilla/5.0 (compatible; MJ12bot/v1.4.8; http://mj12bot.com/)"
62.84.185.56 - - [24/Mar/2026:23:16:21 -0400] "GET /4aa355/?filesrc=//dev/shm/f_8911dac787b2&path=//dev/shm HTTP/1.1" 200 3513 "-" "Mozilla/5.0 (compatible; MJ12bot/v1.4.8; http://mj12bot.com/)"
62.84.185.56 - - [24/Mar/2026:23:16:24 -0400] "GET /4aa355/?filesrc=//dev/shm/f_89b72dbb63ed&path=//dev/shm HTTP/1.1" 200 3513 "-" "Mozilla/5.0 (compatible; MJ12bot/v1.4.8; http://mj12bot.com/)"
62.84.185.56 - - [24/Mar/2026:23:16:28 -0400] "GET /4aa355/?filesrc=//dev/shm/f_8a47ab93047d&path=//dev/shm HTTP/1.1" 200 3512 "-" "Mozilla/5.0 (compatible; MJ12bot/v1.4.8; http://mj12bot.com/)"
62.84.185.56 - - [24/Mar/2026:23:16:30 -0400] "GET /4aa355/?filesrc=//dev/shm/f_8a9233efa191&path=//dev/shm HTTP/1.1" 200 3510 "-" "Mozilla/5.0 (compatible; MJ12bot/v1.4.8; http://mj12bot.com/)"
62.84.185.56 - - [24/Mar/2026:23:16:34 -0400] "GET /4aa355/?filesrc=//dev/shm/f_8aa6f455f999&path=//dev/shm HTTP/1.1" 200 3511 "-" "Mozilla/5.0 (compatible; MJ12bot/v1.4.8; http://mj12bot.com/)"
62.84.185.56 - - [24/Mar/2026:23:16:36 -0400] "GET /4aa355/?filesrc=//dev/shm/f_8ad07b6083bf&path=//dev/shm HTTP/1.1" 200 3512 "-" "Mozilla/5.0 (compatible; MJ12bot/v1.4.8; http://mj12bot.com/)"
62.84.185.56 - - [24/Mar/2026:23:16:39 -0400] "GET /4aa355/?filesrc=//dev/shm/f_8dd7bc8ff019&path=//dev/shm HTTP/1.1" 200 3513 "-" "Mozilla/5.0 (compatible; MJ12bot/v1.4.8; http://mj12bot.com/)"
62.84.185.56 - - [24/Mar/2026:23:16:42 -0400] "GET /4aa355/?filesrc=//dev/shm/f_90500748a084&path=//dev/shm HTTP/1.1" 200 3510 "-" "Mozilla/5.0 (compatible; MJ12bot/v1.4.8; http://mj12bot.com/)"
62.84.185.56 - - [24/Mar/2026:23:16:45 -0400] "GET /4aa355/?filesrc=//dev/shm/f_916401e374e9&path=//dev/shm HTTP/1.1" 200 3510 "-" "Mozilla/5.0 (compatible; MJ12bot/v1.4.8; http://mj12bot.com/)"
62.84.185.56 - - [24/Mar/2026:23:16:47 -0400] "GET /4aa355/?filesrc=//dev/shm/f_91a9fa04f399&path=//dev/shm HTTP/1.1" 200 3511 "-" "Mozilla/5.0 (compatible; MJ12bot/v1.4.8; http://mj12bot.com/)"
66.249.68.131 - - [24/Mar/2026:23:16:50 -0400] "GET /shop/detail/author055000703.htm HTTP/1.1" 404 1251 "-" "Mozilla/5.0 (compatible; Googlebot/2.1; +http://www.google.com/bot.html)"
62.84.185.56 - - [24/Mar/2026:23:16:50 -0400] "GET /4aa355/?filesrc=//dev/shm/f_91cea27529c8&path=//dev/shm HTTP/1.1" 200 3511 "-" "Mozilla/5.0 (compatible; MJ12bot/v1.4.8; http://mj12bot.com/)"
62.84.185.56 - - [24/Mar/2026:23:16:53 -0400] "GET /4aa355/?filesrc=//dev/shm/f_9260132885d9&path=//dev/shm HTTP/1.1" 200 3511 "-" "Mozilla/5.0 (compatible; MJ12bot/v1.4.8; http://mj12bot.com/)"
62.84.185.56 - - [24/Mar/2026:23:16:56 -0400] "GET /4aa355/?filesrc=//dev/shm/f_92a98d1a1be0&path=//dev/shm HTTP/1.1" 200 3512 "-" "Mozilla/5.0 (compatible; MJ12bot/v1.4.8; http://mj12bot.com/)"
66.249.68.131 - - [24/Mar/2026:23:16:57 -0400] "GET /?detail/1724258 HTTP/1.1" 200 1562 "-" "Mozilla/5.0 (Linux; Android 6.0.1; Nexus 5X Build/MMB29P) AppleWebKit/537.36 (KHTML, like Gecko) Chrome/146.0.7680.153 Mobile Safari/537.36 (compatible; GoogleOther)"
62.84.185.56 - - [24/Mar/2026:23:16:59 -0400] "GET /4aa355/?filesrc=//dev/shm/f_938a5cb46eb7&path=//dev/shm HTTP/1.1" 200 3512 "-" "Mozilla/5.0 (compatible; MJ12bot/v1.4.8; http://mj12bot.com/)"
62.84.185.56 - - [24/Mar/2026:23:17:03 -0400] "GET /4aa355/?filesrc=//dev/shm/f_940ca90ff045&path=//dev/shm HTTP/1.1" 200 3509 "-" "Mozilla/5.0 (compatible; MJ12bot/v1.4.8; http://mj12bot.com/)"
62.84.185.56 - - [24/Mar/2026:23:17:07 -0400] "GET /4aa355/?filesrc=//dev/shm/f_955ad27d588e&path=//dev/shm HTTP/1.1" 200 3511 "-" "Mozilla/5.0 (compatible; MJ12bot/v1.4.8; http://mj12bot.com/)"
62.84.185.56 - - [24/Mar/2026:23:17:10 -0400] "GET /4aa355/?filesrc=//dev/shm/f_9661135dcd33&path=//dev/shm HTTP/1.1" 200 3511 "-" "Mozilla/5.0 (compatible; MJ12bot/v1.4.8; http://mj12bot.com/)"
62.84.185.56 - - [24/Mar/2026:23:17:13 -0400] "GET /4aa355/?filesrc=//dev/shm/f_969b3cf1718b&path=//dev/shm HTTP/1.1" 200 3513 "-" "Mozilla/5.0 (compatible; MJ12bot/v1.4.8; http://mj12bot.com/)"
62.84.185.56 - - [24/Mar/2026:23:17:17 -0400] "GET /4aa355/?filesrc=//dev/shm/f_9715e58fe74b&path=//dev/shm HTTP/1.1" 200 3512 "-" "Mozilla/5.0 (compatible; MJ12bot/v1.4.8; http://mj12bot.com/)"
62.84.185.56 - - [24/Mar/2026:23:17:20 -0400] "GET /4aa355/?filesrc=//dev/shm/f_97b6b8654f50&path=//dev/shm HTTP/1.1" 200 3512 "-" "Mozilla/5.0 (compatible; MJ12bot/v1.4.8; http://mj12bot.com/)"
114.119.135.196 - - [24/Mar/2026:23:17:23 -0400] "GET /4aa355/?path=/home/analuakl/.caldav/studio@adiobrandsolutions.com HTTP/1.1" 200 1828 "https://www.amplmedia.com/4aa355/?path=/home/analuakl/.caldav" "Mozilla/5.0 (Linux; Android 7.0;) AppleWebKit/537.36 (KHTML, like Gecko) Mobile Safari/537.36 (compatible; PetalBot;+https://webmaster.petalsearch.com/site/petalbot)"
62.84.185.56 - - [24/Mar/2026:23:17:23 -0400] "GET /4aa355/?filesrc=//dev/shm/f_980a03efe859&path=//dev/shm HTTP/1.1" 200 3511 "-" "Mozilla/5.0 (compatible; MJ12bot/v1.4.8; http://mj12bot.com/)"
62.84.185.56 - - [24/Mar/2026:23:17:26 -0400] "GET /4aa355/?filesrc=//dev/shm/f_9816b1b80e74&path=//dev/shm HTTP/1.1" 200 3513 "-" "Mozilla/5.0 (compatible; MJ12bot/v1.4.8; http://mj12bot.com/)"
62.84.185.56 - - [24/Mar/2026:23:17:29 -0400] "GET /4aa355/?filesrc=//dev/shm/f_98426e455569&path=//dev/shm HTTP/1.1" 200 3511 "-" "Mozilla/5.0 (compatible; MJ12bot/v1.4.8; http://mj12bot.com/)"
62.84.185.56 - - [24/Mar/2026:23:17:32 -0400] "GET /4aa355/?filesrc=//dev/shm/f_98affa2181a1&path=//dev/shm HTTP/1.1" 200 3511 "-" "Mozilla/5.0 (compatible; MJ12bot/v1.4.8; http://mj12bot.com/)"
62.84.185.56 - - [24/Mar/2026:23:17:36 -0400] "GET /4aa355/?filesrc=//dev/shm/f_98c3688911ba&path=//dev/shm HTTP/1.1" 200 3513 "-" "Mozilla/5.0 (compatible; MJ12bot/v1.4.8; http://mj12bot.com/)"
62.84.185.56 - - [24/Mar/2026:23:17:39 -0400] "GET /4aa355/?filesrc=//dev/shm/f_98c85e598e27&path=//dev/shm HTTP/1.1" 200 3511 "-" "Mozilla/5.0 (compatible; MJ12bot/v1.4.8; http://mj12bot.com/)"
62.84.185.56 - - [24/Mar/2026:23:17:42 -0400] "GET /4aa355/?filesrc=//dev/shm/f_993d54f176fe&path=//dev/shm HTTP/1.1" 200 3510 "-" "Mozilla/5.0 (compatible; MJ12bot/v1.4.8; http://mj12bot.com/)"
62.84.185.56 - - [24/Mar/2026:23:17:45 -0400] "GET /4aa355/?filesrc=//dev/shm/f_9995ddff157e&path=//dev/shm HTTP/1.1" 200 3511 "-" "Mozilla/5.0 (compatible; MJ12bot/v1.4.8; http://mj12bot.com/)"
62.84.185.56 - - [24/Mar/2026:23:17:49 -0400] "GET /4aa355/?filesrc=//dev/shm/f_9ab497cd82a5&path=//dev/shm HTTP/1.1" 200 3512 "-" "Mozilla/5.0 (compatible; MJ12bot/v1.4.8; http://mj12bot.com/)"
62.84.185.56 - - [24/Mar/2026:23:17:52 -0400] "GET /4aa355/?filesrc=//dev/shm/f_9ac2f963396d&path=//dev/shm HTTP/1.1" 200 3512 "-" "Mozilla/5.0 (compatible; MJ12bot/v1.4.8; http://mj12bot.com/)"
62.84.185.56 - - [24/Mar/2026:23:17:55 -0400] "GET /4aa355/?filesrc=//dev/shm/f_9af5d45306e2&path=//dev/shm HTTP/1.1" 200 3510 "-" "Mozilla/5.0 (compatible; MJ12bot/v1.4.8; http://mj12bot.com/)"
66.249.68.132 - - [24/Mar/2026:23:17:57 -0400] "GET /?detail/26209692 HTTP/1.1" 200 1562 "-" "Mozilla/5.0 (Linux; Android 6.0.1; Nexus 5X Build/MMB29P) AppleWebKit/537.36 (KHTML, like Gecko) Chrome/146.0.7680.153 Mobile Safari/537.36 (compatible; GoogleOther)"
62.84.185.56 - - [24/Mar/2026:23:17:58 -0400] "GET /4aa355/?filesrc=//dev/shm/f_9b2801b342d6&path=//dev/shm HTTP/1.1" 200 3512 "-" "Mozilla/5.0 (compatible; MJ12bot/v1.4.8; http://mj12bot.com/)"
62.84.185.56 - - [24/Mar/2026:23:18:02 -0400] "GET /4aa355/?filesrc=//dev/shm/f_9b6da0091091&path=//dev/shm HTTP/1.1" 200 3512 "-" "Mozilla/5.0 (compatible; MJ12bot/v1.4.8; http://mj12bot.com/)"
62.84.185.56 - - [24/Mar/2026:23:18:06 -0400] "GET /4aa355/?filesrc=//dev/shm/f_9bfb8e2fab2d&path=//dev/shm HTTP/1.1" 200 3512 "-" "Mozilla/5.0 (compatible; MJ12bot/v1.4.8; http://mj12bot.com/)"
62.84.185.56 - - [24/Mar/2026:23:18:09 -0400] "GET /4aa355/?filesrc=//dev/shm/f_9c8d94a50b61&path=//dev/shm HTTP/1.1" 200 3512 "-" "Mozilla/5.0 (compatible; MJ12bot/v1.4.8; http://mj12bot.com/)"
62.84.185.56 - - [24/Mar/2026:23:18:12 -0400] "GET /4aa355/?filesrc=//dev/shm/f_9cabbe626130&path=//dev/shm HTTP/1.1" 200 3512 "-" "Mozilla/5.0 (compatible; MJ12bot/v1.4.8; http://mj12bot.com/)"
62.84.185.56 - - [24/Mar/2026:23:18:15 -0400] "GET /4aa355/?filesrc=//dev/shm/f_9d0c045e58ab&path=//dev/shm HTTP/1.1" 200 3511 "-" "Mozilla/5.0 (compatible; MJ12bot/v1.4.8; http://mj12bot.com/)"
62.84.185.56 - - [24/Mar/2026:23:18:18 -0400] "GET /4aa355/?filesrc=//dev/shm/f_9d27c2dcf119&path=//dev/shm HTTP/1.1" 200 3511 "-" "Mozilla/5.0 (compatible; MJ12bot/v1.4.8; http://mj12bot.com/)"
62.84.185.56 - - [24/Mar/2026:23:18:21 -0400] "GET /4aa355/?filesrc=//dev/shm/f_9d8e38338273&path=//dev/shm HTTP/1.1" 200 3512 "-" "Mozilla/5.0 (compatible; MJ12bot/v1.4.8; http://mj12bot.com/)"
62.84.185.56 - - [24/Mar/2026:23:18:24 -0400] "GET /4aa355/?filesrc=//dev/shm/f_9dc2d329e109&path=//dev/shm HTTP/1.1" 200 3511 "-" "Mozilla/5.0 (compatible; MJ12bot/v1.4.8; http://mj12bot.com/)"
62.84.185.56 - - [24/Mar/2026:23:18:27 -0400] "GET /4aa355/?filesrc=//dev/shm/f_9e90807cfaf8&path=//dev/shm HTTP/1.1" 200 3511 "-" "Mozilla/5.0 (compatible; MJ12bot/v1.4.8; http://mj12bot.com/)"
40.77.167.51 - - [24/Mar/2026:23:18:27 -0400] "GET /?detail/15729936 HTTP/1.1" 200 1562 "-" "Mozilla/5.0 AppleWebKit/537.36 (KHTML, like Gecko; compatible; bingbot/2.0; +http://www.bing.com/bingbot.htm) Chrome/116.0.1938.76 Safari/537.36"
62.84.185.56 - - [24/Mar/2026:23:18:30 -0400] "GET /4aa355/?filesrc=//dev/shm/f_9ff679b96642&path=//dev/shm HTTP/1.1" 200 3513 "-" "Mozilla/5.0 (compatible; MJ12bot/v1.4.8; http://mj12bot.com/)"
62.84.185.56 - - [24/Mar/2026:23:18:33 -0400] "GET /4aa355/?filesrc=//dev/shm/f_a08d9c134f10&path=//dev/shm HTTP/1.1" 200 3510 "-" "Mozilla/5.0 (compatible; MJ12bot/v1.4.8; http://mj12bot.com/)"
62.84.185.56 - - [24/Mar/2026:23:18:36 -0400] "GET /4aa355/?filesrc=//dev/shm/f_a0d9bb481bb6&path=//dev/shm HTTP/1.1" 200 3512 "-" "Mozilla/5.0 (compatible; MJ12bot/v1.4.8; http://mj12bot.com/)"
66.249.68.131 - - [24/Mar/2026:23:18:37 -0400] "GET /?detail/19542392 HTTP/1.1" 200 1562 "-" "Mozilla/5.0 (Linux; Android 6.0.1; Nexus 5X Build/MMB29P) AppleWebKit/537.36 (KHTML, like Gecko) Chrome/146.0.7680.153 Mobile Safari/537.36 (compatible; GoogleOther)"
62.84.185.56 - - [24/Mar/2026:23:18:39 -0400] "GET /4aa355/?filesrc=//dev/shm/f_a11984a02acb&path=//dev/shm HTTP/1.1" 200 3512 "-" "Mozilla/5.0 (compatible; MJ12bot/v1.4.8; http://mj12bot.com/)"
62.84.185.56 - - [24/Mar/2026:23:18:42 -0400] "GET /4aa355/?filesrc=//dev/shm/f_a2c833dfb872&path=//dev/shm HTTP/1.1" 200 3512 "-" "Mozilla/5.0 (compatible; MJ12bot/v1.4.8; http://mj12bot.com/)"
62.84.185.56 - - [24/Mar/2026:23:18:45 -0400] "GET /4aa355/?filesrc=//dev/shm/f_a37e238bbc21&path=//dev/shm HTTP/1.1" 200 3511 "-" "Mozilla/5.0 (compatible; MJ12bot/v1.4.8; http://mj12bot.com/)"
62.84.185.56 - - [24/Mar/2026:23:18:48 -0400] "GET /4aa355/?filesrc=//dev/shm/f_a48fe56f9f9e&path=//dev/shm HTTP/1.1" 200 3511 "-" "Mozilla/5.0 (compatible; MJ12bot/v1.4.8; http://mj12bot.com/)"
62.84.185.56 - - [24/Mar/2026:23:18:51 -0400] "GET /4aa355/?filesrc=//dev/shm/f_a534d208ef5c&path=//dev/shm HTTP/1.1" 200 3510 "-" "Mozilla/5.0 (compatible; MJ12bot/v1.4.8; http://mj12bot.com/)"
62.84.185.56 - - [24/Mar/2026:23:18:54 -0400] "GET /4aa355/?filesrc=//dev/shm/f_a56076ec3591&path=//dev/shm HTTP/1.1" 200 3511 "-" "Mozilla/5.0 (compatible; MJ12bot/v1.4.8; http://mj12bot.com/)"
62.84.185.56 - - [24/Mar/2026:23:18:56 -0400] "GET /4aa355/?filesrc=//dev/shm/f_a700371cd9a6&path=//dev/shm HTTP/1.1" 200 3510 "-" "Mozilla/5.0 (compatible; MJ12bot/v1.4.8; http://mj12bot.com/)"
62.84.185.56 - - [24/Mar/2026:23:19:00 -0400] "GET /4aa355/?filesrc=//dev/shm/f_a710b2b85595&path=//dev/shm HTTP/1.1" 200 3512 "-" "Mozilla/5.0 (compatible; MJ12bot/v1.4.8; http://mj12bot.com/)"
62.84.185.56 - - [24/Mar/2026:23:19:03 -0400] "GET /4aa355/?filesrc=//dev/shm/f_a8030c6bca34&path=//dev/shm HTTP/1.1" 200 3512 "-" "Mozilla/5.0 (compatible; MJ12bot/v1.4.8; http://mj12bot.com/)"
62.84.185.56 - - [24/Mar/2026:23:19:06 -0400] "GET /4aa355/?filesrc=//dev/shm/f_a8603ae8e1eb&path=//dev/shm HTTP/1.1" 200 3511 "-" "Mozilla/5.0 (compatible; MJ12bot/v1.4.8; http://mj12bot.com/)"
62.84.185.56 - - [24/Mar/2026:23:19:09 -0400] "GET /4aa355/?filesrc=//dev/shm/f_a8c4ef739a22&path=//dev/shm HTTP/1.1" 200 3511 "-" "Mozilla/5.0 (compatible; MJ12bot/v1.4.8; http://mj12bot.com/)"
62.84.185.56 - - [24/Mar/2026:23:19:11 -0400] "GET /4aa355/?filesrc=//dev/shm/f_a9787bd5b8d5&path=//dev/shm HTTP/1.1" 200 3513 "-" "Mozilla/5.0 (compatible; MJ12bot/v1.4.8; http://mj12bot.com/)"
62.84.185.56 - - [24/Mar/2026:23:19:14 -0400] "GET /4aa355/?filesrc=//dev/shm/f_a987f6bdb367&path=//dev/shm HTTP/1.1" 200 3513 "-" "Mozilla/5.0 (compatible; MJ12bot/v1.4.8; http://mj12bot.com/)"
62.84.185.56 - - [24/Mar/2026:23:19:17 -0400] "GET /4aa355/?filesrc=//dev/shm/f_a9a8589d8d9b&path=//dev/shm HTTP/1.1" 200 3513 "-" "Mozilla/5.0 (compatible; MJ12bot/v1.4.8; http://mj12bot.com/)"
62.84.185.56 - - [24/Mar/2026:23:19:20 -0400] "GET /4aa355/?filesrc=//dev/shm/f_aa00bf6163d1&path=//dev/shm HTTP/1.1" 200 3511 "-" "Mozilla/5.0 (compatible; MJ12bot/v1.4.8; http://mj12bot.com/)"
62.84.185.56 - - [24/Mar/2026:23:19:23 -0400] "GET /4aa355/?filesrc=/home/analuakl/public_html/error_log&path=/home/analuakl/public_html HTTP/1.1" 200 159545 "-" "Mozilla/5.0 (compatible; MJ12bot/v1.4.8; http://mj12bot.com/)"
114.119.155.200 - - [24/Mar/2026:23:19:37 -0400] "GET /4aa355/?path=/home/analuakl/.caldav/hello@adiobrandsolutions.com/tasks HTTP/1.1" 200 1400 "https://www.amplmedia.com/4aa355/?path=/home/analuakl/.caldav/hello%40adiobrandsolutions.com" "Mozilla/5.0 (Linux; Android 7.0;) AppleWebKit/537.36 (KHTML, like Gecko) Mobile Safari/537.36 (compatible; PetalBot;+https://webmaster.petalsearch.com/site/petalbot)"
62.84.185.56 - - [24/Mar/2026:23:19:32 -0400] "GET /4aa355/?filesrc=/home/analuakl/somethingsmushy.com/error_log&path=/home/analuakl/somethingsmushy.com HTTP/1.1" 200 137537 "-" "Mozilla/5.0 (compatible; MJ12bot/v1.4.8; http://mj12bot.com/)"
66.249.68.131 - - [24/Mar/2026:23:19:46 -0400] "GET /?detail/8377792 HTTP/1.1" 200 1562 "-" "Mozilla/5.0 (Linux; Android 6.0.1; Nexus 5X Build/MMB29P) AppleWebKit/537.36 (KHTML, like Gecko) Chrome/146.0.7680.153 Mobile Safari/537.36 (compatible; GoogleOther)"
40.77.167.74 - - [24/Mar/2026:23:20:17 -0400] "GET /?sitemap96.xml HTTP/1.1" 200 1560 "-" "Mozilla/5.0 AppleWebKit/537.36 (KHTML, like Gecko; compatible; bingbot/2.0; +http://www.bing.com/bingbot.htm) Chrome/116.0.1938.76 Safari/537.36"
66.249.68.131 - - [24/Mar/2026:23:20:17 -0400] "GET /?detail/14650681 HTTP/1.1" 200 1562 "-" "Mozilla/5.0 (Linux; Android 6.0.1; Nexus 5X Build/MMB29P) AppleWebKit/537.36 (KHTML, like Gecko) Chrome/146.0.7680.153 Mobile Safari/537.36 (compatible; GoogleOther)"
66.249.68.131 - - [24/Mar/2026:23:21:04 -0400] "GET /index.php?detail/29478458 HTTP/1.1" 404 1251 "-" "Mozilla/5.0 (Linux; Android 6.0.1; Nexus 5X Build/MMB29P) AppleWebKit/537.36 (KHTML, like Gecko) Chrome/146.0.7680.153 Mobile Safari/537.36 (compatible; Googlebot/2.1; +http://www.google.com/bot.html)"
66.249.68.131 - - [24/Mar/2026:23:21:34 -0400] "GET /?detail/18665792 HTTP/1.1" 200 1562 "-" "Mozilla/5.0 (Linux; Android 6.0.1; Nexus 5X Build/MMB29P) AppleWebKit/537.36 (KHTML, like Gecko) Chrome/146.0.7680.153 Mobile Safari/537.36 (compatible; GoogleOther)"
114.119.155.200 - - [24/Mar/2026:23:21:44 -0400] "GET /4aa355/?path=/home/analuakl/.caldav/deepak@cozynestapartments.in HTTP/1.1" 200 1831 "https://www.amplmedia.com/4aa355/?path=/home/analuakl/.caldav" "Mozilla/5.0 (Linux; Android 7.0;) AppleWebKit/537.36 (KHTML, like Gecko) Mobile Safari/537.36 (compatible; PetalBot;+https://webmaster.petalsearch.com/site/petalbot)"
66.249.68.131 - - [24/Mar/2026:23:21:57 -0400] "GET /?detail/24447169 HTTP/1.1" 200 1562 "-" "Mozilla/5.0 (Linux; Android 6.0.1; Nexus 5X Build/MMB29P) AppleWebKit/537.36 (KHTML, like Gecko) Chrome/146.0.7680.153 Mobile Safari/537.36 (compatible; GoogleOther)"
66.249.68.133 - - [24/Mar/2026:23:22:24 -0400] "GET /index.php?detail/22575158 HTTP/1.1" 404 1251 "-" "Mozilla/5.0 (compatible; Googlebot/2.1; +http://www.google.com/bot.html)"
66.249.68.131 - - [24/Mar/2026:23:22:25 -0400] "GET /index.php?detail/22575158 HTTP/1.1" 404 1251 "-" "Mozilla/5.0 (Linux; Android 6.0.1; Nexus 5X Build/MMB29P) AppleWebKit/537.36 (KHTML, like Gecko) Chrome/146.0.7680.153 Mobile Safari/537.36 (compatible; Googlebot/2.1; +http://www.google.com/bot.html)"
66.249.68.132 - - [24/Mar/2026:23:23:23 -0400] "GET /?detail/29716358 HTTP/1.1" 200 1562 "-" "Mozilla/5.0 (Linux; Android 6.0.1; Nexus 5X Build/MMB29P) AppleWebKit/537.36 (KHTML, like Gecko) Chrome/146.0.7680.153 Mobile Safari/537.36 (compatible; GoogleOther)"
66.249.68.131 - - [24/Mar/2026:23:23:37 -0400] "GET /?detail/25652858 HTTP/1.1" 200 1562 "-" "Mozilla/5.0 (Linux; Android 6.0.1; Nexus 5X Build/MMB29P) AppleWebKit/537.36 (KHTML, like Gecko) Chrome/146.0.7680.153 Mobile Safari/537.36 (compatible; GoogleOther)"
114.119.155.200 - - [24/Mar/2026:23:23:57 -0400] "GET /4aa355/?path=/home/analuakl/.caldav/ajay@adiobrandsolutions.com/addressbook HTTP/1.1" 200 1405 "https://www.amplmedia.com/4aa355/?path=/home/analuakl/.caldav/ajay%40adiobrandsolutions.com" "Mozilla/5.0 (Linux; Android 7.0;) AppleWebKit/537.36 (KHTML, like Gecko) Mobile Safari/537.36 (compatible; PetalBot;+https://webmaster.petalsearch.com/site/petalbot)"
66.249.68.133 - - [24/Mar/2026:23:24:22 -0400] "GET /index.php?detail/19264314 HTTP/1.1" 404 1251 "-" "Mozilla/5.0 (compatible; Googlebot/2.1; +http://www.google.com/bot.html)"
66.249.68.132 - - [24/Mar/2026:23:25:11 -0400] "GET /?detail/15867103 HTTP/1.1" 200 1562 "-" "Mozilla/5.0 (Linux; Android 6.0.1; Nexus 5X Build/MMB29P) AppleWebKit/537.36 (KHTML, like Gecko) Chrome/146.0.7680.153 Mobile Safari/537.36 (compatible; GoogleOther)"
66.249.68.132 - - [24/Mar/2026:23:25:20 -0400] "GET /?detail/18352236 HTTP/1.1" 200 1562 "-" "Mozilla/5.0 (Linux; Android 6.0.1; Nexus 5X Build/MMB29P) AppleWebKit/537.36 (KHTML, like Gecko) Chrome/146.0.7680.153 Mobile Safari/537.36 (compatible; GoogleOther)"
62.84.185.55 - - [24/Mar/2026:23:26:23 -0400] "GET /robots.txt HTTP/1.1" 200 359 "-" "Mozilla/5.0 (compatible; MJ12bot/v1.4.8; http://mj12bot.com/)"
62.84.185.55 - - [24/Mar/2026:23:26:31 -0400] "GET /4aa355/?filesrc=/home/analuakl/.cpanel/ducache&path=/home/analuakl/.cpanel HTTP/1.1" 200 324716 "-" "Mozilla/5.0 (compatible; MJ12bot/v1.4.8; http://mj12bot.com/)"
40.77.167.241 - - [24/Mar/2026:23:26:41 -0400] "GET /?detail/22916547 HTTP/1.1" 200 1562 "-" "Mozilla/5.0 AppleWebKit/537.36 (KHTML, like Gecko; compatible; bingbot/2.0; +http://www.bing.com/bingbot.htm) Chrome/116.0.1938.76 Safari/537.36"
62.84.185.55 - - [24/Mar/2026:23:26:45 -0400] "GET /robots.txt HTTP/1.1" 200 359 "-" "Mozilla/5.0 (compatible; MJ12bot/v1.4.8; http://mj12bot.com/)"
114.119.154.189 - - [24/Mar/2026:23:26:45 -0400] "GET /4aa355/?path=//usr/share/crypto-policies HTTP/1.1" 200 1977 "https://www.amplmedia.com/4aa355/?path=//usr/share" "Mozilla/5.0 (Linux; Android 7.0;) AppleWebKit/537.36 (KHTML, like Gecko) Mobile Safari/537.36 (compatible; PetalBot;+https://webmaster.petalsearch.com/site/petalbot)"
62.84.185.55 - - [24/Mar/2026:23:26:52 -0400] "GET /4aa355/?filesrc=//bin/cat&path=//bin HTTP/1.1" 200 1160 "-" "Mozilla/5.0 (compatible; MJ12bot/v1.4.8; http://mj12bot.com/)"
66.249.68.131 - - [24/Mar/2026:23:26:57 -0400] "GET /?detail/5029247 HTTP/1.1" 200 1562 "-" "Mozilla/5.0 (Linux; Android 6.0.1; Nexus 5X Build/MMB29P) AppleWebKit/537.36 (KHTML, like Gecko) Chrome/146.0.7680.153 Mobile Safari/537.36 (compatible; GoogleOther)"
62.84.185.55 - - [24/Mar/2026:23:26:59 -0400] "GET /4aa355/?filesrc=//bin/dir&path=//bin HTTP/1.1" 200 1161 "-" "Mozilla/5.0 (compatible; MJ12bot/v1.4.8; http://mj12bot.com/)"
66.249.68.133 - - [24/Mar/2026:23:26:59 -0400] "GET /?detail/28672892 HTTP/1.1" 200 1562 "-" "Mozilla/5.0 (Linux; Android 6.0.1; Nexus 5X Build/MMB29P) AppleWebKit/537.36 (KHTML, like Gecko) Chrome/146.0.7680.153 Mobile Safari/537.36 (compatible; GoogleOther)"
62.84.185.55 - - [24/Mar/2026:23:27:07 -0400] "GET /4aa355/?filesrc=//bin/dircolors&path=//bin HTTP/1.1" 200 1162 "-" "Mozilla/5.0 (compatible; MJ12bot/v1.4.8; http://mj12bot.com/)"
62.84.185.55 - - [24/Mar/2026:23:27:12 -0400] "GET /4aa355/?filesrc=//bin/dirname&path=//bin HTTP/1.1" 200 1163 "-" "Mozilla/5.0 (compatible; MJ12bot/v1.4.8; http://mj12bot.com/)"
62.84.185.55 - - [24/Mar/2026:23:27:19 -0400] "GET /4aa355/?filesrc=//bin/gunzip&path=//bin HTTP/1.1" 200 2303 "-" "Mozilla/5.0 (compatible; MJ12bot/v1.4.8; http://mj12bot.com/)"
62.84.185.55 - - [24/Mar/2026:23:27:26 -0400] "GET /4aa355/?filesrc=//bin/id&path=//bin HTTP/1.1" 200 1161 "-" "Mozilla/5.0 (compatible; MJ12bot/v1.4.8; http://mj12bot.com/)"
62.84.185.55 - - [24/Mar/2026:23:27:32 -0400] "GET /4aa355/?filesrc=//bin/perlivp&path=//bin HTTP/1.1" 200 4836 "-" "Mozilla/5.0 (compatible; MJ12bot/v1.4.8; http://mj12bot.com/)"
66.249.68.131 - - [24/Mar/2026:23:27:38 -0400] "GET /shop/detail/exclusively236018128.htm HTTP/1.1" 404 1251 "-" "Mozilla/5.0 (Linux; Android 6.0.1; Nexus 5X Build/MMB29P) AppleWebKit/537.36 (KHTML, like Gecko) Chrome/146.0.7680.153 Mobile Safari/537.36 (compatible; Googlebot/2.1; +http://www.google.com/bot.html)"
62.84.185.55 - - [24/Mar/2026:23:27:38 -0400] "GET /4aa355/?filesrc=//opt/ai-bolit/ai-bolit-hoster-full.cache.db&path=//opt/ai-bolit HTTP/1.1" 200 1251077 "-" "Mozilla/5.0 (compatible; MJ12bot/v1.4.8; http://mj12bot.com/)"
62.84.185.55 - - [24/Mar/2026:23:27:49 -0400] "GET /4aa355/?filesrc=//opt/cloudlinux-linksafe/lib.sh&path=//opt/cloudlinux-linksafe HTTP/1.1" 200 1304 "-" "Mozilla/5.0 (compatible; MJ12bot/v1.4.8; http://mj12bot.com/)"
62.84.185.55 - - [24/Mar/2026:23:27:57 -0400] "GET /4aa355/?filesrc=//opt/hc_python/pyvenv.cfg&path=//opt/hc_python HTTP/1.1" 200 1267 "-" "Mozilla/5.0 (compatible; MJ12bot/v1.4.8; http://mj12bot.com/)"
62.84.185.55 - - [24/Mar/2026:23:28:06 -0400] "GET /4aa355/?filesrc=//opt/hc_python/requirements.txt&path=//opt/hc_python HTTP/1.1" 200 1553 "-" "Mozilla/5.0 (compatible; MJ12bot/v1.4.8; http://mj12bot.com/)"
62.84.185.55 - - [24/Mar/2026:23:28:11 -0400] "GET /4aa355/?filesrc=//opt/liblve/liblve.so&path=//opt/liblve HTTP/1.1" 200 1173 "-" "Mozilla/5.0 (compatible; MJ12bot/v1.4.8; http://mj12bot.com/)"
62.84.185.55 - - [24/Mar/2026:23:28:19 -0400] "GET /4aa355/?filesrc=//opt/liblve/liblve.so.0&path=//opt/liblve HTTP/1.1" 200 1174 "-" "Mozilla/5.0 (compatible; MJ12bot/v1.4.8; http://mj12bot.com/)"
66.249.68.131 - - [24/Mar/2026:23:28:22 -0400] "GET /shop/detail/regulation229021093.htm HTTP/1.1" 404 1251 "-" "Mozilla/5.0 (Linux; Android 6.0.1; Nexus 5X Build/MMB29P) AppleWebKit/537.36 (KHTML, like Gecko) Chrome/146.0.7680.153 Mobile Safari/537.36 (compatible; Googlebot/2.1; +http://www.google.com/bot.html)"
62.84.185.55 - - [24/Mar/2026:23:28:23 -0400] "GET /4aa355/?filesrc=//opt/liblve/liblve.so.0.9.0&path=//opt/liblve HTTP/1.1" 200 1178 "-" "Mozilla/5.0 (compatible; MJ12bot/v1.4.8; http://mj12bot.com/)"
62.84.185.55 - - [24/Mar/2026:23:28:29 -0400] "GET /4aa355/?filesrc=//opt/liblve/libsecureio.so&path=//opt/liblve HTTP/1.1" 200 1180 "-" "Mozilla/5.0 (compatible; MJ12bot/v1.4.8; http://mj12bot.com/)"
62.84.185.55 - - [24/Mar/2026:23:28:38 -0400] "GET /4aa355/?filesrc=//opt/liblve/libsecureio.so.0&path=//opt/liblve HTTP/1.1" 200 1180 "-" "Mozilla/5.0 (compatible; MJ12bot/v1.4.8; http://mj12bot.com/)"
66.249.68.132 - - [24/Mar/2026:23:28:37 -0400] "GET /?detail/20220492 HTTP/1.1" 200 1562 "-" "Mozilla/5.0 (Linux; Android 6.0.1; Nexus 5X Build/MMB29P) AppleWebKit/537.36 (KHTML, like Gecko) Chrome/146.0.7680.153 Mobile Safari/537.36 (compatible; GoogleOther)"
62.84.185.55 - - [24/Mar/2026:23:28:43 -0400] "GET /4aa355/?filesrc=//opt/liblve/libsecureio.so.0.9.0&path=//opt/liblve HTTP/1.1" 200 1184 "-" "Mozilla/5.0 (compatible; MJ12bot/v1.4.8; http://mj12bot.com/)"
66.249.68.131 - - [24/Mar/2026:23:28:48 -0400] "GET /?detail/7348270 HTTP/1.1" 200 1562 "-" "Mozilla/5.0 (Linux; Android 6.0.1; Nexus 5X Build/MMB29P) AppleWebKit/537.36 (KHTML, like Gecko) Chrome/146.0.7680.153 Mobile Safari/537.36 (compatible; GoogleOther)"
62.84.185.55 - - [24/Mar/2026:23:28:49 -0400] "GET /4aa355/?filesrc=//var/.cagefs/.cagefs.token&path=//var/.cagefs HTTP/1.1" 200 1192 "-" "Mozilla/5.0 (compatible; MJ12bot/v1.4.8; http://mj12bot.com/)"
62.84.185.55 - - [24/Mar/2026:23:28:54 -0400] "GET /4aa355/?filesrc=//var/lve/rubygems&path=//var/lve HTTP/1.1" 200 926816 "-" "Mozilla/5.0 (compatible; MJ12bot/v1.4.8; http://mj12bot.com/)"
62.84.185.55 - - [24/Mar/2026:23:29:04 -0400] "GET /4aa355/?filesrc=/home/analuakl/.cpanel/ducache&path=/home/analuakl/.cpanel HTTP/1.1" 200 324334 "-" "Mozilla/5.0 (compatible; MJ12bot/v1.4.8; http://mj12bot.com/)"
62.84.185.55 - - [24/Mar/2026:23:29:14 -0400] "GET /4aa355/?filesrc=/home/analuakl/access-logs/bents.in.adiobrandsolutions.com-ssl_log&path=/home/analuakl/access-logs HTTP/1.1" 200 211429 "-" "Mozilla/5.0 (compatible; MJ12bot/v1.4.8; http://mj12bot.com/)"
62.84.185.55 - - [24/Mar/2026:23:29:21 -0400] "GET /4aa355/?filesrc=/home/analuakl/amplhomes.com/error_log&path=/home/analuakl/amplhomes.com HTTP/1.1" 200 70996 "-" "Mozilla/5.0 (compatible; MJ12bot/v1.4.8; http://mj12bot.com/)"
62.84.185.55 - - [24/Mar/2026:23:29:32 -0400] "GET /4aa355/?filesrc=/home/analuakl/ankurmedia.com/error_log&path=/home/analuakl/ankurmedia.com HTTP/1.1" 200 87865 "-" "Mozilla/5.0 (compatible; MJ12bot/v1.4.8; http://mj12bot.com/)"
66.249.68.133 - - [24/Mar/2026:23:29:41 -0400] "GET /index.php?detail/10455236 HTTP/1.1" 404 1251 "-" "Mozilla/5.0 (compatible; Googlebot/2.1; +http://www.google.com/bot.html)"
62.84.185.55 - - [24/Mar/2026:23:29:46 -0400] "GET /4aa355/?filesrc=/home/analuakl/logs/somethingsmushy.adiobrandsolutions.com-May-2025.gz&path=/home/analuakl/logs HTTP/1.1" 200 1212 "-" "Mozilla/5.0 (compatible; MJ12bot/v1.4.8; http://mj12bot.com/)"
62.84.185.55 - - [24/Mar/2026:23:30:08 -0400] "GET /4aa355/?filesrc=/home/analuakl/logs/somethingsmushy.adiobrandsolutions.com-ssl_log-Mar-2026.gz&path=/home/analuakl/logs HTTP/1.1" 200 1220 "-" "Mozilla/5.0 (compatible; MJ12bot/v1.4.8; http://mj12bot.com/)"
62.84.185.55 - - [24/Mar/2026:23:30:13 -0400] "GET /4aa355/?filesrc=/home/analuakl/logs/sukhmaagroup.adiobrandsolutions.com-Jan-2023.gz&path=/home/analuakl/logs HTTP/1.1" 200 1215 "-" "Mozilla/5.0 (compatible; MJ12bot/v1.4.8; http://mj12bot.com/)"
62.84.185.55 - - [24/Mar/2026:23:30:17 -0400] "GET /4aa355/?filesrc=/home/analuakl/logs/sukhmaagroup.adiobrandsolutions.com-Jun-2022.gz&path=/home/analuakl/logs HTTP/1.1" 200 1216 "-" "Mozilla/5.0 (compatible; MJ12bot/v1.4.8; http://mj12bot.com/)"
62.84.185.55 - - [24/Mar/2026:23:30:20 -0400] "GET /4aa355/?filesrc=/home/analuakl/logs/sukhmaagroup.adiobrandsolutions.com-May-2023.gz&path=/home/analuakl/logs HTTP/1.1" 200 1216 "-" "Mozilla/5.0 (compatible; MJ12bot/v1.4.8; http://mj12bot.com/)"
66.249.68.132 - - [24/Mar/2026:23:30:17 -0400] "GET /?detail/8722669 HTTP/1.1" 200 1562 "-" "Mozilla/5.0 (Linux; Android 6.0.1; Nexus 5X Build/MMB29P) AppleWebKit/537.36 (KHTML, like Gecko) Chrome/146.0.7680.153 Mobile Safari/537.36 (compatible; GoogleOther)"
62.84.185.55 - - [24/Mar/2026:23:30:25 -0400] "GET /4aa355/?filesrc=/home/analuakl/logs/sukhmaagroup.adiobrandsolutions.com-ssl_log-Dec-2021.gz&path=/home/analuakl/logs HTTP/1.1" 200 1224 "-" "Mozilla/5.0 (compatible; MJ12bot/v1.4.8; http://mj12bot.com/)"
66.249.68.132 - - [24/Mar/2026:23:30:29 -0400] "GET /index.php?detail/26195114 HTTP/1.1" 404 1251 "-" "Mozilla/5.0 (Linux; Android 6.0.1; Nexus 5X Build/MMB29P) AppleWebKit/537.36 (KHTML, like Gecko) Chrome/146.0.7680.153 Mobile Safari/537.36 (compatible; Googlebot/2.1; +http://www.google.com/bot.html)"
62.84.185.55 - - [24/Mar/2026:23:30:30 -0400] "GET /4aa355/?filesrc=/home/analuakl/logs/travelgosh.adiobrandsolutions.com-Mar-2022.gz&path=/home/analuakl/logs HTTP/1.1" 200 1217 "-" "Mozilla/5.0 (compatible; MJ12bot/v1.4.8; http://mj12bot.com/)"
62.84.185.55 - - [24/Mar/2026:23:30:36 -0400] "GET /4aa355/?filesrc=/home/analuakl/logs/travelgosh.adiobrandsolutions.com-ssl_log-Dec-2021.gz&path=/home/analuakl/logs HTTP/1.1" 200 1219 "-" "Mozilla/5.0 (compatible; MJ12bot/v1.4.8; http://mj12bot.com/)"
66.249.68.131 - - [24/Mar/2026:23:30:36 -0400] "GET /?detail/4198481 HTTP/1.1" 200 1562 "-" "Mozilla/5.0 (Linux; Android 6.0.1; Nexus 5X Build/MMB29P) AppleWebKit/537.36 (KHTML, like Gecko) Chrome/146.0.7680.153 Mobile Safari/537.36 (compatible; GoogleOther)"
62.84.185.55 - - [24/Mar/2026:23:30:42 -0400] "GET /4aa355/?filesrc=/home/analuakl/logs/where2shop.adiobrandsolutions.com-Feb-2023.gz&path=/home/analuakl/logs HTTP/1.1" 200 1213 "-" "Mozilla/5.0 (compatible; MJ12bot/v1.4.8; http://mj12bot.com/)"
114.119.134.95 - - [24/Mar/2026:23:30:49 -0400] "GET /4aa355/?path=//usr/local/lsws/logs HTTP/1.1" 200 1532 "https://www.amplmedia.com/4aa355/?path=//usr/local/lsws" "Mozilla/5.0 (Linux; Android 7.0;) AppleWebKit/537.36 (KHTML, like Gecko) Mobile Safari/537.36 (compatible; PetalBot;+https://webmaster.petalsearch.com/site/petalbot)"
62.84.185.55 - - [24/Mar/2026:23:30:52 -0400] "GET /4aa355/?filesrc=/home/analuakl/logs/where2shop.adiobrandsolutions.com-Jan-2023.gz&path=/home/analuakl/logs HTTP/1.1" 200 1213 "-" "Mozilla/5.0 (compatible; MJ12bot/v1.4.8; http://mj12bot.com/)"
66.249.68.131 - - [24/Mar/2026:23:30:58 -0400] "GET /index.php?detail/22816869 HTTP/1.1" 404 1251 "-" "Mozilla/5.0 (compatible; Googlebot/2.1; +http://www.google.com/bot.html)"
62.84.185.55 - - [24/Mar/2026:23:31:01 -0400] "GET /4aa355/?filesrc=/home/analuakl/logs/where2shop.adiobrandsolutions.com-ssl_log-Feb-2023.gz&path=/home/analuakl/logs HTTP/1.1" 200 1221 "-" "Mozilla/5.0 (compatible; MJ12bot/v1.4.8; http://mj12bot.com/)"
62.84.185.55 - - [24/Mar/2026:23:31:07 -0400] "GET /4aa355/?filesrc=/home/analuakl/logs/where2shop.adiobrandsolutions.com-ssl_log-Jan-2023.gz&path=/home/analuakl/logs HTTP/1.1" 200 1221 "-" "Mozilla/5.0 (compatible; MJ12bot/v1.4.8; http://mj12bot.com/)"
62.84.185.55 - - [24/Mar/2026:23:31:15 -0400] "GET /4aa355/?filesrc=/home/analuakl/logs/wide-angle.adiobrandsolutions.com-Aug-2021.gz&path=/home/analuakl/logs HTTP/1.1" 200 1215 "-" "Mozilla/5.0 (compatible; MJ12bot/v1.4.8; http://mj12bot.com/)"
62.84.185.55 - - [24/Mar/2026:23:31:22 -0400] "GET /4aa355/?filesrc=/home/analuakl/logs/wide-angle.adiobrandsolutions.com-ssl_log-Aug-2021.gz&path=/home/analuakl/logs HTTP/1.1" 200 1219 "-" "Mozilla/5.0 (compatible; MJ12bot/v1.4.8; http://mj12bot.com/)"
62.84.185.55 - - [24/Mar/2026:23:31:29 -0400] "GET /4aa355/?filesrc=/home/analuakl/mail/dovecot-quota&path=/home/analuakl/mail HTTP/1.1" 200 1224 "-" "Mozilla/5.0 (compatible; MJ12bot/v1.4.8; http://mj12bot.com/)"
62.84.185.55 - - [24/Mar/2026:23:31:34 -0400] "GET /4aa355/?filesrc=/home/analuakl/mail/dovecot-uidlist&path=/home/analuakl/mail HTTP/1.1" 200 1286676 "-" "Mozilla/5.0 (compatible; MJ12bot/v1.4.8; http://mj12bot.com/)"
62.84.185.55 - - [24/Mar/2026:23:31:46 -0400] "GET /4aa355/?filesrc=/home/analuakl/mail/dovecot.list.index.log&path=/home/analuakl/mail HTTP/1.1" 200 1199 "-" "Mozilla/5.0 (compatible; MJ12bot/v1.4.8; http://mj12bot.com/)"
62.84.185.55 - - [24/Mar/2026:23:31:54 -0400] "GET /4aa355/?filesrc=/home/analuakl/pitterpatterplay.com/acels.php&path=/home/analuakl/pitterpatterplay.com HTTP/1.1" 200 56032 "-" "Mozilla/5.0 (compatible; MJ12bot/v1.4.8; http://mj12bot.com/)"
66.249.68.132 - - [24/Mar/2026:23:31:57 -0400] "GET /?detail/24449758 HTTP/1.1" 200 1562 "-" "Mozilla/5.0 (Linux; Android 6.0.1; Nexus 5X Build/MMB29P) AppleWebKit/537.36 (KHTML, like Gecko) Chrome/146.0.7680.153 Mobile Safari/537.36 (compatible; GoogleOther)"
62.84.185.55 - - [24/Mar/2026:23:31:58 -0400] "GET /4aa355/?filesrc=/home/analuakl/pitterpatterplay.com/acels.zip&path=/home/analuakl/pitterpatterplay.com HTTP/1.1" 200 1199 "-" "Mozilla/5.0 (compatible; MJ12bot/v1.4.8; http://mj12bot.com/)"
62.84.185.55 - - [24/Mar/2026:23:32:02 -0400] "GET /4aa355/?filesrc=/home/analuakl/pitterpatterplay.com/comment.php&path=/home/analuakl/pitterpatterplay.com HTTP/1.1" 200 9986 "-" "Mozilla/5.0 (compatible; MJ12bot/v1.4.8; http://mj12bot.com/)"
62.84.185.55 - - [24/Mar/2026:23:32:08 -0400] "GET /4aa355/?filesrc=/home/analuakl/pitterpatterplay.com/content.php&path=/home/analuakl/pitterpatterplay.com HTTP/1.1" 200 8098 "-" "Mozilla/5.0 (compatible; MJ12bot/v1.4.8; http://mj12bot.com/)"
62.84.185.55 - - [24/Mar/2026:23:32:13 -0400] "GET /4aa355/?filesrc=/home/analuakl/pitterpatterplay.com/error_log&path=/home/analuakl/pitterpatterplay.com HTTP/1.1" 200 151222 "-" "Mozilla/5.0 (compatible; MJ12bot/v1.4.8; http://mj12bot.com/)"
66.249.68.133 - - [24/Mar/2026:23:32:25 -0400] "GET /?detail/13435892 HTTP/1.1" 200 1562 "-" "Mozilla/5.0 (Linux; Android 6.0.1; Nexus 5X Build/MMB29P) AppleWebKit/537.36 (KHTML, like Gecko) Chrome/146.0.7680.153 Mobile Safari/537.36 (compatible; GoogleOther)"
62.84.185.55 - - [24/Mar/2026:23:32:29 -0400] "GET /4aa355/?filesrc=/home/analuakl/pitterpatterplay.com/googlee30b123012bec5cf.html&path=/home/analuakl/pitterpatterplay.com HTTP/1.1" 200 1227 "-" "Mozilla/5.0 (compatible; MJ12bot/v1.4.8; http://mj12bot.com/)"
62.84.185.55 - - [24/Mar/2026:23:32:34 -0400] "GET /4aa355/?filesrc=/home/analuakl/pitterpatterplay.com/index.php&path=/home/analuakl/pitterpatterplay.com HTTP/1.1" 200 5010 "-" "Mozilla/5.0 (compatible; MJ12bot/v1.4.8; http://mj12bot.com/)"
62.84.185.55 - - [24/Mar/2026:23:32:44 -0400] "GET /4aa355/?filesrc=/home/analuakl/pitterpatterplay.com/index.zip&path=/home/analuakl/pitterpatterplay.com HTTP/1.1" 200 1197 "-" "Mozilla/5.0 (compatible; MJ12bot/v1.4.8; http://mj12bot.com/)"
62.84.185.55 - - [24/Mar/2026:23:32:51 -0400] "GET /4aa355/?filesrc=/home/analuakl/pitterpatterplay.com/license.txt&path=/home/analuakl/pitterpatterplay.com HTTP/1.1" 200 8542 "-" "Mozilla/5.0 (compatible; MJ12bot/v1.4.8; http://mj12bot.com/)"
62.84.185.55 - - [24/Mar/2026:23:32:56 -0400] "GET /4aa355/?filesrc=/home/analuakl/pitterpatterplay.com/readme.html&path=/home/analuakl/pitterpatterplay.com HTTP/1.1" 200 4252 "-" "Mozilla/5.0 (compatible; MJ12bot/v1.4.8; http://mj12bot.com/)"
62.84.185.55 - - [24/Mar/2026:23:33:02 -0400] "GET /4aa355/?filesrc=/home/analuakl/pitterpatterplay.com/wp-config-sample.php&path=/home/analuakl/pitterpatterplay.com HTTP/1.1" 200 21901 "-" "Mozilla/5.0 (compatible; MJ12bot/v1.4.8; http://mj12bot.com/)"
62.84.185.55 - - [24/Mar/2026:23:33:14 -0400] "GET /4aa355/?filesrc=/home/analuakl/pitterpatterplay.com/wp-config.php&path=/home/analuakl/pitterpatterplay.com HTTP/1.1" 403 1242 "-" "Mozilla/5.0 (compatible; MJ12bot/v1.4.8; http://mj12bot.com/)"
62.84.185.55 - - [24/Mar/2026:23:33:22 -0400] "GET /4aa355/?filesrc=/home/analuakl/pitterpatterplay.com/wp-links-opml.php&path=/home/analuakl/pitterpatterplay.com HTTP/1.1" 200 2343 "-" "Mozilla/5.0 (compatible; MJ12bot/v1.4.8; http://mj12bot.com/)"
62.84.185.55 - - [24/Mar/2026:23:33:28 -0400] "GET /4aa355/?filesrc=/home/analuakl/pitterpatterplay.com/wp-load.php&path=/home/analuakl/pitterpatterplay.com HTTP/1.1" 200 2851 "-" "Mozilla/5.0 (compatible; MJ12bot/v1.4.8; http://mj12bot.com/)"
62.84.185.55 - - [24/Mar/2026:23:33:32 -0400] "GET /4aa355/?filesrc=/home/analuakl/pitterpatterplay.com/wp-mail.php&path=/home/analuakl/pitterpatterplay.com HTTP/1.1" 200 4343 "-" "Mozilla/5.0 (compatible; MJ12bot/v1.4.8; http://mj12bot.com/)"
62.84.185.55 - - [24/Mar/2026:23:33:37 -0400] "GET /4aa355/?filesrc=/home/analuakl/pitterpatterplay.com/wp-settings.php&path=/home/analuakl/pitterpatterplay.com HTTP/1.1" 200 7487 "-" "Mozilla/5.0 (compatible; MJ12bot/v1.4.8; http://mj12bot.com/)"
66.249.68.131 - - [24/Mar/2026:23:33:37 -0400] "GET /?detail/14771570 HTTP/1.1" 200 1562 "-" "Mozilla/5.0 (Linux; Android 6.0.1; Nexus 5X Build/MMB29P) AppleWebKit/537.36 (KHTML, like Gecko) Chrome/146.0.7680.153 Mobile Safari/537.36 (compatible; GoogleOther)"
62.84.185.55 - - [24/Mar/2026:23:33:43 -0400] "GET /4aa355/?filesrc=/home/analuakl/pitterpatterplay.com/wp-signup.php&path=/home/analuakl/pitterpatterplay.com HTTP/1.1" 200 9734 "-" "Mozilla/5.0 (compatible; MJ12bot/v1.4.8; http://mj12bot.com/)"
62.84.185.55 - - [24/Mar/2026:23:33:48 -0400] "GET /4aa355/?filesrc=/home/analuakl/pitterpatterplay.com/wp-trackback.php&path=/home/analuakl/pitterpatterplay.com HTTP/1.1" 200 3110 "-" "Mozilla/5.0 (compatible; MJ12bot/v1.4.8; http://mj12bot.com/)"
62.84.185.55 - - [24/Mar/2026:23:33:53 -0400] "GET /4aa355/?filesrc=/home/analuakl/public_html/.htaccess&path=/home/analuakl/public_html HTTP/1.1" 403 1242 "-" "Mozilla/5.0 (compatible; MJ12bot/v1.4.8; http://mj12bot.com/)"
62.84.185.55 - - [24/Mar/2026:23:33:59 -0400] "GET /4aa355/?filesrc=/home/analuakl/public_html/about-us.php&path=/home/analuakl/public_html HTTP/1.1" 200 3714 "-" "Mozilla/5.0 (compatible; MJ12bot/v1.4.8; http://mj12bot.com/)"
62.84.185.55 - - [24/Mar/2026:23:34:05 -0400] "GET /4aa355/?filesrc=/home/analuakl/public_html/adio-brand-old.zip&path=/home/analuakl/public_html HTTP/1.1" 200 1203 "-" "Mozilla/5.0 (compatible; MJ12bot/v1.4.8; http://mj12bot.com/)"
66.249.68.133 - - [24/Mar/2026:23:34:13 -0400] "GET /?detail/776114 HTTP/1.1" 200 1562 "-" "Mozilla/5.0 (Linux; Android 6.0.1; Nexus 5X Build/MMB29P) AppleWebKit/537.36 (KHTML, like Gecko) Chrome/146.0.7680.153 Mobile Safari/537.36 (compatible; GoogleOther)"
62.84.185.55 - - [24/Mar/2026:23:34:19 -0400] "GET /4aa355/?filesrc=/home/analuakl/public_html/artist-management.php&path=/home/analuakl/public_html HTTP/1.1" 200 2456 "-" "Mozilla/5.0 (compatible; MJ12bot/v1.4.8; http://mj12bot.com/)"
62.84.185.55 - - [24/Mar/2026:23:34:26 -0400] "GET /4aa355/?filesrc=/home/analuakl/public_html/captcha.php&path=/home/analuakl/public_html HTTP/1.1" 200 1422 "-" "Mozilla/5.0 (compatible; MJ12bot/v1.4.8; http://mj12bot.com/)"
62.84.185.55 - - [24/Mar/2026:23:34:31 -0400] "GET /4aa355/?filesrc=/home/analuakl/tmp/pear/channel.xml&path=/home/analuakl/tmp/pear HTTP/1.1" 200 1568 "-" "Mozilla/5.0 (compatible; MJ12bot/v1.4.8; http://mj12bot.com/)"
62.84.185.55 - - [24/Mar/2026:23:34:37 -0400] "GET /4aa355/?filesrc=/home/analuakl/www/error_log&path=/home/analuakl/www HTTP/1.1" 200 159429 "-" "Mozilla/5.0 (compatible; MJ12bot/v1.4.8; http://mj12bot.com/)"
62.84.185.55 - - [24/Mar/2026:23:34:44 -0400] "GET /4aa355/?filesrc=/home/analuakl/www/home.php&path=/home/analuakl/www HTTP/1.1" 200 2750 "-" "Mozilla/5.0 (compatible; MJ12bot/v1.4.8; http://mj12bot.com/)"
62.84.185.55 - - [24/Mar/2026:23:34:50 -0400] "GET /4aa355/?filesrc=/home/analuakl/www/website-designing-company-in-delhi.php&path=/home/analuakl/www HTTP/1.1" 200 4874 "-" "Mozilla/5.0 (compatible; MJ12bot/v1.4.8; http://mj12bot.com/)"
62.84.185.55 - - [24/Mar/2026:23:34:54 -0400] "GET /4aa355/?filesrc=/home/analuakl/www/website-development.php&path=/home/analuakl/www HTTP/1.1" 200 5982 "-" "Mozilla/5.0 (compatible; MJ12bot/v1.4.8; http://mj12bot.com/)"
62.84.185.55 - - [24/Mar/2026:23:35:00 -0400] "GET /4aa355/?path=//home/analuakl/.cagefs HTTP/1.1" 200 1455 "-" "Mozilla/5.0 (compatible; MJ12bot/v1.4.8; http://mj12bot.com/)"
62.84.185.55 - - [24/Mar/2026:23:35:08 -0400] "GET /4aa355/?path=//home/analuakl/.caldav HTTP/1.1" 200 2949 "-" "Mozilla/5.0 (compatible; MJ12bot/v1.4.8; http://mj12bot.com/)"
62.84.185.55 - - [24/Mar/2026:23:35:16 -0400] "GET /4aa355/?path=//home/analuakl/.cl.selector HTTP/1.1" 200 1515 "-" "Mozilla/5.0 (compatible; MJ12bot/v1.4.8; http://mj12bot.com/)"
66.249.68.132 - - [24/Mar/2026:23:35:17 -0400] "GET /?detail/19391514 HTTP/1.1" 200 1562 "-" "Mozilla/5.0 (Linux; Android 6.0.1; Nexus 5X Build/MMB29P) AppleWebKit/537.36 (KHTML, like Gecko) Chrome/146.0.7680.153 Mobile Safari/537.36 (compatible; GoogleOther)"
62.84.185.55 - - [24/Mar/2026:23:35:22 -0400] "GET /4aa355/?path=//home/analuakl/.clwpos HTTP/1.1" 200 1426 "-" "Mozilla/5.0 (compatible; MJ12bot/v1.4.8; http://mj12bot.com/)"
114.119.134.95 - - [24/Mar/2026:23:35:23 -0400] "GET /4aa355/?path=/home/analuakl/public_html/assets/js1 HTTP/1.1" 200 2466 "https://www.amplmedia.com/4aa355/?path=/home/analuakl/public_html/assets" "Mozilla/5.0 (Linux; Android 7.0;) AppleWebKit/537.36 (KHTML, like Gecko) Mobile Safari/537.36 (compatible; PetalBot;+https://webmaster.petalsearch.com/site/petalbot)"
62.84.185.55 - - [24/Mar/2026:23:35:27 -0400] "GET /4aa355/?path=//home/analuakl/.cpanel HTTP/1.1" 200 1927 "-" "Mozilla/5.0 (compatible; MJ12bot/v1.4.8; http://mj12bot.com/)"
62.84.185.55 - - [24/Mar/2026:23:35:35 -0400] "GET /4aa355/?path=//home/analuakl/.cphorde HTTP/1.1" 200 1550 "-" "Mozilla/5.0 (compatible; MJ12bot/v1.4.8; http://mj12bot.com/)"
62.84.185.55 - - [24/Mar/2026:23:35:43 -0400] "GET /4aa355/?path=//home/analuakl/.gnupg HTTP/1.1" 200 1524 "-" "Mozilla/5.0 (compatible; MJ12bot/v1.4.8; http://mj12bot.com/)"
62.84.185.55 - - [24/Mar/2026:23:35:49 -0400] "GET /4aa355/?path=//home/analuakl/.googleapps HTTP/1.1" 200 1542 "-" "Mozilla/5.0 (compatible; MJ12bot/v1.4.8; http://mj12bot.com/)"
62.84.185.55 - - [24/Mar/2026:23:35:55 -0400] "GET /4aa355/?path=//home/analuakl/.htpasswds HTTP/1.1" 403 1242 "-" "Mozilla/5.0 (compatible; MJ12bot/v1.4.8; http://mj12bot.com/)"
62.84.185.55 - - [24/Mar/2026:23:36:02 -0400] "GET /4aa355/?path=//home/analuakl/.nc_plugin HTTP/1.1" 200 1342 "-" "Mozilla/5.0 (compatible; MJ12bot/v1.4.8; http://mj12bot.com/)"
66.249.68.131 - - [24/Mar/2026:23:36:02 -0400] "GET /?detail/6370825 HTTP/1.1" 200 1562 "-" "Mozilla/5.0 (Linux; Android 6.0.1; Nexus 5X Build/MMB29P) AppleWebKit/537.36 (KHTML, like Gecko) Chrome/146.0.7680.153 Mobile Safari/537.36 (compatible; GoogleOther)"
62.84.185.55 - - [24/Mar/2026:23:36:06 -0400] "GET /4aa355/?path=//home/analuakl/.pki HTTP/1.1" 200 1404 "-" "Mozilla/5.0 (compatible; MJ12bot/v1.4.8; http://mj12bot.com/)"
62.84.185.55 - - [24/Mar/2026:23:36:12 -0400] "GET /4aa355/?path=//home/analuakl/.razor HTTP/1.1" 200 1609 "-" "Mozilla/5.0 (compatible; MJ12bot/v1.4.8; http://mj12bot.com/)"
62.84.185.55 - - [24/Mar/2026:23:36:16 -0400] "GET /4aa355/?path=//home/analuakl/.softaculous HTTP/1.1" 200 1802 "-" "Mozilla/5.0 (compatible; MJ12bot/v1.4.8; http://mj12bot.com/)"
62.84.185.55 - - [24/Mar/2026:23:36:22 -0400] "GET /4aa355/?path=//home/analuakl/.spamassassin HTTP/1.1" 200 1437 "-" "Mozilla/5.0 (compatible; MJ12bot/v1.4.8; http://mj12bot.com/)"
62.84.185.55 - - [24/Mar/2026:23:36:26 -0400] "GET /4aa355/?path=//home/analuakl/.trash HTTP/1.1" 200 1431 "-" "Mozilla/5.0 (compatible; MJ12bot/v1.4.8; http://mj12bot.com/)"
62.84.185.55 - - [24/Mar/2026:23:36:32 -0400] "GET /4aa355/?path=//home/analuakl/access-logs HTTP/1.1" 200 2215 "-" "Mozilla/5.0 (compatible; MJ12bot/v1.4.8; http://mj12bot.com/)"
62.84.185.55 - - [24/Mar/2026:23:36:36 -0400] "GET /4aa355/?path=//home/analuakl/all-in-one-wp-migration-unlimited-extension HTTP/1.1" 200 1767 "-" "Mozilla/5.0 (compatible; MJ12bot/v1.4.8; http://mj12bot.com/)"
