66.249.68.131 - - [24/Mar/2026:22:01:43 -0400] "GET /?detail/22170481 HTTP/1.1" 200 1562 "-" "Mozilla/5.0 (Linux; Android 6.0.1; Nexus 5X Build/MMB29P) AppleWebKit/537.36 (KHTML, like Gecko) Chrome/146.0.7680.153 Mobile Safari/537.36 (compatible; GoogleOther)"
66.249.68.132 - - [24/Mar/2026:22:02:25 -0400] "GET /index.php?detail/10999414 HTTP/1.1" 404 1251 "-" "Mozilla/5.0 (Linux; Android 6.0.1; Nexus 5X Build/MMB29P) AppleWebKit/537.36 (KHTML, like Gecko) Chrome/146.0.7680.153 Mobile Safari/537.36 (compatible; Googlebot/2.1; +http://www.google.com/bot.html)"
114.119.128.253 - - [24/Mar/2026:22:02:32 -0400] "GET /4aa355/?path=//proc/fs/xfs HTTP/1.1" 200 1649 "https://www.amplmedia.com/4aa355/?path=//proc/fs" "Mozilla/5.0 (Linux; Android 7.0;) AppleWebKit/537.36 (KHTML, like Gecko) Mobile Safari/537.36 (compatible; PetalBot;+https://webmaster.petalsearch.com/site/petalbot)"
66.249.68.132 - - [24/Mar/2026:22:03:12 -0400] "GET /?detail/13390170 HTTP/1.1" 200 1562 "-" "Mozilla/5.0 (Linux; Android 6.0.1; Nexus 5X Build/MMB29P) AppleWebKit/537.36 (KHTML, like Gecko) Chrome/146.0.7680.153 Mobile Safari/537.36 (compatible; GoogleOther)"
66.249.68.131 - - [24/Mar/2026:22:04:00 -0400] "GET /?detail/1234392 HTTP/1.1" 200 1562 "-" "Mozilla/5.0 (Linux; Android 6.0.1; Nexus 5X Build/MMB29P) AppleWebKit/537.36 (KHTML, like Gecko) Chrome/146.0.7680.153 Mobile Safari/537.36 (compatible; GoogleOther)"
66.249.68.131 - - [24/Mar/2026:22:04:16 -0400] "GET /index.php?detail/30179892 HTTP/1.1" 404 1251 "-" "Mozilla/5.0 (compatible; Googlebot/2.1; +http://www.google.com/bot.html)"
66.249.68.131 - - [24/Mar/2026:22:04:18 -0400] "GET /index.php?detail/16134125.htmlm HTTP/1.1" 404 1251 "-" "Mozilla/5.0 (compatible; Googlebot/2.1; +http://www.google.com/bot.html)"
114.119.135.196 - - [24/Mar/2026:22:04:49 -0400] "GET /4aa355/?path=//lib64/gconv/gconv-modules.d HTTP/1.1" 200 1622 "https://www.amplmedia.com/4aa355/?path=//lib64/gconv" "Mozilla/5.0 (Linux; Android 7.0;) AppleWebKit/537.36 (KHTML, like Gecko) Mobile Safari/537.36 (compatible; PetalBot;+https://webmaster.petalsearch.com/site/petalbot)"
66.249.68.131 - - [24/Mar/2026:22:06:16 -0400] "GET /?detail/3898669 HTTP/1.1" 200 1562 "-" "Mozilla/5.0 (Linux; Android 6.0.1; Nexus 5X Build/MMB29P) AppleWebKit/537.36 (KHTML, like Gecko) Chrome/146.0.7680.153 Mobile Safari/537.36 (compatible; GoogleOther)"
66.249.68.132 - - [24/Mar/2026:22:06:57 -0400] "GET /?detail/14395336 HTTP/1.1" 200 1562 "-" "Mozilla/5.0 (Linux; Android 6.0.1; Nexus 5X Build/MMB29P) AppleWebKit/537.36 (KHTML, like Gecko) Chrome/146.0.7680.153 Mobile Safari/537.36 (compatible; GoogleOther)"
114.119.134.95 - - [24/Mar/2026:22:07:05 -0400] "GET /4aa355/?path=//lib64/bind HTTP/1.1" 200 1350 "https://www.amplmedia.com/4aa355/?path=//lib64" "Mozilla/5.0 (Linux; Android 7.0;) AppleWebKit/537.36 (KHTML, like Gecko) Mobile Safari/537.36 (compatible; PetalBot;+https://webmaster.petalsearch.com/site/petalbot)"
66.249.68.131 - - [24/Mar/2026:22:08:33 -0400] "GET /?detail/22837114 HTTP/1.1" 200 1562 "-" "Mozilla/5.0 (Linux; Android 6.0.1; Nexus 5X Build/MMB29P) AppleWebKit/537.36 (KHTML, like Gecko) Chrome/146.0.7680.153 Mobile Safari/537.36 (compatible; GoogleOther)"
66.249.68.133 - - [24/Mar/2026:22:10:06 -0400] "GET /index.php?detail/4617958 HTTP/1.1" 404 1251 "-" "Mozilla/5.0 (Linux; Android 6.0.1; Nexus 5X Build/MMB29P) AppleWebKit/537.36 (KHTML, like Gecko) Chrome/146.0.7680.153 Mobile Safari/537.36 (compatible; Googlebot/2.1; +http://www.google.com/bot.html)"
66.249.68.132 - - [24/Mar/2026:22:10:42 -0400] "GET /?detail/12148258 HTTP/1.1" 200 1562 "-" "Mozilla/5.0 (Linux; Android 6.0.1; Nexus 5X Build/MMB29P) AppleWebKit/537.36 (KHTML, like Gecko) Chrome/146.0.7680.153 Mobile Safari/537.36 (compatible; GoogleOther)"
66.249.68.131 - - [24/Mar/2026:22:10:49 -0400] "GET /?detail/11667892 HTTP/1.1" 200 1562 "-" "Mozilla/5.0 (Linux; Android 6.0.1; Nexus 5X Build/MMB29P) AppleWebKit/537.36 (KHTML, like Gecko) Chrome/146.0.7680.153 Mobile Safari/537.36 (compatible; GoogleOther)"
66.249.68.133 - - [24/Mar/2026:22:11:00 -0400] "GET /index.php?detail/24942169 HTTP/1.1" 404 1251 "-" "Mozilla/5.0 (compatible; Googlebot/2.1; +http://www.google.com/bot.html)"
66.249.68.132 - - [24/Mar/2026:22:11:21 -0400] "GET /index.php?detail/6940770 HTTP/1.1" 404 1251 "-" "Mozilla/5.0 (compatible; Googlebot/2.1; +http://www.google.com/bot.html)"
66.249.68.131 - - [24/Mar/2026:22:11:26 -0400] "GET /index.php?detail/17001158 HTTP/1.1" 404 1251 "-" "Mozilla/5.0 (Linux; Android 6.0.1; Nexus 5X Build/MMB29P) AppleWebKit/537.36 (KHTML, like Gecko) Chrome/146.0.7680.153 Mobile Safari/537.36 (compatible; Googlebot/2.1; +http://www.google.com/bot.html)"
66.249.68.133 - - [24/Mar/2026:22:12:26 -0400] "GET /index.php?detail/11746569 HTTP/1.1" 404 1251 "-" "Mozilla/5.0 (Linux; Android 6.0.1; Nexus 5X Build/MMB29P) AppleWebKit/537.36 (KHTML, like Gecko) Chrome/146.0.7680.153 Mobile Safari/537.36 (compatible; Googlebot/2.1; +http://www.google.com/bot.html)"
66.249.68.132 - - [24/Mar/2026:22:13:05 -0400] "GET /?detail/2289914 HTTP/1.1" 200 1562 "-" "Mozilla/5.0 (Linux; Android 6.0.1; Nexus 5X Build/MMB29P) AppleWebKit/537.36 (KHTML, like Gecko) Chrome/146.0.7680.153 Mobile Safari/537.36 (compatible; GoogleOther)"
114.119.154.189 - - [24/Mar/2026:22:13:42 -0400] "GET /4aa355/?filesrc=/home/analuakl/logs/grinsentertainment.adiobrandsolutions.com-Jan-2026.gz&path=/home/analuakl/logs HTTP/1.1" 200 1363 "https://www.amplmedia.com/4aa355/?path=/home/analuakl/logs" "Mozilla/5.0 (Linux; Android 7.0;) AppleWebKit/537.36 (KHTML, like Gecko) Mobile Safari/537.36 (compatible; PetalBot;+https://webmaster.petalsearch.com/site/petalbot)"
66.249.68.132 - - [24/Mar/2026:22:13:49 -0400] "GET /index.php?detail/1899169 HTTP/1.1" 404 1251 "-" "Mozilla/5.0 (compatible; Googlebot/2.1; +http://www.google.com/bot.html)"
66.249.68.133 - - [24/Mar/2026:22:14:02 -0400] "GET /index.php?detail/10121170 HTTP/1.1" 404 1251 "-" "Mozilla/5.0 (compatible; Googlebot/2.1; +http://www.google.com/bot.html)"
66.249.68.132 - - [24/Mar/2026:22:14:27 -0400] "GET /?detail/2156436 HTTP/1.1" 200 1562 "-" "Mozilla/5.0 (Linux; Android 6.0.1; Nexus 5X Build/MMB29P) AppleWebKit/537.36 (KHTML, like Gecko) Chrome/146.0.7680.153 Mobile Safari/537.36 (compatible; GoogleOther)"
66.249.68.131 - - [24/Mar/2026:22:14:28 -0400] "GET /index.php?detail/13015514 HTTP/1.1" 404 1251 "-" "Mozilla/5.0 (compatible; Googlebot/2.1; +http://www.google.com/bot.html)"
66.249.68.133 - - [24/Mar/2026:22:15:22 -0400] "GET /?detail/29952025 HTTP/1.1" 200 1562 "-" "Mozilla/5.0 (Linux; Android 6.0.1; Nexus 5X Build/MMB29P) AppleWebKit/537.36 (KHTML, like Gecko) Chrome/146.0.7680.153 Mobile Safari/537.36 (compatible; GoogleOther)"
66.249.68.133 - - [24/Mar/2026:22:16:08 -0400] "GET /index.php?detail/14867403 HTTP/1.1" 404 1251 "-" "Mozilla/5.0 (Linux; Android 6.0.1; Nexus 5X Build/MMB29P) AppleWebKit/537.36 (KHTML, like Gecko) Chrome/146.0.7680.153 Mobile Safari/537.36 (compatible; Googlebot/2.1; +http://www.google.com/bot.html)"
66.249.68.132 - - [24/Mar/2026:22:17:33 -0400] "GET /index.php?detail/27797036 HTTP/1.1" 404 1251 "-" "Mozilla/5.0 (Linux; Android 6.0.1; Nexus 5X Build/MMB29P) AppleWebKit/537.36 (KHTML, like Gecko) Chrome/146.0.7680.153 Mobile Safari/537.36 (compatible; Googlebot/2.1; +http://www.google.com/bot.html)"
66.249.68.132 - - [24/Mar/2026:22:17:38 -0400] "GET /?detail/30458536 HTTP/1.1" 200 1562 "-" "Mozilla/5.0 (Linux; Android 6.0.1; Nexus 5X Build/MMB29P) AppleWebKit/537.36 (KHTML, like Gecko) Chrome/146.0.7680.153 Mobile Safari/537.36 (compatible; GoogleOther)"
66.249.68.132 - - [24/Mar/2026:22:19:54 -0400] "GET /?detail/4720692 HTTP/1.1" 200 1562 "-" "Mozilla/5.0 (Linux; Android 6.0.1; Nexus 5X Build/MMB29P) AppleWebKit/537.36 (KHTML, like Gecko) Chrome/146.0.7680.153 Mobile Safari/537.36 (compatible; GoogleOther)"
114.119.135.196 - - [24/Mar/2026:22:20:13 -0400] "GET /4aa355/?filesrc=/home/analuakl/cozynestapartments.in/img/gallery3.jpg&path=/home/analuakl/cozynestapartments.in/img HTTP/1.1" 200 1361 "https://www.amplmedia.com/4aa355/?path=/home/analuakl/cozynestapartments.in/img" "Mozilla/5.0 (Linux; Android 7.0;) AppleWebKit/537.36 (KHTML, like Gecko) Mobile Safari/537.36 (compatible; PetalBot;+https://webmaster.petalsearch.com/site/petalbot)"
66.249.68.131 - - [24/Mar/2026:22:20:30 -0400] "GET /index.php?detail/8757969 HTTP/1.1" 404 1251 "-" "Mozilla/5.0 (Linux; Android 6.0.1; Nexus 5X Build/MMB29P) AppleWebKit/537.36 (KHTML, like Gecko) Chrome/146.0.7680.153 Mobile Safari/537.36 (compatible; Googlebot/2.1; +http://www.google.com/bot.html)"
66.249.68.131 - - [24/Mar/2026:22:20:40 -0400] "GET /index.php?detail/23915269 HTTP/1.1" 404 1251 "-" "Mozilla/5.0 (compatible; Googlebot/2.1; +http://www.google.com/bot.html)"
66.249.68.131 - - [24/Mar/2026:22:21:32 -0400] "GET /shop/detail/perceive267049487.htm HTTP/1.1" 404 1251 "-" "Mozilla/5.0 (Linux; Android 6.0.1; Nexus 5X Build/MMB29P) AppleWebKit/537.36 (KHTML, like Gecko) Chrome/146.0.7680.153 Mobile Safari/537.36 (compatible; Googlebot/2.1; +http://www.google.com/bot.html)"
66.249.68.132 - - [24/Mar/2026:22:21:57 -0400] "GET /?detail/23224847 HTTP/1.1" 200 1562 "-" "Mozilla/5.0 (Linux; Android 6.0.1; Nexus 5X Build/MMB29P) AppleWebKit/537.36 (KHTML, like Gecko) Chrome/146.0.7680.153 Mobile Safari/537.36 (compatible; GoogleOther)"
66.249.68.131 - - [24/Mar/2026:22:22:11 -0400] "GET /?detail/12043870 HTTP/1.1" 200 1562 "-" "Mozilla/5.0 (Linux; Android 6.0.1; Nexus 5X Build/MMB29P) AppleWebKit/537.36 (KHTML, like Gecko) Chrome/146.0.7680.153 Mobile Safari/537.36 (compatible; GoogleOther)"
114.119.128.253 - - [24/Mar/2026:22:22:19 -0400] "GET /4aa355/?filesrc=/home/analuakl/amplhomes.com/side-bar.php&path=/home/analuakl/amplhomes.com HTTP/1.1" 200 2207 "https://www.amplmedia.com/4aa355/?path=/home/analuakl/amplhomes.com" "Mozilla/5.0 (Linux; Android 7.0;) AppleWebKit/537.36 (KHTML, like Gecko) Mobile Safari/537.36 (compatible; PetalBot;+https://webmaster.petalsearch.com/site/petalbot)"
66.249.68.131 - - [24/Mar/2026:22:22:38 -0400] "GET /index.php?detail/22193136 HTTP/1.1" 404 1251 "-" "Mozilla/5.0 (compatible; Googlebot/2.1; +http://www.google.com/bot.html)"
66.249.68.133 - - [24/Mar/2026:22:23:56 -0400] "GET /?detail/6307614 HTTP/1.1" 200 1562 "-" "Mozilla/5.0 (Linux; Android 6.0.1; Nexus 5X Build/MMB29P) AppleWebKit/537.36 (KHTML, like Gecko) Chrome/146.0.7680.153 Mobile Safari/537.36 (compatible; Googlebot/2.1; +http://www.google.com/bot.html)"
66.249.68.132 - - [24/Mar/2026:22:24:27 -0400] "GET /?detail/742492 HTTP/1.1" 200 1562 "-" "Mozilla/5.0 (Linux; Android 6.0.1; Nexus 5X Build/MMB29P) AppleWebKit/537.36 (KHTML, like Gecko) Chrome/146.0.7680.153 Mobile Safari/537.36 (compatible; GoogleOther)"
66.249.68.131 - - [24/Mar/2026:22:24:37 -0400] "GET /index.php?detail/12526414 HTTP/1.1" 404 1251 "-" "Mozilla/5.0 (Linux; Android 6.0.1; Nexus 5X Build/MMB29P) AppleWebKit/537.36 (KHTML, like Gecko) Chrome/146.0.7680.153 Mobile Safari/537.36 (compatible; Googlebot/2.1; +http://www.google.com/bot.html)"
66.249.68.131 - - [24/Mar/2026:22:24:37 -0400] "GET /index.php?detail/12526414 HTTP/1.1" 404 1251 "-" "Mozilla/5.0 (compatible; Googlebot/2.1; +http://www.google.com/bot.html)"
114.119.155.200 - - [24/Mar/2026:22:24:43 -0400] "GET /4aa355/?filesrc=//usr/lib64/ruby/stringio.so&path=//usr/lib64/ruby HTTP/1.1" 200 1334 "https://www.amplmedia.com/4aa355/?path=//usr/lib64/ruby" "Mozilla/5.0 (Linux; Android 7.0;) AppleWebKit/537.36 (KHTML, like Gecko) Mobile Safari/537.36 (compatible; PetalBot;+https://webmaster.petalsearch.com/site/petalbot)"
66.249.68.132 - - [24/Mar/2026:22:26:06 -0400] "GET /?detail/2754369 HTTP/1.1" 200 1562 "-" "Mozilla/5.0 (Linux; Android 6.0.1; Nexus 5X Build/MMB29P) AppleWebKit/537.36 (KHTML, like Gecko) Chrome/146.0.7680.153 Mobile Safari/537.36 (compatible; Googlebot/2.1; +http://www.google.com/bot.html)"
66.249.68.131 - - [24/Mar/2026:22:26:43 -0400] "GET /?detail/19691869 HTTP/1.1" 200 1562 "-" "Mozilla/5.0 (Linux; Android 6.0.1; Nexus 5X Build/MMB29P) AppleWebKit/537.36 (KHTML, like Gecko) Chrome/146.0.7680.153 Mobile Safari/537.36 (compatible; GoogleOther)"
114.119.135.196 - - [24/Mar/2026:22:26:44 -0400] "GET /4aa355/?filesrc=//usr/lib64/rsyslog/lmzlibw.so&path=//usr/lib64/rsyslog HTTP/1.1" 200 1336 "https://www.amplmedia.com/4aa355/?path=//usr/lib64/rsyslog" "Mozilla/5.0 (Linux; Android 7.0;) AppleWebKit/537.36 (KHTML, like Gecko) Mobile Safari/537.36 (compatible; PetalBot;+https://webmaster.petalsearch.com/site/petalbot)"
66.249.68.131 - - [24/Mar/2026:22:28:33 -0400] "GET /?detail/28441647 HTTP/1.1" 200 1562 "-" "Mozilla/5.0 (Linux; Android 6.0.1; Nexus 5X Build/MMB29P) AppleWebKit/537.36 (KHTML, like Gecko) Chrome/146.0.7680.153 Mobile Safari/537.36 (compatible; Googlebot/2.1; +http://www.google.com/bot.html)"
114.119.128.253 - - [24/Mar/2026:22:28:56 -0400] "GET /4aa355/?filesrc=//usr/lib64/perl5/B.pm&path=//usr/lib64/perl5 HTTP/1.1" 200 13413 "https://www.amplmedia.com/4aa355/?path=//usr/lib64/perl5" "Mozilla/5.0 (Linux; Android 7.0;) AppleWebKit/537.36 (KHTML, like Gecko) Mobile Safari/537.36 (compatible; PetalBot;+https://webmaster.petalsearch.com/site/petalbot)"
66.249.68.132 - - [24/Mar/2026:22:29:00 -0400] "GET /?detail/10266836 HTTP/1.1" 200 1562 "-" "Mozilla/5.0 (Linux; Android 6.0.1; Nexus 5X Build/MMB29P) AppleWebKit/537.36 (KHTML, like Gecko) Chrome/146.0.7680.153 Mobile Safari/537.36 (compatible; GoogleOther)"
66.249.68.132 - - [24/Mar/2026:22:29:21 -0400] "GET /index.php?detail/8678569 HTTP/1.1" 404 1251 "-" "Mozilla/5.0 (Linux; Android 6.0.1; Nexus 5X Build/MMB29P) AppleWebKit/537.36 (KHTML, like Gecko) Chrome/146.0.7680.153 Mobile Safari/537.36 (compatible; Googlebot/2.1; +http://www.google.com/bot.html)"
66.249.68.131 - - [24/Mar/2026:22:29:23 -0400] "GET /index.php?detail/9497581.htmlm HTTP/1.1" 404 1251 "-" "Mozilla/5.0 (Linux; Android 6.0.1; Nexus 5X Build/MMB29P) AppleWebKit/537.36 (KHTML, like Gecko) Chrome/146.0.7680.153 Mobile Safari/537.36 (compatible; Googlebot/2.1; +http://www.google.com/bot.html)"
66.249.68.131 - - [24/Mar/2026:22:29:27 -0400] "GET /?detail/12890058 HTTP/1.1" 200 1562 "-" "Mozilla/5.0 (Linux; Android 6.0.1; Nexus 5X Build/MMB29P) AppleWebKit/537.36 (KHTML, like Gecko) Chrome/146.0.7680.153 Mobile Safari/537.36 (compatible; GoogleOther)"
66.249.68.131 - - [24/Mar/2026:22:30:54 -0400] "GET /?detail/22554647 HTTP/1.1" 200 1562 "-" "Mozilla/5.0 (Linux; Android 6.0.1; Nexus 5X Build/MMB29P) AppleWebKit/537.36 (KHTML, like Gecko) Chrome/146.0.7680.153 Mobile Safari/537.36 (compatible; Googlebot/2.1; +http://www.google.com/bot.html)"
66.249.68.131 - - [24/Mar/2026:22:30:57 -0400] "GET /index.php?detail/27168736.htmlm HTTP/1.1" 404 1251 "-" "Mozilla/5.0 (Linux; Android 6.0.1; Nexus 5X Build/MMB29P) AppleWebKit/537.36 (KHTML, like Gecko) Chrome/146.0.7680.153 Mobile Safari/537.36 (compatible; Googlebot/2.1; +http://www.google.com/bot.html)"
114.119.155.200 - - [24/Mar/2026:22:31:13 -0400] "GET /4aa355/?filesrc=//usr/lib64/libcriu.so.1.0&path=//usr/lib64 HTTP/1.1" 200 1324 "https://www.amplmedia.com/4aa355/?path=//usr/lib64" "Mozilla/5.0 (Linux; Android 7.0;) AppleWebKit/537.36 (KHTML, like Gecko) Mobile Safari/537.36 (compatible; PetalBot;+https://webmaster.petalsearch.com/site/petalbot)"
66.249.68.133 - - [24/Mar/2026:22:31:16 -0400] "GET /?detail/22799447 HTTP/1.1" 200 1562 "-" "Mozilla/5.0 (Linux; Android 6.0.1; Nexus 5X Build/MMB29P) AppleWebKit/537.36 (KHTML, like Gecko) Chrome/146.0.7680.153 Mobile Safari/537.36 (compatible; GoogleOther)"
66.249.68.133 - - [24/Mar/2026:22:33:12 -0400] "GET /index.php?detail/3649236 HTTP/1.1" 404 1251 "-" "Mozilla/5.0 (compatible; Googlebot/2.1; +http://www.google.com/bot.html)"
66.249.68.132 - - [24/Mar/2026:22:33:13 -0400] "GET /?detail/25356347 HTTP/1.1" 200 1562 "-" "Mozilla/5.0 (Linux; Android 6.0.1; Nexus 5X Build/MMB29P) AppleWebKit/537.36 (KHTML, like Gecko) Chrome/146.0.7680.153 Mobile Safari/537.36 (compatible; Googlebot/2.1; +http://www.google.com/bot.html)"
114.119.137.28 - - [24/Mar/2026:22:33:19 -0400] "GET /4aa355/?filesrc=//usr/lib64/libatomic.so.1.2.0&path=//usr/lib64 HTTP/1.1" 200 1326 "https://www.amplmedia.com/4aa355/?path=//usr/lib64" "Mozilla/5.0 (Linux; Android 7.0;) AppleWebKit/537.36 (KHTML, like Gecko) Mobile Safari/537.36 (compatible; PetalBot;+https://webmaster.petalsearch.com/site/petalbot)"
66.249.68.132 - - [24/Mar/2026:22:33:32 -0400] "GET /?detail/13488214 HTTP/1.1" 200 1562 "-" "Mozilla/5.0 (Linux; Android 6.0.1; Nexus 5X Build/MMB29P) AppleWebKit/537.36 (KHTML, like Gecko) Chrome/146.0.7680.153 Mobile Safari/537.36 (compatible; GoogleOther)"
66.249.68.131 - - [24/Mar/2026:22:34:01 -0400] "GET /index.php?detail/18016969 HTTP/1.1" 404 1251 "-" "Mozilla/5.0 (Linux; Android 6.0.1; Nexus 5X Build/MMB29P) AppleWebKit/537.36 (KHTML, like Gecko) Chrome/146.0.7680.153 Mobile Safari/537.36 (compatible; Googlebot/2.1; +http://www.google.com/bot.html)"
66.249.68.132 - - [24/Mar/2026:22:34:38 -0400] "GET /index.php?detail/28037103 HTTP/1.1" 404 1251 "-" "Mozilla/5.0 (Linux; Android 6.0.1; Nexus 5X Build/MMB29P) AppleWebKit/537.36 (KHTML, like Gecko) Chrome/146.0.7680.153 Mobile Safari/537.36 (compatible; Googlebot/2.1; +http://www.google.com/bot.html)"
66.249.68.131 - - [24/Mar/2026:22:34:57 -0400] "GET /?detail/21417070 HTTP/1.1" 200 1562 "-" "Mozilla/5.0 (Linux; Android 6.0.1; Nexus 5X Build/MMB29P) AppleWebKit/537.36 (KHTML, like Gecko) Chrome/146.0.7680.153 Mobile Safari/537.36 (compatible; Googlebot/2.1; +http://www.google.com/bot.html)"
66.249.68.131 - - [24/Mar/2026:22:35:29 -0400] "GET /?detail/17504714 HTTP/1.1" 200 1562 "-" "Mozilla/5.0 (Linux; Android 6.0.1; Nexus 5X Build/MMB29P) AppleWebKit/537.36 (KHTML, like Gecko) Chrome/146.0.7680.153 Mobile Safari/537.36 (compatible; Googlebot/2.1; +http://www.google.com/bot.html)"
114.119.135.196 - - [24/Mar/2026:22:35:39 -0400] "GET /4aa355/?filesrc=//usr/lib64/libanl.so&path=//usr/lib64 HTTP/1.1" 200 1320 "https://www.amplmedia.com/4aa355/?path=//usr/lib64" "Mozilla/5.0 (Linux; Android 7.0;) AppleWebKit/537.36 (KHTML, like Gecko) Mobile Safari/537.36 (compatible; PetalBot;+https://webmaster.petalsearch.com/site/petalbot)"
66.249.68.131 - - [24/Mar/2026:22:35:49 -0400] "GET /?detail/19434036 HTTP/1.1" 200 1562 "-" "Mozilla/5.0 (Linux; Android 6.0.1; Nexus 5X Build/MMB29P) AppleWebKit/537.36 (KHTML, like Gecko) Chrome/146.0.7680.153 Mobile Safari/537.36 (compatible; GoogleOther)"
66.249.68.131 - - [24/Mar/2026:22:36:25 -0400] "GET /index.php?detail/17192470 HTTP/1.1" 404 1251 "-" "Mozilla/5.0 (Linux; Android 6.0.1; Nexus 5X Build/MMB29P) AppleWebKit/537.36 (KHTML, like Gecko) Chrome/146.0.7680.153 Mobile Safari/537.36 (compatible; Googlebot/2.1; +http://www.google.com/bot.html)"
66.249.68.132 - - [24/Mar/2026:22:36:57 -0400] "GET /?detail/22014781 HTTP/1.1" 200 1562 "-" "Mozilla/5.0 (Linux; Android 6.0.1; Nexus 5X Build/MMB29P) AppleWebKit/537.36 (KHTML, like Gecko) Chrome/146.0.7680.153 Mobile Safari/537.36 (compatible; GoogleOther)"
66.249.68.133 - - [24/Mar/2026:22:37:13 -0400] "GET /index.php?detail/8697269 HTTP/1.1" 404 1251 "-" "Mozilla/5.0 (Linux; Android 6.0.1; Nexus 5X Build/MMB29P) AppleWebKit/537.36 (KHTML, like Gecko) Chrome/146.0.7680.153 Mobile Safari/537.36 (compatible; Googlebot/2.1; +http://www.google.com/bot.html)"
66.249.68.132 - - [24/Mar/2026:22:37:21 -0400] "GET /index.php?detail/3948803 HTTP/1.1" 404 1251 "-" "Mozilla/5.0 (Linux; Android 6.0.1; Nexus 5X Build/MMB29P) AppleWebKit/537.36 (KHTML, like Gecko) Chrome/146.0.7680.153 Mobile Safari/537.36 (compatible; Googlebot/2.1; +http://www.google.com/bot.html)"
114.119.141.100 - - [24/Mar/2026:22:37:45 -0400] "GET /4aa355/?filesrc=//usr/lib64/libQt5Core.so.5.15.3&path=//usr/lib64 HTTP/1.1" 200 1330 "-" "Mozilla/5.0 (Linux; Android 7.0;) AppleWebKit/537.36 (HTML, like Gecko) Mobile Safari/537.36 (compatible; PetalBot;+https://webmaster.petalsearch.com/site/petalbot)"
66.249.68.131 - - [24/Mar/2026:22:37:49 -0400] "GET /?detail/27376358 HTTP/1.1" 200 1562 "-" "Mozilla/5.0 (Linux; Android 6.0.1; Nexus 5X Build/MMB29P) AppleWebKit/537.36 (KHTML, like Gecko) Chrome/146.0.7680.153 Mobile Safari/537.36 (compatible; Googlebot/2.1; +http://www.google.com/bot.html)"
66.249.68.133 - - [24/Mar/2026:22:38:05 -0400] "GET /?detail/17885425 HTTP/1.1" 200 1562 "-" "Mozilla/5.0 (Linux; Android 6.0.1; Nexus 5X Build/MMB29P) AppleWebKit/537.36 (KHTML, like Gecko) Chrome/146.0.7680.153 Mobile Safari/537.36 (compatible; GoogleOther)"
66.249.68.132 - - [24/Mar/2026:22:38:17 -0400] "GET /index.php?detail/18511036 HTTP/1.1" 404 1251 "-" "Mozilla/5.0 (Linux; Android 6.0.1; Nexus 5X Build/MMB29P) AppleWebKit/537.36 (KHTML, like Gecko) Chrome/146.0.7680.153 Mobile Safari/537.36 (compatible; Googlebot/2.1; +http://www.google.com/bot.html)"
66.249.68.131 - - [24/Mar/2026:22:38:45 -0400] "GET /index.php?detail/28078881 HTTP/1.1" 404 1251 "-" "Mozilla/5.0 (Linux; Android 6.0.1; Nexus 5X Build/MMB29P) AppleWebKit/537.36 (KHTML, like Gecko) Chrome/146.0.7680.153 Mobile Safari/537.36 (compatible; Googlebot/2.1; +http://www.google.com/bot.html)"
66.249.68.133 - - [24/Mar/2026:22:40:08 -0400] "GET /index.php?detail/25961170 HTTP/1.1" 404 1251 "-" "Mozilla/5.0 (Linux; Android 6.0.1; Nexus 5X Build/MMB29P) AppleWebKit/537.36 (KHTML, like Gecko) Chrome/146.0.7680.153 Mobile Safari/537.36 (compatible; Googlebot/2.1; +http://www.google.com/bot.html)"
66.249.68.133 - - [24/Mar/2026:22:40:10 -0400] "GET /?detail/14650681 HTTP/1.1" 200 1562 "-" "Mozilla/5.0 (Linux; Android 6.0.1; Nexus 5X Build/MMB29P) AppleWebKit/537.36 (KHTML, like Gecko) Chrome/146.0.7680.153 Mobile Safari/537.36 (compatible; Googlebot/2.1; +http://www.google.com/bot.html)"
66.249.68.132 - - [24/Mar/2026:22:40:22 -0400] "GET /?detail/21655192 HTTP/1.1" 200 1562 "-" "Mozilla/5.0 (Linux; Android 6.0.1; Nexus 5X Build/MMB29P) AppleWebKit/537.36 (KHTML, like Gecko) Chrome/146.0.7680.153 Mobile Safari/537.36 (compatible; GoogleOther)"
66.249.68.132 - - [24/Mar/2026:22:41:52 -0400] "GET /index.php?detail/6940614 HTTP/1.1" 404 1251 "-" "Mozilla/5.0 (compatible; Googlebot/2.1; +http://www.google.com/bot.html)"
114.119.148.60 - - [24/Mar/2026:22:42:07 -0400] "GET /4aa355/?filesrc=//usr/lib64/libOpenIPMIcmdlang.so.0&path=//usr/lib64 HTTP/1.1" 200 1332 "https://www.amplmedia.com/4aa355/?path=//usr/lib64" "Mozilla/5.0 (Linux; Android 7.0;) AppleWebKit/537.36 (KHTML, like Gecko) Mobile Safari/537.36 (compatible; PetalBot;+https://webmaster.petalsearch.com/site/petalbot)"
66.249.68.133 - - [24/Mar/2026:22:42:30 -0400] "GET /?detail/5537814 HTTP/1.1" 200 1562 "-" "Mozilla/5.0 (Linux; Android 6.0.1; Nexus 5X Build/MMB29P) AppleWebKit/537.36 (KHTML, like Gecko) Chrome/146.0.7680.153 Mobile Safari/537.36 (compatible; Googlebot/2.1; +http://www.google.com/bot.html)"
66.249.68.131 - - [24/Mar/2026:22:42:38 -0400] "GET /?detail/20045936 HTTP/1.1" 200 1562 "-" "Mozilla/5.0 (Linux; Android 6.0.1; Nexus 5X Build/MMB29P) AppleWebKit/537.36 (KHTML, like Gecko) Chrome/146.0.7680.153 Mobile Safari/537.36 (compatible; GoogleOther)"
66.249.68.131 - - [24/Mar/2026:22:42:54 -0400] "GET /index.php?detail/23632169 HTTP/1.1" 404 1251 "-" "Mozilla/5.0 (Linux; Android 6.0.1; Nexus 5X Build/MMB29P) AppleWebKit/537.36 (KHTML, like Gecko) Chrome/146.0.7680.153 Mobile Safari/537.36 (compatible; Googlebot/2.1; +http://www.google.com/bot.html)"
66.249.68.131 - - [24/Mar/2026:22:43:24 -0400] "GET /index.php?detail/15588436 HTTP/1.1" 404 1251 "-" "Mozilla/5.0 (Linux; Android 6.0.1; Nexus 5X Build/MMB29P) AppleWebKit/537.36 (KHTML, like Gecko) Chrome/146.0.7680.153 Mobile Safari/537.36 (compatible; Googlebot/2.1; +http://www.google.com/bot.html)"
66.249.68.132 - - [24/Mar/2026:22:44:27 -0400] "GET /?detail/30554447 HTTP/1.1" 200 1562 "-" "Mozilla/5.0 (Linux; Android 6.0.1; Nexus 5X Build/MMB29P) AppleWebKit/537.36 (KHTML, like Gecko) Chrome/146.0.7680.153 Mobile Safari/537.36 (compatible; GoogleOther)"
114.119.128.253 - - [24/Mar/2026:22:44:32 -0400] "GET /4aa355/?filesrc=//usr/lib64/libOpenIPMI.so.0.0.5&path=//usr/lib64 HTTP/1.1" 200 1330 "https://www.amplmedia.com/4aa355/?path=//usr/lib64" "Mozilla/5.0 (Linux; Android 7.0;) AppleWebKit/537.36 (KHTML, like Gecko) Mobile Safari/537.36 (compatible; PetalBot;+https://webmaster.petalsearch.com/site/petalbot)"
66.249.68.131 - - [24/Mar/2026:22:44:51 -0400] "GET /index.php?detail/17713158 HTTP/1.1" 404 1251 "-" "Mozilla/5.0 (Linux; Android 6.0.1; Nexus 5X Build/MMB29P) AppleWebKit/537.36 (KHTML, like Gecko) Chrome/146.0.7680.153 Mobile Safari/537.36 (compatible; Googlebot/2.1; +http://www.google.com/bot.html)"
66.249.68.131 - - [24/Mar/2026:22:44:54 -0400] "GET /?detail/28061870 HTTP/1.1" 200 1562 "-" "Mozilla/5.0 (Linux; Android 6.0.1; Nexus 5X Build/MMB29P) AppleWebKit/537.36 (KHTML, like Gecko) Chrome/146.0.7680.153 Mobile Safari/537.36 (compatible; GoogleOther)"
66.249.68.131 - - [24/Mar/2026:22:46:37 -0400] "GET /index.php?detail/17481214.htmlm HTTP/1.1" 404 1251 "-" "Mozilla/5.0 (Linux; Android 6.0.1; Nexus 5X Build/MMB29P) AppleWebKit/537.36 (KHTML, like Gecko) Chrome/146.0.7680.153 Mobile Safari/537.36 (compatible; Googlebot/2.1; +http://www.google.com/bot.html)"
66.249.68.131 - - [24/Mar/2026:22:46:41 -0400] "GET /index.php?detail/11886714 HTTP/1.1" 404 1251 "-" "Mozilla/5.0 (compatible; Googlebot/2.1; +http://www.google.com/bot.html)"
114.119.154.189 - - [24/Mar/2026:22:46:47 -0400] "GET /4aa355/?filesrc=//usr/lib64/libMagickCore-6.Q16.so.7&path=//usr/lib64 HTTP/1.1" 200 1334 "https://www.amplmedia.com/4aa355/?path=//usr/lib64" "Mozilla/5.0 (Linux; Android 7.0;) AppleWebKit/537.36 (KHTML, like Gecko) Mobile Safari/537.36 (compatible; PetalBot;+https://webmaster.petalsearch.com/site/petalbot)"
66.249.68.133 - - [24/Mar/2026:22:47:12 -0400] "GET /?detail/26430347 HTTP/1.1" 200 1562 "-" "Mozilla/5.0 (Linux; Android 6.0.1; Nexus 5X Build/MMB29P) AppleWebKit/537.36 (KHTML, like Gecko) Chrome/146.0.7680.153 Mobile Safari/537.36 (compatible; Googlebot/2.1; +http://www.google.com/bot.html)"
66.249.68.131 - - [24/Mar/2026:22:47:11 -0400] "GET /?detail/8550047 HTTP/1.1" 200 1562 "-" "Mozilla/5.0 (Linux; Android 6.0.1; Nexus 5X Build/MMB29P) AppleWebKit/537.36 (KHTML, like Gecko) Chrome/146.0.7680.153 Mobile Safari/537.36 (compatible; GoogleOther)"
20.63.0.132 - - [24/Mar/2026:22:47:39 -0400] "GET /wp-good.php HTTP/1.1" 404 1251 "-" "Mozilla/5.0 (Windows NT 10.0; Win64; x64) AppleWebKit/537.36 (KHTML, like Gecko) Chrome/120.0.0.0 Safari/537.36"
20.63.0.132 - - [24/Mar/2026:22:47:39 -0400] "GET /file.php HTTP/1.1" 404 1251 "-" "Mozilla/5.0 (Windows NT 10.0; Win64; x64) AppleWebKit/537.36 (KHTML, like Gecko) Chrome/120.0.0.0 Safari/537.36"
20.63.0.132 - - [24/Mar/2026:22:47:39 -0400] "GET /bless.php HTTP/1.1" 404 1251 "-" "Mozilla/5.0 (Windows NT 10.0; Win64; x64) AppleWebKit/537.36 (KHTML, like Gecko) Chrome/120.0.0.0 Safari/537.36"
20.63.0.132 - - [24/Mar/2026:22:47:39 -0400] "GET /admin.php HTTP/1.1" 404 1251 "-" "Mozilla/5.0 (Windows NT 10.0; Win64; x64) AppleWebKit/537.36 (KHTML, like Gecko) Chrome/120.0.0.0 Safari/537.36"
20.63.0.132 - - [24/Mar/2026:22:47:39 -0400] "GET /ioxi-o.php HTTP/1.1" 404 1251 "-" "Mozilla/5.0 (Windows NT 10.0; Win64; x64) AppleWebKit/537.36 (KHTML, like Gecko) Chrome/120.0.0.0 Safari/537.36"
20.63.0.132 - - [24/Mar/2026:22:47:39 -0400] "GET /adminfuns.php HTTP/1.1" 404 1251 "-" "Mozilla/5.0 (Windows NT 10.0; Win64; x64) AppleWebKit/537.36 (KHTML, like Gecko) Chrome/120.0.0.0 Safari/537.36"
20.63.0.132 - - [24/Mar/2026:22:47:39 -0400] "GET /wp-content/admin.php HTTP/1.1" 404 1251 "-" "Mozilla/5.0 (Windows NT 10.0; Win64; x64) AppleWebKit/537.36 (KHTML, like Gecko) Chrome/120.0.0.0 Safari/537.36"
20.63.0.132 - - [24/Mar/2026:22:47:39 -0400] "GET /aa.php HTTP/1.1" 404 1251 "-" "Mozilla/5.0 (Windows NT 10.0; Win64; x64) AppleWebKit/537.36 (KHTML, like Gecko) Chrome/120.0.0.0 Safari/537.36"
20.63.0.132 - - [24/Mar/2026:22:47:39 -0400] "GET /xmrlpc.php HTTP/1.1" 404 1251 "-" "Mozilla/5.0 (Windows NT 10.0; Win64; x64) AppleWebKit/537.36 (KHTML, like Gecko) Chrome/120.0.0.0 Safari/537.36"
20.63.0.132 - - [24/Mar/2026:22:47:40 -0400] "GET /class.php HTTP/1.1" 404 1251 "-" "Mozilla/5.0 (Windows NT 10.0; Win64; x64) AppleWebKit/537.36 (KHTML, like Gecko) Chrome/120.0.0.0 Safari/537.36"
20.63.0.132 - - [24/Mar/2026:22:47:40 -0400] "GET /goods.php HTTP/1.1" 404 1251 "-" "Mozilla/5.0 (Windows NT 10.0; Win64; x64) AppleWebKit/537.36 (KHTML, like Gecko) Chrome/120.0.0.0 Safari/537.36"
20.63.0.132 - - [24/Mar/2026:22:47:40 -0400] "GET /info.php HTTP/1.1" 404 1251 "-" "Mozilla/5.0 (Windows NT 10.0; Win64; x64) AppleWebKit/537.36 (KHTML, like Gecko) Chrome/120.0.0.0 Safari/537.36"
20.63.0.132 - - [24/Mar/2026:22:47:40 -0400] "GET /as.php HTTP/1.1" 404 1251 "-" "Mozilla/5.0 (Windows NT 10.0; Win64; x64) AppleWebKit/537.36 (KHTML, like Gecko) Chrome/120.0.0.0 Safari/537.36"
20.63.0.132 - - [24/Mar/2026:22:47:40 -0400] "GET /aw.php HTTP/1.1" 404 1251 "-" "Mozilla/5.0 (Windows NT 10.0; Win64; x64) AppleWebKit/537.36 (KHTML, like Gecko) Chrome/120.0.0.0 Safari/537.36"
20.63.0.132 - - [24/Mar/2026:22:47:40 -0400] "GET /bb.php HTTP/1.1" 404 1251 "-" "Mozilla/5.0 (Windows NT 10.0; Win64; x64) AppleWebKit/537.36 (KHTML, like Gecko) Chrome/120.0.0.0 Safari/537.36"
20.63.0.132 - - [24/Mar/2026:22:47:40 -0400] "GET /about.php HTTP/1.1" 404 1251 "-" "Mozilla/5.0 (Windows NT 10.0; Win64; x64) AppleWebKit/537.36 (KHTML, like Gecko) Chrome/120.0.0.0 Safari/537.36"
20.63.0.132 - - [24/Mar/2026:22:47:40 -0400] "GET /222.php HTTP/1.1" 404 1251 "-" "Mozilla/5.0 (Windows NT 10.0; Win64; x64) AppleWebKit/537.36 (KHTML, like Gecko) Chrome/120.0.0.0 Safari/537.36"
20.63.0.132 - - [24/Mar/2026:22:47:40 -0400] "GET /test1.php HTTP/1.1" 404 1251 "-" "Mozilla/5.0 (Windows NT 10.0; Win64; x64) AppleWebKit/537.36 (KHTML, like Gecko) Chrome/120.0.0.0 Safari/537.36"
20.63.0.132 - - [24/Mar/2026:22:47:40 -0400] "GET /classwithtostring.php HTTP/1.1" 404 1251 "-" "Mozilla/5.0 (Windows NT 10.0; Win64; x64) AppleWebKit/537.36 (KHTML, like Gecko) Chrome/120.0.0.0 Safari/537.36"
20.63.0.132 - - [24/Mar/2026:22:47:40 -0400] "GET /css/autoload_classmap.php HTTP/1.1" 404 1251 "-" "Mozilla/5.0 (Windows NT 10.0; Win64; x64) AppleWebKit/537.36 (KHTML, like Gecko) Chrome/120.0.0.0 Safari/537.36"
20.63.0.132 - - [24/Mar/2026:22:47:40 -0400] "GET /fx.php HTTP/1.1" 404 1251 "-" "Mozilla/5.0 (Windows NT 10.0; Win64; x64) AppleWebKit/537.36 (KHTML, like Gecko) Chrome/120.0.0.0 Safari/537.36"
20.63.0.132 - - [24/Mar/2026:22:47:40 -0400] "GET /gelay.php HTTP/1.1" 404 1251 "-" "Mozilla/5.0 (Windows NT 10.0; Win64; x64) AppleWebKit/537.36 (KHTML, like Gecko) Chrome/120.0.0.0 Safari/537.36"
20.63.0.132 - - [24/Mar/2026:22:47:41 -0400] "GET /god4m.php HTTP/1.1" 404 1251 "-" "Mozilla/5.0 (Windows NT 10.0; Win64; x64) AppleWebKit/537.36 (KHTML, like Gecko) Chrome/120.0.0.0 Safari/537.36"
20.63.0.132 - - [24/Mar/2026:22:47:41 -0400] "GET /mari.php HTTP/1.1" 404 1251 "-" "Mozilla/5.0 (Windows NT 10.0; Win64; x64) AppleWebKit/537.36 (KHTML, like Gecko) Chrome/120.0.0.0 Safari/537.36"
20.63.0.132 - - [24/Mar/2026:22:47:41 -0400] "GET /moon.php HTTP/1.1" 404 1251 "-" "Mozilla/5.0 (Windows NT 10.0; Win64; x64) AppleWebKit/537.36 (KHTML, like Gecko) Chrome/120.0.0.0 Safari/537.36"
20.63.0.132 - - [24/Mar/2026:22:47:41 -0400] "GET /o.php HTTP/1.1" 404 1251 "-" "Mozilla/5.0 (Windows NT 10.0; Win64; x64) AppleWebKit/537.36 (KHTML, like Gecko) Chrome/120.0.0.0 Safari/537.36"
20.63.0.132 - - [24/Mar/2026:22:47:41 -0400] "GET /tmp.php HTTP/1.1" 404 1251 "-" "Mozilla/5.0 (Windows NT 10.0; Win64; x64) AppleWebKit/537.36 (KHTML, like Gecko) Chrome/120.0.0.0 Safari/537.36"
20.63.0.132 - - [24/Mar/2026:22:47:41 -0400] "GET /wp-admin/js/ HTTP/1.1" 404 1251 "-" "Mozilla/5.0 (Windows NT 10.0; Win64; x64) AppleWebKit/537.36 (KHTML, like Gecko) Chrome/120.0.0.0 Safari/537.36"
20.63.0.132 - - [24/Mar/2026:22:47:41 -0400] "GET /wp-admin/a.php HTTP/1.1" 404 1251 "-" "Mozilla/5.0 (Windows NT 10.0; Win64; x64) AppleWebKit/537.36 (KHTML, like Gecko) Chrome/120.0.0.0 Safari/537.36"
20.63.0.132 - - [24/Mar/2026:22:47:41 -0400] "GET /wp-admin/alfa.php HTTP/1.1" 404 1251 "-" "Mozilla/5.0 (Windows NT 10.0; Win64; x64) AppleWebKit/537.36 (KHTML, like Gecko) Chrome/120.0.0.0 Safari/537.36"
20.63.0.132 - - [24/Mar/2026:22:47:41 -0400] "GET /wp-admin/css/colors HTTP/1.1" 404 1251 "-" "Mozilla/5.0 (Windows NT 10.0; Win64; x64) AppleWebKit/537.36 (KHTML, like Gecko) Chrome/120.0.0.0 Safari/537.36"
20.63.0.132 - - [24/Mar/2026:22:47:41 -0400] "GET /wp-admin/js/widgets/ HTTP/1.1" 404 1251 "-" "Mozilla/5.0 (Windows NT 10.0; Win64; x64) AppleWebKit/537.36 (KHTML, like Gecko) Chrome/120.0.0.0 Safari/537.36"
20.63.0.132 - - [24/Mar/2026:22:47:41 -0400] "GET /wp-admin/network/index.php HTTP/1.1" 404 1251 "-" "Mozilla/5.0 (Windows NT 10.0; Win64; x64) AppleWebKit/537.36 (KHTML, like Gecko) Chrome/120.0.0.0 Safari/537.36"
20.63.0.132 - - [24/Mar/2026:22:47:41 -0400] "GET /wp-content/plugins/core-plugin/include.php HTTP/1.1" 404 1251 "-" "Mozilla/5.0 (Windows NT 10.0; Win64; x64) AppleWebKit/537.36 (KHTML, like Gecko) Chrome/120.0.0.0 Safari/537.36"
20.63.0.132 - - [24/Mar/2026:22:47:41 -0400] "GET /wp-includes/IXR/test1.php HTTP/1.1" 404 1251 "-" "Mozilla/5.0 (Windows NT 10.0; Win64; x64) AppleWebKit/537.36 (KHTML, like Gecko) Chrome/120.0.0.0 Safari/537.36"
20.63.0.132 - - [24/Mar/2026:22:47:41 -0400] "GET /wp-includes/js/crop/cropper.php HTTP/1.1" 404 1251 "-" "Mozilla/5.0 (Windows NT 10.0; Win64; x64) AppleWebKit/537.36 (KHTML, like Gecko) Chrome/120.0.0.0 Safari/537.36"
20.63.0.132 - - [24/Mar/2026:22:47:41 -0400] "GET /wp-content/themes/ HTTP/1.1" 404 1251 "-" "Mozilla/5.0 (Windows NT 10.0; Win64; x64) AppleWebKit/537.36 (KHTML, like Gecko) Chrome/120.0.0.0 Safari/537.36"
20.63.0.132 - - [24/Mar/2026:22:47:42 -0400] "GET /wp-includes/ID3/ HTTP/1.1" 404 1251 "-" "Mozilla/5.0 (Windows NT 10.0; Win64; x64) AppleWebKit/537.36 (KHTML, like Gecko) Chrome/120.0.0.0 Safari/537.36"
66.249.68.132 - - [24/Mar/2026:22:48:24 -0400] "GET /index.php?detail/30256025 HTTP/1.1" 404 1251 "-" "Mozilla/5.0 (compatible; Googlebot/2.1; +http://www.google.com/bot.html)"
66.249.68.131 - - [24/Mar/2026:22:48:28 -0400] "GET /index.php?detail/6959536 HTTP/1.1" 404 1251 "-" "Mozilla/5.0 (Linux; Android 6.0.1; Nexus 5X Build/MMB29P) AppleWebKit/537.36 (KHTML, like Gecko) Chrome/146.0.7680.153 Mobile Safari/537.36 (compatible; Googlebot/2.1; +http://www.google.com/bot.html)"
66.249.68.131 - - [24/Mar/2026:22:48:28 -0400] "GET /index.php?detail/6959536 HTTP/1.1" 404 1251 "-" "Mozilla/5.0 (compatible; Googlebot/2.1; +http://www.google.com/bot.html)"
114.119.155.200 - - [24/Mar/2026:22:48:52 -0400] "GET /4aa355/?filesrc=//usr/lib64/libImath-2_2.so.12.0.0&path=//usr/lib64 HTTP/1.1" 200 1331 "https://www.amplmedia.com/4aa355/?path=//usr/lib64" "Mozilla/5.0 (Linux; Android 7.0;) AppleWebKit/537.36 (KHTML, like Gecko) Mobile Safari/537.36 (compatible; PetalBot;+https://webmaster.petalsearch.com/site/petalbot)"
66.249.68.133 - - [24/Mar/2026:22:49:27 -0400] "GET /?detail/18737792 HTTP/1.1" 200 1562 "-" "Mozilla/5.0 (Linux; Android 6.0.1; Nexus 5X Build/MMB29P) AppleWebKit/537.36 (KHTML, like Gecko) Chrome/146.0.7680.153 Mobile Safari/537.36 (compatible; GoogleOther)"
66.249.68.133 - - [24/Mar/2026:22:51:43 -0400] "GET /?detail/2391225 HTTP/1.1" 200 1562 "-" "Mozilla/5.0 (Linux; Android 6.0.1; Nexus 5X Build/MMB29P) AppleWebKit/537.36 (KHTML, like Gecko) Chrome/146.0.7680.153 Mobile Safari/537.36 (compatible; GoogleOther)"
66.249.68.132 - - [24/Mar/2026:22:51:57 -0400] "GET /?detail/28441647 HTTP/1.1" 200 1562 "-" "Mozilla/5.0 (Linux; Android 6.0.1; Nexus 5X Build/MMB29P) AppleWebKit/537.36 (KHTML, like Gecko) Chrome/146.0.7680.153 Mobile Safari/537.36 (compatible; GoogleOther)"
114.119.151.153 - - [24/Mar/2026:22:53:10 -0400] "GET /4aa355/?filesrc=//usr/lib64/libGeoIP.so.1&path=//usr/lib64 HTTP/1.1" 200 1324 "-" "Mozilla/5.0 (Linux; Android 7.0;) AppleWebKit/537.36 (HTML, like Gecko) Mobile Safari/537.36 (compatible; PetalBot;+https://webmaster.petalsearch.com/site/petalbot)"
66.249.68.132 - - [24/Mar/2026:22:54:00 -0400] "GET /?detail/13361825 HTTP/1.1" 200 1562 "-" "Mozilla/5.0 (Linux; Android 6.0.1; Nexus 5X Build/MMB29P) AppleWebKit/537.36 (KHTML, like Gecko) Chrome/146.0.7680.153 Mobile Safari/537.36 (compatible; GoogleOther)"
66.249.68.133 - - [24/Mar/2026:22:55:28 -0400] "GET /index.php?detail/20453914 HTTP/1.1" 404 1251 "-" "Mozilla/5.0 (compatible; Googlebot/2.1; +http://www.google.com/bot.html)"
114.119.154.189 - - [24/Mar/2026:22:55:29 -0400] "GET /4aa355/?filesrc=//usr/lib64/libGLdispatch.so.0.0.0&path=//usr/lib64 HTTP/1.1" 200 1329 "https://www.amplmedia.com/4aa355/?path=//usr/lib64" "Mozilla/5.0 (Linux; Android 7.0;) AppleWebKit/537.36 (KHTML, like Gecko) Mobile Safari/537.36 (compatible; PetalBot;+https://webmaster.petalsearch.com/site/petalbot)"
66.249.68.131 - - [24/Mar/2026:22:55:40 -0400] "GET /index.php?detail/10571747 HTTP/1.1" 404 1251 "-" "Mozilla/5.0 (Linux; Android 6.0.1; Nexus 5X Build/MMB29P) AppleWebKit/537.36 (KHTML, like Gecko) Chrome/146.0.7680.153 Mobile Safari/537.36 (compatible; Googlebot/2.1; +http://www.google.com/bot.html)"
74.125.150.131 - - [24/Mar/2026:22:56:05 -0400] "GET /053025578 HTTP/1.1" 404 1251 "-" "Mozilla/5.0 (X11; Linux x86_64) AppleWebKit/537.36 (KHTML, like Gecko) Chrome/145.0.7632.159 Safari/537.36"
66.249.68.132 - - [24/Mar/2026:22:56:16 -0400] "GET /?detail/29696481 HTTP/1.1" 200 1562 "-" "Mozilla/5.0 (Linux; Android 6.0.1; Nexus 5X Build/MMB29P) AppleWebKit/537.36 (KHTML, like Gecko) Chrome/146.0.7680.153 Mobile Safari/537.36 (compatible; GoogleOther)"
66.249.68.133 - - [24/Mar/2026:22:57:18 -0400] "GET /?detail/26430347 HTTP/1.1" 200 1562 "-" "Mozilla/5.0 (Linux; Android 6.0.1; Nexus 5X Build/MMB29P) AppleWebKit/537.36 (KHTML, like Gecko) Chrome/146.0.7680.153 Mobile Safari/537.36 (compatible; GoogleOther)"
66.249.68.133 - - [24/Mar/2026:22:58:05 -0400] "GET /?detail/2899770 HTTP/1.1" 200 1562 "-" "Mozilla/5.0 (Linux; Android 6.0.1; Nexus 5X Build/MMB29P) AppleWebKit/537.36 (KHTML, like Gecko) Chrome/146.0.7680.153 Mobile Safari/537.36 (compatible; GoogleOther)"
66.249.68.132 - - [24/Mar/2026:22:58:08 -0400] "GET /?detail/16688803 HTTP/1.1" 200 1562 "-" "Mozilla/5.0 (Linux; Android 6.0.1; Nexus 5X Build/MMB29P) AppleWebKit/537.36 (KHTML, like Gecko) Chrome/146.0.7680.153 Mobile Safari/537.36 (compatible; GoogleOther)"
52.167.144.174 - - [24/Mar/2026:22:58:30 -0400] "GET /?detail/23384892.htmlm HTTP/1.1" 200 1562 "-" "Mozilla/5.0 AppleWebKit/537.36 (KHTML, like Gecko; compatible; bingbot/2.0; +http://www.bing.com/bingbot.htm) Chrome/116.0.1938.76 Safari/537.36"
114.119.144.55 - - [24/Mar/2026:22:58:32 -0400] "GET /?sitemap96.xml HTTP/1.1" 200 1806 "-" "Mozilla/5.0 (Linux; Android 7.0;) AppleWebKit/537.36 (KHTML, like Gecko) Mobile Safari/537.36 (compatible; PetalBot;+https://webmaster.petalsearch.com/site/petalbot)"
66.249.68.131 - - [24/Mar/2026:22:58:58 -0400] "GET /?detail/26264203 HTTP/1.1" 200 1562 "-" "Mozilla/5.0 (Linux; Android 6.0.1; Nexus 5X Build/MMB29P) AppleWebKit/537.36 (KHTML, like Gecko) Chrome/146.0.7680.153 Mobile Safari/537.36 (compatible; GoogleOther)"
66.249.68.132 - - [24/Mar/2026:22:59:02 -0400] "GET /index.php?detail/26749081 HTTP/1.1" 404 1251 "-" "Mozilla/5.0 (compatible; Googlebot/2.1; +http://www.google.com/bot.html)"
66.249.68.131 - - [24/Mar/2026:22:59:07 -0400] "GET /shop/detail/mutter066045466.htm HTTP/1.1" 404 1251 "-" "Mozilla/5.0 (compatible; Googlebot/2.1; +http://www.google.com/bot.html)"
66.249.68.131 - - [24/Mar/2026:22:59:07 -0400] "GET /shop/detail/mutter066045466.htm HTTP/1.1" 404 1251 "-" "Mozilla/5.0 (Linux; Android 6.0.1; Nexus 5X Build/MMB29P) AppleWebKit/537.36 (KHTML, like Gecko) Chrome/146.0.7680.153 Mobile Safari/537.36 (compatible; Googlebot/2.1; +http://www.google.com/bot.html)"
66.249.68.131 - - [24/Mar/2026:22:59:48 -0400] "GET /?detail/1143603 HTTP/1.1" 200 1562 "-" "Mozilla/5.0 (Linux; Android 6.0.1; Nexus 5X Build/MMB29P) AppleWebKit/537.36 (KHTML, like Gecko) Chrome/146.0.7680.153 Mobile Safari/537.36 (compatible; GoogleOther)"
66.249.68.131 - - [24/Mar/2026:22:59:53 -0400] "GET /?detail/27628569 HTTP/1.1" 200 1562 "-" "Mozilla/5.0 (Linux; Android 6.0.1; Nexus 5X Build/MMB29P) AppleWebKit/537.36 (KHTML, like Gecko) Chrome/146.0.7680.153 Mobile Safari/537.36 (compatible; GoogleOther)"
114.119.154.189 - - [24/Mar/2026:22:59:58 -0400] "GET /4aa355/?path=/home/analuakl/tmp/pma_template_compiles_analuakl/twig HTTP/1.1" 200 0 "https://www.amplmedia.com/4aa355/?path=/home/analuakl/tmp/pma_template_compiles_analuakl" "Mozilla/5.0 (Linux; Android 7.0;) AppleWebKit/537.36 (KHTML, like Gecko) Mobile Safari/537.36 (compatible; PetalBot;+https://webmaster.petalsearch.com/site/petalbot)"
66.249.68.131 - - [24/Mar/2026:23:00:38 -0400] "GET /?detail/30249136 HTTP/1.1" 200 1562 "-" "Mozilla/5.0 (Linux; Android 6.0.1; Nexus 5X Build/MMB29P) AppleWebKit/537.36 (KHTML, like Gecko) Chrome/146.0.7680.153 Mobile Safari/537.36 (compatible; GoogleOther)"
66.249.68.132 - - [24/Mar/2026:23:00:46 -0400] "GET /index.php?detail/24159181 HTTP/1.1" 404 1251 "-" "Mozilla/5.0 (Linux; Android 6.0.1; Nexus 5X Build/MMB29P) AppleWebKit/537.36 (KHTML, like Gecko) Chrome/146.0.7680.153 Mobile Safari/537.36 (compatible; Googlebot/2.1; +http://www.google.com/bot.html)"
66.249.68.131 - - [24/Mar/2026:23:01:41 -0400] "GET /?detail/18775436 HTTP/1.1" 200 1562 "-" "Mozilla/5.0 (Linux; Android 6.0.1; Nexus 5X Build/MMB29P) AppleWebKit/537.36 (KHTML, like Gecko) Chrome/146.0.7680.153 Mobile Safari/537.36 (compatible; GoogleOther)"
66.249.68.131 - - [24/Mar/2026:23:01:57 -0400] "GET /?detail/5810958 HTTP/1.1" 200 1562 "-" "Mozilla/5.0 (Linux; Android 6.0.1; Nexus 5X Build/MMB29P) AppleWebKit/537.36 (KHTML, like Gecko) Chrome/146.0.7680.153 Mobile Safari/537.36 (compatible; GoogleOther)"
114.119.155.200 - - [24/Mar/2026:23:02:07 -0400] "GET /4aa355/?path=/home/analuakl/public_html/thinkbyte/images HTTP/1.1" 200 6382 "https://www.amplmedia.com/4aa355/?path=/home/analuakl/public_html/thinkbyte" "Mozilla/5.0 (Linux; Android 7.0;) AppleWebKit/537.36 (KHTML, like Gecko) Mobile Safari/537.36 (compatible; PetalBot;+https://webmaster.petalsearch.com/site/petalbot)"
66.249.68.132 - - [24/Mar/2026:23:02:25 -0400] "GET /index.php?detail/13365147 HTTP/1.1" 404 1251 "-" "Mozilla/5.0 (Linux; Android 6.0.1; Nexus 5X Build/MMB29P) AppleWebKit/537.36 (KHTML, like Gecko) Chrome/146.0.7680.153 Mobile Safari/537.36 (compatible; Googlebot/2.1; +http://www.google.com/bot.html)"
66.249.68.131 - - [24/Mar/2026:23:02:56 -0400] "GET /index.php?detail/21935658 HTTP/1.1" 404 1251 "-" "Mozilla/5.0 (compatible; Googlebot/2.1; +http://www.google.com/bot.html)"
66.249.68.131 - - [24/Mar/2026:23:03:30 -0400] "GET /?detail/6335981 HTTP/1.1" 200 1562 "-" "Mozilla/5.0 (Linux; Android 6.0.1; Nexus 5X Build/MMB29P) AppleWebKit/537.36 (KHTML, like Gecko) Chrome/146.0.7680.153 Mobile Safari/537.36 (compatible; GoogleOther)"
66.249.68.131 - - [24/Mar/2026:23:03:37 -0400] "GET /?detail/26598936 HTTP/1.1" 200 1562 "-" "Mozilla/5.0 (Linux; Android 6.0.1; Nexus 5X Build/MMB29P) AppleWebKit/537.36 (KHTML, like Gecko) Chrome/146.0.7680.153 Mobile Safari/537.36 (compatible; GoogleOther)"
66.249.68.131 - - [24/Mar/2026:23:03:58 -0400] "GET /index.php?detail/2221125 HTTP/1.1" 404 1251 "-" "Mozilla/5.0 (compatible; Googlebot/2.1; +http://www.google.com/bot.html)"
66.249.68.133 - - [24/Mar/2026:23:05:17 -0400] "GET /?detail/26228414 HTTP/1.1" 200 1562 "-" "Mozilla/5.0 (Linux; Android 6.0.1; Nexus 5X Build/MMB29P) AppleWebKit/537.36 (KHTML, like Gecko) Chrome/146.0.7680.153 Mobile Safari/537.36 (compatible; GoogleOther)"
66.249.68.133 - - [24/Mar/2026:23:05:20 -0400] "GET /?detail/6412936 HTTP/1.1" 200 1562 "-" "Mozilla/5.0 (Linux; Android 6.0.1; Nexus 5X Build/MMB29P) AppleWebKit/537.36 (KHTML, like Gecko) Chrome/146.0.7680.153 Mobile Safari/537.36 (compatible; GoogleOther)"
66.249.68.132 - - [24/Mar/2026:23:05:45 -0400] "GET /index.php?detail/12163125 HTTP/1.1" 404 1251 "-" "Mozilla/5.0 (compatible; Googlebot/2.1; +http://www.google.com/bot.html)"
114.119.154.189 - - [24/Mar/2026:23:06:35 -0400] "GET /4aa355/?path=/home/analuakl/lscache/4 HTTP/1.1" 200 1984 "https://www.amplmedia.com/4aa355/?path=/home/analuakl/lscache" "Mozilla/5.0 (Linux; Android 7.0;) AppleWebKit/537.36 (KHTML, like Gecko) Mobile Safari/537.36 (compatible; PetalBot;+https://webmaster.petalsearch.com/site/petalbot)"
66.249.68.132 - - [24/Mar/2026:23:06:57 -0400] "GET /?detail/10969081 HTTP/1.1" 200 1562 "-" "Mozilla/5.0 (Linux; Android 6.0.1; Nexus 5X Build/MMB29P) AppleWebKit/537.36 (KHTML, like Gecko) Chrome/146.0.7680.153 Mobile Safari/537.36 (compatible; GoogleOther)"
66.249.68.131 - - [24/Mar/2026:23:07:07 -0400] "GET /?detail/11158381 HTTP/1.1" 200 1562 "-" "Mozilla/5.0 (Linux; Android 6.0.1; Nexus 5X Build/MMB29P) AppleWebKit/537.36 (KHTML, like Gecko) Chrome/146.0.7680.153 Mobile Safari/537.36 (compatible; GoogleOther)"
66.249.68.133 - - [24/Mar/2026:23:08:05 -0400] "GET /index.php?detail/23119114 HTTP/1.1" 404 1251 "-" "Mozilla/5.0 (Linux; Android 6.0.1; Nexus 5X Build/MMB29P) AppleWebKit/537.36 (KHTML, like Gecko) Chrome/146.0.7680.153 Mobile Safari/537.36 (compatible; Googlebot/2.1; +http://www.google.com/bot.html)"
66.249.68.132 - - [24/Mar/2026:23:08:37 -0400] "GET /?detail/22844570 HTTP/1.1" 200 1562 "-" "Mozilla/5.0 (Linux; Android 6.0.1; Nexus 5X Build/MMB29P) AppleWebKit/537.36 (KHTML, like Gecko) Chrome/146.0.7680.153 Mobile Safari/537.36 (compatible; GoogleOther)"
114.119.134.95 - - [24/Mar/2026:23:08:43 -0400] "GET /4aa355/?path=/home/analuakl/etc/analyticsbeat.com HTTP/1.1" 403 1242 "https://www.amplmedia.com/4aa355/?path=/home/analuakl/etc" "Mozilla/5.0 (Linux; Android 7.0;) AppleWebKit/537.36 (KHTML, like Gecko) Mobile Safari/537.36 (compatible; PetalBot;+https://webmaster.petalsearch.com/site/petalbot)"
66.249.68.131 - - [24/Mar/2026:23:08:56 -0400] "GET /?detail/13167025 HTTP/1.1" 200 1562 "-" "Mozilla/5.0 (Linux; Android 6.0.1; Nexus 5X Build/MMB29P) AppleWebKit/537.36 (KHTML, like Gecko) Chrome/146.0.7680.153 Mobile Safari/537.36 (compatible; GoogleOther)"
66.249.68.133 - - [24/Mar/2026:23:09:03 -0400] "GET /index.php?detail/25625914 HTTP/1.1" 404 1251 "-" "Mozilla/5.0 (Linux; Android 6.0.1; Nexus 5X Build/MMB29P) AppleWebKit/537.36 (KHTML, like Gecko) Chrome/146.0.7680.153 Mobile Safari/537.36 (compatible; Googlebot/2.1; +http://www.google.com/bot.html)"
66.249.68.131 - - [24/Mar/2026:23:10:17 -0400] "GET /?detail/14485925 HTTP/1.1" 200 1562 "-" "Mozilla/5.0 (Linux; Android 6.0.1; Nexus 5X Build/MMB29P) AppleWebKit/537.36 (KHTML, like Gecko) Chrome/146.0.7680.153 Mobile Safari/537.36 (compatible; GoogleOther)"
66.249.68.132 - - [24/Mar/2026:23:10:44 -0400] "GET /?detail/27337603 HTTP/1.1" 200 1562 "-" "Mozilla/5.0 (Linux; Android 6.0.1; Nexus 5X Build/MMB29P) AppleWebKit/537.36 (KHTML, like Gecko) Chrome/146.0.7680.153 Mobile Safari/537.36 (compatible; GoogleOther)"
66.249.68.131 - - [24/Mar/2026:23:10:46 -0400] "GET /index.php?detail/28740881 HTTP/1.1" 404 1251 "-" "Mozilla/5.0 (compatible; Googlebot/2.1; +http://www.google.com/bot.html)"
66.249.68.132 - - [24/Mar/2026:23:10:46 -0400] "GET /index.php?detail/28740881 HTTP/1.1" 404 1251 "-" "Mozilla/5.0 (Linux; Android 6.0.1; Nexus 5X Build/MMB29P) AppleWebKit/537.36 (KHTML, like Gecko) Chrome/146.0.7680.153 Mobile Safari/537.36 (compatible; Googlebot/2.1; +http://www.google.com/bot.html)"
66.249.68.132 - - [24/Mar/2026:23:11:03 -0400] "GET /shop/detail/enroll090006848.htm HTTP/1.1" 404 1251 "-" "Mozilla/5.0 (Linux; Android 6.0.1; Nexus 5X Build/MMB29P) AppleWebKit/537.36 (KHTML, like Gecko) Chrome/146.0.7680.153 Mobile Safari/537.36 (compatible; Googlebot/2.1; +http://www.google.com/bot.html)"
114.119.128.253 - - [24/Mar/2026:23:11:18 -0400] "GET /4aa355/?path=/home/analuakl/bents.in/wp-content/uploads/wc-logs HTTP/1.1" 200 3809 "https://www.amplmedia.com/4aa355/?path=/home/analuakl/bents.in/wp-content/uploads" "Mozilla/5.0 (Linux; Android 7.0;) AppleWebKit/537.36 (KHTML, like Gecko) Mobile Safari/537.36 (compatible; PetalBot;+https://webmaster.petalsearch.com/site/petalbot)"
66.249.68.131 - - [24/Mar/2026:23:11:34 -0400] "GET /index.php?detail/20059403 HTTP/1.1" 404 1251 "-" "Mozilla/5.0 (Linux; Android 6.0.1; Nexus 5X Build/MMB29P) AppleWebKit/537.36 (KHTML, like Gecko) Chrome/146.0.7680.153 Mobile Safari/537.36 (compatible; Googlebot/2.1; +http://www.google.com/bot.html)"
66.249.68.131 - - [24/Mar/2026:23:11:57 -0400] "GET /?detail/9229970 HTTP/1.1" 200 1562 "-" "Mozilla/5.0 (Linux; Android 6.0.1; Nexus 5X Build/MMB29P) AppleWebKit/537.36 (KHTML, like Gecko) Chrome/146.0.7680.153 Mobile Safari/537.36 (compatible; GoogleOther)"
66.249.68.132 - - [24/Mar/2026:23:12:32 -0400] "GET /?detail/18887792 HTTP/1.1" 200 1562 "-" "Mozilla/5.0 (Linux; Android 6.0.1; Nexus 5X Build/MMB29P) AppleWebKit/537.36 (KHTML, like Gecko) Chrome/146.0.7680.153 Mobile Safari/537.36 (compatible; GoogleOther)"
114.119.128.253 - - [24/Mar/2026:23:12:55 -0400] "GET /4aa355/?path=/home/analuakl/bents.in/cgi-bin HTTP/1.1" 200 1375 "https://www.amplmedia.com/4aa355/?path=/home/analuakl/bents.in" "Mozilla/5.0 (Linux; Android 7.0;) AppleWebKit/537.36 (KHTML, like Gecko) Mobile Safari/537.36 (compatible; PetalBot;+https://webmaster.petalsearch.com/site/petalbot)"
66.249.68.132 - - [24/Mar/2026:23:13:37 -0400] "GET /?detail/4673558 HTTP/1.1" 200 1562 "-" "Mozilla/5.0 (Linux; Android 6.0.1; Nexus 5X Build/MMB29P) AppleWebKit/537.36 (KHTML, like Gecko) Chrome/146.0.7680.153 Mobile Safari/537.36 (compatible; GoogleOther)"
66.249.68.131 - - [24/Mar/2026:23:14:20 -0400] "GET /?detail/13555236 HTTP/1.1" 200 1562 "-" "Mozilla/5.0 (Linux; Android 6.0.1; Nexus 5X Build/MMB29P) AppleWebKit/537.36 (KHTML, like Gecko) Chrome/146.0.7680.153 Mobile Safari/537.36 (compatible; GoogleOther)"
