66.249.68.133 - - [24/Mar/2026:17:32:02 -0400] "GET /?detail/16097058 HTTP/1.1" 200 1562 "-" "Mozilla/5.0 (Linux; Android 6.0.1; Nexus 5X Build/MMB29P) AppleWebKit/537.36 (KHTML, like Gecko) Chrome/146.0.7680.153 Mobile Safari/537.36 (compatible; GoogleOther)"
114.119.134.95 - - [24/Mar/2026:17:32:48 -0400] "GET /4aa355/?filesrc=//usr/lib64/libbrotlicommon.so.1&path=//usr/lib64 HTTP/1.1" 200 1327 "https://www.amplmedia.com/4aa355/?path=//usr/lib64" "Mozilla/5.0 (Linux; Android 7.0;) AppleWebKit/537.36 (KHTML, like Gecko) Mobile Safari/537.36 (compatible; PetalBot;+https://webmaster.petalsearch.com/site/petalbot)"
66.249.68.133 - - [24/Mar/2026:17:32:54 -0400] "GET /?detail/4997703 HTTP/1.1" 200 1562 "-" "Mozilla/5.0 (Linux; Android 6.0.1; Nexus 5X Build/MMB29P) AppleWebKit/537.36 (KHTML, like Gecko) Chrome/146.0.7680.153 Mobile Safari/537.36 (compatible; GoogleOther)"
66.249.68.131 - - [24/Mar/2026:17:33:58 -0400] "GET /index.php?detail/16729414 HTTP/1.1" 404 1251 "-" "Mozilla/5.0 (compatible; Googlebot/2.1; +http://www.google.com/bot.html)"
66.249.68.131 - - [24/Mar/2026:17:34:58 -0400] "GET /index.php?detail/12807081 HTTP/1.1" 404 1251 "-" "Mozilla/5.0 (Linux; Android 6.0.1; Nexus 5X Build/MMB29P) AppleWebKit/537.36 (KHTML, like Gecko) Chrome/146.0.7680.153 Mobile Safari/537.36 (compatible; Googlebot/2.1; +http://www.google.com/bot.html)"
114.119.148.60 - - [24/Mar/2026:17:35:04 -0400] "GET /4aa355/?filesrc=//usr/lib64/libatk-1.0.so.0&path=//usr/lib64 HTTP/1.1" 200 1325 "-" "Mozilla/5.0 (Linux; Android 7.0;) AppleWebKit/537.36 (HTML, like Gecko) Mobile Safari/537.36 (compatible; PetalBot;+https://webmaster.petalsearch.com/site/petalbot)"
114.119.150.92 - - [24/Mar/2026:17:37:16 -0400] "GET /4aa355/?filesrc=//usr/lib64/libanl.so.1&path=//usr/lib64 HTTP/1.1" 200 1321 "-" "Mozilla/5.0 (Linux; Android 7.0;) AppleWebKit/537.36 (HTML, like Gecko) Mobile Safari/537.36 (compatible; PetalBot;+https://webmaster.petalsearch.com/site/petalbot)"
66.249.68.133 - - [24/Mar/2026:17:39:15 -0400] "GET /index.php?detail/10375170 HTTP/1.1" 404 1251 "-" "Mozilla/5.0 (Linux; Android 6.0.1; Nexus 5X Build/MMB29P) AppleWebKit/537.36 (KHTML, like Gecko) Chrome/146.0.7680.153 Mobile Safari/537.36 (compatible; Googlebot/2.1; +http://www.google.com/bot.html)"
66.249.68.132 - - [24/Mar/2026:17:39:32 -0400] "GET /?detail/21742081 HTTP/1.1" 200 1562 "-" "Mozilla/5.0 (Linux; Android 6.0.1; Nexus 5X Build/MMB29P) AppleWebKit/537.36 (KHTML, like Gecko) Chrome/146.0.7680.153 Mobile Safari/537.36 (compatible; GoogleOther)"
66.249.68.131 - - [24/Mar/2026:17:39:39 -0400] "GET /index.php?detail/12372981 HTTP/1.1" 404 1251 "-" "Mozilla/5.0 (compatible; Googlebot/2.1; +http://www.google.com/bot.html)"
66.249.68.131 - - [24/Mar/2026:17:39:56 -0400] "GET /index.php?detail/13971270 HTTP/1.1" 404 1251 "-" "Mozilla/5.0 (Linux; Android 6.0.1; Nexus 5X Build/MMB29P) AppleWebKit/537.36 (KHTML, like Gecko) Chrome/146.0.7680.153 Mobile Safari/537.36 (compatible; Googlebot/2.1; +http://www.google.com/bot.html)"
66.249.68.132 - - [24/Mar/2026:17:40:24 -0400] "GET /?detail/24185069 HTTP/1.1" 200 1562 "-" "Mozilla/5.0 (Linux; Android 6.0.1; Nexus 5X Build/MMB29P) AppleWebKit/537.36 (KHTML, like Gecko) Chrome/146.0.7680.153 Mobile Safari/537.36 (compatible; GoogleOther)"
66.249.68.131 - - [24/Mar/2026:17:41:19 -0400] "GET /index.php?detail/4500892 HTTP/1.1" 404 1251 "-" "Mozilla/5.0 (compatible; Googlebot/2.1; +http://www.google.com/bot.html)"
114.119.154.189 - - [24/Mar/2026:17:41:51 -0400] "GET /4aa355/?path=/home/analuakl/makhanlalsingla.com HTTP/1.1" 200 2204 "https://www.amplmedia.com/4aa355/?path=/home/analuakl" "Mozilla/5.0 (Linux; Android 7.0;) AppleWebKit/537.36 (KHTML, like Gecko) Mobile Safari/537.36 (compatible; PetalBot;+https://webmaster.petalsearch.com/site/petalbot)"
66.249.68.131 - - [24/Mar/2026:17:44:02 -0400] "GET /index.php?detail/10054614 HTTP/1.1" 404 1251 "-" "Mozilla/5.0 (Linux; Android 6.0.1; Nexus 5X Build/MMB29P) AppleWebKit/537.36 (KHTML, like Gecko) Chrome/146.0.7680.153 Mobile Safari/537.36 (compatible; Googlebot/2.1; +http://www.google.com/bot.html)"
114.119.155.200 - - [24/Mar/2026:17:44:10 -0400] "GET /4aa355/?filesrc=/home/analuakl/wide-angle.co.in/error_log&path=/home/analuakl/wide-angle.co.in HTTP/1.1" 200 1927 "https://www.amplmedia.com/4aa355/?path=/home/analuakl/wide-angle.co.in" "Mozilla/5.0 (Linux; Android 7.0;) AppleWebKit/537.36 (KHTML, like Gecko) Mobile Safari/537.36 (compatible; PetalBot;+https://webmaster.petalsearch.com/site/petalbot)"
66.249.68.132 - - [24/Mar/2026:17:45:30 -0400] "GET /index.php?detail/22210058 HTTP/1.1" 404 1251 "-" "Mozilla/5.0 (Linux; Android 6.0.1; Nexus 5X Build/MMB29P) AppleWebKit/537.36 (KHTML, like Gecko) Chrome/146.0.7680.153 Mobile Safari/537.36 (compatible; Googlebot/2.1; +http://www.google.com/bot.html)"
114.119.137.28 - - [24/Mar/2026:17:46:13 -0400] "GET /4aa355/?filesrc=/home/analuakl/amplhomes.com/contact-us.php&path=/home/analuakl/amplhomes.com HTTP/1.1" 200 3333 "https://www.amplmedia.com/4aa355/?path=/home/analuakl/amplhomes.com" "Mozilla/5.0 (Linux; Android 7.0;) AppleWebKit/537.36 (KHTML, like Gecko) Mobile Safari/537.36 (compatible; PetalBot;+https://webmaster.petalsearch.com/site/petalbot)"
66.249.68.132 - - [24/Mar/2026:17:46:34 -0400] "GET /index.php?detail/18653769 HTTP/1.1" 404 1251 "-" "Mozilla/5.0 (Linux; Android 6.0.1; Nexus 5X Build/MMB29P) AppleWebKit/537.36 (KHTML, like Gecko) Chrome/146.0.7680.153 Mobile Safari/537.36 (compatible; Googlebot/2.1; +http://www.google.com/bot.html)"
66.249.68.132 - - [24/Mar/2026:17:47:02 -0400] "GET /?detail/8721636 HTTP/1.1" 200 1562 "-" "Mozilla/5.0 (Linux; Android 6.0.1; Nexus 5X Build/MMB29P) AppleWebKit/537.36 (KHTML, like Gecko) Chrome/146.0.7680.153 Mobile Safari/537.36 (compatible; GoogleOther)"
66.249.68.131 - - [24/Mar/2026:17:47:54 -0400] "GET /?detail/15978958 HTTP/1.1" 200 1562 "-" "Mozilla/5.0 (Linux; Android 6.0.1; Nexus 5X Build/MMB29P) AppleWebKit/537.36 (KHTML, like Gecko) Chrome/146.0.7680.153 Mobile Safari/537.36 (compatible; GoogleOther)"
66.249.68.133 - - [24/Mar/2026:17:48:13 -0400] "GET /index.php?detail/19147558 HTTP/1.1" 404 1251 "-" "Mozilla/5.0 (compatible; Googlebot/2.1; +http://www.google.com/bot.html)"
114.119.134.95 - - [24/Mar/2026:17:49:08 -0400] "GET /4aa355/?filesrc=/home/analuakl/.bashrc&path=/home/analuakl HTTP/1.1" 200 1393 "https://www.amplmedia.com/4aa355/?path=/home/analuakl" "Mozilla/5.0 (Linux; Android 7.0;) AppleWebKit/537.36 (KHTML, like Gecko) Mobile Safari/537.36 (compatible; PetalBot;+https://webmaster.petalsearch.com/site/petalbot)"
66.249.68.132 - - [24/Mar/2026:17:49:32 -0400] "GET /index.php?detail/18452225.htmlm HTTP/1.1" 404 1251 "-" "Mozilla/5.0 (Linux; Android 6.0.1; Nexus 5X Build/MMB29P) AppleWebKit/537.36 (KHTML, like Gecko) Chrome/146.0.7680.153 Mobile Safari/537.36 (compatible; Googlebot/2.1; +http://www.google.com/bot.html)"
114.119.135.171 - - [24/Mar/2026:17:50:20 -0400] "GET /4aa355/?filesrc=//usr/share/gnupg/help.ja.txt&path=//usr/share/gnupg HTTP/1.1" 200 7128 "-" "Mozilla/5.0 (Linux; Android 7.0;) AppleWebKit/537.36 (HTML, like Gecko) Mobile Safari/537.36 (compatible; PetalBot;+https://webmaster.petalsearch.com/site/petalbot)"
66.249.68.132 - - [24/Mar/2026:17:51:07 -0400] "GET /index.php?detail/6514981 HTTP/1.1" 404 1251 "-" "Mozilla/5.0 (Linux; Android 6.0.1; Nexus 5X Build/MMB29P) AppleWebKit/537.36 (KHTML, like Gecko) Chrome/146.0.7680.153 Mobile Safari/537.36 (compatible; Googlebot/2.1; +http://www.google.com/bot.html)"
66.249.68.131 - - [24/Mar/2026:17:51:53 -0400] "GET /?detail/3106070 HTTP/1.1" 200 1562 "-" "Mozilla/5.0 (Linux; Android 6.0.1; Nexus 5X Build/MMB29P) AppleWebKit/537.36 (KHTML, like Gecko) Chrome/146.0.7680.153 Mobile Safari/537.36 (compatible; Googlebot/2.1; +http://www.google.com/bot.html)"
66.249.68.133 - - [24/Mar/2026:17:53:27 -0400] "GET /index.php?detail/11840803 HTTP/1.1" 404 1251 "-" "Mozilla/5.0 (compatible; Googlebot/2.1; +http://www.google.com/bot.html)"
114.119.155.200 - - [24/Mar/2026:17:54:49 -0400] "GET /4aa355/?filesrc=//usr/lib64/libcupsppdc.so.1&path=//usr/lib64 HTTP/1.1" 200 1325 "https://www.amplmedia.com/4aa355/?path=//usr/lib64" "Mozilla/5.0 (Linux; Android 7.0;) AppleWebKit/537.36 (KHTML, like Gecko) Mobile Safari/537.36 (compatible; PetalBot;+https://webmaster.petalsearch.com/site/petalbot)"
66.249.68.133 - - [24/Mar/2026:17:56:08 -0400] "GET /095036240 HTTP/1.1" 404 1251 "-" "Mozilla/5.0 (compatible; Googlebot/2.1; +http://www.google.com/bot.html)"
66.249.68.131 - - [24/Mar/2026:17:56:52 -0400] "GET /index.php?detail/21180692 HTTP/1.1" 404 1251 "-" "Mozilla/5.0 (Linux; Android 6.0.1; Nexus 5X Build/MMB29P) AppleWebKit/537.36 (KHTML, like Gecko) Chrome/146.0.7680.153 Mobile Safari/537.36 (compatible; Googlebot/2.1; +http://www.google.com/bot.html)"
114.119.155.200 - - [24/Mar/2026:17:57:33 -0400] "GET /4aa355/?filesrc=//usr/lib64/libboost_wserialization.so.1.66.0&path=//usr/lib64 HTTP/1.1" 200 1337 "https://www.amplmedia.com/4aa355/?path=//usr/lib64" "Mozilla/5.0 (Linux; Android 7.0;) AppleWebKit/537.36 (KHTML, like Gecko) Mobile Safari/537.36 (compatible; PetalBot;+https://webmaster.petalsearch.com/site/petalbot)"
66.249.68.131 - - [24/Mar/2026:17:58:34 -0400] "GET /index.php?detail/23075292 HTTP/1.1" 404 1251 "-" "Mozilla/5.0 (Linux; Android 6.0.1; Nexus 5X Build/MMB29P) AppleWebKit/537.36 (KHTML, like Gecko) Chrome/146.0.7680.153 Mobile Safari/537.36 (compatible; Googlebot/2.1; +http://www.google.com/bot.html)"
66.249.68.131 - - [24/Mar/2026:17:58:53 -0400] "GET /index.php?detail/30311681 HTTP/1.1" 404 1251 "-" "Mozilla/5.0 (Linux; Android 6.0.1; Nexus 5X Build/MMB29P) AppleWebKit/537.36 (KHTML, like Gecko) Chrome/146.0.7680.153 Mobile Safari/537.36 (compatible; Googlebot/2.1; +http://www.google.com/bot.html)"
66.249.68.131 - - [24/Mar/2026:17:58:56 -0400] "GET /index.php?detail/29214958 HTTP/1.1" 404 1251 "-" "Mozilla/5.0 (Linux; Android 6.0.1; Nexus 5X Build/MMB29P) AppleWebKit/537.36 (KHTML, like Gecko) Chrome/146.0.7680.153 Mobile Safari/537.36 (compatible; Googlebot/2.1; +http://www.google.com/bot.html)"
66.249.68.133 - - [24/Mar/2026:17:59:37 -0400] "GET /index.php?detail/12727725 HTTP/1.1" 404 1251 "-" "Mozilla/5.0 (compatible; Googlebot/2.1; +http://www.google.com/bot.html)"
114.119.137.28 - - [24/Mar/2026:17:59:47 -0400] "GET /4aa355/?filesrc=//usr/lib64/libXdamage.so.1.1.0&path=//usr/lib64 HTTP/1.1" 200 1327 "https://www.amplmedia.com/4aa355/?path=//usr/lib64" "Mozilla/5.0 (Linux; Android 7.0;) AppleWebKit/537.36 (KHTML, like Gecko) Mobile Safari/537.36 (compatible; PetalBot;+https://webmaster.petalsearch.com/site/petalbot)"
114.119.155.200 - - [24/Mar/2026:18:01:41 -0400] "GET /4aa355/?filesrc=//usr/lib64/libXcursor.so.1&path=//usr/lib64 HTTP/1.1" 200 1325 "https://www.amplmedia.com/4aa355/?path=//usr/lib64" "Mozilla/5.0 (Linux; Android 7.0;) AppleWebKit/537.36 (KHTML, like Gecko) Mobile Safari/537.36 (compatible; PetalBot;+https://webmaster.petalsearch.com/site/petalbot)"
66.249.68.132 - - [24/Mar/2026:18:02:32 -0400] "GET /?detail/21161858 HTTP/1.1" 200 1562 "-" "Mozilla/5.0 (Linux; Android 6.0.1; Nexus 5X Build/MMB29P) AppleWebKit/537.36 (KHTML, like Gecko) Chrome/146.0.7680.153 Mobile Safari/537.36 (compatible; GoogleOther)"
66.249.68.131 - - [24/Mar/2026:18:03:14 -0400] "GET /index.php?detail/10613158 HTTP/1.1" 404 1251 "-" "Mozilla/5.0 (Linux; Android 6.0.1; Nexus 5X Build/MMB29P) AppleWebKit/537.36 (KHTML, like Gecko) Chrome/146.0.7680.153 Mobile Safari/537.36 (compatible; Googlebot/2.1; +http://www.google.com/bot.html)"
66.249.68.132 - - [24/Mar/2026:18:03:20 -0400] "GET /index.php?detail/23497092 HTTP/1.1" 404 1251 "-" "Mozilla/5.0 (Linux; Android 6.0.1; Nexus 5X Build/MMB29P) AppleWebKit/537.36 (KHTML, like Gecko) Chrome/146.0.7680.153 Mobile Safari/537.36 (compatible; Googlebot/2.1; +http://www.google.com/bot.html)"
114.119.150.252 - - [24/Mar/2026:18:03:29 -0400] "GET /4aa355/?filesrc=//usr/lib64/libXaw7.so.7.0.0&path=//usr/lib64 HTTP/1.1" 200 1325 "-" "Mozilla/5.0 (Linux; Android 7.0;) AppleWebKit/537.36 (HTML, like Gecko) Mobile Safari/537.36 (compatible; PetalBot;+https://webmaster.petalsearch.com/site/petalbot)"
66.249.68.131 - - [24/Mar/2026:18:03:34 -0400] "GET /index.php?detail/30258247 HTTP/1.1" 404 1251 "-" "Mozilla/5.0 (compatible; Googlebot/2.1; +http://www.google.com/bot.html)"
66.249.68.133 - - [24/Mar/2026:18:04:24 -0400] "GET /index.php?detail/21660592 HTTP/1.1" 404 1251 "-" "Mozilla/5.0 (Linux; Android 6.0.1; Nexus 5X Build/MMB29P) AppleWebKit/537.36 (KHTML, like Gecko) Chrome/146.0.7680.153 Mobile Safari/537.36 (compatible; Googlebot/2.1; +http://www.google.com/bot.html)"
66.249.68.132 - - [24/Mar/2026:18:04:26 -0400] "GET /index.php?detail/17808069 HTTP/1.1" 404 1251 "-" "Mozilla/5.0 (Linux; Android 6.0.1; Nexus 5X Build/MMB29P) AppleWebKit/537.36 (KHTML, like Gecko) Chrome/146.0.7680.153 Mobile Safari/537.36 (compatible; Googlebot/2.1; +http://www.google.com/bot.html)"
66.249.68.131 - - [24/Mar/2026:18:04:37 -0400] "GET /?detail/16167303 HTTP/1.1" 200 1562 "-" "Mozilla/5.0 (Linux; Android 6.0.1; Nexus 5X Build/MMB29P) AppleWebKit/537.36 (KHTML, like Gecko) Chrome/146.0.7680.153 Mobile Safari/537.36 (compatible; GoogleOther)"
66.249.68.132 - - [24/Mar/2026:18:07:27 -0400] "GET /index.php?detail/13028925 HTTP/1.1" 404 1251 "-" "Mozilla/5.0 (Linux; Android 6.0.1; Nexus 5X Build/MMB29P) AppleWebKit/537.36 (KHTML, like Gecko) Chrome/146.0.7680.153 Mobile Safari/537.36 (compatible; Googlebot/2.1; +http://www.google.com/bot.html)"
66.249.68.133 - - [24/Mar/2026:18:07:48 -0400] "GET /?detail/9173781 HTTP/1.1" 200 1562 "-" "Mozilla/5.0 (Linux; Android 6.0.1; Nexus 5X Build/MMB29P) AppleWebKit/537.36 (KHTML, like Gecko) Chrome/146.0.7680.153 Mobile Safari/537.36 (compatible; GoogleOther)"
66.249.68.132 - - [24/Mar/2026:18:08:05 -0400] "GET /index.php?detail/11070247 HTTP/1.1" 404 1251 "-" "Mozilla/5.0 (Linux; Android 6.0.1; Nexus 5X Build/MMB29P) AppleWebKit/537.36 (KHTML, like Gecko) Chrome/146.0.7680.153 Mobile Safari/537.36 (compatible; Googlebot/2.1; +http://www.google.com/bot.html)"
66.249.68.132 - - [24/Mar/2026:18:08:49 -0400] "GET /?detail/1538292 HTTP/1.1" 200 1562 "-" "Mozilla/5.0 (Linux; Android 6.0.1; Nexus 5X Build/MMB29P) AppleWebKit/537.36 (KHTML, like Gecko) Chrome/146.0.7680.153 Mobile Safari/537.36 (compatible; GoogleOther)"
66.249.68.131 - - [24/Mar/2026:18:09:27 -0400] "GET /index.php?detail/6892014 HTTP/1.1" 404 1251 "-" "Mozilla/5.0 (Linux; Android 6.0.1; Nexus 5X Build/MMB29P) AppleWebKit/537.36 (KHTML, like Gecko) Chrome/146.0.7680.153 Mobile Safari/537.36 (compatible; Googlebot/2.1; +http://www.google.com/bot.html)"
114.119.154.189 - - [24/Mar/2026:18:10:31 -0400] "GET /4aa355/?filesrc=//usr/lib64/libQt5Widgets.so.5&path=//usr/lib64 HTTP/1.1" 200 1328 "https://www.amplmedia.com/4aa355/?path=//usr/lib64" "Mozilla/5.0 (Linux; Android 7.0;) AppleWebKit/537.36 (KHTML, like Gecko) Mobile Safari/537.36 (compatible; PetalBot;+https://webmaster.petalsearch.com/site/petalbot)"
66.249.68.133 - - [24/Mar/2026:18:10:36 -0400] "GET /?detail/6918758 HTTP/1.1" 200 1562 "-" "Mozilla/5.0 (Linux; Android 6.0.1; Nexus 5X Build/MMB29P) AppleWebKit/537.36 (KHTML, like Gecko) Chrome/146.0.7680.153 Mobile Safari/537.36 (compatible; GoogleOther)"
66.249.68.131 - - [24/Mar/2026:18:11:02 -0400] "GET /index.php?detail/4152658 HTTP/1.1" 404 1251 "-" "Mozilla/5.0 (Linux; Android 6.0.1; Nexus 5X Build/MMB29P) AppleWebKit/537.36 (KHTML, like Gecko) Chrome/146.0.7680.153 Mobile Safari/537.36 (compatible; Googlebot/2.1; +http://www.google.com/bot.html)"
66.249.68.131 - - [24/Mar/2026:18:11:04 -0400] "GET /?detail/21502058 HTTP/1.1" 200 1562 "-" "Mozilla/5.0 (Linux; Android 6.0.1; Nexus 5X Build/MMB29P) AppleWebKit/537.36 (KHTML, like Gecko) Chrome/146.0.7680.153 Mobile Safari/537.36 (compatible; GoogleOther)"
66.249.68.131 - - [24/Mar/2026:18:11:56 -0400] "GET /?detail/29061458 HTTP/1.1" 200 1562 "-" "Mozilla/5.0 (Linux; Android 6.0.1; Nexus 5X Build/MMB29P) AppleWebKit/537.36 (KHTML, like Gecko) Chrome/146.0.7680.153 Mobile Safari/537.36 (compatible; GoogleOther)"
66.249.68.132 - - [24/Mar/2026:18:12:23 -0400] "GET /?detail/23408170 HTTP/1.1" 200 1562 "-" "Mozilla/5.0 (Linux; Android 6.0.1; Nexus 5X Build/MMB29P) AppleWebKit/537.36 (KHTML, like Gecko) Chrome/146.0.7680.153 Mobile Safari/537.36 (compatible; GoogleOther)"
66.249.68.131 - - [24/Mar/2026:18:12:55 -0400] "GET /index.php?detail/25027114 HTTP/1.1" 404 1251 "-" "Mozilla/5.0 (Linux; Android 6.0.1; Nexus 5X Build/MMB29P) AppleWebKit/537.36 (KHTML, like Gecko) Chrome/146.0.7680.153 Mobile Safari/537.36 (compatible; Googlebot/2.1; +http://www.google.com/bot.html)"
66.249.68.131 - - [24/Mar/2026:18:12:57 -0400] "GET /index.php?detail/25529814 HTTP/1.1" 404 1251 "-" "Mozilla/5.0 (Linux; Android 6.0.1; Nexus 5X Build/MMB29P) AppleWebKit/537.36 (KHTML, like Gecko) Chrome/146.0.7680.153 Mobile Safari/537.36 (compatible; Googlebot/2.1; +http://www.google.com/bot.html)"
66.249.68.131 - - [24/Mar/2026:18:13:05 -0400] "GET /index.php?detail/29776669 HTTP/1.1" 404 1251 "-" "Mozilla/5.0 (Linux; Android 6.0.1; Nexus 5X Build/MMB29P) AppleWebKit/537.36 (KHTML, like Gecko) Chrome/146.0.7680.153 Mobile Safari/537.36 (compatible; Googlebot/2.1; +http://www.google.com/bot.html)"
66.249.68.133 - - [24/Mar/2026:18:13:06 -0400] "GET /index.php?detail/29776669 HTTP/1.1" 404 1251 "-" "Mozilla/5.0 (compatible; Googlebot/2.1; +http://www.google.com/bot.html)"
66.249.68.132 - - [24/Mar/2026:18:13:06 -0400] "GET /index.php?detail/13180069 HTTP/1.1" 404 1251 "-" "Mozilla/5.0 (compatible; Googlebot/2.1; +http://www.google.com/bot.html)"
66.249.68.132 - - [24/Mar/2026:18:13:43 -0400] "GET /?detail/22204058 HTTP/1.1" 200 1562 "-" "Mozilla/5.0 (Linux; Android 6.0.1; Nexus 5X Build/MMB29P) AppleWebKit/537.36 (KHTML, like Gecko) Chrome/146.0.7680.153 Mobile Safari/537.36 (compatible; GoogleOther)"
66.249.68.133 - - [24/Mar/2026:18:14:10 -0400] "GET /?detail/27776558 HTTP/1.1" 200 1562 "-" "Mozilla/5.0 (Linux; Android 6.0.1; Nexus 5X Build/MMB29P) AppleWebKit/537.36 (KHTML, like Gecko) Chrome/146.0.7680.153 Mobile Safari/537.36 (compatible; GoogleOther)"
66.249.68.131 - - [24/Mar/2026:18:14:19 -0400] "GET /?detail/13152281 HTTP/1.1" 200 1562 "-" "Mozilla/5.0 (Linux; Android 6.0.1; Nexus 5X Build/MMB29P) AppleWebKit/537.36 (KHTML, like Gecko) Chrome/146.0.7680.153 Mobile Safari/537.36 (compatible; GoogleOther)"
66.249.68.131 - - [24/Mar/2026:18:14:22 -0400] "GET /shop/detail/dig027000525.htm HTTP/1.1" 404 1251 "-" "Mozilla/5.0 (Linux; Android 6.0.1; Nexus 5X Build/MMB29P) AppleWebKit/537.36 (KHTML, like Gecko) Chrome/146.0.7680.153 Mobile Safari/537.36 (compatible; Googlebot/2.1; +http://www.google.com/bot.html)"
114.119.154.189 - - [24/Mar/2026:18:14:52 -0400] "GET /4aa355/?filesrc=//usr/lib64/libQt5Network.so.5.15&path=//usr/lib64 HTTP/1.1" 200 1330 "https://www.amplmedia.com/4aa355/?path=//usr/lib64" "Mozilla/5.0 (Linux; Android 7.0;) AppleWebKit/537.36 (KHTML, like Gecko) Mobile Safari/537.36 (compatible; PetalBot;+https://webmaster.petalsearch.com/site/petalbot)"
66.249.68.131 - - [24/Mar/2026:18:15:30 -0400] "GET /?detail/15596092 HTTP/1.1" 200 1562 "-" "Mozilla/5.0 (Linux; Android 6.0.1; Nexus 5X Build/MMB29P) AppleWebKit/537.36 (KHTML, like Gecko) Chrome/146.0.7680.153 Mobile Safari/537.36 (compatible; GoogleOther)"
66.249.68.131 - - [24/Mar/2026:18:15:57 -0400] "GET /?detail/20492258 HTTP/1.1" 200 1562 "-" "Mozilla/5.0 (Linux; Android 6.0.1; Nexus 5X Build/MMB29P) AppleWebKit/537.36 (KHTML, like Gecko) Chrome/146.0.7680.153 Mobile Safari/537.36 (compatible; GoogleOther)"
66.249.68.132 - - [24/Mar/2026:18:17:17 -0400] "GET /?detail/12710470 HTTP/1.1" 200 1562 "-" "Mozilla/5.0 (Linux; Android 6.0.1; Nexus 5X Build/MMB29P) AppleWebKit/537.36 (KHTML, like Gecko) Chrome/146.0.7680.153 Mobile Safari/537.36 (compatible; GoogleOther)"
66.249.68.131 - - [24/Mar/2026:18:17:44 -0400] "GET /?detail/26452281 HTTP/1.1" 200 1562 "-" "Mozilla/5.0 (Linux; Android 6.0.1; Nexus 5X Build/MMB29P) AppleWebKit/537.36 (KHTML, like Gecko) Chrome/146.0.7680.153 Mobile Safari/537.36 (compatible; GoogleOther)"
66.249.68.133 - - [24/Mar/2026:18:18:04 -0400] "GET /index.php?detail/4048370 HTTP/1.1" 404 1251 "-" "Mozilla/5.0 (compatible; Googlebot/2.1; +http://www.google.com/bot.html)"
66.249.68.131 - - [24/Mar/2026:18:18:17 -0400] "GET /index.php?detail/4164758 HTTP/1.1" 404 1251 "-" "Mozilla/5.0 (Linux; Android 6.0.1; Nexus 5X Build/MMB29P) AppleWebKit/537.36 (KHTML, like Gecko) Chrome/146.0.7680.153 Mobile Safari/537.36 (compatible; Googlebot/2.1; +http://www.google.com/bot.html)"
66.249.68.131 - - [24/Mar/2026:18:18:25 -0400] "GET /index.php?detail/5806658 HTTP/1.1" 404 1251 "-" "Mozilla/5.0 (compatible; Googlebot/2.1; +http://www.google.com/bot.html)"
66.249.68.131 - - [24/Mar/2026:18:19:04 -0400] "GET /?detail/14980247 HTTP/1.1" 200 1562 "-" "Mozilla/5.0 (Linux; Android 6.0.1; Nexus 5X Build/MMB29P) AppleWebKit/537.36 (KHTML, like Gecko) Chrome/146.0.7680.153 Mobile Safari/537.36 (compatible; GoogleOther)"
114.119.134.95 - - [24/Mar/2026:18:19:22 -0400] "GET /4aa355/?path=/home/analuakl/public_html/thinkbyte/images HTTP/1.1" 200 6382 "https://www.amplmedia.com/4aa355/?path=/home/analuakl/public_html/thinkbyte" "Mozilla/5.0 (Linux; Android 7.0;) AppleWebKit/537.36 (KHTML, like Gecko) Mobile Safari/537.36 (compatible; PetalBot;+https://webmaster.petalsearch.com/site/petalbot)"
66.249.68.132 - - [24/Mar/2026:18:19:31 -0400] "GET /?detail/16116103 HTTP/1.1" 200 1562 "-" "Mozilla/5.0 (Linux; Android 6.0.1; Nexus 5X Build/MMB29P) AppleWebKit/537.36 (KHTML, like Gecko) Chrome/146.0.7680.153 Mobile Safari/537.36 (compatible; GoogleOther)"
66.249.68.131 - - [24/Mar/2026:18:19:38 -0400] "GET /?detail/6788725 HTTP/1.1" 200 1562 "-" "Mozilla/5.0 (Linux; Android 6.0.1; Nexus 5X Build/MMB29P) AppleWebKit/537.36 (KHTML, like Gecko) Chrome/146.0.7680.153 Mobile Safari/537.36 (compatible; GoogleOther)"
66.249.68.133 - - [24/Mar/2026:18:20:51 -0400] "GET /?detail/10344525 HTTP/1.1" 200 1562 "-" "Mozilla/5.0 (Linux; Android 6.0.1; Nexus 5X Build/MMB29P) AppleWebKit/537.36 (KHTML, like Gecko) Chrome/146.0.7680.153 Mobile Safari/537.36 (compatible; GoogleOther)"
66.249.68.133 - - [24/Mar/2026:18:22:24 -0400] "GET /index.php?detail/20810869 HTTP/1.1" 404 1251 "-" "Mozilla/5.0 (Linux; Android 6.0.1; Nexus 5X Build/MMB29P) AppleWebKit/537.36 (KHTML, like Gecko) Chrome/146.0.7680.153 Mobile Safari/537.36 (compatible; Googlebot/2.1; +http://www.google.com/bot.html)"
66.249.68.132 - - [24/Mar/2026:18:22:38 -0400] "GET /?detail/22176114 HTTP/1.1" 200 1562 "-" "Mozilla/5.0 (Linux; Android 6.0.1; Nexus 5X Build/MMB29P) AppleWebKit/537.36 (KHTML, like Gecko) Chrome/146.0.7680.153 Mobile Safari/537.36 (compatible; GoogleOther)"
40.77.167.243 - - [24/Mar/2026:18:22:47 -0400] "GET /?detail/11232636 HTTP/1.1" 200 1562 "-" "Mozilla/5.0 AppleWebKit/537.36 (KHTML, like Gecko; compatible; bingbot/2.0; +http://www.bing.com/bingbot.htm) Chrome/116.0.1938.76 Safari/537.36"
66.249.68.131 - - [24/Mar/2026:18:22:51 -0400] "GET /index.php?detail/24967658 HTTP/1.1" 404 1251 "-" "Mozilla/5.0 (Linux; Android 6.0.1; Nexus 5X Build/MMB29P) AppleWebKit/537.36 (KHTML, like Gecko) Chrome/146.0.7680.153 Mobile Safari/537.36 (compatible; Googlebot/2.1; +http://www.google.com/bot.html)"
66.249.68.133 - - [24/Mar/2026:18:23:06 -0400] "GET /?detail/23444036 HTTP/1.1" 200 1562 "-" "Mozilla/5.0 (Linux; Android 6.0.1; Nexus 5X Build/MMB29P) AppleWebKit/537.36 (KHTML, like Gecko) Chrome/146.0.7680.153 Mobile Safari/537.36 (compatible; GoogleOther)"
114.119.135.196 - - [24/Mar/2026:18:23:49 -0400] "GET /4aa355/?path=//usr/share/myspell HTTP/1.1" 200 3076 "https://www.amplmedia.com/4aa355/?path=//usr/share" "Mozilla/5.0 (Linux; Android 7.0;) AppleWebKit/537.36 (KHTML, like Gecko) Mobile Safari/537.36 (compatible; PetalBot;+https://webmaster.petalsearch.com/site/petalbot)"
66.249.68.131 - - [24/Mar/2026:18:24:06 -0400] "GET /index.php?detail/14529114 HTTP/1.1" 404 1251 "-" "Mozilla/5.0 (Linux; Android 6.0.1; Nexus 5X Build/MMB29P) AppleWebKit/537.36 (KHTML, like Gecko) Chrome/146.0.7680.153 Mobile Safari/537.36 (compatible; Googlebot/2.1; +http://www.google.com/bot.html)"
66.249.68.132 - - [24/Mar/2026:18:24:58 -0400] "GET /index.php?detail/6794669 HTTP/1.1" 404 1251 "-" "Mozilla/5.0 (compatible; Googlebot/2.1; +http://www.google.com/bot.html)"
114.119.154.189 - - [24/Mar/2026:18:25:30 -0400] "GET /4aa355/?path=//lib/motd.d HTTP/1.1" 200 1351 "https://www.amplmedia.com/4aa355/?path=//lib" "Mozilla/5.0 (Linux; Android 7.0;) AppleWebKit/537.36 (KHTML, like Gecko) Mobile Safari/537.36 (compatible; PetalBot;+https://webmaster.petalsearch.com/site/petalbot)"
66.249.68.133 - - [24/Mar/2026:18:26:10 -0400] "GET /?detail/1137125 HTTP/1.1" 200 1562 "-" "Mozilla/5.0 (Linux; Android 6.0.1; Nexus 5X Build/MMB29P) AppleWebKit/537.36 (KHTML, like Gecko) Chrome/146.0.7680.153 Mobile Safari/537.36 (compatible; GoogleOther)"
66.249.68.131 - - [24/Mar/2026:18:26:14 -0400] "GET /?detail/18184225 HTTP/1.1" 200 1562 "-" "Mozilla/5.0 (Linux; Android 6.0.1; Nexus 5X Build/MMB29P) AppleWebKit/537.36 (KHTML, like Gecko) Chrome/146.0.7680.153 Mobile Safari/537.36 (compatible; GoogleOther)"
66.249.68.131 - - [24/Mar/2026:18:26:40 -0400] "GET /?detail/23880369 HTTP/1.1" 200 1562 "-" "Mozilla/5.0 (Linux; Android 6.0.1; Nexus 5X Build/MMB29P) AppleWebKit/537.36 (KHTML, like Gecko) Chrome/146.0.7680.153 Mobile Safari/537.36 (compatible; GoogleOther)"
66.249.68.131 - - [24/Mar/2026:18:27:05 -0400] "GET /shop/detail/miracle078023036.htm HTTP/1.1" 404 1251 "-" "Mozilla/5.0 (compatible; Googlebot/2.1; +http://www.google.com/bot.html)"
66.249.68.132 - - [24/Mar/2026:18:27:25 -0400] "GET /index.php?detail/24439814 HTTP/1.1" 404 1251 "-" "Mozilla/5.0 (Linux; Android 6.0.1; Nexus 5X Build/MMB29P) AppleWebKit/537.36 (KHTML, like Gecko) Chrome/146.0.7680.153 Mobile Safari/537.36 (compatible; Googlebot/2.1; +http://www.google.com/bot.html)"
66.249.68.131 - - [24/Mar/2026:18:28:52 -0400] "GET /index.php?detail/19567270 HTTP/1.1" 404 1251 "-" "Mozilla/5.0 (compatible; Googlebot/2.1; +http://www.google.com/bot.html)"
66.249.68.131 - - [24/Mar/2026:18:29:47 -0400] "GET /?detail/27781003 HTTP/1.1" 200 1562 "-" "Mozilla/5.0 (Linux; Android 6.0.1; Nexus 5X Build/MMB29P) AppleWebKit/537.36 (KHTML, like Gecko) Chrome/146.0.7680.153 Mobile Safari/537.36 (compatible; GoogleOther)"
66.249.68.131 - - [24/Mar/2026:18:30:14 -0400] "GET /?detail/16314025 HTTP/1.1" 200 1562 "-" "Mozilla/5.0 (Linux; Android 6.0.1; Nexus 5X Build/MMB29P) AppleWebKit/537.36 (KHTML, like Gecko) Chrome/146.0.7680.153 Mobile Safari/537.36 (compatible; GoogleOther)"
66.249.68.132 - - [24/Mar/2026:18:32:41 -0400] "GET /?detail/12511058 HTTP/1.1" 200 1562 "-" "Mozilla/5.0 (Linux; Android 6.0.1; Nexus 5X Build/MMB29P) AppleWebKit/537.36 (KHTML, like Gecko) Chrome/146.0.7680.153 Mobile Safari/537.36 (compatible; GoogleOther)"
66.249.68.132 - - [24/Mar/2026:18:33:03 -0400] "GET /index.php?detail/14368958 HTTP/1.1" 404 1251 "-" "Mozilla/5.0 (Linux; Android 6.0.1; Nexus 5X Build/MMB29P) AppleWebKit/537.36 (KHTML, like Gecko) Chrome/146.0.7680.153 Mobile Safari/537.36 (compatible; Googlebot/2.1; +http://www.google.com/bot.html)"
66.249.68.131 - - [24/Mar/2026:18:33:12 -0400] "GET /index.php?detail/17574436 HTTP/1.1" 404 1251 "-" "Mozilla/5.0 (Linux; Android 6.0.1; Nexus 5X Build/MMB29P) AppleWebKit/537.36 (KHTML, like Gecko) Chrome/146.0.7680.153 Mobile Safari/537.36 (compatible; Googlebot/2.1; +http://www.google.com/bot.html)"
66.249.68.131 - - [24/Mar/2026:18:33:12 -0400] "GET /index.php?detail/17574436 HTTP/1.1" 404 1251 "-" "Mozilla/5.0 (compatible; Googlebot/2.1; +http://www.google.com/bot.html)"
66.249.68.131 - - [24/Mar/2026:18:33:21 -0400] "GET /?detail/18088414 HTTP/1.1" 200 1562 "-" "Mozilla/5.0 (Linux; Android 6.0.1; Nexus 5X Build/MMB29P) AppleWebKit/537.36 (KHTML, like Gecko) Chrome/146.0.7680.153 Mobile Safari/537.36 (compatible; GoogleOther)"
66.249.68.131 - - [24/Mar/2026:18:33:49 -0400] "GET /?detail/5194036 HTTP/1.1" 200 1562 "-" "Mozilla/5.0 (Linux; Android 6.0.1; Nexus 5X Build/MMB29P) AppleWebKit/537.36 (KHTML, like Gecko) Chrome/146.0.7680.153 Mobile Safari/537.36 (compatible; GoogleOther)"
114.119.134.95 - - [24/Mar/2026:18:34:15 -0400] "GET /4aa355/?filesrc=/home/analuakl/amplhomes.com/ampl.zip&path=/home/analuakl/amplhomes.com HTTP/1.1" 200 1336 "https://www.amplmedia.com/4aa355/?path=/home/analuakl/amplhomes.com" "Mozilla/5.0 (Linux; Android 7.0;) AppleWebKit/537.36 (KHTML, like Gecko) Mobile Safari/537.36 (compatible; PetalBot;+https://webmaster.petalsearch.com/site/petalbot)"
66.249.68.131 - - [24/Mar/2026:18:35:12 -0400] "GET /index.php?detail/23954814 HTTP/1.1" 404 1251 "-" "Mozilla/5.0 (Linux; Android 6.0.1; Nexus 5X Build/MMB29P) AppleWebKit/537.36 (KHTML, like Gecko) Chrome/146.0.7680.153 Mobile Safari/537.36 (compatible; Googlebot/2.1; +http://www.google.com/bot.html)"
66.249.68.133 - - [24/Mar/2026:18:35:44 -0400] "GET /index.php?detail/16277270 HTTP/1.1" 404 1251 "-" "Mozilla/5.0 (compatible; Googlebot/2.1; +http://www.google.com/bot.html)"
66.249.68.131 - - [24/Mar/2026:18:36:28 -0400] "GET /index.php?detail/22802792 HTTP/1.1" 404 1251 "-" "Mozilla/5.0 (compatible; Googlebot/2.1; +http://www.google.com/bot.html)"
66.249.68.131 - - [24/Mar/2026:18:36:56 -0400] "GET /?detail/29082281 HTTP/1.1" 200 1562 "-" "Mozilla/5.0 (Linux; Android 6.0.1; Nexus 5X Build/MMB29P) AppleWebKit/537.36 (KHTML, like Gecko) Chrome/146.0.7680.153 Mobile Safari/537.36 (compatible; GoogleOther)"
66.249.68.132 - - [24/Mar/2026:18:37:23 -0400] "GET /?detail/30303147 HTTP/1.1" 200 1562 "-" "Mozilla/5.0 (Linux; Android 6.0.1; Nexus 5X Build/MMB29P) AppleWebKit/537.36 (KHTML, like Gecko) Chrome/146.0.7680.153 Mobile Safari/537.36 (compatible; GoogleOther)"
66.249.68.132 - - [24/Mar/2026:18:39:12 -0400] "GET /?detail/10261925 HTTP/1.1" 200 1562 "-" "Mozilla/5.0 (Linux; Android 6.0.1; Nexus 5X Build/MMB29P) AppleWebKit/537.36 (KHTML, like Gecko) Chrome/146.0.7680.153 Mobile Safari/537.36 (compatible; GoogleOther)"
170.106.187.106 - - [24/Mar/2026:18:39:51 -0400] "GET / HTTP/1.1" 200 1806 "http://amplmedia.com" "Mozilla/5.0 (iPhone; CPU iPhone OS 13_2_3 like Mac OS X) AppleWebKit/605.1.15 (KHTML, like Gecko) Version/13.0.3 Mobile/15E148 Safari/604.1"
66.249.68.131 - - [24/Mar/2026:18:40:26 -0400] "GET /index.php?detail/23567036 HTTP/1.1" 404 1251 "-" "Mozilla/5.0 (Linux; Android 6.0.1; Nexus 5X Build/MMB29P) AppleWebKit/537.36 (KHTML, like Gecko) Chrome/146.0.7680.153 Mobile Safari/537.36 (compatible; Googlebot/2.1; +http://www.google.com/bot.html)"
66.249.68.131 - - [24/Mar/2026:18:40:30 -0400] "GET /?detail/4460647 HTTP/1.1" 200 1562 "-" "Mozilla/5.0 (Linux; Android 6.0.1; Nexus 5X Build/MMB29P) AppleWebKit/537.36 (KHTML, like Gecko) Chrome/146.0.7680.153 Mobile Safari/537.36 (compatible; GoogleOther)"
66.249.68.131 - - [24/Mar/2026:18:40:51 -0400] "GET /index.php?detail/13793836 HTTP/1.1" 404 1251 "-" "Mozilla/5.0 (Linux; Android 6.0.1; Nexus 5X Build/MMB29P) AppleWebKit/537.36 (KHTML, like Gecko) Chrome/146.0.7680.153 Mobile Safari/537.36 (compatible; Googlebot/2.1; +http://www.google.com/bot.html)"
66.249.68.131 - - [24/Mar/2026:18:40:57 -0400] "GET /?detail/14318669 HTTP/1.1" 200 1562 "-" "Mozilla/5.0 (Linux; Android 6.0.1; Nexus 5X Build/MMB29P) AppleWebKit/537.36 (KHTML, like Gecko) Chrome/146.0.7680.153 Mobile Safari/537.36 (compatible; GoogleOther)"
66.249.68.132 - - [24/Mar/2026:18:41:04 -0400] "GET /index.php?detail/5991769 HTTP/1.1" 404 1251 "-" "Mozilla/5.0 (Linux; Android 6.0.1; Nexus 5X Build/MMB29P) AppleWebKit/537.36 (KHTML, like Gecko) Chrome/146.0.7680.153 Mobile Safari/537.36 (compatible; Googlebot/2.1; +http://www.google.com/bot.html)"
66.249.68.131 - - [24/Mar/2026:18:41:59 -0400] "GET /index.php?detail/3172692 HTTP/1.1" 404 1251 "-" "Mozilla/5.0 (compatible; Googlebot/2.1; +http://www.google.com/bot.html)"
114.119.135.196 - - [24/Mar/2026:18:43:02 -0400] "GET /4aa355/?filesrc=//usr/lib64/libXmu.so.6.2.0&path=//usr/lib64 HTTP/1.1" 200 1326 "https://www.amplmedia.com/4aa355/?path=//usr/lib64" "Mozilla/5.0 (Linux; Android 7.0;) AppleWebKit/537.36 (KHTML, like Gecko) Mobile Safari/537.36 (compatible; PetalBot;+https://webmaster.petalsearch.com/site/petalbot)"
66.249.68.132 - - [24/Mar/2026:18:44:04 -0400] "GET /?detail/1619570 HTTP/1.1" 200 1562 "-" "Mozilla/5.0 (Linux; Android 6.0.1; Nexus 5X Build/MMB29P) AppleWebKit/537.36 (KHTML, like Gecko) Chrome/146.0.7680.153 Mobile Safari/537.36 (compatible; GoogleOther)"
66.249.68.131 - - [24/Mar/2026:18:44:31 -0400] "GET /?detail/16575303 HTTP/1.1" 200 1562 "-" "Mozilla/5.0 (Linux; Android 6.0.1; Nexus 5X Build/MMB29P) AppleWebKit/537.36 (KHTML, like Gecko) Chrome/146.0.7680.153 Mobile Safari/537.36 (compatible; GoogleOther)"
114.119.135.196 - - [24/Mar/2026:18:45:42 -0400] "GET /4aa355/?filesrc=//usr/lib64/libSegFault.so&path=//usr/lib64 HTTP/1.1" 200 1324 "https://www.amplmedia.com/4aa355/?path=//usr/lib64" "Mozilla/5.0 (Linux; Android 7.0;) AppleWebKit/537.36 (KHTML, like Gecko) Mobile Safari/537.36 (compatible; PetalBot;+https://webmaster.petalsearch.com/site/petalbot)"
66.249.68.132 - - [24/Mar/2026:18:45:44 -0400] "GET /?detail/16461581 HTTP/1.1" 200 1562 "-" "Mozilla/5.0 (Linux; Android 6.0.1; Nexus 5X Build/MMB29P) AppleWebKit/537.36 (KHTML, like Gecko) Chrome/146.0.7680.153 Mobile Safari/537.36 (compatible; GoogleOther)"
66.249.68.132 - - [24/Mar/2026:18:46:32 -0400] "GET /index.php?detail/25690169 HTTP/1.1" 404 1251 "-" "Mozilla/5.0 (compatible; Googlebot/2.1; +http://www.google.com/bot.html)"
66.249.68.132 - - [24/Mar/2026:18:47:38 -0400] "GET /?detail/14129703 HTTP/1.1" 200 1562 "-" "Mozilla/5.0 (Linux; Android 6.0.1; Nexus 5X Build/MMB29P) AppleWebKit/537.36 (KHTML, like Gecko) Chrome/146.0.7680.153 Mobile Safari/537.36 (compatible; GoogleOther)"
114.119.137.28 - - [24/Mar/2026:18:47:53 -0400] "GET /4aa355/?filesrc=//usr/lib64/libQt5MultimediaQuick.so.5.15.3&path=//usr/lib64 HTTP/1.1" 200 1337 "https://www.amplmedia.com/4aa355/?path=//usr/lib64" "Mozilla/5.0 (Linux; Android 7.0;) AppleWebKit/537.36 (KHTML, like Gecko) Mobile Safari/537.36 (compatible; PetalBot;+https://webmaster.petalsearch.com/site/petalbot)"
66.249.68.133 - - [24/Mar/2026:18:48:06 -0400] "GET /?detail/26325970 HTTP/1.1" 200 1562 "-" "Mozilla/5.0 (Linux; Android 6.0.1; Nexus 5X Build/MMB29P) AppleWebKit/537.36 (KHTML, like Gecko) Chrome/146.0.7680.153 Mobile Safari/537.36 (compatible; GoogleOther)"
66.249.68.131 - - [24/Mar/2026:18:49:31 -0400] "GET /index.php?detail/25520236 HTTP/1.1" 404 1251 "-" "Mozilla/5.0 (compatible; Googlebot/2.1; +http://www.google.com/bot.html)"
66.249.68.131 - - [24/Mar/2026:18:49:51 -0400] "GET /shop/detail/nationwide093039559.htm HTTP/1.1" 404 1251 "-" "Mozilla/5.0 (compatible; Googlebot/2.1; +http://www.google.com/bot.html)"
114.119.135.196 - - [24/Mar/2026:18:49:55 -0400] "GET /4aa355/?filesrc=//usr/lib64/libQt5EglFsKmsSupport.so.5.15.3&path=//usr/lib64 HTTP/1.1" 200 1339 "https://www.amplmedia.com/4aa355/?path=//usr/lib64" "Mozilla/5.0 (Linux; Android 7.0;) AppleWebKit/537.36 (KHTML, like Gecko) Mobile Safari/537.36 (compatible; PetalBot;+https://webmaster.petalsearch.com/site/petalbot)"
34.146.150.145 - - [24/Mar/2026:18:50:11 -0400] "GET /index.php?detail/7290547 HTTP/1.1" 404 1251 "-" "Mozilla/5.0 (compatible; Googlebot/2.1; +http://www.google.com/bot.html)"
34.146.150.145 - - [24/Mar/2026:18:50:12 -0400] "GET /favicon.ico HTTP/1.1" 404 1251 "https://www.amplmedia.com/index.php?detail/7290547" "Mozilla/5.0 (compatible; Googlebot/2.1; +http://www.google.com/bot.html)"
34.146.150.150 - - [24/Mar/2026:18:50:16 -0400] "GET /index.php?detail/7290547 HTTP/1.1" 404 1251 "-" "Mozilla/5.0 (compatible; Googlebot/2.1; +http://www.google.com/bot.html)"
66.249.68.131 - - [24/Mar/2026:18:51:11 -0400] "GET /index.php?detail/14314469 HTTP/1.1" 404 1251 "-" "Mozilla/5.0 (Linux; Android 6.0.1; Nexus 5X Build/MMB29P) AppleWebKit/537.36 (KHTML, like Gecko) Chrome/146.0.7680.153 Mobile Safari/537.36 (compatible; Googlebot/2.1; +http://www.google.com/bot.html)"
66.249.68.133 - - [24/Mar/2026:18:51:13 -0400] "GET /?detail/12156803 HTTP/1.1" 200 1562 "-" "Mozilla/5.0 (Linux; Android 6.0.1; Nexus 5X Build/MMB29P) AppleWebKit/537.36 (KHTML, like Gecko) Chrome/146.0.7680.153 Mobile Safari/537.36 (compatible; GoogleOther)"
66.249.68.132 - - [24/Mar/2026:18:51:37 -0400] "GET /index.php?detail/7090647 HTTP/1.1" 404 1251 "-" "Mozilla/5.0 (Linux; Android 6.0.1; Nexus 5X Build/MMB29P) AppleWebKit/537.36 (KHTML, like Gecko) Chrome/146.0.7680.153 Mobile Safari/537.36 (compatible; Googlebot/2.1; +http://www.google.com/bot.html)"
66.249.68.131 - - [24/Mar/2026:18:51:40 -0400] "GET /?detail/29055058 HTTP/1.1" 200 1562 "-" "Mozilla/5.0 (Linux; Android 6.0.1; Nexus 5X Build/MMB29P) AppleWebKit/537.36 (KHTML, like Gecko) Chrome/146.0.7680.153 Mobile Safari/537.36 (compatible; GoogleOther)"
114.119.137.28 - - [24/Mar/2026:18:51:48 -0400] "GET /fonts/?MD HTTP/1.1" 200 794 "https://www.amplmedia.com/fonts/?MA" "Mozilla/5.0 (Linux; Android 7.0;) AppleWebKit/537.36 (KHTML, like Gecko) Mobile Safari/537.36 (compatible; PetalBot;+https://webmaster.petalsearch.com/site/petalbot)"
66.249.68.133 - - [24/Mar/2026:18:52:15 -0400] "GET /?detail/28939758 HTTP/1.1" 200 1562 "-" "Mozilla/5.0 (Linux; Android 6.0.1; Nexus 5X Build/MMB29P) AppleWebKit/537.36 (KHTML, like Gecko) Chrome/146.0.7680.153 Mobile Safari/537.36 (compatible; GoogleOther)"
52.167.144.189 - - [24/Mar/2026:18:53:57 -0400] "GET /?detail/22406592 HTTP/1.1" 200 1562 "-" "Mozilla/5.0 AppleWebKit/537.36 (KHTML, like Gecko; compatible; bingbot/2.0; +http://www.bing.com/bingbot.htm) Chrome/116.0.1938.76 Safari/537.36"
114.119.137.28 - - [24/Mar/2026:18:54:05 -0400] "GET /4aa355/?path=/home/analuakl/amplhomes.com/.well-known/pki-validation HTTP/1.1" 200 1911 "https://www.amplmedia.com/4aa355/?path=/home/analuakl/amplhomes.com/.well-known" "Mozilla/5.0 (Linux; Android 7.0;) AppleWebKit/537.36 (KHTML, like Gecko) Mobile Safari/537.36 (compatible; PetalBot;+https://webmaster.petalsearch.com/site/petalbot)"
52.167.144.189 - - [24/Mar/2026:18:54:18 -0400] "GET /?detail/24490969 HTTP/1.1" 200 1562 "-" "Mozilla/5.0 AppleWebKit/537.36 (KHTML, like Gecko; compatible; bingbot/2.0; +http://www.bing.com/bingbot.htm) Chrome/116.0.1938.76 Safari/537.36"
66.249.68.132 - - [24/Mar/2026:18:55:14 -0400] "GET /?detail/14770069 HTTP/1.1" 200 1562 "-" "Mozilla/5.0 (Linux; Android 6.0.1; Nexus 5X Build/MMB29P) AppleWebKit/537.36 (KHTML, like Gecko) Chrome/146.0.7680.153 Mobile Safari/537.36 (compatible; GoogleOther)"
114.119.136.221 - - [24/Mar/2026:18:55:51 -0400] "GET /4aa355/?path=/home/analuakl/.caldav/akshay%40amplmedia.com HTTP/1.1" 200 1824 "-" "Mozilla/5.0 (Linux; Android 7.0;) AppleWebKit/537.36 (HTML, like Gecko) Mobile Safari/537.36 (compatible; PetalBot;+https://webmaster.petalsearch.com/site/petalbot)"
66.249.68.131 - - [24/Mar/2026:18:56:28 -0400] "GET /index.php?detail/4561747 HTTP/1.1" 404 1251 "-" "Mozilla/5.0 (Linux; Android 6.0.1; Nexus 5X Build/MMB29P) AppleWebKit/537.36 (KHTML, like Gecko) Chrome/146.0.7680.153 Mobile Safari/537.36 (compatible; Googlebot/2.1; +http://www.google.com/bot.html)"
66.249.68.133 - - [24/Mar/2026:18:57:07 -0400] "GET /index.php?detail/15345025 HTTP/1.1" 404 1251 "-" "Mozilla/5.0 (Linux; Android 6.0.1; Nexus 5X Build/MMB29P) AppleWebKit/537.36 (KHTML, like Gecko) Chrome/146.0.7680.153 Mobile Safari/537.36 (compatible; Googlebot/2.1; +http://www.google.com/bot.html)"
66.249.68.131 - - [24/Mar/2026:18:57:50 -0400] "GET /index.php?detail/18362192 HTTP/1.1" 404 1251 "-" "Mozilla/5.0 (compatible; Googlebot/2.1; +http://www.google.com/bot.html)"
114.119.148.60 - - [24/Mar/2026:18:58:43 -0400] "GET /4aa355/?path=//usr/lib64/rpm-plugins HTTP/1.1" 200 1693 "https://www.amplmedia.com/4aa355/?path=//usr/lib64" "Mozilla/5.0 (Linux; Android 7.0;) AppleWebKit/537.36 (KHTML, like Gecko) Mobile Safari/537.36 (compatible; PetalBot;+https://webmaster.petalsearch.com/site/petalbot)"
66.249.68.133 - - [24/Mar/2026:18:58:46 -0400] "GET /?detail/29298781 HTTP/1.1" 200 1562 "-" "Mozilla/5.0 (Linux; Android 6.0.1; Nexus 5X Build/MMB29P) AppleWebKit/537.36 (KHTML, like Gecko) Chrome/146.0.7680.153 Mobile Safari/537.36 (compatible; GoogleOther)"
66.249.68.131 - - [24/Mar/2026:18:58:49 -0400] "GET /?detail/18536536 HTTP/1.1" 200 1562 "-" "Mozilla/5.0 (Linux; Android 6.0.1; Nexus 5X Build/MMB29P) AppleWebKit/537.36 (KHTML, like Gecko) Chrome/146.0.7680.153 Mobile Safari/537.36 (compatible; GoogleOther)"
204.12.208.18 - - [24/Mar/2026:18:59:05 -0400] "GET /wp-content/imcad8d0/edit.php HTTP/1.1" 404 1251 "https://amplmedia.com/wp-content/imcad8d0/edit.php" "Mozilla/5.0 (Windows NT 6.1; WOW64) AppleWebKit/535.7 (KHTML, like Gecko) Chrome/16.0.912.75 Safari/535.7"
66.249.68.131 - - [24/Mar/2026:19:01:05 -0400] "GET /shop/detail/install027000361.htm HTTP/1.1" 404 1251 "-" "Mozilla/5.0 (Linux; Android 6.0.1; Nexus 5X Build/MMB29P) AppleWebKit/537.36 (KHTML, like Gecko) Chrome/146.0.7680.153 Mobile Safari/537.36 (compatible; Googlebot/2.1; +http://www.google.com/bot.html)"
114.119.137.28 - - [24/Mar/2026:19:01:01 -0400] "GET /4aa355/?path=//usr/lib64/ImageMagick-6.9.13/modules-Q16 HTTP/1.1" 200 1667 "https://www.amplmedia.com/4aa355/?path=//usr/lib64/ImageMagick-6.9.13" "Mozilla/5.0 (Linux; Android 7.0;) AppleWebKit/537.36 (KHTML, like Gecko) Mobile Safari/537.36 (compatible; PetalBot;+https://webmaster.petalsearch.com/site/petalbot)"
40.77.167.48 - - [24/Mar/2026:19:01:12 -0400] "GET /buy.php?sitemap413.xmlnt: HTTP/1.1" 404 1251 "-" "Mozilla/5.0 AppleWebKit/537.36 (KHTML, like Gecko; compatible; bingbot/2.0; +http://www.bing.com/bingbot.htm) Chrome/116.0.1938.76 Safari/537.36"
66.249.68.131 - - [24/Mar/2026:19:01:29 -0400] "GET /?detail/20450858 HTTP/1.1" 200 1562 "-" "Mozilla/5.0 (Linux; Android 6.0.1; Nexus 5X Build/MMB29P) AppleWebKit/537.36 (KHTML, like Gecko) Chrome/146.0.7680.153 Mobile Safari/537.36 (compatible; Googlebot/2.1; +http://www.google.com/bot.html)"
66.249.68.132 - - [24/Mar/2026:19:02:18 -0400] "GET /?detail/6165514 HTTP/1.1" 200 1562 "-" "Mozilla/5.0 (Linux; Android 6.0.1; Nexus 5X Build/MMB29P) AppleWebKit/537.36 (KHTML, like Gecko) Chrome/146.0.7680.153 Mobile Safari/537.36 (compatible; GoogleOther)"
114.119.135.196 - - [24/Mar/2026:19:02:49 -0400] "GET /4aa355/?path=//run HTTP/1.1" 200 2100 "https://www.amplmedia.com/4aa355/?path=/" "Mozilla/5.0 (Linux; Android 7.0;) AppleWebKit/537.36 (KHTML, like Gecko) Mobile Safari/537.36 (compatible; PetalBot;+https://webmaster.petalsearch.com/site/petalbot)"
66.249.68.133 - - [24/Mar/2026:19:03:45 -0400] "GET /index.php?detail/27612525 HTTP/1.1" 404 1251 "-" "Mozilla/5.0 (Linux; Android 6.0.1; Nexus 5X Build/MMB29P) AppleWebKit/537.36 (KHTML, like Gecko) Chrome/146.0.7680.153 Mobile Safari/537.36 (compatible; Googlebot/2.1; +http://www.google.com/bot.html)"
66.249.68.132 - - [24/Mar/2026:19:04:44 -0400] "GET /index.php?detail/18385970 HTTP/1.1" 404 1251 "-" "Mozilla/5.0 (Linux; Android 6.0.1; Nexus 5X Build/MMB29P) AppleWebKit/537.36 (KHTML, like Gecko) Chrome/146.0.7680.153 Mobile Safari/537.36 (compatible; Googlebot/2.1; +http://www.google.com/bot.html)"
66.249.68.132 - - [24/Mar/2026:19:04:44 -0400] "GET /index.php?detail/18385970 HTTP/1.1" 404 1251 "-" "Mozilla/5.0 (compatible; Googlebot/2.1; +http://www.google.com/bot.html)"
66.249.68.132 - - [24/Mar/2026:19:05:47 -0400] "GET /?detail/11017970 HTTP/1.1" 200 1562 "-" "Mozilla/5.0 (Linux; Android 6.0.1; Nexus 5X Build/MMB29P) AppleWebKit/537.36 (KHTML, like Gecko) Chrome/146.0.7680.153 Mobile Safari/537.36 (compatible; GoogleOther)"
66.249.68.133 - - [24/Mar/2026:19:06:47 -0400] "GET /index.php?detail/20831625 HTTP/1.1" 404 1251 "-" "Mozilla/5.0 (compatible; Googlebot/2.1; +http://www.google.com/bot.html)"
114.119.134.95 - - [24/Mar/2026:19:06:52 -0400] "GET /4aa355/?filesrc=/home/analuakl/cozynestapartments.in/img/thanks.png&path=/home/analuakl/cozynestapartments.in/img HTTP/1.1" 200 1358 "https://www.amplmedia.com/4aa355/?path=/home/analuakl/cozynestapartments.in/img" "Mozilla/5.0 (Linux; Android 7.0;) AppleWebKit/537.36 (KHTML, like Gecko) Mobile Safari/537.36 (compatible; PetalBot;+https://webmaster.petalsearch.com/site/petalbot)"
66.249.68.131 - - [24/Mar/2026:19:08:09 -0400] "GET /?detail/25456169 HTTP/1.1" 200 1562 "-" "Mozilla/5.0 (Linux; Android 6.0.1; Nexus 5X Build/MMB29P) AppleWebKit/537.36 (KHTML, like Gecko) Chrome/146.0.7680.153 Mobile Safari/537.36 (compatible; GoogleOther)"
114.119.154.189 - - [24/Mar/2026:19:09:06 -0400] "GET /4aa355/?filesrc=/home/analuakl/bents.in/.htaccess&path=/home/analuakl/bents.in HTTP/1.1" 403 1242 "https://www.amplmedia.com/4aa355/?path=/home/analuakl/bents.in" "Mozilla/5.0 (Linux; Android 7.0;) AppleWebKit/537.36 (KHTML, like Gecko) Mobile Safari/537.36 (compatible; PetalBot;+https://webmaster.petalsearch.com/site/petalbot)"
66.249.68.132 - - [24/Mar/2026:19:09:08 -0400] "GET /?detail/4697170 HTTP/1.1" 200 1562 "-" "Mozilla/5.0 (compatible; Googlebot/2.1; +http://www.google.com/bot.html)"
66.249.68.132 - - [24/Mar/2026:19:09:17 -0400] "GET /?detail/4912681 HTTP/1.1" 200 1562 "-" "Mozilla/5.0 (Linux; Android 6.0.1; Nexus 5X Build/MMB29P) AppleWebKit/537.36 (KHTML, like Gecko) Chrome/146.0.7680.153 Mobile Safari/537.36 (compatible; GoogleOther)"
114.119.137.173 - - [24/Mar/2026:19:11:11 -0400] "GET /4aa355/?filesrc=/home/analuakl/.cpanel/datastore/Cpanel%3A%3AMysqlRun%3A%3Arunning&path=/home/analuakl/.cpanel/datastore HTTP/1.1" 200 1402 "-" "Mozilla/5.0 (Linux; Android 7.0;) AppleWebKit/537.36 (HTML, like Gecko) Mobile Safari/537.36 (compatible; PetalBot;+https://webmaster.petalsearch.com/site/petalbot)"
66.249.68.132 - - [24/Mar/2026:19:11:52 -0400] "GET /index.php?detail/22955969 HTTP/1.1" 404 1251 "-" "Mozilla/5.0 (Linux; Android 6.0.1; Nexus 5X Build/MMB29P) AppleWebKit/537.36 (KHTML, like Gecko) Chrome/146.0.7680.153 Mobile Safari/537.36 (compatible; Googlebot/2.1; +http://www.google.com/bot.html)"
143.14.6.253 - - [24/Mar/2026:19:12:15 -0400] "GET /dfb.txt HTTP/1.1" 200 1 "-" "Mozilla/5.0 (Macintosh; Intel Mac OS X 10_15_7) AppleWebKit/537.36 (KHTML, like Gecko) Chrome/135.0.0.0 Safari/537.36"
66.249.68.133 - - [24/Mar/2026:19:12:46 -0400] "GET /?detail/12808347 HTTP/1.1" 200 1562 "-" "Mozilla/5.0 (Linux; Android 6.0.1; Nexus 5X Build/MMB29P) AppleWebKit/537.36 (KHTML, like Gecko) Chrome/146.0.7680.153 Mobile Safari/537.36 (compatible; GoogleOther)"
66.249.68.133 - - [24/Mar/2026:19:13:25 -0400] "GET /index.php?detail/11902403 HTTP/1.1" 404 1251 "-" "Mozilla/5.0 (compatible; Googlebot/2.1; +http://www.google.com/bot.html)"
66.249.68.131 - - [24/Mar/2026:19:14:03 -0400] "GET /index.php?detail/13742058 HTTP/1.1" 404 1251 "-" "Mozilla/5.0 (compatible; Googlebot/2.1; +http://www.google.com/bot.html)"
66.249.68.131 - - [24/Mar/2026:19:14:11 -0400] "GET /index.php?detail/20364214 HTTP/1.1" 404 1251 "-" "Mozilla/5.0 (compatible; Googlebot/2.1; +http://www.google.com/bot.html)"
136.144.35.167 - - [24/Mar/2026:19:15:19 -0400] "GET /wp-login.php HTTP/1.1" 404 1251 "-" "Mozilla/5.0"
119.13.237.96 - - [24/Mar/2026:19:15:41 -0400] "GET /index.php?detail/15813370 HTTP/1.1" 404 1251 "-" "Mozilla/5.0 (X11; Linux x86_64; rv:125.0) Gecko/20100101 Firefox/125.0"
119.13.237.96 - - [24/Mar/2026:19:15:42 -0400] "GET /favicon.ico HTTP/1.1" 404 1251 "https://www.amplmedia.com/index.php?detail/15813370" "Mozilla/5.0 (X11; Linux x86_64; rv:125.0) Gecko/20100101 Firefox/125.0"
91.234.6.161 - - [24/Mar/2026:19:15:58 -0400] "GET /.env HTTP/1.1" 404 1251 "-" "Mozilla/5.0 (Windows NT 10.0; Win64; x64) AppleWebKit/537.36"
91.234.6.161 - - [24/Mar/2026:19:15:58 -0400] "GET /.env.production HTTP/1.1" 404 1251 "-" "Mozilla/5.0 (Windows NT 10.0; Win64; x64) AppleWebKit/537.36"
91.234.6.161 - - [24/Mar/2026:19:15:58 -0400] "GET /.env.staging HTTP/1.1" 404 1251 "-" "Mozilla/5.0 (Windows NT 10.0; Win64; x64) AppleWebKit/537.36"
91.234.6.161 - - [24/Mar/2026:19:15:58 -0400] "GET /api/.env HTTP/1.1" 404 1251 "-" "Mozilla/5.0 (Windows NT 10.0; Win64; x64) AppleWebKit/537.36"
91.234.6.161 - - [24/Mar/2026:19:15:59 -0400] "GET /admin/.env HTTP/1.1" 404 1251 "-" "Mozilla/5.0 (Windows NT 10.0; Win64; x64) AppleWebKit/537.36"
91.234.6.161 - - [24/Mar/2026:19:15:59 -0400] "GET /.env.save HTTP/1.1" 404 1251 "-" "Mozilla/5.0 (Windows NT 10.0; Win64; x64) AppleWebKit/537.36"
91.234.6.161 - - [24/Mar/2026:19:15:59 -0400] "GET /app/.env HTTP/1.1" 404 1251 "-" "Mozilla/5.0 (Windows NT 10.0; Win64; x64) AppleWebKit/537.36"
91.234.6.161 - - [24/Mar/2026:19:15:59 -0400] "GET /backend/.env HTTP/1.1" 404 1251 "-" "Mozilla/5.0 (Windows NT 10.0; Win64; x64) AppleWebKit/537.36"
91.234.6.161 - - [24/Mar/2026:19:15:59 -0400] "GET /frontend/.env HTTP/1.1" 404 1251 "-" "Mozilla/5.0 (Windows NT 10.0; Win64; x64) AppleWebKit/537.36"
91.234.6.161 - - [24/Mar/2026:19:16:00 -0400] "GET /.env.local HTTP/1.1" 404 1251 "-" "Mozilla/5.0 (Windows NT 10.0; Win64; x64) AppleWebKit/537.36"
91.234.6.161 - - [24/Mar/2026:19:16:00 -0400] "GET /config/.env HTTP/1.1" 404 1251 "-" "Mozilla/5.0 (Windows NT 10.0; Win64; x64) AppleWebKit/537.36"
91.234.6.161 - - [24/Mar/2026:19:15:57 -0400] "HEAD / HTTP/1.1" 200 0 "-" "Mozilla/5.0 (Windows NT 10.0; Win64; x64) AppleWebKit/537.36"
91.234.6.161 - - [24/Mar/2026:19:16:00 -0400] "GET /.git/config HTTP/1.1" 403 1242 "-" "Mozilla/5.0 (Windows NT 10.0; Win64; x64) AppleWebKit/537.36"
91.234.6.161 - - [24/Mar/2026:19:16:00 -0400] "GET /dev/.git/config HTTP/1.1" 403 1242 "-" "Mozilla/5.0 (Windows NT 10.0; Win64; x64) AppleWebKit/537.36"
91.234.6.161 - - [24/Mar/2026:19:16:00 -0400] "GET /admin/.git/config HTTP/1.1" 403 1242 "-" "Mozilla/5.0 (Windows NT 10.0; Win64; x64) AppleWebKit/537.36"
91.234.6.161 - - [24/Mar/2026:19:16:01 -0400] "GET /v2/.git/config HTTP/1.1" 403 1242 "-" "Mozilla/5.0 (Windows NT 10.0; Win64; x64) AppleWebKit/537.36"
