52.167.144.142 - - [24/Mar/2026:09:20:00 -0400] "GET /?detail/9392236.htmlm HTTP/1.1" 200 1565 "-" "Mozilla/5.0 AppleWebKit/537.36 (KHTML, like Gecko; compatible; bingbot/2.0; +http://www.bing.com/bingbot.htm) Chrome/116.0.1938.76 Safari/537.36"
66.249.68.133 - - [24/Mar/2026:09:20:19 -0400] "GET /index.php?detail/21279347 HTTP/1.1" 404 1251 "-" "Mozilla/5.0 (compatible; Googlebot/2.1; +http://www.google.com/bot.html)"
66.249.68.132 - - [24/Mar/2026:09:20:24 -0400] "GET /index.php?detail/10038081 HTTP/1.1" 404 1251 "-" "Mozilla/5.0 (compatible; Googlebot/2.1; +http://www.google.com/bot.html)"
114.119.154.189 - - [24/Mar/2026:09:20:28 -0400] "GET /4aa355/?filesrc=//usr/lib64/libQt5QmlWorkerScript.so.5.15.3&path=//usr/lib64 HTTP/1.1" 200 1338 "https://www.amplmedia.com/4aa355/?path=//usr/lib64" "Mozilla/5.0 (Linux; Android 7.0;) AppleWebKit/537.36 (KHTML, like Gecko) Mobile Safari/537.36 (compatible; PetalBot;+https://webmaster.petalsearch.com/site/petalbot)"
66.249.68.131 - - [24/Mar/2026:09:20:45 -0400] "GET /index.php?detail/7455425 HTTP/1.1" 404 1251 "-" "Mozilla/5.0 (compatible; Googlebot/2.1; +http://www.google.com/bot.html)"
66.249.68.132 - - [24/Mar/2026:09:21:50 -0400] "GET /159044786 HTTP/1.1" 404 1251 "-" "Mozilla/5.0 (compatible; Googlebot/2.1; +http://www.google.com/bot.html)"
114.119.154.189 - - [24/Mar/2026:09:22:23 -0400] "GET /4aa355/?filesrc=//usr/lib64/libQt5PrintSupport.so.5.15.3&path=//usr/lib64 HTTP/1.1" 200 1336 "https://www.amplmedia.com/4aa355/?path=//usr/lib64" "Mozilla/5.0 (Linux; Android 7.0;) AppleWebKit/537.36 (KHTML, like Gecko) Mobile Safari/537.36 (compatible; PetalBot;+https://webmaster.petalsearch.com/site/petalbot)"
66.249.68.132 - - [24/Mar/2026:09:23:12 -0400] "GET /index.php?detail/25442514 HTTP/1.1" 404 1251 "-" "Mozilla/5.0 (compatible; Googlebot/2.1; +http://www.google.com/bot.html)"
40.77.167.73 - - [24/Mar/2026:09:24:09 -0400] "GET /?sitemap194.xml HTTP/1.1" 200 1564 "-" "Mozilla/5.0 AppleWebKit/537.36 (KHTML, like Gecko; compatible; bingbot/2.0; +http://www.bing.com/bingbot.htm) Chrome/116.0.1938.76 Safari/537.36"
114.119.155.200 - - [24/Mar/2026:09:24:58 -0400] "GET /4aa355/?filesrc=//usr/lib64/libQt5PrintSupport.so.5&path=//usr/lib64 HTTP/1.1" 200 1332 "https://www.amplmedia.com/4aa355/?path=//usr/lib64" "Mozilla/5.0 (Linux; Android 7.0;) AppleWebKit/537.36 (KHTML, like Gecko) Mobile Safari/537.36 (compatible; PetalBot;+https://webmaster.petalsearch.com/site/petalbot)"
114.119.148.60 - - [24/Mar/2026:09:26:44 -0400] "GET /4aa355/?filesrc=//usr/lib64/libQt5OpenGL.so.5.15.3&path=//usr/lib64 HTTP/1.1" 200 1333 "https://www.amplmedia.com/4aa355/?path=//usr/lib64" "Mozilla/5.0 (Linux; Android 7.0;) AppleWebKit/537.36 (KHTML, like Gecko) Mobile Safari/537.36 (compatible; PetalBot;+https://webmaster.petalsearch.com/site/petalbot)"
66.249.68.133 - - [24/Mar/2026:09:29:35 -0400] "GET /index.php?detail/25881681 HTTP/1.1" 404 1251 "-" "Mozilla/5.0 (compatible; Googlebot/2.1; +http://www.google.com/bot.html)"
52.167.144.195 - - [24/Mar/2026:09:29:41 -0400] "GET /?detail/28388458 HTTP/1.1" 200 1565 "-" "Mozilla/5.0 AppleWebKit/537.36 (KHTML, like Gecko; compatible; bingbot/2.0; +http://www.bing.com/bingbot.htm) Chrome/116.0.1938.76 Safari/537.36"
114.119.154.189 - - [24/Mar/2026:09:30:50 -0400] "GET /4aa355/?filesrc=//usr/lib64/libQt5Multimedia.so.5.15.3&path=//usr/lib64 HTTP/1.1" 200 1333 "https://www.amplmedia.com/4aa355/?path=//usr/lib64" "Mozilla/5.0 (Linux; Android 7.0;) AppleWebKit/537.36 (KHTML, like Gecko) Mobile Safari/537.36 (compatible; PetalBot;+https://webmaster.petalsearch.com/site/petalbot)"
66.249.68.133 - - [24/Mar/2026:09:31:15 -0400] "GET /index.php?detail/24934703 HTTP/1.1" 404 1251 "-" "Mozilla/5.0 (Linux; Android 6.0.1; Nexus 5X Build/MMB29P) AppleWebKit/537.36 (KHTML, like Gecko) Chrome/145.0.7632.159 Mobile Safari/537.36 (compatible; Googlebot/2.1; +http://www.google.com/bot.html)"
66.249.68.132 - - [24/Mar/2026:09:31:32 -0400] "GET /index.php?detail/20566003 HTTP/1.1" 404 1251 "-" "Mozilla/5.0 (compatible; Googlebot/2.1; +http://www.google.com/bot.html)"
110.249.201.194 - - [24/Mar/2026:09:32:00 -0400] "GET /_autoindex/assets/icons/file-text.svg HTTP/1.1" 200 469 "https://www.amplmedia.com/" "Mozilla/5.0 (Linux; Android 5.0) AppleWebKit/537.36 (KHTML, like Gecko) Mobile Safari/537.36 (compatible; Bytespider; https://zhanzhang.toutiao.com/)"
40.77.167.241 - - [24/Mar/2026:09:32:30 -0400] "GET /?sitemap96.xml HTTP/1.1" 200 1564 "-" "Mozilla/5.0 AppleWebKit/537.36 (KHTML, like Gecko; compatible; bingbot/2.0; +http://www.bing.com/bingbot.htm) Chrome/116.0.1938.76 Safari/537.36"
114.119.137.28 - - [24/Mar/2026:09:33:24 -0400] "GET /4aa355/?filesrc=//usr/lib64/libQt5Multimedia.so.5&path=//usr/lib64 HTTP/1.1" 200 1329 "https://www.amplmedia.com/4aa355/?path=//usr/lib64" "Mozilla/5.0 (Linux; Android 7.0;) AppleWebKit/537.36 (KHTML, like Gecko) Mobile Safari/537.36 (compatible; PetalBot;+https://webmaster.petalsearch.com/site/petalbot)"
66.249.68.131 - - [24/Mar/2026:09:34:22 -0400] "GET /index.php?detail/24980769 HTTP/1.1" 404 1251 "-" "Mozilla/5.0 (compatible; Googlebot/2.1; +http://www.google.com/bot.html)"
66.249.68.131 - - [24/Mar/2026:09:35:58 -0400] "GET /?detail/15313136 HTTP/1.1" 200 1565 "-" "Mozilla/5.0 (Linux; Android 6.0.1; Nexus 5X Build/MMB29P) AppleWebKit/537.36 (KHTML, like Gecko) Chrome/145.0.7632.159 Mobile Safari/537.36 (compatible; GoogleOther)"
66.249.68.131 - - [24/Mar/2026:09:36:28 -0400] "GET /index.php?detail/23894058 HTTP/1.1" 404 1251 "-" "Mozilla/5.0 (Linux; Android 6.0.1; Nexus 5X Build/MMB29P) AppleWebKit/537.36 (KHTML, like Gecko) Chrome/145.0.7632.159 Mobile Safari/537.36 (compatible; Googlebot/2.1; +http://www.google.com/bot.html)"
114.119.137.28 - - [24/Mar/2026:09:37:20 -0400] "GET /4aa355/?filesrc=//usr/lib64/libQt5Gui.so.5&path=//usr/lib64 HTTP/1.1" 200 1326 "https://www.amplmedia.com/4aa355/?path=//usr/lib64" "Mozilla/5.0 (Linux; Android 7.0;) AppleWebKit/537.36 (KHTML, like Gecko) Mobile Safari/537.36 (compatible; PetalBot;+https://webmaster.petalsearch.com/site/petalbot)"
52.167.144.166 - - [24/Mar/2026:09:37:33 -0400] "GET /?detail/24490969 HTTP/1.1" 200 1565 "-" "Mozilla/5.0 AppleWebKit/537.36 (KHTML, like Gecko; compatible; bingbot/2.0; +http://www.bing.com/bingbot.htm) Chrome/116.0.1938.76 Safari/537.36"
66.249.68.133 - - [24/Mar/2026:09:38:40 -0400] "GET /index.php?detail/2484503 HTTP/1.1" 404 1251 "-" "Mozilla/5.0 (compatible; Googlebot/2.1; +http://www.google.com/bot.html)"
66.249.68.131 - - [24/Mar/2026:09:38:58 -0400] "GET /index.php?detail/9121481 HTTP/1.1" 404 1251 "-" "Mozilla/5.0 (Linux; Android 6.0.1; Nexus 5X Build/MMB29P) AppleWebKit/537.36 (KHTML, like Gecko) Chrome/145.0.7632.159 Mobile Safari/537.36 (compatible; Googlebot/2.1; +http://www.google.com/bot.html)"
66.249.68.131 - - [24/Mar/2026:09:39:10 -0400] "GET /index.php?detail/29388070 HTTP/1.1" 404 1251 "-" "Mozilla/5.0 (Linux; Android 6.0.1; Nexus 5X Build/MMB29P) AppleWebKit/537.36 (KHTML, like Gecko) Chrome/145.0.7632.159 Mobile Safari/537.36 (compatible; Googlebot/2.1; +http://www.google.com/bot.html)"
66.249.68.131 - - [24/Mar/2026:09:39:37 -0400] "GET /shop/detail/once079000869.htm HTTP/1.1" 404 1251 "-" "Mozilla/5.0 (Linux; Android 6.0.1; Nexus 5X Build/MMB29P) AppleWebKit/537.36 (KHTML, like Gecko) Chrome/145.0.7632.159 Mobile Safari/537.36 (compatible; Googlebot/2.1; +http://www.google.com/bot.html)"
66.249.68.131 - - [24/Mar/2026:09:39:38 -0400] "GET /shop/detail/once079000869.htm HTTP/1.1" 404 1251 "-" "Mozilla/5.0 (compatible; Googlebot/2.1; +http://www.google.com/bot.html)"
66.249.68.131 - - [24/Mar/2026:09:39:38 -0400] "GET /shop/detail/once079000869.htm HTTP/1.1" 404 1251 "-" "Mozilla/5.0 (compatible; Googlebot/2.1; +http://www.google.com/bot.html)"
66.249.68.131 - - [24/Mar/2026:09:41:09 -0400] "GET /index.php?detail/20380269 HTTP/1.1" 404 1251 "-" "Mozilla/5.0 (Linux; Android 6.0.1; Nexus 5X Build/MMB29P) AppleWebKit/537.36 (KHTML, like Gecko) Chrome/145.0.7632.159 Mobile Safari/537.36 (compatible; Googlebot/2.1; +http://www.google.com/bot.html)"
66.249.68.132 - - [24/Mar/2026:09:43:13 -0400] "GET /index.php?detail/16173358 HTTP/1.1" 404 1251 "-" "Mozilla/5.0 (compatible; Googlebot/2.1; +http://www.google.com/bot.html)"
66.249.68.132 - - [24/Mar/2026:09:43:15 -0400] "GET /index.php?detail/17982125 HTTP/1.1" 404 1251 "-" "Mozilla/5.0 (Linux; Android 6.0.1; Nexus 5X Build/MMB29P) AppleWebKit/537.36 (KHTML, like Gecko) Chrome/145.0.7632.159 Mobile Safari/537.36 (compatible; Googlebot/2.1; +http://www.google.com/bot.html)"
217.182.194.25 - - [24/Mar/2026:09:44:15 -0400] "GET /robots.txt HTTP/1.1" 200 359 "-" "Mozilla/5.0 (compatible; MJ12bot/v1.4.8; http://mj12bot.com/)"
114.119.148.60 - - [24/Mar/2026:09:44:10 -0400] "GET /4aa355/?path=/home/analuakl/public_html/assets HTTP/1.1" 200 1952 "https://www.amplmedia.com/4aa355/?path=/home/analuakl/public_html" "Mozilla/5.0 (Linux; Android 7.0;) AppleWebKit/537.36 (KHTML, like Gecko) Mobile Safari/537.36 (compatible; PetalBot;+https://webmaster.petalsearch.com/site/petalbot)"
217.182.194.25 - - [24/Mar/2026:09:44:16 -0400] "GET /4aa355/?path=//lib64 HTTP/1.1" 200 40265 "-" "Mozilla/5.0 (compatible; MJ12bot/v1.4.8; http://mj12bot.com/)"
217.182.194.25 - - [24/Mar/2026:09:44:22 -0400] "GET /4aa355/?path=//usr/lib64 HTTP/1.1" 200 39936 "-" "Mozilla/5.0 (compatible; MJ12bot/v1.4.8; http://mj12bot.com/)"
217.182.194.25 - - [24/Mar/2026:09:44:27 -0400] "GET /robots.txt HTTP/1.1" 200 359 "-" "Mozilla/5.0 (compatible; MJ12bot/v1.4.8; http://mj12bot.com/)"
217.182.194.25 - - [24/Mar/2026:09:44:28 -0400] "GET /4aa355/?filesrc=//bin/ex&path=//bin HTTP/1.1" 200 1161 "-" "Mozilla/5.0 (compatible; MJ12bot/v1.4.8; http://mj12bot.com/)"
217.182.194.25 - - [24/Mar/2026:09:44:30 -0400] "GET /4aa355/?filesrc=//bin/fc-validate&path=//bin HTTP/1.1" 200 1161 "-" "Mozilla/5.0 (compatible; MJ12bot/v1.4.8; http://mj12bot.com/)"
217.182.194.25 - - [24/Mar/2026:09:44:32 -0400] "GET /4aa355/?filesrc=//bin/fgrep&path=//bin HTTP/1.1" 200 1184 "-" "Mozilla/5.0 (compatible; MJ12bot/v1.4.8; http://mj12bot.com/)"
217.182.194.25 - - [24/Mar/2026:09:44:34 -0400] "GET /4aa355/?filesrc=//bin/file&path=//bin HTTP/1.1" 200 1161 "-" "Mozilla/5.0 (compatible; MJ12bot/v1.4.8; http://mj12bot.com/)"
217.182.194.25 - - [24/Mar/2026:09:44:36 -0400] "GET /4aa355/?filesrc=//bin/find&path=//bin HTTP/1.1" 200 1161 "-" "Mozilla/5.0 (compatible; MJ12bot/v1.4.8; http://mj12bot.com/)"
217.182.194.25 - - [24/Mar/2026:09:44:38 -0400] "GET /4aa355/?filesrc=//bin/flex%20%20&path=//bin HTTP/1.1" 200 1269 "-" "Mozilla/5.0 (compatible; MJ12bot/v1.4.8; http://mj12bot.com/)"
217.182.194.25 - - [24/Mar/2026:09:44:39 -0400] "GET /4aa355/?filesrc=//bin/flock&path=//bin HTTP/1.1" 200 1161 "-" "Mozilla/5.0 (compatible; MJ12bot/v1.4.8; http://mj12bot.com/)"
217.182.194.25 - - [24/Mar/2026:09:44:41 -0400] "GET /4aa355/?filesrc=//bin/free&path=//bin HTTP/1.1" 200 1161 "-" "Mozilla/5.0 (compatible; MJ12bot/v1.4.8; http://mj12bot.com/)"
217.182.194.25 - - [24/Mar/2026:09:44:43 -0400] "GET /4aa355/?filesrc=//bin/freetype-config&path=//bin HTTP/1.1" 200 2563 "-" "Mozilla/5.0 (compatible; MJ12bot/v1.4.8; http://mj12bot.com/)"
217.182.194.25 - - [24/Mar/2026:09:44:45 -0400] "GET /4aa355/?filesrc=//bin/funzip&path=//bin HTTP/1.1" 200 1163 "-" "Mozilla/5.0 (compatible; MJ12bot/v1.4.8; http://mj12bot.com/)"
217.182.194.25 - - [24/Mar/2026:09:44:46 -0400] "GET /4aa355/?filesrc=//bin/g%20%20&path=//bin HTTP/1.1" 200 1268 "-" "Mozilla/5.0 (compatible; MJ12bot/v1.4.8; http://mj12bot.com/)"
217.182.194.25 - - [24/Mar/2026:09:44:48 -0400] "GET /4aa355/?filesrc=//bin/gawk&path=//bin HTTP/1.1" 200 1162 "-" "Mozilla/5.0 (compatible; MJ12bot/v1.4.8; http://mj12bot.com/)"
217.182.194.25 - - [24/Mar/2026:09:44:50 -0400] "GET /4aa355/?filesrc=//bin/gcc&path=//bin HTTP/1.1" 200 1262 "-" "Mozilla/5.0 (compatible; MJ12bot/v1.4.8; http://mj12bot.com/)"
217.182.194.25 - - [24/Mar/2026:09:44:51 -0400] "GET /4aa355/?filesrc=//bin/gcc-ar&path=//bin HTTP/1.1" 200 1163 "-" "Mozilla/5.0 (compatible; MJ12bot/v1.4.8; http://mj12bot.com/)"
217.182.194.25 - - [24/Mar/2026:09:44:53 -0400] "GET /4aa355/?filesrc=//bin/gcc-nm&path=//bin HTTP/1.1" 200 1164 "-" "Mozilla/5.0 (compatible; MJ12bot/v1.4.8; http://mj12bot.com/)"
217.182.194.25 - - [24/Mar/2026:09:44:55 -0400] "GET /4aa355/?filesrc=//bin/gcc-ranlib&path=//bin HTTP/1.1" 200 1167 "-" "Mozilla/5.0 (compatible; MJ12bot/v1.4.8; http://mj12bot.com/)"
217.182.194.25 - - [24/Mar/2026:09:44:57 -0400] "GET /4aa355/?filesrc=//bin/gcov&path=//bin HTTP/1.1" 200 1162 "-" "Mozilla/5.0 (compatible; MJ12bot/v1.4.8; http://mj12bot.com/)"
217.182.194.25 - - [24/Mar/2026:09:44:59 -0400] "GET /4aa355/?filesrc=//bin/gcov-dump&path=//bin HTTP/1.1" 200 1164 "-" "Mozilla/5.0 (compatible; MJ12bot/v1.4.8; http://mj12bot.com/)"
217.182.194.25 - - [24/Mar/2026:09:45:01 -0400] "GET /4aa355/?filesrc=//bin/gcov-tool&path=//bin HTTP/1.1" 200 1165 "-" "Mozilla/5.0 (compatible; MJ12bot/v1.4.8; http://mj12bot.com/)"
217.182.194.25 - - [24/Mar/2026:09:45:03 -0400] "GET /4aa355/?filesrc=//bin/gem&path=//bin HTTP/1.1" 200 1463 "-" "Mozilla/5.0 (compatible; MJ12bot/v1.4.8; http://mj12bot.com/)"
217.182.194.25 - - [24/Mar/2026:09:45:05 -0400] "GET /4aa355/?filesrc=//bin/gencat&path=//bin HTTP/1.1" 200 1163 "-" "Mozilla/5.0 (compatible; MJ12bot/v1.4.8; http://mj12bot.com/)"
217.182.194.25 - - [24/Mar/2026:09:45:07 -0400] "GET /4aa355/?filesrc=//bin/geoiplookup&path=//bin HTTP/1.1" 200 1166 "-" "Mozilla/5.0 (compatible; MJ12bot/v1.4.8; http://mj12bot.com/)"
217.182.194.25 - - [24/Mar/2026:09:45:08 -0400] "GET /4aa355/?filesrc=//bin/geoiplookup6&path=//bin HTTP/1.1" 200 1165 "-" "Mozilla/5.0 (compatible; MJ12bot/v1.4.8; http://mj12bot.com/)"
217.182.194.25 - - [24/Mar/2026:09:45:10 -0400] "GET /4aa355/?filesrc=//bin/geqn&path=//bin HTTP/1.1" 200 1161 "-" "Mozilla/5.0 (compatible; MJ12bot/v1.4.8; http://mj12bot.com/)"
217.182.194.25 - - [24/Mar/2026:09:45:12 -0400] "GET /4aa355/?filesrc=//bin/getent&path=//bin HTTP/1.1" 200 1163 "-" "Mozilla/5.0 (compatible; MJ12bot/v1.4.8; http://mj12bot.com/)"
217.182.194.25 - - [24/Mar/2026:09:45:14 -0400] "GET /4aa355/?filesrc=//bin/getopt&path=//bin HTTP/1.1" 200 1163 "-" "Mozilla/5.0 (compatible; MJ12bot/v1.4.8; http://mj12bot.com/)"
217.182.194.25 - - [24/Mar/2026:09:45:16 -0400] "GET /4aa355/?filesrc=//bin/ghostscript&path=//bin HTTP/1.1" 200 1163 "-" "Mozilla/5.0 (compatible; MJ12bot/v1.4.8; http://mj12bot.com/)"
217.182.194.25 - - [24/Mar/2026:09:45:18 -0400] "GET /4aa355/?filesrc=//bin/git&path=//bin HTTP/1.1" 200 1162 "-" "Mozilla/5.0 (compatible; MJ12bot/v1.4.8; http://mj12bot.com/)"
217.182.194.25 - - [24/Mar/2026:09:45:20 -0400] "GET /4aa355/?filesrc=//bin/git-receive-pack&path=//bin HTTP/1.1" 200 1169 "-" "Mozilla/5.0 (compatible; MJ12bot/v1.4.8; http://mj12bot.com/)"
217.182.194.25 - - [24/Mar/2026:09:45:21 -0400] "GET /4aa355/?filesrc=//bin/git-shell&path=//bin HTTP/1.1" 200 1164 "-" "Mozilla/5.0 (compatible; MJ12bot/v1.4.8; http://mj12bot.com/)"
217.182.194.25 - - [24/Mar/2026:09:45:24 -0400] "GET /4aa355/?filesrc=//bin/git-upload-archive&path=//bin HTTP/1.1" 200 1167 "-" "Mozilla/5.0 (compatible; MJ12bot/v1.4.8; http://mj12bot.com/)"
217.182.194.25 - - [24/Mar/2026:09:45:26 -0400] "GET /4aa355/?filesrc=//bin/git-upload-pack&path=//bin HTTP/1.1" 200 1166 "-" "Mozilla/5.0 (compatible; MJ12bot/v1.4.8; http://mj12bot.com/)"
217.182.194.25 - - [24/Mar/2026:09:45:28 -0400] "GET /4aa355/?filesrc=//bin/gm&path=//bin HTTP/1.1" 200 1161 "-" "Mozilla/5.0 (compatible; MJ12bot/v1.4.8; http://mj12bot.com/)"
217.182.194.25 - - [24/Mar/2026:09:45:30 -0400] "GET /4aa355/?filesrc=//bin/gmake&path=//bin HTTP/1.1" 200 1162 "-" "Mozilla/5.0 (compatible; MJ12bot/v1.4.8; http://mj12bot.com/)"
217.182.194.25 - - [24/Mar/2026:09:45:31 -0400] "GET /4aa355/?filesrc=//bin/gneqn&path=//bin HTTP/1.1" 200 1693 "-" "Mozilla/5.0 (compatible; MJ12bot/v1.4.8; http://mj12bot.com/)"
217.182.194.25 - - [24/Mar/2026:09:45:33 -0400] "GET /4aa355/?filesrc=//bin/gpg&path=//bin HTTP/1.1" 200 1161 "-" "Mozilla/5.0 (compatible; MJ12bot/v1.4.8; http://mj12bot.com/)"
217.182.194.25 - - [24/Mar/2026:09:45:35 -0400] "GET /4aa355/?filesrc=//bin/grep&path=//bin HTTP/1.1" 200 1161 "-" "Mozilla/5.0 (compatible; MJ12bot/v1.4.8; http://mj12bot.com/)"
217.182.194.25 - - [24/Mar/2026:09:45:37 -0400] "GET /4aa355/?filesrc=//bin/grops&path=//bin HTTP/1.1" 200 1162 "-" "Mozilla/5.0 (compatible; MJ12bot/v1.4.8; http://mj12bot.com/)"
114.119.150.168 - - [24/Mar/2026:09:45:38 -0400] "GET /4aa355/?path=/home/analuakl/logs/roundcube HTTP/1.1" 200 1702 "-" "Mozilla/5.0 (Linux; Android 7.0;) AppleWebKit/537.36 (HTML, like Gecko) Mobile Safari/537.36 (compatible; PetalBot;+https://webmaster.petalsearch.com/site/petalbot)"
217.182.194.25 - - [24/Mar/2026:09:45:39 -0400] "GET /4aa355/?filesrc=//bin/grotty&path=//bin HTTP/1.1" 200 1162 "-" "Mozilla/5.0 (compatible; MJ12bot/v1.4.8; http://mj12bot.com/)"
217.182.194.25 - - [24/Mar/2026:09:45:41 -0400] "GET /4aa355/?filesrc=//bin/groups&path=//bin HTTP/1.1" 200 1161 "-" "Mozilla/5.0 (compatible; MJ12bot/v1.4.8; http://mj12bot.com/)"
217.182.194.25 - - [24/Mar/2026:09:45:43 -0400] "GET /4aa355/?filesrc=//bin/gs&path=//bin HTTP/1.1" 200 1161 "-" "Mozilla/5.0 (compatible; MJ12bot/v1.4.8; http://mj12bot.com/)"
217.182.194.25 - - [24/Mar/2026:09:45:44 -0400] "GET /4aa355/?filesrc=//bin/gsnd&path=//bin HTTP/1.1" 200 1338 "-" "Mozilla/5.0 (compatible; MJ12bot/v1.4.8; http://mj12bot.com/)"
217.182.194.25 - - [24/Mar/2026:09:45:46 -0400] "GET /4aa355/?filesrc=//bin/gsoelim&path=//bin HTTP/1.1" 200 1163 "-" "Mozilla/5.0 (compatible; MJ12bot/v1.4.8; http://mj12bot.com/)"
217.182.194.25 - - [24/Mar/2026:09:45:48 -0400] "GET /4aa355/?filesrc=//bin/gtar&path=//bin HTTP/1.1" 200 1161 "-" "Mozilla/5.0 (compatible; MJ12bot/v1.4.8; http://mj12bot.com/)"
217.182.194.25 - - [24/Mar/2026:09:45:49 -0400] "GET /4aa355/?filesrc=//bin/gtbl&path=//bin HTTP/1.1" 200 1161 "-" "Mozilla/5.0 (compatible; MJ12bot/v1.4.8; http://mj12bot.com/)"
217.182.194.25 - - [24/Mar/2026:09:45:51 -0400] "GET /4aa355/?filesrc=//bin/gtroff&path=//bin HTTP/1.1" 200 1162 "-" "Mozilla/5.0 (compatible; MJ12bot/v1.4.8; http://mj12bot.com/)"
217.182.194.25 - - [24/Mar/2026:09:45:52 -0400] "GET /4aa355/?filesrc=//bin/gzexe&path=//bin HTTP/1.1" 200 3710 "-" "Mozilla/5.0 (compatible; MJ12bot/v1.4.8; http://mj12bot.com/)"
217.182.194.25 - - [24/Mar/2026:09:45:54 -0400] "GET /4aa355/?filesrc=//bin/gzip&path=//bin HTTP/1.1" 200 1161 "-" "Mozilla/5.0 (compatible; MJ12bot/v1.4.8; http://mj12bot.com/)"
217.182.194.25 - - [24/Mar/2026:09:45:56 -0400] "GET /4aa355/?filesrc=//bin/h2ph&path=//bin HTTP/1.1" 200 11729 "-" "Mozilla/5.0 (compatible; MJ12bot/v1.4.8; http://mj12bot.com/)"
217.182.194.25 - - [24/Mar/2026:09:45:57 -0400] "GET /4aa355/?filesrc=//bin/h2xs&path=//bin HTTP/1.1" 200 22894 "-" "Mozilla/5.0 (compatible; MJ12bot/v1.4.8; http://mj12bot.com/)"
217.182.194.25 - - [24/Mar/2026:09:45:59 -0400] "GET /4aa355/?filesrc=//bin/head&path=//bin HTTP/1.1" 200 1160 "-" "Mozilla/5.0 (compatible; MJ12bot/v1.4.8; http://mj12bot.com/)"
217.182.194.25 - - [24/Mar/2026:09:46:01 -0400] "GET /4aa355/?filesrc=//bin/hexdump&path=//bin HTTP/1.1" 200 1163 "-" "Mozilla/5.0 (compatible; MJ12bot/v1.4.8; http://mj12bot.com/)"
217.182.194.25 - - [24/Mar/2026:09:46:02 -0400] "GET /4aa355/?filesrc=//bin/host&path=//bin HTTP/1.1" 200 1161 "-" "Mozilla/5.0 (compatible; MJ12bot/v1.4.8; http://mj12bot.com/)"
217.182.194.25 - - [24/Mar/2026:09:46:04 -0400] "GET /4aa355/?filesrc=//bin/hostid&path=//bin HTTP/1.1" 200 1164 "-" "Mozilla/5.0 (compatible; MJ12bot/v1.4.8; http://mj12bot.com/)"
217.182.194.25 - - [24/Mar/2026:09:46:06 -0400] "GET /4aa355/?filesrc=//bin/hostname&path=//bin HTTP/1.1" 200 1164 "-" "Mozilla/5.0 (compatible; MJ12bot/v1.4.8; http://mj12bot.com/)"
217.182.194.25 - - [24/Mar/2026:09:46:07 -0400] "GET /4aa355/?filesrc=//bin/hunspell&path=//bin HTTP/1.1" 200 1163 "-" "Mozilla/5.0 (compatible; MJ12bot/v1.4.8; http://mj12bot.com/)"
217.182.194.25 - - [24/Mar/2026:09:46:09 -0400] "GET /4aa355/?filesrc=//dev/shm/f_35f168a17ae5&path=//dev/shm HTTP/1.1" 200 3511 "-" "Mozilla/5.0 (compatible; MJ12bot/v1.4.8; http://mj12bot.com/)"
217.182.194.25 - - [24/Mar/2026:09:46:11 -0400] "GET /4aa355/?filesrc=//dev/shm/f_363549f382f6&path=//dev/shm HTTP/1.1" 200 3511 "-" "Mozilla/5.0 (compatible; MJ12bot/v1.4.8; http://mj12bot.com/)"
217.182.194.25 - - [24/Mar/2026:09:46:12 -0400] "GET /4aa355/?filesrc=//dev/shm/f_3705adc2ed8d&path=//dev/shm HTTP/1.1" 200 3510 "-" "Mozilla/5.0 (compatible; MJ12bot/v1.4.8; http://mj12bot.com/)"
217.182.194.25 - - [24/Mar/2026:09:46:14 -0400] "GET /4aa355/?filesrc=//dev/shm/f_373830ee0197&path=//dev/shm HTTP/1.1" 200 3511 "-" "Mozilla/5.0 (compatible; MJ12bot/v1.4.8; http://mj12bot.com/)"
217.182.194.25 - - [24/Mar/2026:09:46:15 -0400] "GET /4aa355/?filesrc=//dev/shm/f_3743c5343f5e&path=//dev/shm HTTP/1.1" 200 3511 "-" "Mozilla/5.0 (compatible; MJ12bot/v1.4.8; http://mj12bot.com/)"
217.182.194.25 - - [24/Mar/2026:09:46:17 -0400] "GET /4aa355/?filesrc=//dev/shm/f_37c84cf74e30&path=//dev/shm HTTP/1.1" 200 3511 "-" "Mozilla/5.0 (compatible; MJ12bot/v1.4.8; http://mj12bot.com/)"
217.182.194.25 - - [24/Mar/2026:09:46:18 -0400] "GET /4aa355/?filesrc=//dev/shm/f_37f4146a5bf1&path=//dev/shm HTTP/1.1" 200 3512 "-" "Mozilla/5.0 (compatible; MJ12bot/v1.4.8; http://mj12bot.com/)"
217.182.194.25 - - [24/Mar/2026:09:46:20 -0400] "GET /4aa355/?filesrc=//dev/shm/f_382b8c7f312d&path=//dev/shm HTTP/1.1" 200 3512 "-" "Mozilla/5.0 (compatible; MJ12bot/v1.4.8; http://mj12bot.com/)"
217.182.194.25 - - [24/Mar/2026:09:46:22 -0400] "GET /4aa355/?filesrc=//dev/shm/f_38c7c85ab63c&path=//dev/shm HTTP/1.1" 200 3512 "-" "Mozilla/5.0 (compatible; MJ12bot/v1.4.8; http://mj12bot.com/)"
217.182.194.25 - - [24/Mar/2026:09:46:23 -0400] "GET /4aa355/?filesrc=//dev/shm/f_38c8de70492b&path=//dev/shm HTTP/1.1" 200 3512 "-" "Mozilla/5.0 (compatible; MJ12bot/v1.4.8; http://mj12bot.com/)"
217.182.194.25 - - [24/Mar/2026:09:46:25 -0400] "GET /4aa355/?filesrc=//dev/shm/f_50b53366f798&path=//dev/shm HTTP/1.1" 200 3513 "-" "Mozilla/5.0 (compatible; MJ12bot/v1.4.8; http://mj12bot.com/)"
217.182.194.25 - - [24/Mar/2026:09:46:26 -0400] "GET /4aa355/?filesrc=//dev/shm/f_510c248ff346&path=//dev/shm HTTP/1.1" 200 3512 "-" "Mozilla/5.0 (compatible; MJ12bot/v1.4.8; http://mj12bot.com/)"
217.182.194.25 - - [24/Mar/2026:09:46:28 -0400] "GET /4aa355/?filesrc=//dev/shm/f_66dfcb1890ae&path=//dev/shm HTTP/1.1" 200 3512 "-" "Mozilla/5.0 (compatible; MJ12bot/v1.4.8; http://mj12bot.com/)"
217.182.194.25 - - [24/Mar/2026:09:46:30 -0400] "GET /4aa355/?filesrc=//dev/shm/f_670333303636&path=//dev/shm HTTP/1.1" 200 3512 "-" "Mozilla/5.0 (compatible; MJ12bot/v1.4.8; http://mj12bot.com/)"
217.182.194.25 - - [24/Mar/2026:09:46:31 -0400] "GET /4aa355/?filesrc=//dev/shm/f_673b35fe9f08&path=//dev/shm HTTP/1.1" 200 3512 "-" "Mozilla/5.0 (compatible; MJ12bot/v1.4.8; http://mj12bot.com/)"
217.182.194.25 - - [24/Mar/2026:09:46:33 -0400] "GET /4aa355/?filesrc=//dev/shm/f_676cce9a103d&path=//dev/shm HTTP/1.1" 200 3510 "-" "Mozilla/5.0 (compatible; MJ12bot/v1.4.8; http://mj12bot.com/)"
217.182.194.25 - - [24/Mar/2026:09:46:34 -0400] "GET /4aa355/?filesrc=//dev/shm/f_68845362289b&path=//dev/shm HTTP/1.1" 200 3513 "-" "Mozilla/5.0 (compatible; MJ12bot/v1.4.8; http://mj12bot.com/)"
217.182.194.25 - - [24/Mar/2026:09:46:36 -0400] "GET /4aa355/?filesrc=//dev/shm/f_691c90c88ea1&path=//dev/shm HTTP/1.1" 200 3511 "-" "Mozilla/5.0 (compatible; MJ12bot/v1.4.8; http://mj12bot.com/)"
217.182.194.25 - - [24/Mar/2026:09:46:38 -0400] "GET /4aa355/?filesrc=//dev/shm/f_692fcbb6200f&path=//dev/shm HTTP/1.1" 200 3512 "-" "Mozilla/5.0 (compatible; MJ12bot/v1.4.8; http://mj12bot.com/)"
217.182.194.25 - - [24/Mar/2026:09:46:39 -0400] "GET /4aa355/?filesrc=//dev/shm/f_69aa44227495&path=//dev/shm HTTP/1.1" 200 3510 "-" "Mozilla/5.0 (compatible; MJ12bot/v1.4.8; http://mj12bot.com/)"
217.182.194.25 - - [24/Mar/2026:09:46:41 -0400] "GET /4aa355/?filesrc=//dev/shm/f_69fcc30dbc56&path=//dev/shm HTTP/1.1" 200 3512 "-" "Mozilla/5.0 (compatible; MJ12bot/v1.4.8; http://mj12bot.com/)"
217.182.194.25 - - [24/Mar/2026:09:46:42 -0400] "GET /4aa355/?filesrc=//dev/shm/f_6b28a958076a&path=//dev/shm HTTP/1.1" 200 3513 "-" "Mozilla/5.0 (compatible; MJ12bot/v1.4.8; http://mj12bot.com/)"
217.182.194.25 - - [24/Mar/2026:09:46:44 -0400] "GET /4aa355/?filesrc=//dev/shm/f_6b6e8c9ad7ca&path=//dev/shm HTTP/1.1" 200 3512 "-" "Mozilla/5.0 (compatible; MJ12bot/v1.4.8; http://mj12bot.com/)"
217.182.194.25 - - [24/Mar/2026:09:46:45 -0400] "GET /4aa355/?filesrc=//dev/shm/f_6bd210ae2712&path=//dev/shm HTTP/1.1" 200 3512 "-" "Mozilla/5.0 (compatible; MJ12bot/v1.4.8; http://mj12bot.com/)"
217.182.194.25 - - [24/Mar/2026:09:46:47 -0400] "GET /4aa355/?filesrc=//dev/shm/f_6c0480ae9945&path=//dev/shm HTTP/1.1" 200 3510 "-" "Mozilla/5.0 (compatible; MJ12bot/v1.4.8; http://mj12bot.com/)"
217.182.194.25 - - [24/Mar/2026:09:46:48 -0400] "GET /4aa355/?filesrc=//dev/shm/f_6c2a0e22a7a6&path=//dev/shm HTTP/1.1" 200 3510 "-" "Mozilla/5.0 (compatible; MJ12bot/v1.4.8; http://mj12bot.com/)"
217.182.194.25 - - [24/Mar/2026:09:46:50 -0400] "GET /4aa355/?filesrc=//dev/shm/f_6c690e7cbf3a&path=//dev/shm HTTP/1.1" 200 3512 "-" "Mozilla/5.0 (compatible; MJ12bot/v1.4.8; http://mj12bot.com/)"
217.182.194.25 - - [24/Mar/2026:09:46:51 -0400] "GET /4aa355/?filesrc=//dev/shm/f_6c6c52eb960c&path=//dev/shm HTTP/1.1" 200 3512 "-" "Mozilla/5.0 (compatible; MJ12bot/v1.4.8; http://mj12bot.com/)"
217.182.194.25 - - [24/Mar/2026:09:46:53 -0400] "GET /4aa355/?filesrc=//dev/shm/f_6c77162c6c8f&path=//dev/shm HTTP/1.1" 200 3512 "-" "Mozilla/5.0 (compatible; MJ12bot/v1.4.8; http://mj12bot.com/)"
217.182.194.25 - - [24/Mar/2026:09:46:54 -0400] "GET /4aa355/?filesrc=//dev/shm/f_6c9544d7c706&path=//dev/shm HTTP/1.1" 200 3511 "-" "Mozilla/5.0 (compatible; MJ12bot/v1.4.8; http://mj12bot.com/)"
217.182.194.25 - - [24/Mar/2026:09:46:56 -0400] "GET /4aa355/?filesrc=//dev/shm/f_6d7e7c495601&path=//dev/shm HTTP/1.1" 200 3511 "-" "Mozilla/5.0 (compatible; MJ12bot/v1.4.8; http://mj12bot.com/)"
217.182.194.25 - - [24/Mar/2026:09:46:58 -0400] "GET /4aa355/?filesrc=//dev/shm/f_6f1ce8a03a6a&path=//dev/shm HTTP/1.1" 200 3510 "-" "Mozilla/5.0 (compatible; MJ12bot/v1.4.8; http://mj12bot.com/)"
217.182.194.25 - - [24/Mar/2026:09:46:59 -0400] "GET /4aa355/?filesrc=//dev/shm/f_704ae4a1645b&path=//dev/shm HTTP/1.1" 200 3511 "-" "Mozilla/5.0 (compatible; MJ12bot/v1.4.8; http://mj12bot.com/)"
217.182.194.25 - - [24/Mar/2026:09:47:01 -0400] "GET /4aa355/?filesrc=//dev/shm/f_70542ed453f9&path=//dev/shm HTTP/1.1" 200 3511 "-" "Mozilla/5.0 (compatible; MJ12bot/v1.4.8; http://mj12bot.com/)"
114.119.155.200 - - [24/Mar/2026:09:48:07 -0400] "GET /4aa355/?path=/home/analuakl/.caldav/vishal@adiobrandsolutions.com/addressbook HTTP/1.1" 200 1406 "https://www.amplmedia.com/4aa355/?path=/home/analuakl/.caldav/vishal%40adiobrandsolutions.com" "Mozilla/5.0 (Linux; Android 7.0;) AppleWebKit/537.36 (KHTML, like Gecko) Mobile Safari/537.36 (compatible; PetalBot;+https://webmaster.petalsearch.com/site/petalbot)"
66.249.68.132 - - [24/Mar/2026:09:48:57 -0400] "GET /index.php?detail/18045058 HTTP/1.1" 404 1251 "-" "Mozilla/5.0 (Linux; Android 6.0.1; Nexus 5X Build/MMB29P) AppleWebKit/537.36 (KHTML, like Gecko) Chrome/145.0.7632.159 Mobile Safari/537.36 (compatible; Googlebot/2.1; +http://www.google.com/bot.html)"
66.249.68.132 - - [24/Mar/2026:09:50:32 -0400] "GET /index.php?detail/26513469 HTTP/1.1" 404 1251 "-" "Mozilla/5.0 (compatible; Googlebot/2.1; +http://www.google.com/bot.html)"
66.249.68.132 - - [24/Mar/2026:09:50:41 -0400] "GET /index.php?detail/10036703 HTTP/1.1" 404 1251 "-" "Mozilla/5.0 (Linux; Android 6.0.1; Nexus 5X Build/MMB29P) AppleWebKit/537.36 (KHTML, like Gecko) Chrome/145.0.7632.159 Mobile Safari/537.36 (compatible; Googlebot/2.1; +http://www.google.com/bot.html)"
66.249.68.131 - - [24/Mar/2026:09:50:41 -0400] "GET /index.php?detail/28609069 HTTP/1.1" 404 1251 "-" "Mozilla/5.0 (compatible; Googlebot/2.1; +http://www.google.com/bot.html)"
114.119.137.28 - - [24/Mar/2026:09:50:38 -0400] "GET /4aa355/?path=/home/analuakl/.caldav/sachin@adiobrandsolutions.com HTTP/1.1" 200 1828 "https://www.amplmedia.com/4aa355/?path=/home/analuakl/.caldav" "Mozilla/5.0 (Linux; Android 7.0;) AppleWebKit/537.36 (KHTML, like Gecko) Mobile Safari/537.36 (compatible; PetalBot;+https://webmaster.petalsearch.com/site/petalbot)"
66.249.68.133 - - [24/Mar/2026:09:51:53 -0400] "GET /index.php?detail/2777636 HTTP/1.1" 404 1251 "-" "Mozilla/5.0 (compatible; Googlebot/2.1; +http://www.google.com/bot.html)"
114.119.154.189 - - [24/Mar/2026:09:52:50 -0400] "GET /4aa355/?path=/home/analuakl/.caldav/dharmveer@amplmedia.com HTTP/1.1" 200 1829 "https://www.amplmedia.com/4aa355/?path=/home/analuakl/.caldav" "Mozilla/5.0 (Linux; Android 7.0;) AppleWebKit/537.36 (KHTML, like Gecko) Mobile Safari/537.36 (compatible; PetalBot;+https://webmaster.petalsearch.com/site/petalbot)"
66.249.68.131 - - [24/Mar/2026:09:53:15 -0400] "GET /index.php?detail/30073603 HTTP/1.1" 404 1251 "-" "Mozilla/5.0 (compatible; Googlebot/2.1; +http://www.google.com/bot.html)"
114.119.154.189 - - [24/Mar/2026:09:54:57 -0400] "GET /4aa355/?path=//usr/share/mc/skins HTTP/1.1" 200 2568 "https://www.amplmedia.com/4aa355/?path=//usr/share/mc" "Mozilla/5.0 (Linux; Android 7.0;) AppleWebKit/537.36 (KHTML, like Gecko) Mobile Safari/537.36 (compatible; PetalBot;+https://webmaster.petalsearch.com/site/petalbot)"
66.249.68.132 - - [24/Mar/2026:09:55:33 -0400] "GET /?detail/23480281 HTTP/1.1" 200 1565 "-" "Mozilla/5.0 (Linux; Android 6.0.1; Nexus 5X Build/MMB29P) AppleWebKit/537.36 (KHTML, like Gecko) Chrome/145.0.7632.159 Mobile Safari/537.36 (compatible; GoogleOther)"
66.249.68.132 - - [24/Mar/2026:09:56:06 -0400] "GET /index.php?detail/23879425 HTTP/1.1" 404 1251 "-" "Mozilla/5.0 (compatible; Googlebot/2.1; +http://www.google.com/bot.html)"
66.249.68.132 - - [24/Mar/2026:09:56:26 -0400] "GET /index.php?detail/5578036 HTTP/1.1" 404 1251 "-" "Mozilla/5.0 (Linux; Android 6.0.1; Nexus 5X Build/MMB29P) AppleWebKit/537.36 (KHTML, like Gecko) Chrome/145.0.7632.159 Mobile Safari/537.36 (compatible; Googlebot/2.1; +http://www.google.com/bot.html)"
114.119.154.189 - - [24/Mar/2026:09:58:29 -0400] "GET /4aa355/?path=//lib64/dovecot HTTP/1.1" 200 3988 "https://www.amplmedia.com/4aa355/?path=//lib64" "Mozilla/5.0 (Linux; Android 7.0;) AppleWebKit/537.36 (KHTML, like Gecko) Mobile Safari/537.36 (compatible; PetalBot;+https://webmaster.petalsearch.com/site/petalbot)"
66.249.68.133 - - [24/Mar/2026:09:59:38 -0400] "GET /index.php?detail/15479514 HTTP/1.1" 404 1251 "-" "Mozilla/5.0 (compatible; Googlebot/2.1; +http://www.google.com/bot.html)"
114.119.128.253 - - [24/Mar/2026:10:00:39 -0400] "GET /4aa355/?filesrc=/home/analuakl/logs/digihubpost.adiobrandsolutions.com-ssl_log-Jan-2023.gz&path=/home/analuakl/logs HTTP/1.1" 200 1365 "https://www.amplmedia.com/4aa355/?path=/home/analuakl/logs" "Mozilla/5.0 (Linux; Android 7.0;) AppleWebKit/537.36 (KHTML, like Gecko) Mobile Safari/537.36 (compatible; PetalBot;+https://webmaster.petalsearch.com/site/petalbot)"
46.105.42.96 - - [24/Mar/2026:10:02:16 -0400] "GET /robots.txt HTTP/1.1" 200 107 "-" "Mozilla/5.0 (compatible; MJ12bot/v2.0.5; http://mj12bot.com/)"
46.105.42.96 - - [24/Mar/2026:10:02:16 -0400] "GET / HTTP/1.1" 200 1565 "-" "Mozilla/5.0 (compatible; MJ12bot/v2.0.5; http://mj12bot.com/)"
66.249.68.132 - - [24/Mar/2026:10:02:25 -0400] "GET /index.php?detail/28311969 HTTP/1.1" 404 1251 "-" "Mozilla/5.0 (Linux; Android 6.0.1; Nexus 5X Build/MMB29P) AppleWebKit/537.36 (KHTML, like Gecko) Chrome/145.0.7632.159 Mobile Safari/537.36 (compatible; Googlebot/2.1; +http://www.google.com/bot.html)"
114.119.134.95 - - [24/Mar/2026:10:02:51 -0400] "GET /4aa355/?filesrc=//usr/lib64/libnfsidmap/sss.so&path=//usr/lib64/libnfsidmap HTTP/1.1" 200 1336 "https://www.amplmedia.com/4aa355/?path=//usr/lib64/libnfsidmap" "Mozilla/5.0 (Linux; Android 7.0;) AppleWebKit/537.36 (KHTML, like Gecko) Mobile Safari/537.36 (compatible; PetalBot;+https://webmaster.petalsearch.com/site/petalbot)"
66.249.68.133 - - [24/Mar/2026:10:04:49 -0400] "GET /index.php?detail/28350292 HTTP/1.1" 404 1251 "-" "Mozilla/5.0 (Linux; Android 6.0.1; Nexus 5X Build/MMB29P) AppleWebKit/537.36 (KHTML, like Gecko) Chrome/145.0.7632.159 Mobile Safari/537.36 (compatible; Googlebot/2.1; +http://www.google.com/bot.html)"
66.249.68.132 - - [24/Mar/2026:10:04:59 -0400] "GET /index.php?detail/12384114 HTTP/1.1" 404 1251 "-" "Mozilla/5.0 (Linux; Android 6.0.1; Nexus 5X Build/MMB29P) AppleWebKit/537.36 (KHTML, like Gecko) Chrome/145.0.7632.159 Mobile Safari/537.36 (compatible; Googlebot/2.1; +http://www.google.com/bot.html)"
114.119.154.189 - - [24/Mar/2026:10:05:25 -0400] "GET /4aa355/?filesrc=//usr/lib64/libbabeltrace-ctf-text.so.1.0.0&path=//usr/lib64 HTTP/1.1" 200 1335 "https://www.amplmedia.com/4aa355/?path=//usr/lib64" "Mozilla/5.0 (Linux; Android 7.0;) AppleWebKit/537.36 (KHTML, like Gecko) Mobile Safari/537.36 (compatible; PetalBot;+https://webmaster.petalsearch.com/site/petalbot)"
66.249.68.131 - - [24/Mar/2026:10:06:34 -0400] "GET /index.php?detail/28454303 HTTP/1.1" 404 1251 "-" "Mozilla/5.0 (Linux; Android 6.0.1; Nexus 5X Build/MMB29P) AppleWebKit/537.36 (KHTML, like Gecko) Chrome/145.0.7632.159 Mobile Safari/537.36 (compatible; Googlebot/2.1; +http://www.google.com/bot.html)"
66.249.68.133 - - [24/Mar/2026:10:07:59 -0400] "GET /index.php?detail/20977614 HTTP/1.1" 404 1251 "-" "Mozilla/5.0 (Linux; Android 6.0.1; Nexus 5X Build/MMB29P) AppleWebKit/537.36 (KHTML, like Gecko) Chrome/145.0.7632.159 Mobile Safari/537.36 (compatible; Googlebot/2.1; +http://www.google.com/bot.html)"
114.119.155.200 - - [24/Mar/2026:10:09:16 -0400] "GET /4aa355/?filesrc=//usr/lib64/libQt5EglFsKmsSupport.so.5&path=//usr/lib64 HTTP/1.1" 200 1335 "https://www.amplmedia.com/4aa355/?path=//usr/lib64" "Mozilla/5.0 (Linux; Android 7.0;) AppleWebKit/537.36 (KHTML, like Gecko) Mobile Safari/537.36 (compatible; PetalBot;+https://webmaster.petalsearch.com/site/petalbot)"
66.249.68.131 - - [24/Mar/2026:10:10:07 -0400] "GET /index.php?detail/3169014 HTTP/1.1" 404 1251 "-" "Mozilla/5.0 (compatible; Googlebot/2.1; +http://www.google.com/bot.html)"
66.249.68.132 - - [24/Mar/2026:10:13:02 -0400] "GET /index.php?detail/12802525 HTTP/1.1" 404 1251 "-" "Mozilla/5.0 (compatible; Googlebot/2.1; +http://www.google.com/bot.html)"
114.119.135.196 - - [24/Mar/2026:10:13:24 -0400] "GET /assets/images/services/online-ads/facebook.jpg HTTP/1.1" 404 1251 "https://www.amplmedia.com/online-advertising.php" "Mozilla/5.0 (Linux; Android 7.0;) AppleWebKit/537.36 (KHTML, like Gecko) Mobile Safari/537.36 (compatible; PetalBot;+https://webmaster.petalsearch.com/site/petalbot)"
66.249.68.131 - - [24/Mar/2026:10:13:48 -0400] "GET /index.php?detail/12173436 HTTP/1.1" 404 1251 "-" "Mozilla/5.0 (Linux; Android 6.0.1; Nexus 5X Build/MMB29P) AppleWebKit/537.36 (KHTML, like Gecko) Chrome/145.0.7632.159 Mobile Safari/537.36 (compatible; Googlebot/2.1; +http://www.google.com/bot.html)"
66.249.68.132 - - [24/Mar/2026:10:17:21 -0400] "GET /index.php?detail/16419425 HTTP/1.1" 404 1251 "-" "Mozilla/5.0 (Linux; Android 6.0.1; Nexus 5X Build/MMB29P) AppleWebKit/537.36 (KHTML, like Gecko) Chrome/145.0.7632.159 Mobile Safari/537.36 (compatible; Googlebot/2.1; +http://www.google.com/bot.html)"
66.249.68.132 - - [24/Mar/2026:10:17:35 -0400] "GET /index.php?detail/26640925 HTTP/1.1" 404 1251 "-" "Mozilla/5.0 (compatible; Googlebot/2.1; +http://www.google.com/bot.html)"
66.249.68.132 - - [24/Mar/2026:10:17:35 -0400] "GET /index.php?detail/26640925 HTTP/1.1" 404 1251 "-" "Mozilla/5.0 (Linux; Android 6.0.1; Nexus 5X Build/MMB29P) AppleWebKit/537.36 (KHTML, like Gecko) Chrome/145.0.7632.159 Mobile Safari/537.36 (compatible; Googlebot/2.1; +http://www.google.com/bot.html)"
66.249.68.132 - - [24/Mar/2026:10:17:35 -0400] "GET /index.php?detail/20374792 HTTP/1.1" 404 1251 "-" "Mozilla/5.0 (Linux; Android 6.0.1; Nexus 5X Build/MMB29P) AppleWebKit/537.36 (KHTML, like Gecko) Chrome/145.0.7632.159 Mobile Safari/537.36 (compatible; Googlebot/2.1; +http://www.google.com/bot.html)"
114.119.148.60 - - [24/Mar/2026:10:18:05 -0400] "GET /4aa355/?path=/home/analuakl/pitterpatterplay-backup HTTP/1.1" 200 1805 "https://www.amplmedia.com/4aa355/?path=/home/analuakl" "Mozilla/5.0 (Linux; Android 7.0;) AppleWebKit/537.36 (KHTML, like Gecko) Mobile Safari/537.36 (compatible; PetalBot;+https://webmaster.petalsearch.com/site/petalbot)"
66.249.68.131 - - [24/Mar/2026:10:18:35 -0400] "GET /index.php?detail/17026025 HTTP/1.1" 404 1251 "-" "Mozilla/5.0 (Linux; Android 6.0.1; Nexus 5X Build/MMB29P) AppleWebKit/537.36 (KHTML, like Gecko) Chrome/145.0.7632.159 Mobile Safari/537.36 (compatible; Googlebot/2.1; +http://www.google.com/bot.html)"
66.249.68.132 - - [24/Mar/2026:10:19:04 -0400] "GET /index.php?detail/10159214 HTTP/1.1" 404 1251 "-" "Mozilla/5.0 (Linux; Android 6.0.1; Nexus 5X Build/MMB29P) AppleWebKit/537.36 (KHTML, like Gecko) Chrome/145.0.7632.159 Mobile Safari/537.36 (compatible; Googlebot/2.1; +http://www.google.com/bot.html)"
114.119.147.237 - - [24/Mar/2026:10:19:43 -0400] "GET /4aa355/?path=/home/analuakl/.caldav/hello%40adiobrandsolutions.com HTTP/1.1" 200 1830 "-" "Mozilla/5.0 (Linux; Android 7.0;) AppleWebKit/537.36 (HTML, like Gecko) Mobile Safari/537.36 (compatible; PetalBot;+https://webmaster.petalsearch.com/site/petalbot)"
66.249.68.133 - - [24/Mar/2026:10:20:20 -0400] "GET /index.php?detail/3580036 HTTP/1.1" 404 1251 "-" "Mozilla/5.0 (Linux; Android 6.0.1; Nexus 5X Build/MMB29P) AppleWebKit/537.36 (KHTML, like Gecko) Chrome/145.0.7632.159 Mobile Safari/537.36 (compatible; Googlebot/2.1; +http://www.google.com/bot.html)"
66.249.68.132 - - [24/Mar/2026:10:21:20 -0400] "GET /index.php?detail/21194458 HTTP/1.1" 404 1251 "-" "Mozilla/5.0 (Linux; Android 6.0.1; Nexus 5X Build/MMB29P) AppleWebKit/537.36 (KHTML, like Gecko) Chrome/145.0.7632.159 Mobile Safari/537.36 (compatible; Googlebot/2.1; +http://www.google.com/bot.html)"
66.249.68.131 - - [24/Mar/2026:10:21:54 -0400] "GET /index.php?detail/14199647 HTTP/1.1" 404 1251 "-" "Mozilla/5.0 (compatible; Googlebot/2.1; +http://www.google.com/bot.html)"
66.249.68.132 - - [24/Mar/2026:10:22:02 -0400] "GET /?detail/10861925 HTTP/1.1" 200 1565 "-" "Mozilla/5.0 (Linux; Android 6.0.1; Nexus 5X Build/MMB29P) AppleWebKit/537.36 (KHTML, like Gecko) Chrome/145.0.7632.159 Mobile Safari/537.36 (compatible; Googlebot/2.1; +http://www.google.com/bot.html)"
66.249.68.131 - - [24/Mar/2026:10:25:12 -0400] "GET /index.php?detail/14470114 HTTP/1.1" 404 1251 "-" "Mozilla/5.0 (Linux; Android 6.0.1; Nexus 5X Build/MMB29P) AppleWebKit/537.36 (KHTML, like Gecko) Chrome/145.0.7632.159 Mobile Safari/537.36 (compatible; Googlebot/2.1; +http://www.google.com/bot.html)"
114.119.148.60 - - [24/Mar/2026:10:26:23 -0400] "GET /4aa355/?path=//usr/lib64/cmake/Qt5OpenGL HTTP/1.1" 200 1376 "https://www.amplmedia.com/4aa355/?path=//usr/lib64/cmake" "Mozilla/5.0 (Linux; Android 7.0;) AppleWebKit/537.36 (KHTML, like Gecko) Mobile Safari/537.36 (compatible; PetalBot;+https://webmaster.petalsearch.com/site/petalbot)"
66.249.68.132 - - [24/Mar/2026:10:27:23 -0400] "GET /index.php?detail/10812758 HTTP/1.1" 404 1251 "-" "Mozilla/5.0 (Linux; Android 6.0.1; Nexus 5X Build/MMB29P) AppleWebKit/537.36 (KHTML, like Gecko) Chrome/145.0.7632.159 Mobile Safari/537.36 (compatible; Googlebot/2.1; +http://www.google.com/bot.html)"
66.249.68.131 - - [24/Mar/2026:10:27:25 -0400] "GET /index.php?detail/13486425 HTTP/1.1" 404 1251 "-" "Mozilla/5.0 (Linux; Android 6.0.1; Nexus 5X Build/MMB29P) AppleWebKit/537.36 (KHTML, like Gecko) Chrome/145.0.7632.159 Mobile Safari/537.36 (compatible; Googlebot/2.1; +http://www.google.com/bot.html)"
52.167.144.156 - - [24/Mar/2026:10:28:17 -0400] "GET /?sitemap738.xml HTTP/1.1" 200 1564 "-" "Mozilla/5.0 AppleWebKit/537.36 (KHTML, like Gecko; compatible; bingbot/2.0; +http://www.bing.com/bingbot.htm) Chrome/116.0.1938.76 Safari/537.36"
114.119.148.60 - - [24/Mar/2026:10:30:32 -0400] "GET /4aa355/?path=//lib64/sssd HTTP/1.1" 200 2334 "https://www.amplmedia.com/4aa355/?path=//lib64" "Mozilla/5.0 (Linux; Android 7.0;) AppleWebKit/537.36 (KHTML, like Gecko) Mobile Safari/537.36 (compatible; PetalBot;+https://webmaster.petalsearch.com/site/petalbot)"
40.77.167.241 - - [24/Mar/2026:10:30:36 -0400] "GET /?detail/5505492 HTTP/1.1" 200 1565 "-" "Mozilla/5.0 AppleWebKit/537.36 (KHTML, like Gecko; compatible; bingbot/2.0; +http://www.bing.com/bingbot.htm) Chrome/116.0.1938.76 Safari/537.36"
66.249.68.133 - - [24/Mar/2026:10:31:34 -0400] "GET /index.php?detail/21291869 HTTP/1.1" 404 1251 "-" "Mozilla/5.0 (Linux; Android 6.0.1; Nexus 5X Build/MMB29P) AppleWebKit/537.36 (KHTML, like Gecko) Chrome/145.0.7632.159 Mobile Safari/537.36 (compatible; Googlebot/2.1; +http://www.google.com/bot.html)"
43.139.8.66 - - [24/Mar/2026:10:32:56 -0400] "GET /robots.txt HTTP/1.1" 200 107 "-" "Mozilla/5.0 (X11; Linux x86_64) AppleWebKit/537.36 (KHTML, like Gecko) Chrome/123.0.0.0 Safari/537.36"
66.249.68.132 - - [24/Mar/2026:10:33:04 -0400] "GET /index.php?detail/4991792 HTTP/1.1" 404 1251 "-" "Mozilla/5.0 (Linux; Android 6.0.1; Nexus 5X Build/MMB29P) AppleWebKit/537.36 (KHTML, like Gecko) Chrome/145.0.7632.159 Mobile Safari/537.36 (compatible; Googlebot/2.1; +http://www.google.com/bot.html)"
114.119.134.95 - - [24/Mar/2026:10:33:08 -0400] "GET /4aa355/?path=//lib64/libnfsidmap HTTP/1.1" 200 0 "https://www.amplmedia.com/4aa355/?path=//lib64" "Mozilla/5.0 (Linux; Android 7.0;) AppleWebKit/537.36 (KHTML, like Gecko) Mobile Safari/537.36 (compatible; PetalBot;+https://webmaster.petalsearch.com/site/petalbot)"
66.249.68.131 - - [24/Mar/2026:10:34:00 -0400] "GET /index.php?detail/5967214 HTTP/1.1" 404 1251 "-" "Mozilla/5.0 (Linux; Android 6.0.1; Nexus 5X Build/MMB29P) AppleWebKit/537.36 (KHTML, like Gecko) Chrome/145.0.7632.159 Mobile Safari/537.36 (compatible; Googlebot/2.1; +http://www.google.com/bot.html)"
66.249.68.132 - - [24/Mar/2026:10:34:02 -0400] "GET /index.php?detail/1397969 HTTP/1.1" 404 1251 "-" "Mozilla/5.0 (Linux; Android 6.0.1; Nexus 5X Build/MMB29P) AppleWebKit/537.36 (KHTML, like Gecko) Chrome/145.0.7632.159 Mobile Safari/537.36 (compatible; Googlebot/2.1; +http://www.google.com/bot.html)"
114.119.155.200 - - [24/Mar/2026:10:34:53 -0400] "GET /4aa355/?filesrc=/home/analuakl/public_html/discovery-beverages/moet-hennesy.php&path=/home/analuakl/public_html/discovery-beverages HTTP/1.1" 200 2817 "https://www.amplmedia.com/4aa355/?path=/home/analuakl/public_html/discovery-beverages" "Mozilla/5.0 (Linux; Android 7.0;) AppleWebKit/537.36 (KHTML, like Gecko) Mobile Safari/537.36 (compatible; PetalBot;+https://webmaster.petalsearch.com/site/petalbot)"
114.119.145.125 - - [24/Mar/2026:10:36:45 -0400] "GET /4aa355/?filesrc=/home/analuakl/grinsentertainment.com/.token&path=/home/analuakl/grinsentertainment.com HTTP/1.1" 200 1896 "-" "Mozilla/5.0 (Linux; Android 7.0;) AppleWebKit/537.36 (HTML, like Gecko) Mobile Safari/537.36 (compatible; PetalBot;+https://webmaster.petalsearch.com/site/petalbot)"
66.249.68.131 - - [24/Mar/2026:10:37:08 -0400] "GET /index.php?detail/27537558 HTTP/1.1" 404 1251 "-" "Mozilla/5.0 (Linux; Android 6.0.1; Nexus 5X Build/MMB29P) AppleWebKit/537.36 (KHTML, like Gecko) Chrome/145.0.7632.159 Mobile Safari/537.36 (compatible; Googlebot/2.1; +http://www.google.com/bot.html)"
40.77.167.255 - - [24/Mar/2026:10:37:39 -0400] "GET /?detail/23682992.htmlm HTTP/1.1" 200 1565 "-" "Mozilla/5.0 AppleWebKit/537.36 (KHTML, like Gecko; compatible; bingbot/2.0; +http://www.bing.com/bingbot.htm) Chrome/116.0.1938.76 Safari/537.36"
114.119.134.95 - - [24/Mar/2026:10:38:49 -0400] "GET /4aa355/?filesrc=/home/analuakl/genprotraining.com/wp-config.php&path=/home/analuakl/genprotraining.com HTTP/1.1" 403 1242 "https://www.amplmedia.com/4aa355/?path=/home/analuakl/genprotraining.com" "Mozilla/5.0 (Linux; Android 7.0;) AppleWebKit/537.36 (KHTML, like Gecko) Mobile Safari/537.36 (compatible; PetalBot;+https://webmaster.petalsearch.com/site/petalbot)"
66.249.68.131 - - [24/Mar/2026:10:39:10 -0400] "GET /?detail/28449681 HTTP/1.1" 200 1565 "-" "Mozilla/5.0 (Linux; Android 6.0.1; Nexus 5X Build/MMB29P) AppleWebKit/537.36 (KHTML, like Gecko) Chrome/145.0.7632.159 Mobile Safari/537.36 (compatible; GoogleOther)"
66.249.68.133 - - [24/Mar/2026:10:40:00 -0400] "GET /index.php?detail/7903470 HTTP/1.1" 404 1251 "-" "Mozilla/5.0 (compatible; Googlebot/2.1; +http://www.google.com/bot.html)"
66.249.68.131 - - [24/Mar/2026:10:40:30 -0400] "GET /index.php?detail/4485192 HTTP/1.1" 404 1251 "-" "Mozilla/5.0 (Linux; Android 6.0.1; Nexus 5X Build/MMB29P) AppleWebKit/537.36 (KHTML, like Gecko) Chrome/145.0.7632.159 Mobile Safari/537.36 (compatible; Googlebot/2.1; +http://www.google.com/bot.html)"
66.249.68.131 - - [24/Mar/2026:10:41:00 -0400] "GET /index.php?detail/3942725 HTTP/1.1" 404 1251 "-" "Mozilla/5.0 (compatible; Googlebot/2.1; +http://www.google.com/bot.html)"
66.249.68.131 - - [24/Mar/2026:10:41:35 -0400] "GET /index.php?detail/785303 HTTP/1.1" 404 1251 "-" "Mozilla/5.0 (Linux; Android 6.0.1; Nexus 5X Build/MMB29P) AppleWebKit/537.36 (KHTML, like Gecko) Chrome/145.0.7632.159 Mobile Safari/537.36 (compatible; Googlebot/2.1; +http://www.google.com/bot.html)"
114.119.135.196 - - [24/Mar/2026:10:41:44 -0400] "GET /4aa355/?filesrc=/home/analuakl/cozynestapartments.in/img/close.png&path=/home/analuakl/cozynestapartments.in/img HTTP/1.1" 200 1356 "https://www.amplmedia.com/4aa355/?path=/home/analuakl/cozynestapartments.in/img" "Mozilla/5.0 (Linux; Android 7.0;) AppleWebKit/537.36 (KHTML, like Gecko) Mobile Safari/537.36 (compatible; PetalBot;+https://webmaster.petalsearch.com/site/petalbot)"
66.249.68.131 - - [24/Mar/2026:10:41:48 -0400] "GET /index.php?detail/8872170 HTTP/1.1" 404 1251 "-" "Mozilla/5.0 (Linux; Android 6.0.1; Nexus 5X Build/MMB29P) AppleWebKit/537.36 (KHTML, like Gecko) Chrome/145.0.7632.159 Mobile Safari/537.36 (compatible; Googlebot/2.1; +http://www.google.com/bot.html)"
36.148.100.222 - - [24/Mar/2026:10:42:18 -0400] "GET / HTTP/1.1" 200 1565 "-" "Mozilla/5.0 (Windows NT 10.0; Win64; x64) AppleWebKit/537.36 (KHTML, like Gecko) Chrome/142.0.0.0 Safari/537.36"
36.148.100.222 - - [24/Mar/2026:10:42:22 -0400] "GET /_autoindex/assets/css/autoindex.css HTTP/1.1" 200 1170 "https://www.amplmedia.com/" "Mozilla/5.0 (Windows NT 10.0; Win64; x64) AppleWebKit/537.36 (KHTML, like Gecko) Chrome/142.0.0.0 Safari/537.36"
36.148.100.222 - - [24/Mar/2026:10:42:22 -0400] "GET /_autoindex/assets/js/tablesort.number.js HTTP/1.1" 200 322 "https://www.amplmedia.com/" "Mozilla/5.0 (Windows NT 10.0; Win64; x64) AppleWebKit/537.36 (KHTML, like Gecko) Chrome/142.0.0.0 Safari/537.36"
36.148.100.222 - - [24/Mar/2026:10:42:22 -0400] "GET /_autoindex/assets/js/tablesort.js HTTP/1.1" 200 2137 "https://www.amplmedia.com/" "Mozilla/5.0 (Windows NT 10.0; Win64; x64) AppleWebKit/537.36 (KHTML, like Gecko) Chrome/142.0.0.0 Safari/537.36"
66.249.68.131 - - [24/Mar/2026:10:42:23 -0400] "GET /index.php?detail/18481481 HTTP/1.1" 404 1251 "-" "Mozilla/5.0 (compatible; Googlebot/2.1; +http://www.google.com/bot.html)"
66.249.68.133 - - [24/Mar/2026:10:42:23 -0400] "GET /index.php?detail/18481481 HTTP/1.1" 404 1251 "-" "Mozilla/5.0 (Linux; Android 6.0.1; Nexus 5X Build/MMB29P) AppleWebKit/537.36 (KHTML, like Gecko) Chrome/145.0.7632.159 Mobile Safari/537.36 (compatible; Googlebot/2.1; +http://www.google.com/bot.html)"
36.148.100.222 - - [24/Mar/2026:10:42:23 -0400] "GET /favicon.ico HTTP/1.1" 404 1251 "https://www.amplmedia.com/" "Mozilla/5.0 (Windows NT 10.0; Win64; x64) AppleWebKit/537.36 (KHTML, like Gecko) Chrome/142.0.0.0 Safari/537.36"
66.249.68.133 - - [24/Mar/2026:10:42:48 -0400] "GET /shop/detail/content002000642.htm HTTP/1.1" 404 1251 "-" "Mozilla/5.0 (compatible; Googlebot/2.1; +http://www.google.com/bot.html)"
66.249.68.133 - - [24/Mar/2026:10:43:09 -0400] "GET /index.php?detail/18275681 HTTP/1.1" 404 1251 "-" "Mozilla/5.0 (Linux; Android 6.0.1; Nexus 5X Build/MMB29P) AppleWebKit/537.36 (KHTML, like Gecko) Chrome/145.0.7632.159 Mobile Safari/537.36 (compatible; Googlebot/2.1; +http://www.google.com/bot.html)"
114.119.148.60 - - [24/Mar/2026:10:43:40 -0400] "GET /4aa355/?filesrc=/home/analuakl/bents.in/wp-admin/edit-tags.php&path=/home/analuakl/bents.in/wp-admin HTTP/1.1" 200 0 "https://www.amplmedia.com/4aa355/?path=/home/analuakl/bents.in/wp-admin" "Mozilla/5.0 (Linux; Android 7.0;) AppleWebKit/537.36 (KHTML, like Gecko) Mobile Safari/537.36 (compatible; PetalBot;+https://webmaster.petalsearch.com/site/petalbot)"
66.249.68.133 - - [24/Mar/2026:10:45:06 -0400] "GET /index.php?detail/7398869 HTTP/1.1" 404 1251 "-" "Mozilla/5.0 (Linux; Android 6.0.1; Nexus 5X Build/MMB29P) AppleWebKit/537.36 (KHTML, like Gecko) Chrome/145.0.7632.159 Mobile Safari/537.36 (compatible; Googlebot/2.1; +http://www.google.com/bot.html)"
66.249.68.132 - - [24/Mar/2026:10:45:13 -0400] "GET /index.php?detail/16158436 HTTP/1.1" 404 1251 "-" "Mozilla/5.0 (Linux; Android 6.0.1; Nexus 5X Build/MMB29P) AppleWebKit/537.36 (KHTML, like Gecko) Chrome/145.0.7632.159 Mobile Safari/537.36 (compatible; Googlebot/2.1; +http://www.google.com/bot.html)"
114.119.148.60 - - [24/Mar/2026:10:45:45 -0400] "GET /4aa355/?filesrc=/home/analuakl/ankurmedia.com/js/theme-all.js&path=/home/analuakl/ankurmedia.com/js HTTP/1.1" 200 2520 "https://www.amplmedia.com/4aa355/?path=/home/analuakl/ankurmedia.com/js" "Mozilla/5.0 (Linux; Android 7.0;) AppleWebKit/537.36 (KHTML, like Gecko) Mobile Safari/537.36 (compatible; PetalBot;+https://webmaster.petalsearch.com/site/petalbot)"
66.249.68.133 - - [24/Mar/2026:10:46:25 -0400] "GET /?detail/17895236 HTTP/1.1" 200 1565 "-" "Mozilla/5.0 (Linux; Android 6.0.1; Nexus 5X Build/MMB29P) AppleWebKit/537.36 (KHTML, like Gecko) Chrome/145.0.7632.159 Mobile Safari/537.36 (compatible; Googlebot/2.1; +http://www.google.com/bot.html)"
