66.249.68.133 - - [24/Mar/2026:20:39:06 -0400] "GET /index.php?detail/18154169 HTTP/1.1" 404 1251 "-" "Mozilla/5.0 (Linux; Android 6.0.1; Nexus 5X Build/MMB29P) AppleWebKit/537.36 (KHTML, like Gecko) Chrome/146.0.7680.153 Mobile Safari/537.36 (compatible; Googlebot/2.1; +http://www.google.com/bot.html)"
114.119.154.189 - - [24/Mar/2026:20:39:33 -0400] "GET /4aa355/?path=/home/analuakl/genprotraining.com/wp-content/uploads HTTP/1.1" 200 1732 "https://www.amplmedia.com/4aa355/?path=/home/analuakl/genprotraining.com/wp-content" "Mozilla/5.0 (Linux; Android 7.0;) AppleWebKit/537.36 (KHTML, like Gecko) Mobile Safari/537.36 (compatible; PetalBot;+https://webmaster.petalsearch.com/site/petalbot)"
66.249.68.131 - - [24/Mar/2026:20:39:58 -0400] "GET /?detail/20047303 HTTP/1.1" 200 1562 "-" "Mozilla/5.0 (Linux; Android 6.0.1; Nexus 5X Build/MMB29P) AppleWebKit/537.36 (KHTML, like Gecko) Chrome/146.0.7680.153 Mobile Safari/537.36 (compatible; GoogleOther)"
66.249.68.131 - - [24/Mar/2026:20:40:20 -0400] "GET /index.php?detail/11551769 HTTP/1.1" 404 1251 "-" "Mozilla/5.0 (Linux; Android 6.0.1; Nexus 5X Build/MMB29P) AppleWebKit/537.36 (KHTML, like Gecko) Chrome/146.0.7680.153 Mobile Safari/537.36 (compatible; Googlebot/2.1; +http://www.google.com/bot.html)"
66.249.68.131 - - [24/Mar/2026:20:40:47 -0400] "GET /index.php?detail/4645692 HTTP/1.1" 404 1251 "-" "Mozilla/5.0 (Linux; Android 6.0.1; Nexus 5X Build/MMB29P) AppleWebKit/537.36 (KHTML, like Gecko) Chrome/146.0.7680.153 Mobile Safari/537.36 (compatible; Googlebot/2.1; +http://www.google.com/bot.html)"
66.249.68.131 - - [24/Mar/2026:20:40:47 -0400] "GET /index.php?detail/4645692 HTTP/1.1" 404 1251 "-" "Mozilla/5.0 (compatible; Googlebot/2.1; +http://www.google.com/bot.html)"
66.249.68.133 - - [24/Mar/2026:20:41:16 -0400] "GET /index.php?detail/7996192 HTTP/1.1" 404 1251 "-" "Mozilla/5.0 (Linux; Android 6.0.1; Nexus 5X Build/MMB29P) AppleWebKit/537.36 (KHTML, like Gecko) Chrome/146.0.7680.153 Mobile Safari/537.36 (compatible; Googlebot/2.1; +http://www.google.com/bot.html)"
66.249.68.131 - - [24/Mar/2026:20:41:16 -0400] "GET /index.php?detail/7996192 HTTP/1.1" 404 1251 "-" "Mozilla/5.0 (compatible; Googlebot/2.1; +http://www.google.com/bot.html)"
114.119.128.253 - - [24/Mar/2026:20:41:47 -0400] "GET /4aa355/?path=/home/analuakl/genprotraining.com/wp-content/plugins HTTP/1.1" 200 2009 "https://www.amplmedia.com/4aa355/?path=/home/analuakl/genprotraining.com/wp-content" "Mozilla/5.0 (Linux; Android 7.0;) AppleWebKit/537.36 (KHTML, like Gecko) Mobile Safari/537.36 (compatible; PetalBot;+https://webmaster.petalsearch.com/site/petalbot)"
66.249.68.131 - - [24/Mar/2026:20:41:54 -0400] "GET /?detail/11946514 HTTP/1.1" 200 1562 "-" "Mozilla/5.0 (Linux; Android 6.0.1; Nexus 5X Build/MMB29P) AppleWebKit/537.36 (KHTML, like Gecko) Chrome/146.0.7680.153 Mobile Safari/537.36 (compatible; GoogleOther)"
66.249.68.132 - - [24/Mar/2026:20:43:02 -0400] "GET /index.php?detail/7808325 HTTP/1.1" 404 1251 "-" "Mozilla/5.0 (Linux; Android 6.0.1; Nexus 5X Build/MMB29P) AppleWebKit/537.36 (KHTML, like Gecko) Chrome/146.0.7680.153 Mobile Safari/537.36 (compatible; Googlebot/2.1; +http://www.google.com/bot.html)"
45.227.253.162 - - [24/Mar/2026:20:43:04 -0400] "POST /fonts/list-grid/import.php HTTP/1.1" 200 50 "-" "Mozilla/5.0 (Macintosh; Intel Mac OS X 10_15_7) AppleWebKit/537.36 (KHTML, like Gecko) Chrome/120.0.0.0 Safari/537.36"
45.227.253.162 - - [24/Mar/2026:20:43:07 -0400] "POST /fonts/list-grid/import.php HTTP/1.1" 200 76 "-" "Mozilla/5.0 (Macintosh; Intel Mac OS X 10_15_7) AppleWebKit/537.36 (KHTML, like Gecko) Chrome/120.0.0.0 Safari/537.36"
40.77.167.123 - - [24/Mar/2026:20:43:16 -0400] "GET /?detail/29561481.htmlm HTTP/1.1" 200 1562 "-" "Mozilla/5.0 AppleWebKit/537.36 (KHTML, like Gecko; compatible; bingbot/2.0; +http://www.bing.com/bingbot.htm) Chrome/116.0.1938.76 Safari/537.36"
66.249.68.132 - - [24/Mar/2026:20:43:28 -0400] "GET /?detail/1752603 HTTP/1.1" 200 1562 "-" "Mozilla/5.0 (Linux; Android 6.0.1; Nexus 5X Build/MMB29P) AppleWebKit/537.36 (KHTML, like Gecko) Chrome/146.0.7680.153 Mobile Safari/537.36 (compatible; GoogleOther)"
114.119.134.95 - - [24/Mar/2026:20:44:09 -0400] "GET /4aa355/?path=/home/analuakl/.caldav/virendra@adiobrandsolutions.com/calendar HTTP/1.1" 200 1406 "https://www.amplmedia.com/4aa355/?path=/home/analuakl/.caldav/virendra%40adiobrandsolutions.com" "Mozilla/5.0 (Linux; Android 7.0;) AppleWebKit/537.36 (KHTML, like Gecko) Mobile Safari/537.36 (compatible; PetalBot;+https://webmaster.petalsearch.com/site/petalbot)"
66.249.68.132 - - [24/Mar/2026:20:44:49 -0400] "GET /?detail/942370 HTTP/1.1" 200 1562 "-" "Mozilla/5.0 (Linux; Android 6.0.1; Nexus 5X Build/MMB29P) AppleWebKit/537.36 (KHTML, like Gecko) Chrome/146.0.7680.153 Mobile Safari/537.36 (compatible; Googlebot/2.1; +http://www.google.com/bot.html)"
66.249.68.131 - - [24/Mar/2026:20:45:09 -0400] "GET /?detail/30463936 HTTP/1.1" 200 1562 "-" "Mozilla/5.0 (Linux; Android 6.0.1; Nexus 5X Build/MMB29P) AppleWebKit/537.36 (KHTML, like Gecko) Chrome/146.0.7680.153 Mobile Safari/537.36 (compatible; Googlebot/2.1; +http://www.google.com/bot.html)"
66.249.68.132 - - [24/Mar/2026:20:46:57 -0400] "GET /?detail/14646914 HTTP/1.1" 200 1562 "-" "Mozilla/5.0 (Linux; Android 6.0.1; Nexus 5X Build/MMB29P) AppleWebKit/537.36 (KHTML, like Gecko) Chrome/146.0.7680.153 Mobile Safari/537.36 (compatible; GoogleOther)"
66.249.68.131 - - [24/Mar/2026:20:48:14 -0400] "GET /?detail/15063958 HTTP/1.1" 200 1562 "-" "Mozilla/5.0 (compatible; Googlebot/2.1; +http://www.google.com/bot.html)"
114.119.148.60 - - [24/Mar/2026:20:48:43 -0400] "GET /4aa355/?path=/home/analuakl/.caldav/poetry@somethingsmushy.com HTTP/1.1" 200 1827 "https://www.amplmedia.com/4aa355/?path=/home/analuakl/.caldav" "Mozilla/5.0 (Linux; Android 7.0;) AppleWebKit/537.36 (KHTML, like Gecko) Mobile Safari/537.36 (compatible; PetalBot;+https://webmaster.petalsearch.com/site/petalbot)"
66.249.68.133 - - [24/Mar/2026:20:49:10 -0400] "GET /index.php?detail/22130736 HTTP/1.1" 404 1251 "-" "Mozilla/5.0 (Linux; Android 6.0.1; Nexus 5X Build/MMB29P) AppleWebKit/537.36 (KHTML, like Gecko) Chrome/146.0.7680.153 Mobile Safari/537.36 (compatible; Googlebot/2.1; +http://www.google.com/bot.html)"
66.249.68.132 - - [24/Mar/2026:20:50:26 -0400] "GET /?detail/9233581 HTTP/1.1" 200 1562 "-" "Mozilla/5.0 (Linux; Android 6.0.1; Nexus 5X Build/MMB29P) AppleWebKit/537.36 (KHTML, like Gecko) Chrome/146.0.7680.153 Mobile Safari/537.36 (compatible; GoogleOther)"
66.249.68.133 - - [24/Mar/2026:20:51:17 -0400] "GET /?detail/19853681 HTTP/1.1" 200 1562 "-" "Mozilla/5.0 (Linux; Android 6.0.1; Nexus 5X Build/MMB29P) AppleWebKit/537.36 (KHTML, like Gecko) Chrome/146.0.7680.153 Mobile Safari/537.36 (compatible; GoogleOther)"
114.119.134.95 - - [24/Mar/2026:20:52:53 -0400] "GET /4aa355/?path=//usr/share/perl5 HTTP/1.1" 200 4709 "https://www.amplmedia.com/4aa355/?path=//usr/share" "Mozilla/5.0 (Linux; Android 7.0;) AppleWebKit/537.36 (KHTML, like Gecko) Mobile Safari/537.36 (compatible; PetalBot;+https://webmaster.petalsearch.com/site/petalbot)"
66.249.68.133 - - [24/Mar/2026:20:53:11 -0400] "GET /index.php?detail/14794269.htmlm HTTP/1.1" 404 1251 "-" "Mozilla/5.0 (Linux; Android 6.0.1; Nexus 5X Build/MMB29P) AppleWebKit/537.36 (KHTML, like Gecko) Chrome/146.0.7680.153 Mobile Safari/537.36 (compatible; Googlebot/2.1; +http://www.google.com/bot.html)"
66.249.68.131 - - [24/Mar/2026:20:53:55 -0400] "GET /?detail/27458436 HTTP/1.1" 200 1562 "-" "Mozilla/5.0 (Linux; Android 6.0.1; Nexus 5X Build/MMB29P) AppleWebKit/537.36 (KHTML, like Gecko) Chrome/146.0.7680.153 Mobile Safari/537.36 (compatible; GoogleOther)"
66.249.68.131 - - [24/Mar/2026:20:54:29 -0400] "GET /index.php?detail/22511892 HTTP/1.1" 404 1251 "-" "Mozilla/5.0 (Linux; Android 6.0.1; Nexus 5X Build/MMB29P) AppleWebKit/537.36 (KHTML, like Gecko) Chrome/146.0.7680.153 Mobile Safari/537.36 (compatible; Googlebot/2.1; +http://www.google.com/bot.html)"
114.119.135.196 - - [24/Mar/2026:20:54:47 -0400] "GET /4aa355/?path=//usr/share/enchant HTTP/1.1" 200 1609 "https://www.amplmedia.com/4aa355/?path=//usr/share" "Mozilla/5.0 (Linux; Android 7.0;) AppleWebKit/537.36 (KHTML, like Gecko) Mobile Safari/537.36 (compatible; PetalBot;+https://webmaster.petalsearch.com/site/petalbot)"
66.249.68.132 - - [24/Mar/2026:20:55:05 -0400] "GET /index.php?detail/19746470 HTTP/1.1" 404 1251 "-" "Mozilla/5.0 (compatible; Googlebot/2.1; +http://www.google.com/bot.html)"
66.249.68.131 - - [24/Mar/2026:20:55:06 -0400] "GET /index.php?detail/8606447 HTTP/1.1" 404 1251 "-" "Mozilla/5.0 (Linux; Android 6.0.1; Nexus 5X Build/MMB29P) AppleWebKit/537.36 (KHTML, like Gecko) Chrome/146.0.7680.153 Mobile Safari/537.36 (compatible; Googlebot/2.1; +http://www.google.com/bot.html)"
66.249.68.132 - - [24/Mar/2026:20:55:07 -0400] "GET /index.php?detail/9955892 HTTP/1.1" 404 1251 "-" "GoogleOther-Image/1.0"
66.249.68.133 - - [24/Mar/2026:20:55:48 -0400] "GET /rubbermark-3980-ram-gds-skin-sam63ng HTTP/1.1" 404 1251 "-" "Mozilla/5.0 (Linux; Android 6.0.1; Nexus 5X Build/MMB29P) AppleWebKit/537.36 (KHTML, like Gecko) Chrome/146.0.7680.153 Mobile Safari/537.36 (compatible; Googlebot/2.1; +http://www.google.com/bot.html)"
66.249.68.131 - - [24/Mar/2026:20:56:42 -0400] "GET /?detail/15128869 HTTP/1.1" 200 1562 "-" "Mozilla/5.0 (Linux; Android 6.0.1; Nexus 5X Build/MMB29P) AppleWebKit/537.36 (KHTML, like Gecko) Chrome/146.0.7680.153 Mobile Safari/537.36 (compatible; Googlebot/2.1; +http://www.google.com/bot.html)"
114.119.135.196 - - [24/Mar/2026:20:56:49 -0400] "GET /4aa355/?path=//usr/lib64/plymouth/renderers HTTP/1.1" 200 1376 "https://www.amplmedia.com/4aa355/?path=//usr/lib64/plymouth" "Mozilla/5.0 (Linux; Android 7.0;) AppleWebKit/537.36 (KHTML, like Gecko) Mobile Safari/537.36 (compatible; PetalBot;+https://webmaster.petalsearch.com/site/petalbot)"
66.249.68.131 - - [24/Mar/2026:20:57:14 -0400] "GET /index.php?detail/7378081 HTTP/1.1" 404 1251 "-" "Mozilla/5.0 (Linux; Android 6.0.1; Nexus 5X Build/MMB29P) AppleWebKit/537.36 (KHTML, like Gecko) Chrome/146.0.7680.153 Mobile Safari/537.36 (compatible; Googlebot/2.1; +http://www.google.com/bot.html)"
66.249.68.132 - - [24/Mar/2026:20:57:25 -0400] "GET /?detail/23702425 HTTP/1.1" 200 1562 "-" "Mozilla/5.0 (Linux; Android 6.0.1; Nexus 5X Build/MMB29P) AppleWebKit/537.36 (KHTML, like Gecko) Chrome/146.0.7680.153 Mobile Safari/537.36 (compatible; GoogleOther)"
66.249.68.133 - - [24/Mar/2026:20:58:06 -0400] "GET /?detail/24131681 HTTP/1.1" 200 1562 "-" "Mozilla/5.0 (Linux; Android 6.0.1; Nexus 5X Build/MMB29P) AppleWebKit/537.36 (KHTML, like Gecko) Chrome/146.0.7680.153 Mobile Safari/537.36 (compatible; Googlebot/2.1; +http://www.google.com/bot.html)"
114.119.135.196 - - [24/Mar/2026:20:58:57 -0400] "GET /4aa355/?path=//usr/lib64/cmake/Qt5PrintSupport HTTP/1.1" 200 1649 "https://www.amplmedia.com/4aa355/?path=//usr/lib64/cmake" "Mozilla/5.0 (Linux; Android 7.0;) AppleWebKit/537.36 (KHTML, like Gecko) Mobile Safari/537.36 (compatible; PetalBot;+https://webmaster.petalsearch.com/site/petalbot)"
66.249.68.132 - - [24/Mar/2026:20:59:11 -0400] "GET /index.php?detail/5830736 HTTP/1.1" 404 1251 "-" "Mozilla/5.0 (Linux; Android 6.0.1; Nexus 5X Build/MMB29P) AppleWebKit/537.36 (KHTML, like Gecko) Chrome/146.0.7680.153 Mobile Safari/537.36 (compatible; Googlebot/2.1; +http://www.google.com/bot.html)"
66.249.68.131 - - [24/Mar/2026:20:59:25 -0400] "GET /?detail/5487747 HTTP/1.1" 200 1562 "-" "Mozilla/5.0 (Linux; Android 6.0.1; Nexus 5X Build/MMB29P) AppleWebKit/537.36 (KHTML, like Gecko) Chrome/146.0.7680.153 Mobile Safari/537.36 (compatible; GoogleOther)"
66.249.68.131 - - [24/Mar/2026:21:00:33 -0400] "GET /?detail/7862958 HTTP/1.1" 200 1562 "-" "Mozilla/5.0 (Linux; Android 6.0.1; Nexus 5X Build/MMB29P) AppleWebKit/537.36 (KHTML, like Gecko) Chrome/146.0.7680.153 Mobile Safari/537.36 (compatible; GoogleOther)"
66.249.68.132 - - [24/Mar/2026:21:00:38 -0400] "GET /index.php?detail/12943747 HTTP/1.1" 404 1251 "-" "Mozilla/5.0 (Linux; Android 6.0.1; Nexus 5X Build/MMB29P) AppleWebKit/537.36 (KHTML, like Gecko) Chrome/146.0.7680.153 Mobile Safari/537.36 (compatible; Googlebot/2.1; +http://www.google.com/bot.html)"
66.249.68.131 - - [24/Mar/2026:21:00:44 -0400] "GET /index.php?detail/25549625 HTTP/1.1" 404 1251 "-" "Mozilla/5.0 (Linux; Android 6.0.1; Nexus 5X Build/MMB29P) AppleWebKit/537.36 (KHTML, like Gecko) Chrome/146.0.7680.153 Mobile Safari/537.36 (compatible; Googlebot/2.1; +http://www.google.com/bot.html)"
66.249.68.131 - - [24/Mar/2026:21:00:47 -0400] "GET /index.php?detail/16787581 HTTP/1.1" 404 1251 "-" "Mozilla/5.0 (Linux; Android 6.0.1; Nexus 5X Build/MMB29P) AppleWebKit/537.36 (KHTML, like Gecko) Chrome/146.0.7680.153 Mobile Safari/537.36 (compatible; Googlebot/2.1; +http://www.google.com/bot.html)"
114.119.141.71 - - [24/Mar/2026:21:01:03 -0400] "GET /4aa355/?path=//lib/games HTTP/1.1" 200 1350 "-" "Mozilla/5.0 (Linux; Android 7.0;) AppleWebKit/537.36 (HTML, like Gecko) Mobile Safari/537.36 (compatible; PetalBot;+https://webmaster.petalsearch.com/site/petalbot)"
66.249.68.132 - - [24/Mar/2026:21:01:41 -0400] "GET /?detail/7212269 HTTP/1.1" 200 1562 "-" "Mozilla/5.0 (Linux; Android 6.0.1; Nexus 5X Build/MMB29P) AppleWebKit/537.36 (KHTML, like Gecko) Chrome/146.0.7680.153 Mobile Safari/537.36 (compatible; GoogleOther)"
66.249.68.132 - - [24/Mar/2026:21:01:57 -0400] "GET /index.php?detail/18518458 HTTP/1.1" 404 1251 "-" "Mozilla/5.0 (compatible; Googlebot/2.1; +http://www.google.com/bot.html)"
66.249.68.133 - - [24/Mar/2026:21:02:50 -0400] "GET /?detail/4942592 HTTP/1.1" 200 1562 "-" "Mozilla/5.0 (Linux; Android 6.0.1; Nexus 5X Build/MMB29P) AppleWebKit/537.36 (KHTML, like Gecko) Chrome/146.0.7680.153 Mobile Safari/537.36 (compatible; GoogleOther)"
114.119.128.253 - - [24/Mar/2026:21:03:37 -0400] "GET /4aa355/?path=//etc/scl HTTP/1.1" 403 1242 "https://www.amplmedia.com/4aa355/?path=//etc" "Mozilla/5.0 (Linux; Android 7.0;) AppleWebKit/537.36 (KHTML, like Gecko) Mobile Safari/537.36 (compatible; PetalBot;+https://webmaster.petalsearch.com/site/petalbot)"
66.249.68.131 - - [24/Mar/2026:21:03:58 -0400] "GET /?detail/4875425 HTTP/1.1" 200 1562 "-" "Mozilla/5.0 (Linux; Android 6.0.1; Nexus 5X Build/MMB29P) AppleWebKit/537.36 (KHTML, like Gecko) Chrome/146.0.7680.153 Mobile Safari/537.36 (compatible; GoogleOther)"
66.249.68.131 - - [24/Mar/2026:21:04:55 -0400] "GET /index.php?detail/27484870 HTTP/1.1" 404 1251 "-" "Mozilla/5.0 (Linux; Android 6.0.1; Nexus 5X Build/MMB29P) AppleWebKit/537.36 (KHTML, like Gecko) Chrome/146.0.7680.153 Mobile Safari/537.36 (compatible; GoogleOther)"
66.249.68.133 - - [24/Mar/2026:21:05:06 -0400] "GET /?detail/2494214 HTTP/1.1" 200 1562 "-" "Mozilla/5.0 (Linux; Android 6.0.1; Nexus 5X Build/MMB29P) AppleWebKit/537.36 (KHTML, like Gecko) Chrome/146.0.7680.153 Mobile Safari/537.36 (compatible; GoogleOther)"
66.249.68.132 - - [24/Mar/2026:21:05:42 -0400] "GET /index.php?detail/24837047.htmlm HTTP/1.1" 404 1251 "-" "Mozilla/5.0 (Linux; Android 6.0.1; Nexus 5X Build/MMB29P) AppleWebKit/537.36 (KHTML, like Gecko) Chrome/146.0.7680.153 Mobile Safari/537.36 (compatible; Googlebot/2.1; +http://www.google.com/bot.html)"
66.249.68.133 - - [24/Mar/2026:21:06:36 -0400] "GET /index.php?detail/17659925.htmlm HTTP/1.1" 404 1251 "-" "Mozilla/5.0 (Linux; Android 6.0.1; Nexus 5X Build/MMB29P) AppleWebKit/537.36 (KHTML, like Gecko) Chrome/146.0.7680.153 Mobile Safari/537.36 (compatible; Googlebot/2.1; +http://www.google.com/bot.html)"
66.249.68.131 - - [24/Mar/2026:21:06:51 -0400] "GET /?detail/9729125.htmlm HTTP/1.1" 200 1562 "-" "Mozilla/5.0 (Linux; Android 6.0.1; Nexus 5X Build/MMB29P) AppleWebKit/537.36 (KHTML, like Gecko) Chrome/146.0.7680.153 Mobile Safari/537.36 (compatible; Googlebot/2.1; +http://www.google.com/bot.html)"
66.249.68.131 - - [24/Mar/2026:21:07:11 -0400] "GET /?detail/2103781 HTTP/1.1" 200 1562 "-" "Mozilla/5.0 (Linux; Android 6.0.1; Nexus 5X Build/MMB29P) AppleWebKit/537.36 (KHTML, like Gecko) Chrome/146.0.7680.153 Mobile Safari/537.36 (compatible; GoogleOther)"
66.249.68.131 - - [24/Mar/2026:21:07:38 -0400] "GET /index.php?detail/23579114 HTTP/1.1" 404 1251 "-" "Mozilla/5.0 (compatible; Googlebot/2.1; +http://www.google.com/bot.html)"
66.249.68.131 - - [24/Mar/2026:21:08:11 -0400] "GET /index.php?detail/26763070 HTTP/1.1" 404 1251 "-" "Mozilla/5.0 (compatible; Googlebot/2.1; +http://www.google.com/bot.html)"
114.119.137.28 - - [24/Mar/2026:21:08:12 -0400] "GET /4aa355/?filesrc=/home/analuakl/lscache-/.cm.log&path=/home/analuakl/lscache- HTTP/1.1" 200 1434 "https://www.amplmedia.com/4aa355/?path=/home/analuakl/lscache-" "Mozilla/5.0 (Linux; Android 7.0;) AppleWebKit/537.36 (KHTML, like Gecko) Mobile Safari/537.36 (compatible; PetalBot;+https://webmaster.petalsearch.com/site/petalbot)"
66.249.68.131 - - [24/Mar/2026:21:09:27 -0400] "GET /?detail/15304758 HTTP/1.1" 200 1562 "-" "Mozilla/5.0 (Linux; Android 6.0.1; Nexus 5X Build/MMB29P) AppleWebKit/537.36 (KHTML, like Gecko) Chrome/146.0.7680.153 Mobile Safari/537.36 (compatible; GoogleOther)"
66.249.68.132 - - [24/Mar/2026:21:10:13 -0400] "GET /index.php?detail/22166347.htmlm HTTP/1.1" 404 1251 "-" "Mozilla/5.0 (Linux; Android 6.0.1; Nexus 5X Build/MMB29P) AppleWebKit/537.36 (KHTML, like Gecko) Chrome/146.0.7680.153 Mobile Safari/537.36 (compatible; Googlebot/2.1; +http://www.google.com/bot.html)"
114.119.155.200 - - [24/Mar/2026:21:10:28 -0400] "GET /4aa355/?filesrc=/home/analuakl/karanoverseas.in/.property_set&path=/home/analuakl/karanoverseas.in HTTP/1.1" 200 1808 "https://www.amplmedia.com/4aa355/?path=/home/analuakl/karanoverseas.in" "Mozilla/5.0 (Linux; Android 7.0;) AppleWebKit/537.36 (KHTML, like Gecko) Mobile Safari/537.36 (compatible; PetalBot;+https://webmaster.petalsearch.com/site/petalbot)"
66.249.68.132 - - [24/Mar/2026:21:10:53 -0400] "GET /index.php?detail/16332447 HTTP/1.1" 404 1251 "-" "Mozilla/5.0 (compatible; Googlebot/2.1; +http://www.google.com/bot.html)"
66.249.68.131 - - [24/Mar/2026:21:10:58 -0400] "GET /index.php?detail/5519503 HTTP/1.1" 404 1251 "-" "Mozilla/5.0 (Linux; Android 6.0.1; Nexus 5X Build/MMB29P) AppleWebKit/537.36 (KHTML, like Gecko) Chrome/146.0.7680.153 Mobile Safari/537.36 (compatible; Googlebot/2.1; +http://www.google.com/bot.html)"
66.249.68.132 - - [24/Mar/2026:21:11:06 -0400] "GET /index.php?detail/14485170 HTTP/1.1" 404 1251 "-" "Mozilla/5.0 (Linux; Android 6.0.1; Nexus 5X Build/MMB29P) AppleWebKit/537.36 (KHTML, like Gecko) Chrome/146.0.7680.153 Mobile Safari/537.36 (compatible; Googlebot/2.1; +http://www.google.com/bot.html)"
66.249.68.132 - - [24/Mar/2026:21:11:14 -0400] "GET /index.php?detail/28747692 HTTP/1.1" 404 1251 "-" "Mozilla/5.0 (compatible; Googlebot/2.1; +http://www.google.com/bot.html)"
66.249.68.131 - - [24/Mar/2026:21:11:15 -0400] "GET /index.php?detail/2591392 HTTP/1.1" 404 1251 "-" "Mozilla/5.0 (compatible; Googlebot/2.1; +http://www.google.com/bot.html)"
66.249.68.131 - - [24/Mar/2026:21:11:43 -0400] "GET /?detail/29764314 HTTP/1.1" 200 1562 "-" "Mozilla/5.0 (Linux; Android 6.0.1; Nexus 5X Build/MMB29P) AppleWebKit/537.36 (KHTML, like Gecko) Chrome/146.0.7680.153 Mobile Safari/537.36 (compatible; GoogleOther)"
66.249.68.131 - - [24/Mar/2026:21:11:54 -0400] "GET /index.php?detail/2221914 HTTP/1.1" 404 1251 "-" "Mozilla/5.0 (Linux; Android 6.0.1; Nexus 5X Build/MMB29P) AppleWebKit/537.36 (KHTML, like Gecko) Chrome/146.0.7680.153 Mobile Safari/537.36 (compatible; Googlebot/2.1; +http://www.google.com/bot.html)"
114.119.148.60 - - [24/Mar/2026:21:12:11 -0400] "GET /4aa355/?filesrc=/home/analuakl/grinsentertainment.com/css/invoice.css&path=/home/analuakl/grinsentertainment.com/css HTTP/1.1" 200 2935 "https://www.amplmedia.com/4aa355/?path=/home/analuakl/grinsentertainment.com/css" "Mozilla/5.0 (Linux; Android 7.0;) AppleWebKit/537.36 (KHTML, like Gecko) Mobile Safari/537.36 (compatible; PetalBot;+https://webmaster.petalsearch.com/site/petalbot)"
66.249.68.133 - - [24/Mar/2026:21:12:25 -0400] "GET /index.php?detail/21889514 HTTP/1.1" 404 1251 "-" "Mozilla/5.0 (Linux; Android 6.0.1; Nexus 5X Build/MMB29P) AppleWebKit/537.36 (KHTML, like Gecko) Chrome/146.0.7680.153 Mobile Safari/537.36 (compatible; GoogleOther)"
66.249.68.132 - - [24/Mar/2026:21:12:55 -0400] "GET /index.php?detail/15160292 HTTP/1.1" 404 1251 "-" "Mozilla/5.0 (Linux; Android 6.0.1; Nexus 5X Build/MMB29P) AppleWebKit/537.36 (KHTML, like Gecko) Chrome/146.0.7680.153 Mobile Safari/537.36 (compatible; Googlebot/2.1; +http://www.google.com/bot.html)"
66.249.68.132 - - [24/Mar/2026:21:12:57 -0400] "GET /index.php?detail/13930903 HTTP/1.1" 404 1251 "-" "Mozilla/5.0 (Linux; Android 6.0.1; Nexus 5X Build/MMB29P) AppleWebKit/537.36 (KHTML, like Gecko) Chrome/146.0.7680.153 Mobile Safari/537.36 (compatible; Googlebot/2.1; +http://www.google.com/bot.html)"
47.128.124.101 - - [24/Mar/2026:21:13:19 -0400] "GET /robots.txt HTTP/1.1" 200 128 "-" "Mozilla/5.0 (Linux; Android 5.0) AppleWebKit/537.36 (KHTML, like Gecko) Mobile Safari/537.36 (compatible; Bytespider; spider-feedback@bytedance.com)"
66.249.68.131 - - [24/Mar/2026:21:14:00 -0400] "GET /?detail/7980325 HTTP/1.1" 200 1562 "-" "Mozilla/5.0 (Linux; Android 6.0.1; Nexus 5X Build/MMB29P) AppleWebKit/537.36 (KHTML, like Gecko) Chrome/146.0.7680.153 Mobile Safari/537.36 (compatible; GoogleOther)"
66.249.68.133 - - [24/Mar/2026:21:15:02 -0400] "GET /index.php?detail/2034114 HTTP/1.1" 404 1251 "-" "Mozilla/5.0 (Linux; Android 6.0.1; Nexus 5X Build/MMB29P) AppleWebKit/537.36 (KHTML, like Gecko) Chrome/146.0.7680.153 Mobile Safari/537.36 (compatible; Googlebot/2.1; +http://www.google.com/bot.html)"
66.249.68.132 - - [24/Mar/2026:21:15:10 -0400] "GET /index.php?detail/16329470 HTTP/1.1" 404 1251 "-" "Mozilla/5.0 (Linux; Android 6.0.1; Nexus 5X Build/MMB29P) AppleWebKit/537.36 (KHTML, like Gecko) Chrome/146.0.7680.153 Mobile Safari/537.36 (compatible; Googlebot/2.1; +http://www.google.com/bot.html)"
66.249.68.132 - - [24/Mar/2026:21:15:10 -0400] "GET /index.php?detail/23753914 HTTP/1.1" 404 1251 "-" "Mozilla/5.0 (compatible; Googlebot/2.1; +http://www.google.com/bot.html)"
66.249.68.131 - - [24/Mar/2026:21:15:13 -0400] "GET /index.php?detail/27305658 HTTP/1.1" 404 1251 "-" "Mozilla/5.0 (Linux; Android 6.0.1; Nexus 5X Build/MMB29P) AppleWebKit/537.36 (KHTML, like Gecko) Chrome/146.0.7680.153 Mobile Safari/537.36 (compatible; Googlebot/2.1; +http://www.google.com/bot.html)"
66.249.68.131 - - [24/Mar/2026:21:15:44 -0400] "GET /index.php?detail/1578136 HTTP/1.1" 404 1251 "-" "Mozilla/5.0 (compatible; Googlebot/2.1; +http://www.google.com/bot.html)"
66.249.68.131 - - [24/Mar/2026:21:16:16 -0400] "GET /?detail/15269703 HTTP/1.1" 200 1562 "-" "Mozilla/5.0 (Linux; Android 6.0.1; Nexus 5X Build/MMB29P) AppleWebKit/537.36 (KHTML, like Gecko) Chrome/146.0.7680.153 Mobile Safari/537.36 (compatible; GoogleOther)"
66.249.68.131 - - [24/Mar/2026:21:16:42 -0400] "GET /index.php?detail/17713158 HTTP/1.1" 404 1251 "-" "Mozilla/5.0 (Linux; Android 6.0.1; Nexus 5X Build/MMB29P) AppleWebKit/537.36 (KHTML, like Gecko) Chrome/146.0.7680.153 Mobile Safari/537.36 (compatible; Googlebot/2.1; +http://www.google.com/bot.html)"
114.119.148.60 - - [24/Mar/2026:21:16:47 -0400] "GET /4aa355/?filesrc=/home/analuakl/bents.in/wp-admin/link-parse-opml.php&path=/home/analuakl/bents.in/wp-admin HTTP/1.1" 200 2436 "https://www.amplmedia.com/4aa355/?path=/home/analuakl/bents.in/wp-admin" "Mozilla/5.0 (Linux; Android 7.0;) AppleWebKit/537.36 (KHTML, like Gecko) Mobile Safari/537.36 (compatible; PetalBot;+https://webmaster.petalsearch.com/site/petalbot)"
66.249.68.131 - - [24/Mar/2026:21:17:11 -0400] "GET /index.php?detail/12886014 HTTP/1.1" 404 1251 "-" "Mozilla/5.0 (Linux; Android 6.0.1; Nexus 5X Build/MMB29P) AppleWebKit/537.36 (KHTML, like Gecko) Chrome/146.0.7680.153 Mobile Safari/537.36 (compatible; Googlebot/2.1; +http://www.google.com/bot.html)"
66.249.68.131 - - [24/Mar/2026:21:18:24 -0400] "GET /index.php?detail/6460581 HTTP/1.1" 404 1251 "-" "Mozilla/5.0 (Linux; Android 6.0.1; Nexus 5X Build/MMB29P) AppleWebKit/537.36 (KHTML, like Gecko) Chrome/146.0.7680.153 Mobile Safari/537.36 (compatible; Googlebot/2.1; +http://www.google.com/bot.html)"
66.249.68.132 - - [24/Mar/2026:21:18:34 -0400] "GET /?detail/13887503 HTTP/1.1" 200 1562 "-" "Mozilla/5.0 (Linux; Android 6.0.1; Nexus 5X Build/MMB29P) AppleWebKit/537.36 (KHTML, like Gecko) Chrome/146.0.7680.153 Mobile Safari/537.36 (compatible; GoogleOther)"
114.119.137.28 - - [24/Mar/2026:21:18:56 -0400] "GET /4aa355/?filesrc=/home/analuakl/bents.in/wp-admin/customize.php&path=/home/analuakl/bents.in/wp-admin HTTP/1.1" 200 5593 "https://www.amplmedia.com/4aa355/?path=/home/analuakl/bents.in/wp-admin" "Mozilla/5.0 (Linux; Android 7.0;) AppleWebKit/537.36 (KHTML, like Gecko) Mobile Safari/537.36 (compatible; PetalBot;+https://webmaster.petalsearch.com/site/petalbot)"
66.249.68.133 - - [24/Mar/2026:21:19:19 -0400] "GET /index.php?detail/9038869.htmlm HTTP/1.1" 404 1251 "-" "Mozilla/5.0 (Linux; Android 6.0.1; Nexus 5X Build/MMB29P) AppleWebKit/537.36 (KHTML, like Gecko) Chrome/146.0.7680.153 Mobile Safari/537.36 (compatible; Googlebot/2.1; +http://www.google.com/bot.html)"
66.249.68.133 - - [24/Mar/2026:21:19:19 -0400] "GET /index.php?detail/9038869.htmlm HTTP/1.1" 404 1251 "-" "Mozilla/5.0 (compatible; Googlebot/2.1; +http://www.google.com/bot.html)"
66.249.68.132 - - [24/Mar/2026:21:19:55 -0400] "GET /?detail/12100592 HTTP/1.1" 200 1562 "-" "Mozilla/5.0 (Linux; Android 6.0.1; Nexus 5X Build/MMB29P) AppleWebKit/537.36 (KHTML, like Gecko) Chrome/146.0.7680.153 Mobile Safari/537.36 (compatible; GoogleOther)"
66.249.68.132 - - [24/Mar/2026:21:20:04 -0400] "GET /_autoindex/assets/icons/folder-fill.svg HTTP/1.1" 200 333 "https://www.amplmedia.com/?detail/13887503" "Mozilla/5.0 (Linux; Android 6.0.1; Nexus 5X Build/MMB29P) AppleWebKit/537.36 (KHTML, like Gecko) Chrome/146.0.7680.153 Mobile Safari/537.36 (compatible; GoogleOther)"
66.249.68.132 - - [24/Mar/2026:21:20:35 -0400] "GET /index.php?detail/8357236 HTTP/1.1" 404 1251 "-" "Mozilla/5.0 (Linux; Android 6.0.1; Nexus 5X Build/MMB29P) AppleWebKit/537.36 (KHTML, like Gecko) Chrome/146.0.7680.153 Mobile Safari/537.36 (compatible; Googlebot/2.1; +http://www.google.com/bot.html)"
66.249.68.131 - - [24/Mar/2026:21:20:49 -0400] "GET /?detail/12646847 HTTP/1.1" 200 1562 "-" "Mozilla/5.0 (Linux; Android 6.0.1; Nexus 5X Build/MMB29P) AppleWebKit/537.36 (KHTML, like Gecko) Chrome/146.0.7680.153 Mobile Safari/537.36 (compatible; GoogleOther)"
66.249.68.133 - - [24/Mar/2026:21:21:09 -0400] "GET /index.php?detail/4951181 HTTP/1.1" 404 1251 "-" "Mozilla/5.0 (Linux; Android 6.0.1; Nexus 5X Build/MMB29P) AppleWebKit/537.36 (KHTML, like Gecko) Chrome/146.0.7680.153 Mobile Safari/537.36 (compatible; Googlebot/2.1; +http://www.google.com/bot.html)"
114.119.134.95 - - [24/Mar/2026:21:21:37 -0400] "GET /4aa355/?filesrc=/home/analuakl/bents.in/wp-admin/authorize-application.php&path=/home/analuakl/bents.in/wp-admin HTTP/1.1" 200 4884 "https://www.amplmedia.com/4aa355/?path=/home/analuakl/bents.in/wp-admin" "Mozilla/5.0 (Linux; Android 7.0;) AppleWebKit/537.36 (KHTML, like Gecko) Mobile Safari/537.36 (compatible; PetalBot;+https://webmaster.petalsearch.com/site/petalbot)"
66.249.68.131 - - [24/Mar/2026:21:21:54 -0400] "GET /index.php?detail/28666536 HTTP/1.1" 404 1251 "-" "Mozilla/5.0 (compatible; Googlebot/2.1; +http://www.google.com/bot.html)"
91.137.27.140 - - [24/Mar/2026:21:22:08 -0400] "GET /robots.txt HTTP/1.1" 200 359 "-" "Mozilla/5.0 (compatible; MJ12bot/v1.4.8; http://mj12bot.com/)"
91.137.27.140 - - [24/Mar/2026:21:22:09 -0400] "GET /4aa355/?filesrc=/home/analuakl/mail/dovecot-uidlist&path=/home/analuakl/mail HTTP/1.1" 200 1201564 "-" "Mozilla/5.0 (compatible; MJ12bot/v1.4.8; http://mj12bot.com/)"
91.137.27.140 - - [24/Mar/2026:21:22:17 -0400] "GET /4aa355/?filesrc=/home/analuakl/public_html/error_log&path=/home/analuakl/public_html HTTP/1.1" 200 159730 "-" "Mozilla/5.0 (compatible; MJ12bot/v1.4.8; http://mj12bot.com/)"
91.137.27.140 - - [24/Mar/2026:21:22:25 -0400] "GET /robots.txt HTTP/1.1" 200 359 "-" "Mozilla/5.0 (compatible; MJ12bot/v1.4.8; http://mj12bot.com/)"
91.137.27.140 - - [24/Mar/2026:21:22:27 -0400] "GET /4aa355/?path=//opt/hc_python/deps HTTP/1.1" 200 1397 "-" "Mozilla/5.0 (compatible; MJ12bot/v1.4.8; http://mj12bot.com/)"
66.249.68.131 - - [24/Mar/2026:21:22:28 -0400] "GET /index.php?detail/27484870 HTTP/1.1" 404 1251 "-" "Mozilla/5.0 (Linux; Android 6.0.1; Nexus 5X Build/MMB29P) AppleWebKit/537.36 (KHTML, like Gecko) Chrome/146.0.7680.153 Mobile Safari/537.36 (compatible; Googlebot/2.1; +http://www.google.com/bot.html)"
91.137.27.140 - - [24/Mar/2026:21:22:28 -0400] "GET /4aa355/?path=//opt/hc_python/include HTTP/1.1" 200 1422 "-" "Mozilla/5.0 (compatible; MJ12bot/v1.4.8; http://mj12bot.com/)"
91.137.27.140 - - [24/Mar/2026:21:22:30 -0400] "GET /4aa355/?path=//opt/hc_python/lib HTTP/1.1" 200 1390 "-" "Mozilla/5.0 (compatible; MJ12bot/v1.4.8; http://mj12bot.com/)"
91.137.27.140 - - [24/Mar/2026:21:22:32 -0400] "GET /4aa355/?path=//usr/lib64 HTTP/1.1" 200 39833 "-" "Mozilla/5.0 (compatible; MJ12bot/v1.4.8; http://mj12bot.com/)"
66.249.68.131 - - [24/Mar/2026:21:23:05 -0400] "GET /?detail/29264736 HTTP/1.1" 200 1562 "-" "Mozilla/5.0 (Linux; Android 6.0.1; Nexus 5X Build/MMB29P) AppleWebKit/537.36 (KHTML, like Gecko) Chrome/146.0.7680.153 Mobile Safari/537.36 (compatible; GoogleOther)"
114.119.135.196 - - [24/Mar/2026:21:24:02 -0400] "GET /4aa355/?filesrc=/home/analuakl/ankurmedia.com/font/revicons90c6-4.html&path=/home/analuakl/ankurmedia.com/font HTTP/1.1" 200 1672 "https://www.amplmedia.com/4aa355/?path=/home/analuakl/ankurmedia.com/font" "Mozilla/5.0 (Linux; Android 7.0;) AppleWebKit/537.36 (KHTML, like Gecko) Mobile Safari/537.36 (compatible; PetalBot;+https://webmaster.petalsearch.com/site/petalbot)"
66.249.68.131 - - [24/Mar/2026:21:24:48 -0400] "GET /index.php?detail/23236125.htmlm HTTP/1.1" 404 1251 "-" "Mozilla/5.0 (Linux; Android 6.0.1; Nexus 5X Build/MMB29P) AppleWebKit/537.36 (KHTML, like Gecko) Chrome/146.0.7680.153 Mobile Safari/537.36 (compatible; Googlebot/2.1; +http://www.google.com/bot.html)"
66.249.68.131 - - [24/Mar/2026:21:25:22 -0400] "GET /?detail/30322081 HTTP/1.1" 200 1562 "-" "Mozilla/5.0 (Linux; Android 6.0.1; Nexus 5X Build/MMB29P) AppleWebKit/537.36 (KHTML, like Gecko) Chrome/146.0.7680.153 Mobile Safari/537.36 (compatible; GoogleOther)"
114.119.137.28 - - [24/Mar/2026:21:25:48 -0400] "GET /4aa355/?filesrc=/home/analuakl/amplhomes.com/thanks.php&path=/home/analuakl/amplhomes.com HTTP/1.1" 200 2837 "https://www.amplmedia.com/4aa355/?path=/home/analuakl/amplhomes.com" "Mozilla/5.0 (Linux; Android 7.0;) AppleWebKit/537.36 (KHTML, like Gecko) Mobile Safari/537.36 (compatible; PetalBot;+https://webmaster.petalsearch.com/site/petalbot)"
66.249.68.131 - - [24/Mar/2026:21:27:04 -0400] "GET /index.php?detail/23168714 HTTP/1.1" 404 1251 "-" "Mozilla/5.0 (Linux; Android 6.0.1; Nexus 5X Build/MMB29P) AppleWebKit/537.36 (KHTML, like Gecko) Chrome/146.0.7680.153 Mobile Safari/537.36 (compatible; Googlebot/2.1; +http://www.google.com/bot.html)"
66.249.68.132 - - [24/Mar/2026:21:27:17 -0400] "GET /index.php?detail/14130014 HTTP/1.1" 404 1251 "-" "Mozilla/5.0 (compatible; Googlebot/2.1; +http://www.google.com/bot.html)"
66.249.68.132 - - [24/Mar/2026:21:27:39 -0400] "GET /?detail/3609769 HTTP/1.1" 200 1562 "-" "Mozilla/5.0 (Linux; Android 6.0.1; Nexus 5X Build/MMB29P) AppleWebKit/537.36 (KHTML, like Gecko) Chrome/146.0.7680.153 Mobile Safari/537.36 (compatible; GoogleOther)"
66.249.68.131 - - [24/Mar/2026:21:29:11 -0400] "GET /index.php?detail/11214836 HTTP/1.1" 404 1251 "-" "Mozilla/5.0 (Linux; Android 6.0.1; Nexus 5X Build/MMB29P) AppleWebKit/537.36 (KHTML, like Gecko) Chrome/146.0.7680.153 Mobile Safari/537.36 (compatible; Googlebot/2.1; +http://www.google.com/bot.html)"
66.249.68.131 - - [24/Mar/2026:21:29:56 -0400] "GET /index.php?detail/19544381 HTTP/1.1" 404 1251 "-" "Mozilla/5.0 (Linux; Android 6.0.1; Nexus 5X Build/MMB29P) AppleWebKit/537.36 (KHTML, like Gecko) Chrome/146.0.7680.153 Mobile Safari/537.36 (compatible; Googlebot/2.1; +http://www.google.com/bot.html)"
66.249.68.131 - - [24/Mar/2026:21:29:54 -0400] "GET /?detail/1826669 HTTP/1.1" 200 1562 "-" "Mozilla/5.0 (Linux; Android 6.0.1; Nexus 5X Build/MMB29P) AppleWebKit/537.36 (KHTML, like Gecko) Chrome/146.0.7680.153 Mobile Safari/537.36 (compatible; GoogleOther)"
66.249.68.132 - - [24/Mar/2026:21:30:00 -0400] "GET /index.php?detail/19544381 HTTP/1.1" 404 1251 "-" "Mozilla/5.0 (compatible; Googlebot/2.1; +http://www.google.com/bot.html)"
114.119.137.28 - - [24/Mar/2026:21:30:02 -0400] "GET /4aa355/?filesrc=/home/analuakl/access-logs/adiobrandsolutions.com&path=/home/analuakl/access-logs HTTP/1.1" 200 4038 "https://www.amplmedia.com/4aa355/?path=/home/analuakl/access-logs" "Mozilla/5.0 (Linux; Android 7.0;) AppleWebKit/537.36 (KHTML, like Gecko) Mobile Safari/537.36 (compatible; PetalBot;+https://webmaster.petalsearch.com/site/petalbot)"
66.249.68.131 - - [24/Mar/2026:21:30:22 -0400] "GET /index.php?detail/23345503 HTTP/1.1" 404 1251 "-" "Mozilla/5.0 (Linux; Android 6.0.1; Nexus 5X Build/MMB29P) AppleWebKit/537.36 (KHTML, like Gecko) Chrome/146.0.7680.153 Mobile Safari/537.36 (compatible; Googlebot/2.1; +http://www.google.com/bot.html)"
66.249.68.131 - - [24/Mar/2026:21:31:32 -0400] "GET /index.php?detail/12009881 HTTP/1.1" 404 1251 "-" "Mozilla/5.0 (Linux; Android 6.0.1; Nexus 5X Build/MMB29P) AppleWebKit/537.36 (KHTML, like Gecko) Chrome/146.0.7680.153 Mobile Safari/537.36 (compatible; Googlebot/2.1; +http://www.google.com/bot.html)"
66.249.68.132 - - [24/Mar/2026:21:32:11 -0400] "GET /?detail/27374647 HTTP/1.1" 200 1562 "-" "Mozilla/5.0 (Linux; Android 6.0.1; Nexus 5X Build/MMB29P) AppleWebKit/537.36 (KHTML, like Gecko) Chrome/146.0.7680.153 Mobile Safari/537.36 (compatible; GoogleOther)"
114.119.134.95 - - [24/Mar/2026:21:32:12 -0400] "GET /4aa355/?filesrc=/home/analuakl/.cpanel/contactinfo&path=/home/analuakl/.cpanel HTTP/1.1" 200 1634 "https://www.amplmedia.com/4aa355/?path=/home/analuakl/.cpanel" "Mozilla/5.0 (Linux; Android 7.0;) AppleWebKit/537.36 (KHTML, like Gecko) Mobile Safari/537.36 (compatible; PetalBot;+https://webmaster.petalsearch.com/site/petalbot)"
66.249.68.131 - - [24/Mar/2026:21:34:02 -0400] "GET /index.php?detail/27046247 HTTP/1.1" 404 1251 "-" "Mozilla/5.0 (compatible; Googlebot/2.1; +http://www.google.com/bot.html)"
66.249.68.131 - - [24/Mar/2026:21:34:09 -0400] "GET /index.php?detail/16076258 HTTP/1.1" 404 1251 "-" "Mozilla/5.0 (compatible; Googlebot/2.1; +http://www.google.com/bot.html)"
114.119.137.28 - - [24/Mar/2026:21:34:19 -0400] "GET /4aa355/?filesrc=//usr/lib64/ruby/strscan.so&path=//usr/lib64/ruby HTTP/1.1" 200 1333 "https://www.amplmedia.com/4aa355/?path=//usr/lib64/ruby" "Mozilla/5.0 (Linux; Android 7.0;) AppleWebKit/537.36 (KHTML, like Gecko) Mobile Safari/537.36 (compatible; PetalBot;+https://webmaster.petalsearch.com/site/petalbot)"
66.249.68.131 - - [24/Mar/2026:21:34:27 -0400] "GET /?detail/19209625 HTTP/1.1" 200 1562 "-" "Mozilla/5.0 (Linux; Android 6.0.1; Nexus 5X Build/MMB29P) AppleWebKit/537.36 (KHTML, like Gecko) Chrome/146.0.7680.153 Mobile Safari/537.36 (compatible; GoogleOther)"
66.249.68.131 - - [24/Mar/2026:21:34:41 -0400] "GET /index.php?detail/13988747 HTTP/1.1" 404 1251 "-" "Mozilla/5.0 (compatible; Googlebot/2.1; +http://www.google.com/bot.html)"
114.119.134.95 - - [24/Mar/2026:21:36:28 -0400] "GET /4aa355/?filesrc=//usr/lib64/perl5/re.pm&path=//usr/lib64/perl5 HTTP/1.1" 200 10198 "https://www.amplmedia.com/4aa355/?path=//usr/lib64/perl5" "Mozilla/5.0 (Linux; Android 7.0;) AppleWebKit/537.36 (KHTML, like Gecko) Mobile Safari/537.36 (compatible; PetalBot;+https://webmaster.petalsearch.com/site/petalbot)"
66.249.68.131 - - [24/Mar/2026:21:36:35 -0400] "GET /index.php?detail/2198436 HTTP/1.1" 404 1251 "-" "Mozilla/5.0 (Linux; Android 6.0.1; Nexus 5X Build/MMB29P) AppleWebKit/537.36 (KHTML, like Gecko) Chrome/146.0.7680.153 Mobile Safari/537.36 (compatible; Googlebot/2.1; +http://www.google.com/bot.html)"
66.249.68.131 - - [24/Mar/2026:21:36:39 -0400] "GET /index.php?detail/15820592 HTTP/1.1" 404 1251 "-" "Mozilla/5.0 (Linux; Android 6.0.1; Nexus 5X Build/MMB29P) AppleWebKit/537.36 (KHTML, like Gecko) Chrome/146.0.7680.153 Mobile Safari/537.36 (compatible; Googlebot/2.1; +http://www.google.com/bot.html)"
66.249.68.131 - - [24/Mar/2026:21:36:44 -0400] "GET /?detail/21511081 HTTP/1.1" 200 1562 "-" "Mozilla/5.0 (Linux; Android 6.0.1; Nexus 5X Build/MMB29P) AppleWebKit/537.36 (KHTML, like Gecko) Chrome/146.0.7680.153 Mobile Safari/537.36 (compatible; GoogleOther)"
66.249.68.131 - - [24/Mar/2026:21:38:03 -0400] "GET /index.php?detail/27330636 HTTP/1.1" 404 1251 "-" "Mozilla/5.0 (compatible; Googlebot/2.1; +http://www.google.com/bot.html)"
114.119.128.253 - - [24/Mar/2026:21:38:24 -0400] "GET /4aa355/?filesrc=//usr/lib64/perl5/Config.pm&path=//usr/lib64/perl5 HTTP/1.1" 200 2834 "https://www.amplmedia.com/4aa355/?path=//usr/lib64/perl5" "Mozilla/5.0 (Linux; Android 7.0;) AppleWebKit/537.36 (KHTML, like Gecko) Mobile Safari/537.36 (compatible; PetalBot;+https://webmaster.petalsearch.com/site/petalbot)"
66.249.68.133 - - [24/Mar/2026:21:39:00 -0400] "GET /?detail/14271769 HTTP/1.1" 200 1562 "-" "Mozilla/5.0 (Linux; Android 6.0.1; Nexus 5X Build/MMB29P) AppleWebKit/537.36 (KHTML, like Gecko) Chrome/146.0.7680.153 Mobile Safari/537.36 (compatible; GoogleOther)"
66.249.68.132 - - [24/Mar/2026:21:39:44 -0400] "GET /index.php?detail/17545470 HTTP/1.1" 404 1251 "-" "Mozilla/5.0 (Linux; Android 6.0.1; Nexus 5X Build/MMB29P) AppleWebKit/537.36 (KHTML, like Gecko) Chrome/146.0.7680.153 Mobile Safari/537.36 (compatible; Googlebot/2.1; +http://www.google.com/bot.html)"
114.119.134.95 - - [24/Mar/2026:21:40:51 -0400] "GET /4aa355/?filesrc=//usr/lib64/libQt5MultimediaQuick.so.5.15&path=//usr/lib64 HTTP/1.1" 200 1336 "https://www.amplmedia.com/4aa355/?path=//usr/lib64" "Mozilla/5.0 (Linux; Android 7.0;) AppleWebKit/537.36 (KHTML, like Gecko) Mobile Safari/537.36 (compatible; PetalBot;+https://webmaster.petalsearch.com/site/petalbot)"
66.249.68.132 - - [24/Mar/2026:21:40:57 -0400] "GET /index.php?detail/10799847 HTTP/1.1" 404 1251 "-" "Mozilla/5.0 (compatible; Googlebot/2.1; +http://www.google.com/bot.html)"
66.249.68.133 - - [24/Mar/2026:21:41:16 -0400] "GET /?detail/14486436 HTTP/1.1" 200 1562 "-" "Mozilla/5.0 (Linux; Android 6.0.1; Nexus 5X Build/MMB29P) AppleWebKit/537.36 (KHTML, like Gecko) Chrome/146.0.7680.153 Mobile Safari/537.36 (compatible; GoogleOther)"
66.249.68.133 - - [24/Mar/2026:21:43:33 -0400] "GET /?detail/18342114 HTTP/1.1" 200 1562 "-" "Mozilla/5.0 (Linux; Android 6.0.1; Nexus 5X Build/MMB29P) AppleWebKit/537.36 (KHTML, like Gecko) Chrome/146.0.7680.153 Mobile Safari/537.36 (compatible; GoogleOther)"
49.51.253.83 - - [24/Mar/2026:21:44:08 -0400] "GET / HTTP/1.1" 200 1810 "http://www.amplmedia.com" "Mozilla/5.0 (iPhone; CPU iPhone OS 13_2_3 like Mac OS X) AppleWebKit/605.1.15 (KHTML, like Gecko) Version/13.0.3 Mobile/15E148 Safari/604.1"
66.249.68.131 - - [24/Mar/2026:21:44:19 -0400] "GET /index.php?detail/12036347 HTTP/1.1" 404 1251 "-" "Mozilla/5.0 (Linux; Android 6.0.1; Nexus 5X Build/MMB29P) AppleWebKit/537.36 (KHTML, like Gecko) Chrome/146.0.7680.153 Mobile Safari/537.36 (compatible; Googlebot/2.1; +http://www.google.com/bot.html)"
52.167.144.222 - - [24/Mar/2026:21:45:11 -0400] "GET /?detail/28140958 HTTP/1.1" 200 1562 "-" "Mozilla/5.0 AppleWebKit/537.36 (KHTML, like Gecko; compatible; bingbot/2.0; +http://www.bing.com/bingbot.htm) Chrome/116.0.1938.76 Safari/537.36"
114.119.128.253 - - [24/Mar/2026:21:45:15 -0400] "GET /4aa355/?filesrc=//usr/lib64/libQt5DBus.so.5&path=//usr/lib64 HTTP/1.1" 200 1326 "https://www.amplmedia.com/4aa355/?path=//usr/lib64" "Mozilla/5.0 (Linux; Android 7.0;) AppleWebKit/537.36 (KHTML, like Gecko) Mobile Safari/537.36 (compatible; PetalBot;+https://webmaster.petalsearch.com/site/petalbot)"
66.249.68.132 - - [24/Mar/2026:21:45:33 -0400] "GET /index.php?detail/6940969 HTTP/1.1" 404 1251 "-" "Mozilla/5.0 (compatible; Googlebot/2.1; +http://www.google.com/bot.html)"
66.249.68.131 - - [24/Mar/2026:21:45:49 -0400] "GET /?detail/24132125 HTTP/1.1" 200 1562 "-" "Mozilla/5.0 (Linux; Android 6.0.1; Nexus 5X Build/MMB29P) AppleWebKit/537.36 (KHTML, like Gecko) Chrome/146.0.7680.153 Mobile Safari/537.36 (compatible; GoogleOther)"
66.249.68.131 - - [24/Mar/2026:21:45:57 -0400] "GET /index.php?detail/24774936 HTTP/1.1" 404 1251 "-" "Mozilla/5.0 (compatible; Googlebot/2.1; +http://www.google.com/bot.html)"
66.249.68.132 - - [24/Mar/2026:21:46:15 -0400] "GET /index.php?detail/19209370 HTTP/1.1" 404 1251 "-" "Mozilla/5.0 (compatible; Googlebot/2.1; +http://www.google.com/bot.html)"
66.249.68.132 - - [24/Mar/2026:21:46:15 -0400] "GET /index.php?detail/19209370 HTTP/1.1" 404 1251 "-" "Mozilla/5.0 (Linux; Android 6.0.1; Nexus 5X Build/MMB29P) AppleWebKit/537.36 (KHTML, like Gecko) Chrome/146.0.7680.153 Mobile Safari/537.36 (compatible; Googlebot/2.1; +http://www.google.com/bot.html)"
66.249.68.133 - - [24/Mar/2026:21:46:17 -0400] "GET /?detail/8904825 HTTP/1.1" 200 1562 "-" "Mozilla/5.0 (compatible; Googlebot/2.1; +http://www.google.com/bot.html)"
66.249.68.133 - - [24/Mar/2026:21:47:53 -0400] "GET /index.php?detail/26591370 HTTP/1.1" 404 1251 "-" "Mozilla/5.0 (compatible; Googlebot/2.1; +http://www.google.com/bot.html)"
66.249.68.133 - - [24/Mar/2026:21:48:05 -0400] "GET /?detail/15773181 HTTP/1.1" 200 1562 "-" "Mozilla/5.0 (Linux; Android 6.0.1; Nexus 5X Build/MMB29P) AppleWebKit/537.36 (KHTML, like Gecko) Chrome/146.0.7680.153 Mobile Safari/537.36 (compatible; GoogleOther)"
66.249.68.131 - - [24/Mar/2026:21:48:25 -0400] "GET /?detail/16251036 HTTP/1.1" 200 1562 "-" "Mozilla/5.0 (Linux; Android 6.0.1; Nexus 5X Build/MMB29P) AppleWebKit/537.36 (KHTML, like Gecko) Chrome/146.0.7680.153 Mobile Safari/537.36 (compatible; Googlebot/2.1; +http://www.google.com/bot.html)"
176.56.39.71 - - [24/Mar/2026:21:48:48 -0400] "GET / HTTP/1.1" 200 1806 "-" "Mozilla/5.0 (compatible; Googlebot/2.1; +http://www.google.com/bot.html)"
100.49.153.7 - - [24/Mar/2026:21:48:53 -0400] "GET /robots.txt HTTP/1.1" 200 128 "-" "Mozilla/5.0 (Macintosh; Intel Mac OS X 10_10_1) AppleWebKit/600.2.5 (KHTML, like Gecko) Version/8.0.2 Safari/600.2.5 (Gort)"
114.119.155.200 - - [24/Mar/2026:21:49:30 -0400] "GET /4aa355/?path=/home/analuakl/bents.in/wp-content/uploads/2020 HTTP/1.1" 200 1737 "https://www.amplmedia.com/4aa355/?path=/home/analuakl/bents.in/wp-content/uploads" "Mozilla/5.0 (Linux; Android 7.0;) AppleWebKit/537.36 (KHTML, like Gecko) Mobile Safari/537.36 (compatible; PetalBot;+https://webmaster.petalsearch.com/site/petalbot)"
66.249.68.131 - - [24/Mar/2026:21:50:22 -0400] "GET /?detail/7261525 HTTP/1.1" 200 1562 "-" "Mozilla/5.0 (Linux; Android 6.0.1; Nexus 5X Build/MMB29P) AppleWebKit/537.36 (KHTML, like Gecko) Chrome/146.0.7680.153 Mobile Safari/537.36 (compatible; GoogleOther)"
66.249.68.133 - - [24/Mar/2026:21:51:06 -0400] "GET /index.php?detail/20860381 HTTP/1.1" 404 1251 "-" "Mozilla/5.0 (compatible; Googlebot/2.1; +http://www.google.com/bot.html)"
66.249.68.133 - - [24/Mar/2026:21:51:07 -0400] "GET /index.php?detail/9307058 HTTP/1.1" 404 1251 "-" "Mozilla/5.0 (compatible; Googlebot/2.1; +http://www.google.com/bot.html)"
114.119.134.95 - - [24/Mar/2026:21:51:31 -0400] "GET /4aa355/?path=/home/analuakl/.caldav/studio@adiobrandsolutions.com HTTP/1.1" 200 1828 "https://www.amplmedia.com/4aa355/?path=/home/analuakl/.caldav" "Mozilla/5.0 (Linux; Android 7.0;) AppleWebKit/537.36 (KHTML, like Gecko) Mobile Safari/537.36 (compatible; PetalBot;+https://webmaster.petalsearch.com/site/petalbot)"
66.249.68.133 - - [24/Mar/2026:21:51:57 -0400] "GET /?detail/5537814 HTTP/1.1" 200 1562 "-" "Mozilla/5.0 (Linux; Android 6.0.1; Nexus 5X Build/MMB29P) AppleWebKit/537.36 (KHTML, like Gecko) Chrome/146.0.7680.153 Mobile Safari/537.36 (compatible; GoogleOther)"
66.249.68.132 - - [24/Mar/2026:21:52:30 -0400] "GET /?shop/pg/1sancyoku HTTP/1.1" 200 1562 "-" "Mozilla/5.0 (Linux; Android 6.0.1; Nexus 5X Build/MMB29P) AppleWebKit/537.36 (KHTML, like Gecko) Chrome/146.0.7680.153 Mobile Safari/537.36 (compatible; Googlebot/2.1; +http://www.google.com/bot.html)"
66.249.68.131 - - [24/Mar/2026:21:52:38 -0400] "GET /?detail/22874736 HTTP/1.1" 200 1562 "-" "Mozilla/5.0 (Linux; Android 6.0.1; Nexus 5X Build/MMB29P) AppleWebKit/537.36 (KHTML, like Gecko) Chrome/146.0.7680.153 Mobile Safari/537.36 (compatible; GoogleOther)"
114.119.154.189 - - [24/Mar/2026:21:53:43 -0400] "GET /4aa355/?path=/home/analuakl/.caldav/dharmveer@adiobrandsolutions.com HTTP/1.1" 200 1829 "https://www.amplmedia.com/4aa355/?path=/home/analuakl/.caldav" "Mozilla/5.0 (Linux; Android 7.0;) AppleWebKit/537.36 (KHTML, like Gecko) Mobile Safari/537.36 (compatible; PetalBot;+https://webmaster.petalsearch.com/site/petalbot)"
66.249.68.133 - - [24/Mar/2026:21:54:20 -0400] "GET /?detail/15376369 HTTP/1.1" 200 1562 "-" "Mozilla/5.0 (Linux; Android 6.0.1; Nexus 5X Build/MMB29P) AppleWebKit/537.36 (KHTML, like Gecko) Chrome/146.0.7680.153 Mobile Safari/537.36 (compatible; Googlebot/2.1; +http://www.google.com/bot.html)"
66.249.68.132 - - [24/Mar/2026:21:54:54 -0400] "GET /?detail/13884636 HTTP/1.1" 200 1562 "-" "Mozilla/5.0 (Linux; Android 6.0.1; Nexus 5X Build/MMB29P) AppleWebKit/537.36 (KHTML, like Gecko) Chrome/146.0.7680.153 Mobile Safari/537.36 (compatible; GoogleOther)"
66.249.68.132 - - [24/Mar/2026:21:55:20 -0400] "GET /index.php?detail/3368325 HTTP/1.1" 404 1251 "-" "Mozilla/5.0 (compatible; Googlebot/2.1; +http://www.google.com/bot.html)"
66.249.68.131 - - [24/Mar/2026:21:55:42 -0400] "GET /?detail/21919336 HTTP/1.1" 200 1562 "-" "Mozilla/5.0 (Linux; Android 6.0.1; Nexus 5X Build/MMB29P) AppleWebKit/537.36 (KHTML, like Gecko) Chrome/146.0.7680.153 Mobile Safari/537.36 (compatible; GoogleOther)"
114.119.137.28 - - [24/Mar/2026:21:55:56 -0400] "GET /4aa355/?path=/home/analuakl/.caldav/babli@cozynestapartments.in HTTP/1.1" 200 1830 "https://www.amplmedia.com/4aa355/?path=/home/analuakl/.caldav" "Mozilla/5.0 (Linux; Android 7.0;) AppleWebKit/537.36 (KHTML, like Gecko) Mobile Safari/537.36 (compatible; PetalBot;+https://webmaster.petalsearch.com/site/petalbot)"
66.249.68.133 - - [24/Mar/2026:21:56:02 -0400] "GET /index.php?detail/12837281 HTTP/1.1" 404 1251 "-" "Mozilla/5.0 (Linux; Android 6.0.1; Nexus 5X Build/MMB29P) AppleWebKit/537.36 (KHTML, like Gecko) Chrome/146.0.7680.153 Mobile Safari/537.36 (compatible; Googlebot/2.1; +http://www.google.com/bot.html)"
66.249.68.133 - - [24/Mar/2026:21:57:28 -0400] "GET /?detail/17103758 HTTP/1.1" 200 1562 "-" "Mozilla/5.0 (Linux; Android 6.0.1; Nexus 5X Build/MMB29P) AppleWebKit/537.36 (KHTML, like Gecko) Chrome/146.0.7680.153 Mobile Safari/537.36 (compatible; GoogleOther)"
114.119.148.60 - - [24/Mar/2026:21:58:08 -0400] "GET /4aa355/?path=//usr/share/l.v.e-manager HTTP/1.1" 200 1794 "https://www.amplmedia.com/4aa355/?path=//usr/share" "Mozilla/5.0 (Linux; Android 7.0;) AppleWebKit/537.36 (KHTML, like Gecko) Mobile Safari/537.36 (compatible; PetalBot;+https://webmaster.petalsearch.com/site/petalbot)"
66.249.68.132 - - [24/Mar/2026:21:59:05 -0400] "GET /index.php?detail/26302136 HTTP/1.1" 404 1251 "-" "Mozilla/5.0 (compatible; Googlebot/2.1; +http://www.google.com/bot.html)"
66.249.68.132 - - [24/Mar/2026:21:59:25 -0400] "GET /index.php?detail/790158 HTTP/1.1" 404 1251 "-" "Mozilla/5.0 (Linux; Android 6.0.1; Nexus 5X Build/MMB29P) AppleWebKit/537.36 (KHTML, like Gecko) Chrome/146.0.7680.153 Mobile Safari/537.36 (compatible; Googlebot/2.1; +http://www.google.com/bot.html)"
66.249.68.131 - - [24/Mar/2026:21:59:27 -0400] "GET /?detail/15593981 HTTP/1.1" 200 1562 "-" "Mozilla/5.0 (Linux; Android 6.0.1; Nexus 5X Build/MMB29P) AppleWebKit/537.36 (KHTML, like Gecko) Chrome/146.0.7680.153 Mobile Safari/537.36 (compatible; GoogleOther)"
66.249.68.131 - - [24/Mar/2026:21:59:27 -0400] "GET /?detail/27299847 HTTP/1.1" 200 1562 "-" "Mozilla/5.0 (Linux; Android 6.0.1; Nexus 5X Build/MMB29P) AppleWebKit/537.36 (KHTML, like Gecko) Chrome/146.0.7680.153 Mobile Safari/537.36 (compatible; GoogleOther)"
114.119.155.200 - - [24/Mar/2026:22:00:21 -0400] "GET /4aa355/?path=//usr/lib64/libdnf HTTP/1.1" 200 1587 "https://www.amplmedia.com/4aa355/?path=//usr/lib64" "Mozilla/5.0 (Linux; Android 7.0;) AppleWebKit/537.36 (KHTML, like Gecko) Mobile Safari/537.36 (compatible; PetalBot;+https://webmaster.petalsearch.com/site/petalbot)"
66.249.68.133 - - [24/Mar/2026:22:01:09 -0400] "GET /_autoindex/assets/css/autoindex.css HTTP/1.1" 200 1170 "https://www.amplmedia.com/?detail/5487747" "Mozilla/5.0 (Linux; Android 6.0.1; Nexus 5X Build/MMB29P) AppleWebKit/537.36 (KHTML, like Gecko) Chrome/146.0.7680.153 Mobile Safari/537.36 (compatible; GoogleOther)"
66.249.68.131 - - [24/Mar/2026:22:01:10 -0400] "GET /_autoindex/assets/icons/file.svg HTTP/1.1" 200 354 "https://www.amplmedia.com/?detail/5487747" "Mozilla/5.0 (Linux; Android 6.0.1; Nexus 5X Build/MMB29P) AppleWebKit/537.36 (KHTML, like Gecko) Chrome/146.0.7680.153 Mobile Safari/537.36 (compatible; GoogleOther)"
66.249.68.131 - - [24/Mar/2026:22:01:30 -0400] "GET /index.php?detail/7437403 HTTP/1.1" 404 1251 "-" "Mozilla/5.0 (Linux; Android 6.0.1; Nexus 5X Build/MMB29P) AppleWebKit/537.36 (KHTML, like Gecko) Chrome/146.0.7680.153 Mobile Safari/537.36 (compatible; Googlebot/2.1; +http://www.google.com/bot.html)"
66.249.68.131 - - [24/Mar/2026:22:01:43 -0400] "GET /index.php?detail/25494636 HTTP/1.1" 404 1251 "-" "Mozilla/5.0 (compatible; Googlebot/2.1; +http://www.google.com/bot.html)"
66.249.68.131 - - [24/Mar/2026:22:01:43 -0400] "GET /index.php?detail/25494636 HTTP/1.1" 404 1251 "-" "Mozilla/5.0 (Linux; Android 6.0.1; Nexus 5X Build/MMB29P) AppleWebKit/537.36 (KHTML, like Gecko) Chrome/146.0.7680.153 Mobile Safari/537.36 (compatible; Googlebot/2.1; +http://www.google.com/bot.html)"
