66.249.68.132 - - [25/Mar/2026:03:25:41 -0400] "GET /?detail/14427125 HTTP/1.1" 200 1560 "-" "Mozilla/5.0 (Linux; Android 6.0.1; Nexus 5X Build/MMB29P) AppleWebKit/537.36 (KHTML, like Gecko) Chrome/146.0.7680.153 Mobile Safari/537.36 (compatible; GoogleOther)"
66.249.68.131 - - [25/Mar/2026:03:26:19 -0400] "GET /?detail/14411114 HTTP/1.1" 200 1560 "-" "Mozilla/5.0 (Linux; Android 6.0.1; Nexus 5X Build/MMB29P) AppleWebKit/537.36 (KHTML, like Gecko) Chrome/146.0.7680.153 Mobile Safari/537.36 (compatible; GoogleOther)"
66.249.68.132 - - [25/Mar/2026:03:26:25 -0400] "GET /?detail/1998469 HTTP/1.1" 200 1560 "-" "Mozilla/5.0 (Linux; Android 6.0.1; Nexus 5X Build/MMB29P) AppleWebKit/537.36 (KHTML, like Gecko) Chrome/146.0.7680.153 Mobile Safari/537.36 (compatible; GoogleOther)"
114.119.148.60 - - [25/Mar/2026:03:26:41 -0400] "GET /4aa355/?filesrc=/home/analuakl/bents.in/wp-admin/about.php&path=/home/analuakl/bents.in/wp-admin HTTP/1.1" 200 7098 "https://www.amplmedia.com/4aa355/?path=/home/analuakl/bents.in/wp-admin" "Mozilla/5.0 (Linux; Android 7.0;) AppleWebKit/537.36 (KHTML, like Gecko) Mobile Safari/537.36 (compatible; PetalBot;+https://webmaster.petalsearch.com/site/petalbot)"
66.249.68.132 - - [25/Mar/2026:03:27:08 -0400] "GET /index.php?detail/23229692 HTTP/1.1" 404 1251 "-" "Mozilla/5.0 (Linux; Android 6.0.1; Nexus 5X Build/MMB29P) AppleWebKit/537.36 (KHTML, like Gecko) Chrome/146.0.7680.153 Mobile Safari/537.36 (compatible; Googlebot/2.1; +http://www.google.com/bot.html)"
66.249.68.132 - - [25/Mar/2026:03:27:09 -0400] "GET /?detail/15984003 HTTP/1.1" 200 1560 "-" "Mozilla/5.0 (Linux; Android 6.0.1; Nexus 5X Build/MMB29P) AppleWebKit/537.36 (KHTML, like Gecko) Chrome/146.0.7680.153 Mobile Safari/537.36 (compatible; GoogleOther)"
66.249.68.131 - - [25/Mar/2026:03:27:12 -0400] "GET /?detail/14106570 HTTP/1.1" 200 1560 "-" "Mozilla/5.0 (Linux; Android 6.0.1; Nexus 5X Build/MMB29P) AppleWebKit/537.36 (KHTML, like Gecko) Chrome/146.0.7680.153 Mobile Safari/537.36 (compatible; Googlebot/2.1; +http://www.google.com/bot.html)"
66.249.68.131 - - [25/Mar/2026:03:27:12 -0400] "GET /?detail/9346081 HTTP/1.1" 200 1560 "-" "Mozilla/5.0 (Linux; Android 6.0.1; Nexus 5X Build/MMB29P) AppleWebKit/537.36 (KHTML, like Gecko) Chrome/146.0.7680.153 Mobile Safari/537.36 (compatible; Googlebot/2.1; +http://www.google.com/bot.html)"
66.249.68.131 - - [25/Mar/2026:03:27:34 -0400] "GET /?detail/20202270 HTTP/1.1" 200 1560 "-" "Mozilla/5.0 (Linux; Android 6.0.1; Nexus 5X Build/MMB29P) AppleWebKit/537.36 (KHTML, like Gecko) Chrome/146.0.7680.153 Mobile Safari/537.36 (compatible; GoogleOther)"
66.249.68.131 - - [25/Mar/2026:03:27:39 -0400] "GET /index.php?detail/10103014 HTTP/1.1" 404 1251 "-" "Mozilla/5.0 (Linux; Android 6.0.1; Nexus 5X Build/MMB29P) AppleWebKit/537.36 (KHTML, like Gecko) Chrome/146.0.7680.153 Mobile Safari/537.36 (compatible; Googlebot/2.1; +http://www.google.com/bot.html)"
66.249.68.131 - - [25/Mar/2026:03:27:53 -0400] "GET /?detail/18027492 HTTP/1.1" 200 1560 "-" "Mozilla/5.0 (Linux; Android 6.0.1; Nexus 5X Build/MMB29P) AppleWebKit/537.36 (KHTML, like Gecko) Chrome/146.0.7680.153 Mobile Safari/537.36 (compatible; GoogleOther)"
40.77.167.47 - - [25/Mar/2026:03:27:56 -0400] "GET /?detail/15645325.htmlm HTTP/1.1" 200 1560 "-" "Mozilla/5.0 AppleWebKit/537.36 (KHTML, like Gecko; compatible; bingbot/2.0; +http://www.bing.com/bingbot.htm) Chrome/116.0.1938.76 Safari/537.36"
114.119.148.60 - - [25/Mar/2026:03:28:27 -0400] "GET /4aa355/?filesrc=/home/analuakl/bents.in/.tmb/l1_d3AtY29udGVudC9wbHVnaW5zL3dvby1zbWFydC1jb21wYXJlL2Fzc2V0cy9raXQvaW1hZ2VzL3dwYy1wcmljZS1ieS11c2VyLXJvbGUucG5n1683284741.png&path=/home/analuakl/bents.in/.tmb HTTP/1.1" 200 1458 "https://www.amplmedia.com/4aa355/?path=/home/analuakl/bents.in/.tmb" "Mozilla/5.0 (Linux; Android 7.0;) AppleWebKit/537.36 (KHTML, like Gecko) Mobile Safari/537.36 (compatible; PetalBot;+https://webmaster.petalsearch.com/site/petalbot)"
66.249.68.133 - - [25/Mar/2026:03:28:29 -0400] "GET /index.php?detail/747392 HTTP/1.1" 404 1251 "-" "Mozilla/5.0 (compatible; Googlebot/2.1; +http://www.google.com/bot.html)"
66.249.68.132 - - [25/Mar/2026:03:28:36 -0400] "GET /?detail/5025425 HTTP/1.1" 200 1560 "-" "Mozilla/5.0 (Linux; Android 6.0.1; Nexus 5X Build/MMB29P) AppleWebKit/537.36 (KHTML, like Gecko) Chrome/146.0.7680.153 Mobile Safari/537.36 (compatible; GoogleOther)"
66.249.68.131 - - [25/Mar/2026:03:28:48 -0400] "GET /?detail/8790281 HTTP/1.1" 200 1560 "-" "Mozilla/5.0 (Linux; Android 6.0.1; Nexus 5X Build/MMB29P) AppleWebKit/537.36 (KHTML, like Gecko) Chrome/146.0.7680.153 Mobile Safari/537.36 (compatible; GoogleOther)"
66.249.68.132 - - [25/Mar/2026:03:29:20 -0400] "GET /?detail/14634069 HTTP/1.1" 200 1560 "-" "Mozilla/5.0 (Linux; Android 6.0.1; Nexus 5X Build/MMB29P) AppleWebKit/537.36 (KHTML, like Gecko) Chrome/146.0.7680.153 Mobile Safari/537.36 (compatible; GoogleOther)"
66.249.68.131 - - [25/Mar/2026:03:30:03 -0400] "GET /?detail/13525414 HTTP/1.1" 200 1560 "-" "Mozilla/5.0 (Linux; Android 6.0.1; Nexus 5X Build/MMB29P) AppleWebKit/537.36 (KHTML, like Gecko) Chrome/146.0.7680.153 Mobile Safari/537.36 (compatible; GoogleOther)"
66.249.68.132 - - [25/Mar/2026:03:30:04 -0400] "GET /?detail/3384436 HTTP/1.1" 200 1560 "-" "Mozilla/5.0 (Linux; Android 6.0.1; Nexus 5X Build/MMB29P) AppleWebKit/537.36 (KHTML, like Gecko) Chrome/146.0.7680.153 Mobile Safari/537.36 (compatible; GoogleOther)"
66.249.68.131 - - [25/Mar/2026:03:30:48 -0400] "GET /?detail/11069670 HTTP/1.1" 200 1560 "-" "Mozilla/5.0 (Linux; Android 6.0.1; Nexus 5X Build/MMB29P) AppleWebKit/537.36 (KHTML, like Gecko) Chrome/146.0.7680.153 Mobile Safari/537.36 (compatible; GoogleOther)"
66.249.68.132 - - [25/Mar/2026:03:31:17 -0400] "GET /?detail/11258458 HTTP/1.1" 200 1560 "-" "Mozilla/5.0 (Linux; Android 6.0.1; Nexus 5X Build/MMB29P) AppleWebKit/537.36 (KHTML, like Gecko) Chrome/146.0.7680.153 Mobile Safari/537.36 (compatible; GoogleOther)"
66.249.68.131 - - [25/Mar/2026:03:31:23 -0400] "GET /index.php?detail/26763070 HTTP/1.1" 404 1251 "-" "Mozilla/5.0 (Linux; Android 6.0.1; Nexus 5X Build/MMB29P) AppleWebKit/537.36 (KHTML, like Gecko) Chrome/146.0.7680.153 Mobile Safari/537.36 (compatible; Googlebot/2.1; +http://www.google.com/bot.html)"
66.249.68.131 - - [25/Mar/2026:03:31:32 -0400] "GET /?detail/30513303 HTTP/1.1" 200 1560 "-" "Mozilla/5.0 (Linux; Android 6.0.1; Nexus 5X Build/MMB29P) AppleWebKit/537.36 (KHTML, like Gecko) Chrome/146.0.7680.153 Mobile Safari/537.36 (compatible; GoogleOther)"
111.225.148.171 - - [25/Mar/2026:03:31:53 -0400] "GET /robots.txt HTTP/1.1" 200 128 "-" "Mozilla/5.0 (Linux; Android 5.0) AppleWebKit/537.36 (KHTML, like Gecko) Mobile Safari/537.36 (compatible; Bytespider; https://zhanzhang.toutiao.com/)"
66.249.68.133 - - [25/Mar/2026:03:32:16 -0400] "GET /?detail/12389025 HTTP/1.1" 200 1560 "-" "Mozilla/5.0 (Linux; Android 6.0.1; Nexus 5X Build/MMB29P) AppleWebKit/537.36 (KHTML, like Gecko) Chrome/146.0.7680.153 Mobile Safari/537.36 (compatible; GoogleOther)"
52.167.144.170 - - [25/Mar/2026:03:32:26 -0400] "GET /?detail/23604669 HTTP/1.1" 200 1560 "-" "Mozilla/5.0 AppleWebKit/537.36 (KHTML, like Gecko; compatible; bingbot/2.0; +http://www.bing.com/bingbot.htm) Chrome/116.0.1938.76 Safari/537.36"
66.249.68.132 - - [25/Mar/2026:03:32:31 -0400] "GET /?detail/14323203 HTTP/1.1" 200 1560 "-" "Mozilla/5.0 (Linux; Android 6.0.1; Nexus 5X Build/MMB29P) AppleWebKit/537.36 (KHTML, like Gecko) Chrome/146.0.7680.153 Mobile Safari/537.36 (compatible; GoogleOther)"
66.249.68.131 - - [25/Mar/2026:03:32:32 -0400] "GET /?detail/23721414 HTTP/1.1" 200 1560 "-" "Mozilla/5.0 (Linux; Android 6.0.1; Nexus 5X Build/MMB29P) AppleWebKit/537.36 (KHTML, like Gecko) Chrome/146.0.7680.153 Mobile Safari/537.36 (compatible; Googlebot/2.1; +http://www.google.com/bot.html)"
66.249.68.131 - - [25/Mar/2026:03:32:37 -0400] "GET /index.php?detail/13713625 HTTP/1.1" 404 1251 "-" "Mozilla/5.0 (Linux; Android 6.0.1; Nexus 5X Build/MMB29P) AppleWebKit/537.36 (KHTML, like Gecko) Chrome/146.0.7680.153 Mobile Safari/537.36 (compatible; Googlebot/2.1; +http://www.google.com/bot.html)"
114.119.154.189 - - [25/Mar/2026:03:32:47 -0400] "GET /4aa355/?filesrc=/home/analuakl/ankurmedia.com/font/revicons90c6-3.html&path=/home/analuakl/ankurmedia.com/font HTTP/1.1" 200 1672 "https://www.amplmedia.com/4aa355/?path=/home/analuakl/ankurmedia.com/font" "Mozilla/5.0 (Linux; Android 7.0;) AppleWebKit/537.36 (KHTML, like Gecko) Mobile Safari/537.36 (compatible; PetalBot;+https://webmaster.petalsearch.com/site/petalbot)"
66.249.68.133 - - [25/Mar/2026:03:33:00 -0400] "GET /?detail/7666869 HTTP/1.1" 200 1560 "-" "Mozilla/5.0 (Linux; Android 6.0.1; Nexus 5X Build/MMB29P) AppleWebKit/537.36 (KHTML, like Gecko) Chrome/146.0.7680.153 Mobile Safari/537.36 (compatible; GoogleOther)"
66.249.68.132 - - [25/Mar/2026:03:33:40 -0400] "GET /index.php?detail/2491625 HTTP/1.1" 404 1251 "-" "Mozilla/5.0 (compatible; Googlebot/2.1; +http://www.google.com/bot.html)"
66.249.68.131 - - [25/Mar/2026:03:33:40 -0400] "GET /index.php?detail/2491625 HTTP/1.1" 404 1251 "-" "Mozilla/5.0 (Linux; Android 6.0.1; Nexus 5X Build/MMB29P) AppleWebKit/537.36 (KHTML, like Gecko) Chrome/146.0.7680.153 Mobile Safari/537.36 (compatible; Googlebot/2.1; +http://www.google.com/bot.html)"
66.249.68.131 - - [25/Mar/2026:03:33:41 -0400] "GET /index.php?detail/25441292 HTTP/1.1" 404 1251 "-" "Mozilla/5.0 (Linux; Android 6.0.1; Nexus 5X Build/MMB29P) AppleWebKit/537.36 (KHTML, like Gecko) Chrome/146.0.7680.153 Mobile Safari/537.36 (compatible; Googlebot/2.1; +http://www.google.com/bot.html)"
66.249.68.132 - - [25/Mar/2026:03:33:44 -0400] "GET /?detail/28555436 HTTP/1.1" 200 1560 "-" "Mozilla/5.0 (Linux; Android 6.0.1; Nexus 5X Build/MMB29P) AppleWebKit/537.36 (KHTML, like Gecko) Chrome/146.0.7680.153 Mobile Safari/537.36 (compatible; GoogleOther)"
66.249.68.131 - - [25/Mar/2026:03:33:46 -0400] "GET /?detail/19711169 HTTP/1.1" 200 1560 "-" "Mozilla/5.0 (Linux; Android 6.0.1; Nexus 5X Build/MMB29P) AppleWebKit/537.36 (KHTML, like Gecko) Chrome/146.0.7680.153 Mobile Safari/537.36 (compatible; GoogleOther)"
66.249.68.133 - - [25/Mar/2026:03:34:28 -0400] "GET /?detail/9834169 HTTP/1.1" 200 1560 "-" "Mozilla/5.0 (Linux; Android 6.0.1; Nexus 5X Build/MMB29P) AppleWebKit/537.36 (KHTML, like Gecko) Chrome/146.0.7680.153 Mobile Safari/537.36 (compatible; GoogleOther)"
143.14.6.218 - - [25/Mar/2026:03:34:36 -0400] "GET /robots.txt HTTP/1.1" 200 128 "-" "Mozilla/5.0 (Macintosh; Intel Mac OS X 10_15_7) AppleWebKit/537.36 (KHTML, like Gecko) Chrome/135.0.0.0 Safari/537.36"
66.249.68.131 - - [25/Mar/2026:03:34:48 -0400] "GET /?detail/23126147 HTTP/1.1" 200 1560 "-" "Mozilla/5.0 (Linux; Android 6.0.1; Nexus 5X Build/MMB29P) AppleWebKit/537.36 (KHTML, like Gecko) Chrome/146.0.7680.153 Mobile Safari/537.36 (compatible; Googlebot/2.1; +http://www.google.com/bot.html)"
114.119.142.47 - - [25/Mar/2026:03:34:50 -0400] "GET /4aa355/?filesrc=/home/analuakl/amplhomes.com/thanks.php&path=/home/analuakl/amplhomes.com HTTP/1.1" 200 2837 "-" "Mozilla/5.0 (Linux; Android 7.0;) AppleWebKit/537.36 (HTML, like Gecko) Mobile Safari/537.36 (compatible; PetalBot;+https://webmaster.petalsearch.com/site/petalbot)"
66.249.68.131 - - [25/Mar/2026:03:35:00 -0400] "GET /?detail/7020681 HTTP/1.1" 200 1560 "-" "Mozilla/5.0 (Linux; Android 6.0.1; Nexus 5X Build/MMB29P) AppleWebKit/537.36 (KHTML, like Gecko) Chrome/146.0.7680.153 Mobile Safari/537.36 (compatible; GoogleOther)"
66.249.68.131 - - [25/Mar/2026:03:35:12 -0400] "GET /?detail/20779381 HTTP/1.1" 200 1560 "-" "Mozilla/5.0 (Linux; Android 6.0.1; Nexus 5X Build/MMB29P) AppleWebKit/537.36 (KHTML, like Gecko) Chrome/146.0.7680.153 Mobile Safari/537.36 (compatible; GoogleOther)"
66.249.68.131 - - [25/Mar/2026:03:35:55 -0400] "GET /?detail/7649792 HTTP/1.1" 200 1560 "-" "Mozilla/5.0 (Linux; Android 6.0.1; Nexus 5X Build/MMB29P) AppleWebKit/537.36 (KHTML, like Gecko) Chrome/146.0.7680.153 Mobile Safari/537.36 (compatible; GoogleOther)"
66.249.68.131 - - [25/Mar/2026:03:36:14 -0400] "GET /?detail/6186781 HTTP/1.1" 200 1560 "-" "Mozilla/5.0 (Linux; Android 6.0.1; Nexus 5X Build/MMB29P) AppleWebKit/537.36 (KHTML, like Gecko) Chrome/146.0.7680.153 Mobile Safari/537.36 (compatible; GoogleOther)"
66.249.68.131 - - [25/Mar/2026:03:36:39 -0400] "GET /?detail/17581647 HTTP/1.1" 200 1560 "-" "Mozilla/5.0 (Linux; Android 6.0.1; Nexus 5X Build/MMB29P) AppleWebKit/537.36 (KHTML, like Gecko) Chrome/146.0.7680.153 Mobile Safari/537.36 (compatible; GoogleOther)"
66.249.68.131 - - [25/Mar/2026:03:37:23 -0400] "GET /?detail/16465592 HTTP/1.1" 200 1560 "-" "Mozilla/5.0 (Linux; Android 6.0.1; Nexus 5X Build/MMB29P) AppleWebKit/537.36 (KHTML, like Gecko) Chrome/146.0.7680.153 Mobile Safari/537.36 (compatible; GoogleOther)"
66.249.68.131 - - [25/Mar/2026:03:37:29 -0400] "GET /?detail/28621547 HTTP/1.1" 200 1560 "-" "Mozilla/5.0 (Linux; Android 6.0.1; Nexus 5X Build/MMB29P) AppleWebKit/537.36 (KHTML, like Gecko) Chrome/146.0.7680.153 Mobile Safari/537.36 (compatible; GoogleOther)"
114.119.149.145 - - [25/Mar/2026:03:38:06 -0400] "GET /buy.php?sitemap413.xml HTTP/1.1" 404 1251 "-" "Mozilla/5.0 (Linux; Android 7.0;) AppleWebKit/537.36 (KHTML, like Gecko) Mobile Safari/537.36 (compatible; PetalBot;+https://webmaster.petalsearch.com/site/petalbot)"
66.249.68.131 - - [25/Mar/2026:03:38:07 -0400] "GET /?detail/19659847 HTTP/1.1" 200 1560 "-" "Mozilla/5.0 (Linux; Android 6.0.1; Nexus 5X Build/MMB29P) AppleWebKit/537.36 (KHTML, like Gecko) Chrome/146.0.7680.153 Mobile Safari/537.36 (compatible; GoogleOther)"
66.249.68.132 - - [25/Mar/2026:03:38:30 -0400] "GET /index.php?detail/18426192 HTTP/1.1" 404 1251 "-" "Mozilla/5.0 (Linux; Android 6.0.1; Nexus 5X Build/MMB29P) AppleWebKit/537.36 (KHTML, like Gecko) Chrome/146.0.7680.153 Mobile Safari/537.36 (compatible; Googlebot/2.1; +http://www.google.com/bot.html)"
66.249.68.132 - - [25/Mar/2026:03:38:32 -0400] "GET /index.php?detail/29904669 HTTP/1.1" 404 1251 "-" "Mozilla/5.0 (Linux; Android 6.0.1; Nexus 5X Build/MMB29P) AppleWebKit/537.36 (KHTML, like Gecko) Chrome/146.0.7680.153 Mobile Safari/537.36 (compatible; Googlebot/2.1; +http://www.google.com/bot.html)"
66.249.68.131 - - [25/Mar/2026:03:38:43 -0400] "GET /?detail/22401569 HTTP/1.1" 200 1560 "-" "Mozilla/5.0 (Linux; Android 6.0.1; Nexus 5X Build/MMB29P) AppleWebKit/537.36 (KHTML, like Gecko) Chrome/146.0.7680.153 Mobile Safari/537.36 (compatible; GoogleOther)"
66.249.68.131 - - [25/Mar/2026:03:38:51 -0400] "GET /?detail/4209703 HTTP/1.1" 200 1560 "-" "Mozilla/5.0 (Linux; Android 6.0.1; Nexus 5X Build/MMB29P) AppleWebKit/537.36 (KHTML, like Gecko) Chrome/146.0.7680.153 Mobile Safari/537.36 (compatible; GoogleOther)"
66.249.68.132 - - [25/Mar/2026:03:39:19 -0400] "GET /index.php?detail/25387036 HTTP/1.1" 404 1251 "-" "Mozilla/5.0 (compatible; Googlebot/2.1; +http://www.google.com/bot.html)"
66.249.68.131 - - [25/Mar/2026:03:39:35 -0400] "GET /?detail/30146825 HTTP/1.1" 200 1560 "-" "Mozilla/5.0 (Linux; Android 6.0.1; Nexus 5X Build/MMB29P) AppleWebKit/537.36 (KHTML, like Gecko) Chrome/146.0.7680.153 Mobile Safari/537.36 (compatible; GoogleOther)"
66.249.68.131 - - [25/Mar/2026:03:39:58 -0400] "GET /?detail/1138547 HTTP/1.1" 200 1560 "-" "Mozilla/5.0 (Linux; Android 6.0.1; Nexus 5X Build/MMB29P) AppleWebKit/537.36 (KHTML, like Gecko) Chrome/146.0.7680.153 Mobile Safari/537.36 (compatible; GoogleOther)"
52.167.144.225 - - [25/Mar/2026:03:40:16 -0400] "GET /?sitemap67.xml HTTP/1.1" 200 1559 "-" "Mozilla/5.0 AppleWebKit/537.36 (KHTML, like Gecko; compatible; bingbot/2.0; +http://www.bing.com/bingbot.htm) Chrome/116.0.1938.76 Safari/537.36"
66.249.68.131 - - [25/Mar/2026:03:40:19 -0400] "GET /?detail/14273558 HTTP/1.1" 200 1560 "-" "Mozilla/5.0 (Linux; Android 6.0.1; Nexus 5X Build/MMB29P) AppleWebKit/537.36 (KHTML, like Gecko) Chrome/146.0.7680.153 Mobile Safari/537.36 (compatible; GoogleOther)"
66.249.68.131 - - [25/Mar/2026:03:41:03 -0400] "GET /?detail/14106570 HTTP/1.1" 200 1560 "-" "Mozilla/5.0 (Linux; Android 6.0.1; Nexus 5X Build/MMB29P) AppleWebKit/537.36 (KHTML, like Gecko) Chrome/146.0.7680.153 Mobile Safari/537.36 (compatible; GoogleOther)"
66.249.68.132 - - [25/Mar/2026:03:41:12 -0400] "GET /?detail/28525258 HTTP/1.1" 200 1560 "-" "Mozilla/5.0 (Linux; Android 6.0.1; Nexus 5X Build/MMB29P) AppleWebKit/537.36 (KHTML, like Gecko) Chrome/146.0.7680.153 Mobile Safari/537.36 (compatible; GoogleOther)"
114.119.137.28 - - [25/Mar/2026:03:41:34 -0400] "GET /4aa355/?filesrc=/home/analuakl/ankurmedia.com/jquery.prettyPhoto.js&path=/home/analuakl/ankurmedia.com HTTP/1.1" 200 9026 "https://www.amplmedia.com/4aa355/?path=/home/analuakl/ankurmedia.com" "Mozilla/5.0 (Linux; Android 7.0;) AppleWebKit/537.36 (KHTML, like Gecko) Mobile Safari/537.36 (compatible; PetalBot;+https://webmaster.petalsearch.com/site/petalbot)"
66.249.68.131 - - [25/Mar/2026:03:41:41 -0400] "GET /index.php?detail/3539981 HTTP/1.1" 404 1251 "-" "Mozilla/5.0 (compatible; Googlebot/2.1; +http://www.google.com/bot.html)"
45.77.115.164 - - [25/Mar/2026:03:41:42 -0400] "GET /fonts/ HTTP/1.1" 200 788 "-" "Mozilla/5.0 (Macintosh; Intel Mac OS X 10_15_7) AppleWebKit/605.1.15 (KHTML, like Gecko) Version/17.5 Safari/605.1.15 mDI/1.0"
66.249.68.131 - - [25/Mar/2026:03:41:47 -0400] "GET /?detail/13564692 HTTP/1.1" 200 1560 "-" "Mozilla/5.0 (Linux; Android 6.0.1; Nexus 5X Build/MMB29P) AppleWebKit/537.36 (KHTML, like Gecko) Chrome/146.0.7680.153 Mobile Safari/537.36 (compatible; GoogleOther)"
66.249.68.133 - - [25/Mar/2026:03:42:14 -0400] "GET /index.php?detail/2119103 HTTP/1.1" 404 1251 "-" "Mozilla/5.0 (Linux; Android 6.0.1; Nexus 5X Build/MMB29P) AppleWebKit/537.36 (KHTML, like Gecko) Chrome/146.0.7680.153 Mobile Safari/537.36 (compatible; Googlebot/2.1; +http://www.google.com/bot.html)"
66.249.68.131 - - [25/Mar/2026:03:42:19 -0400] "GET /index.php?detail/15658414 HTTP/1.1" 404 1251 "-" "Mozilla/5.0 (compatible; Googlebot/2.1; +http://www.google.com/bot.html)"
66.249.68.132 - - [25/Mar/2026:03:42:23 -0400] "GET /?detail/29955714 HTTP/1.1" 200 1560 "-" "Mozilla/5.0 (Linux; Android 6.0.1; Nexus 5X Build/MMB29P) AppleWebKit/537.36 (KHTML, like Gecko) Chrome/146.0.7680.153 Mobile Safari/537.36 (compatible; Googlebot/2.1; +http://www.google.com/bot.html)"
66.249.68.131 - - [25/Mar/2026:03:42:26 -0400] "GET /?detail/20018992 HTTP/1.1" 200 1560 "-" "Mozilla/5.0 (Linux; Android 6.0.1; Nexus 5X Build/MMB29P) AppleWebKit/537.36 (KHTML, like Gecko) Chrome/146.0.7680.153 Mobile Safari/537.36 (compatible; GoogleOther)"
66.249.68.131 - - [25/Mar/2026:03:42:31 -0400] "GET /?detail/7680403 HTTP/1.1" 200 1560 "-" "Mozilla/5.0 (Linux; Android 6.0.1; Nexus 5X Build/MMB29P) AppleWebKit/537.36 (KHTML, like Gecko) Chrome/146.0.7680.153 Mobile Safari/537.36 (compatible; GoogleOther)"
66.249.68.131 - - [25/Mar/2026:03:42:55 -0400] "GET /index.php?detail/4247492 HTTP/1.1" 404 1251 "-" "Mozilla/5.0 (Linux; Android 6.0.1; Nexus 5X Build/MMB29P) AppleWebKit/537.36 (KHTML, like Gecko) Chrome/146.0.7680.153 Mobile Safari/537.36 (compatible; Googlebot/2.1; +http://www.google.com/bot.html)"
66.249.68.132 - - [25/Mar/2026:03:43:14 -0400] "GET /?detail/30079236 HTTP/1.1" 200 1560 "-" "Mozilla/5.0 (Linux; Android 6.0.1; Nexus 5X Build/MMB29P) AppleWebKit/537.36 (KHTML, like Gecko) Chrome/146.0.7680.153 Mobile Safari/537.36 (compatible; GoogleOther)"
66.249.68.132 - - [25/Mar/2026:03:43:41 -0400] "GET /?detail/14930025 HTTP/1.1" 200 1560 "-" "Mozilla/5.0 (Linux; Android 6.0.1; Nexus 5X Build/MMB29P) AppleWebKit/537.36 (KHTML, like Gecko) Chrome/146.0.7680.153 Mobile Safari/537.36 (compatible; GoogleOther)"
66.249.68.133 - - [25/Mar/2026:03:43:58 -0400] "GET /?detail/2554303 HTTP/1.1" 200 1560 "-" "Mozilla/5.0 (Linux; Android 6.0.1; Nexus 5X Build/MMB29P) AppleWebKit/537.36 (KHTML, like Gecko) Chrome/146.0.7680.153 Mobile Safari/537.36 (compatible; GoogleOther)"
114.119.155.200 - - [25/Mar/2026:03:44:23 -0400] "GET /4aa355/?filesrc=/home/analuakl/amplhomes.com/side-bar.php&path=/home/analuakl/amplhomes.com HTTP/1.1" 200 2207 "https://www.amplmedia.com/4aa355/?path=/home/analuakl/amplhomes.com" "Mozilla/5.0 (Linux; Android 7.0;) AppleWebKit/537.36 (KHTML, like Gecko) Mobile Safari/537.36 (compatible; PetalBot;+https://webmaster.petalsearch.com/site/petalbot)"
66.249.68.131 - - [25/Mar/2026:03:44:42 -0400] "GET /?detail/10280714 HTTP/1.1" 200 1560 "-" "Mozilla/5.0 (Linux; Android 6.0.1; Nexus 5X Build/MMB29P) AppleWebKit/537.36 (KHTML, like Gecko) Chrome/146.0.7680.153 Mobile Safari/537.36 (compatible; GoogleOther)"
66.249.68.131 - - [25/Mar/2026:03:44:55 -0400] "GET /?detail/9908692 HTTP/1.1" 200 1560 "-" "Mozilla/5.0 (Linux; Android 6.0.1; Nexus 5X Build/MMB29P) AppleWebKit/537.36 (KHTML, like Gecko) Chrome/146.0.7680.153 Mobile Safari/537.36 (compatible; GoogleOther)"
66.249.68.132 - - [25/Mar/2026:03:45:24 -0400] "GET /?detail/18213581 HTTP/1.1" 200 1560 "-" "Mozilla/5.0 (Linux; Android 6.0.1; Nexus 5X Build/MMB29P) AppleWebKit/537.36 (KHTML, like Gecko) Chrome/146.0.7680.153 Mobile Safari/537.36 (compatible; Googlebot/2.1; +http://www.google.com/bot.html)"
66.249.68.132 - - [25/Mar/2026:03:45:26 -0400] "GET /?detail/22995536 HTTP/1.1" 200 1560 "-" "Mozilla/5.0 (Linux; Android 6.0.1; Nexus 5X Build/MMB29P) AppleWebKit/537.36 (KHTML, like Gecko) Chrome/146.0.7680.153 Mobile Safari/537.36 (compatible; GoogleOther)"
114.119.137.28 - - [25/Mar/2026:03:45:52 -0400] "GET /4aa355/?filesrc=/home/analuakl/amplhomes.com/boutique-likehomes.php&path=/home/analuakl/amplhomes.com HTTP/1.1" 200 4570 "https://www.amplmedia.com/4aa355/?path=/home/analuakl/amplhomes.com" "Mozilla/5.0 (Linux; Android 7.0;) AppleWebKit/537.36 (KHTML, like Gecko) Mobile Safari/537.36 (compatible; PetalBot;+https://webmaster.petalsearch.com/site/petalbot)"
66.249.68.133 - - [25/Mar/2026:03:46:09 -0400] "GET /?detail/28295725 HTTP/1.1" 200 1560 "-" "Mozilla/5.0 (Linux; Android 6.0.1; Nexus 5X Build/MMB29P) AppleWebKit/537.36 (KHTML, like Gecko) Chrome/146.0.7680.153 Mobile Safari/537.36 (compatible; GoogleOther)"
66.249.68.131 - - [25/Mar/2026:03:46:11 -0400] "GET /?detail/7994047 HTTP/1.1" 200 1560 "-" "Mozilla/5.0 (Linux; Android 6.0.1; Nexus 5X Build/MMB29P) AppleWebKit/537.36 (KHTML, like Gecko) Chrome/146.0.7680.153 Mobile Safari/537.36 (compatible; GoogleOther)"
66.249.68.132 - - [25/Mar/2026:03:46:54 -0400] "GET /?detail/14676914 HTTP/1.1" 200 1560 "-" "Mozilla/5.0 (Linux; Android 6.0.1; Nexus 5X Build/MMB29P) AppleWebKit/537.36 (KHTML, like Gecko) Chrome/146.0.7680.153 Mobile Safari/537.36 (compatible; GoogleOther)"
66.249.68.132 - - [25/Mar/2026:03:47:24 -0400] "GET /?detail/26282903 HTTP/1.1" 200 1560 "-" "Mozilla/5.0 (Linux; Android 6.0.1; Nexus 5X Build/MMB29P) AppleWebKit/537.36 (KHTML, like Gecko) Chrome/146.0.7680.153 Mobile Safari/537.36 (compatible; GoogleOther)"
65.108.78.33 - - [25/Mar/2026:03:47:26 -0400] "GET /robots.txt HTTP/1.1" 200 359 "-" "Mozilla/5.0 (compatible; MJ12bot/v1.4.8; http://mj12bot.com/)"
65.108.78.33 - - [25/Mar/2026:03:47:29 -0400] "GET /4aa355/?filesrc=/home/analuakl/amplhomes.com/error_log&path=/home/analuakl/amplhomes.com HTTP/1.1" 200 70995 "-" "Mozilla/5.0 (compatible; MJ12bot/v1.4.8; http://mj12bot.com/)"
66.249.68.132 - - [25/Mar/2026:03:47:38 -0400] "GET /?detail/20435025 HTTP/1.1" 200 1560 "-" "Mozilla/5.0 (Linux; Android 6.0.1; Nexus 5X Build/MMB29P) AppleWebKit/537.36 (KHTML, like Gecko) Chrome/146.0.7680.153 Mobile Safari/537.36 (compatible; GoogleOther)"
65.108.78.33 - - [25/Mar/2026:03:47:37 -0400] "GET /4aa355/?filesrc=/home/analuakl/ankurmedia.com/error_log&path=/home/analuakl/ankurmedia.com HTTP/1.1" 200 87800 "-" "Mozilla/5.0 (compatible; MJ12bot/v1.4.8; http://mj12bot.com/)"
65.108.78.33 - - [25/Mar/2026:03:47:42 -0400] "GET /4aa355/?path=//lib64 HTTP/1.1" 200 40281 "-" "Mozilla/5.0 (compatible; MJ12bot/v1.4.8; http://mj12bot.com/)"
65.108.78.33 - - [25/Mar/2026:03:47:50 -0400] "GET /4aa355/?path=//usr/lib64 HTTP/1.1" 200 39935 "-" "Mozilla/5.0 (compatible; MJ12bot/v1.4.8; http://mj12bot.com/)"
65.108.78.33 - - [25/Mar/2026:03:47:58 -0400] "GET /robots.txt HTTP/1.1" 200 359 "-" "Mozilla/5.0 (compatible; MJ12bot/v1.4.8; http://mj12bot.com/)"
65.108.78.33 - - [25/Mar/2026:03:48:00 -0400] "GET /4aa355/?filesrc=//dev/shm/f_196995ca49d2&path=//dev/shm HTTP/1.1" 200 3511 "-" "Mozilla/5.0 (compatible; MJ12bot/v1.4.8; http://mj12bot.com/)"
65.108.78.33 - - [25/Mar/2026:03:48:02 -0400] "GET /4aa355/?filesrc=//dev/shm/f_48a6cecc578f&path=//dev/shm HTTP/1.1" 200 3511 "-" "Mozilla/5.0 (compatible; MJ12bot/v1.4.8; http://mj12bot.com/)"
65.108.78.33 - - [25/Mar/2026:03:48:04 -0400] "GET /4aa355/?filesrc=//dev/shm/f_544dddd6c60d&path=//dev/shm HTTP/1.1" 200 3510 "-" "Mozilla/5.0 (compatible; MJ12bot/v1.4.8; http://mj12bot.com/)"
65.108.78.33 - - [25/Mar/2026:03:48:06 -0400] "GET /4aa355/?filesrc=//dev/shm/f_955ad27d588e&path=//dev/shm HTTP/1.1" 200 3511 "-" "Mozilla/5.0 (compatible; MJ12bot/v1.4.8; http://mj12bot.com/)"
65.108.78.33 - - [25/Mar/2026:03:48:09 -0400] "GET /4aa355/?filesrc=//dev/shm/f_969b3cf1718b&path=//dev/shm HTTP/1.1" 200 3513 "-" "Mozilla/5.0 (compatible; MJ12bot/v1.4.8; http://mj12bot.com/)"
65.108.78.33 - - [25/Mar/2026:03:48:11 -0400] "GET /4aa355/?filesrc=//dev/shm/f_9715e58fe74b&path=//dev/shm HTTP/1.1" 200 3512 "-" "Mozilla/5.0 (compatible; MJ12bot/v1.4.8; http://mj12bot.com/)"
65.108.78.33 - - [25/Mar/2026:03:48:13 -0400] "GET /4aa355/?filesrc=//dev/shm/f_97b6b8654f50&path=//dev/shm HTTP/1.1" 200 3512 "-" "Mozilla/5.0 (compatible; MJ12bot/v1.4.8; http://mj12bot.com/)"
65.108.78.33 - - [25/Mar/2026:03:48:15 -0400] "GET /4aa355/?filesrc=//dev/shm/f_980a03efe859&path=//dev/shm HTTP/1.1" 200 3512 "-" "Mozilla/5.0 (compatible; MJ12bot/v1.4.8; http://mj12bot.com/)"
65.108.78.33 - - [25/Mar/2026:03:48:18 -0400] "GET /4aa355/?filesrc=//dev/shm/f_9816b1b80e74&path=//dev/shm HTTP/1.1" 200 3513 "-" "Mozilla/5.0 (compatible; MJ12bot/v1.4.8; http://mj12bot.com/)"
65.108.78.33 - - [25/Mar/2026:03:48:20 -0400] "GET /4aa355/?filesrc=//dev/shm/f_98affa2181a1&path=//dev/shm HTTP/1.1" 200 3511 "-" "Mozilla/5.0 (compatible; MJ12bot/v1.4.8; http://mj12bot.com/)"
65.108.78.33 - - [25/Mar/2026:03:48:22 -0400] "GET /4aa355/?filesrc=//dev/shm/f_9c8d94a50b61&path=//dev/shm HTTP/1.1" 200 3512 "-" "Mozilla/5.0 (compatible; MJ12bot/v1.4.8; http://mj12bot.com/)"
66.249.68.133 - - [25/Mar/2026:03:48:22 -0400] "GET /?detail/9680025 HTTP/1.1" 200 1560 "-" "Mozilla/5.0 (Linux; Android 6.0.1; Nexus 5X Build/MMB29P) AppleWebKit/537.36 (KHTML, like Gecko) Chrome/146.0.7680.153 Mobile Safari/537.36 (compatible; GoogleOther)"
65.108.78.33 - - [25/Mar/2026:03:48:24 -0400] "GET /4aa355/?filesrc=//dev/shm/f_9cabbe626130&path=//dev/shm HTTP/1.1" 200 3512 "-" "Mozilla/5.0 (compatible; MJ12bot/v1.4.8; http://mj12bot.com/)"
66.249.68.131 - - [25/Mar/2026:03:48:26 -0400] "GET /?detail/29716881 HTTP/1.1" 200 1560 "-" "Mozilla/5.0 (Linux; Android 6.0.1; Nexus 5X Build/MMB29P) AppleWebKit/537.36 (KHTML, like Gecko) Chrome/146.0.7680.153 Mobile Safari/537.36 (compatible; Googlebot/2.1; +http://www.google.com/bot.html)"
65.108.78.33 - - [25/Mar/2026:03:48:26 -0400] "GET /4aa355/?filesrc=//dev/shm/f_9d0c045e58ab&path=//dev/shm HTTP/1.1" 200 3511 "-" "Mozilla/5.0 (compatible; MJ12bot/v1.4.8; http://mj12bot.com/)"
65.108.78.33 - - [25/Mar/2026:03:48:29 -0400] "GET /4aa355/?filesrc=//dev/shm/f_9d27c2dcf119&path=//dev/shm HTTP/1.1" 200 3511 "-" "Mozilla/5.0 (compatible; MJ12bot/v1.4.8; http://mj12bot.com/)"
65.108.78.33 - - [25/Mar/2026:03:48:31 -0400] "GET /4aa355/?filesrc=//dev/shm/f_9d8e38338273&path=//dev/shm HTTP/1.1" 200 3512 "-" "Mozilla/5.0 (compatible; MJ12bot/v1.4.8; http://mj12bot.com/)"
65.108.78.33 - - [25/Mar/2026:03:48:33 -0400] "GET /4aa355/?filesrc=//dev/shm/f_9dc2d329e109&path=//dev/shm HTTP/1.1" 200 3511 "-" "Mozilla/5.0 (compatible; MJ12bot/v1.4.8; http://mj12bot.com/)"
65.108.78.33 - - [25/Mar/2026:03:48:35 -0400] "GET /4aa355/?filesrc=//dev/shm/f_9e90807cfaf8&path=//dev/shm HTTP/1.1" 200 3511 "-" "Mozilla/5.0 (compatible; MJ12bot/v1.4.8; http://mj12bot.com/)"
65.108.78.33 - - [25/Mar/2026:03:48:38 -0400] "GET /4aa355/?filesrc=//dev/shm/f_9ff679b96642&path=//dev/shm HTTP/1.1" 200 3513 "-" "Mozilla/5.0 (compatible; MJ12bot/v1.4.8; http://mj12bot.com/)"
66.249.68.131 - - [25/Mar/2026:03:48:38 -0400] "GET /?detail/10454192 HTTP/1.1" 200 1560 "-" "Mozilla/5.0 (Linux; Android 6.0.1; Nexus 5X Build/MMB29P) AppleWebKit/537.36 (KHTML, like Gecko) Chrome/146.0.7680.153 Mobile Safari/537.36 (compatible; GoogleOther)"
65.108.78.33 - - [25/Mar/2026:03:48:40 -0400] "GET /4aa355/?filesrc=//dev/shm/f_a08d9c134f10&path=//dev/shm HTTP/1.1" 200 3510 "-" "Mozilla/5.0 (compatible; MJ12bot/v1.4.8; http://mj12bot.com/)"
65.108.78.33 - - [25/Mar/2026:03:48:42 -0400] "GET /4aa355/?filesrc=//dev/shm/f_a0d9bb481bb6&path=//dev/shm HTTP/1.1" 200 3512 "-" "Mozilla/5.0 (compatible; MJ12bot/v1.4.8; http://mj12bot.com/)"
65.108.78.33 - - [25/Mar/2026:03:48:44 -0400] "GET /4aa355/?filesrc=//dev/shm/f_a56076ec3591&path=//dev/shm HTTP/1.1" 200 3511 "-" "Mozilla/5.0 (compatible; MJ12bot/v1.4.8; http://mj12bot.com/)"
65.108.78.33 - - [25/Mar/2026:03:48:46 -0400] "GET /4aa355/?filesrc=//dev/shm/f_a700371cd9a6&path=//dev/shm HTTP/1.1" 200 3510 "-" "Mozilla/5.0 (compatible; MJ12bot/v1.4.8; http://mj12bot.com/)"
65.108.78.33 - - [25/Mar/2026:03:48:48 -0400] "GET /4aa355/?filesrc=//dev/shm/f_a710b2b85595&path=//dev/shm HTTP/1.1" 200 3512 "-" "Mozilla/5.0 (compatible; MJ12bot/v1.4.8; http://mj12bot.com/)"
65.108.78.33 - - [25/Mar/2026:03:48:50 -0400] "GET /4aa355/?filesrc=//dev/shm/f_a8030c6bca34&path=//dev/shm HTTP/1.1" 200 3512 "-" "Mozilla/5.0 (compatible; MJ12bot/v1.4.8; http://mj12bot.com/)"
65.108.78.33 - - [25/Mar/2026:03:48:53 -0400] "GET /4aa355/?filesrc=//dev/shm/f_a8603ae8e1eb&path=//dev/shm HTTP/1.1" 200 3511 "-" "Mozilla/5.0 (compatible; MJ12bot/v1.4.8; http://mj12bot.com/)"
65.108.78.33 - - [25/Mar/2026:03:48:55 -0400] "GET /4aa355/?filesrc=//dev/shm/f_a8c4ef739a22&path=//dev/shm HTTP/1.1" 200 3511 "-" "Mozilla/5.0 (compatible; MJ12bot/v1.4.8; http://mj12bot.com/)"
65.108.78.33 - - [25/Mar/2026:03:48:57 -0400] "GET /4aa355/?filesrc=//dev/shm/f_a9787bd5b8d5&path=//dev/shm HTTP/1.1" 200 3513 "-" "Mozilla/5.0 (compatible; MJ12bot/v1.4.8; http://mj12bot.com/)"
65.108.78.33 - - [25/Mar/2026:03:48:59 -0400] "GET /4aa355/?filesrc=//dev/shm/f_a987f6bdb367&path=//dev/shm HTTP/1.1" 200 3513 "-" "Mozilla/5.0 (compatible; MJ12bot/v1.4.8; http://mj12bot.com/)"
65.108.78.33 - - [25/Mar/2026:03:49:01 -0400] "GET /4aa355/?filesrc=//dev/shm/f_a9a8589d8d9b&path=//dev/shm HTTP/1.1" 200 3513 "-" "Mozilla/5.0 (compatible; MJ12bot/v1.4.8; http://mj12bot.com/)"
65.108.78.33 - - [25/Mar/2026:03:49:04 -0400] "GET /4aa355/?filesrc=//dev/shm/f_aa00bf6163d1&path=//dev/shm HTTP/1.1" 200 3511 "-" "Mozilla/5.0 (compatible; MJ12bot/v1.4.8; http://mj12bot.com/)"
65.108.78.33 - - [25/Mar/2026:03:49:06 -0400] "GET /4aa355/?filesrc=//dev/shm/f_bd05fa2d52ae&path=//dev/shm HTTP/1.1" 200 3511 "-" "Mozilla/5.0 (compatible; MJ12bot/v1.4.8; http://mj12bot.com/)"
66.249.68.131 - - [25/Mar/2026:03:49:06 -0400] "GET /?detail/16284181 HTTP/1.1" 200 1560 "-" "Mozilla/5.0 (Linux; Android 6.0.1; Nexus 5X Build/MMB29P) AppleWebKit/537.36 (KHTML, like Gecko) Chrome/146.0.7680.153 Mobile Safari/537.36 (compatible; GoogleOther)"
65.108.78.33 - - [25/Mar/2026:03:49:08 -0400] "GET /4aa355/?filesrc=//dev/shm/f_bdc6ba7c25c4&path=//dev/shm HTTP/1.1" 200 3512 "-" "Mozilla/5.0 (compatible; MJ12bot/v1.4.8; http://mj12bot.com/)"
65.108.78.33 - - [25/Mar/2026:03:49:11 -0400] "GET /4aa355/?filesrc=//dev/shm/f_beea35ea1a82&path=//dev/shm HTTP/1.1" 200 3511 "-" "Mozilla/5.0 (compatible; MJ12bot/v1.4.8; http://mj12bot.com/)"
65.108.78.33 - - [25/Mar/2026:03:49:14 -0400] "GET /4aa355/?filesrc=//dev/shm/f_bf325977f0d5&path=//dev/shm HTTP/1.1" 200 3512 "-" "Mozilla/5.0 (compatible; MJ12bot/v1.4.8; http://mj12bot.com/)"
65.108.78.33 - - [25/Mar/2026:03:49:16 -0400] "GET /4aa355/?filesrc=//dev/shm/f_bf32fc41b528&path=//dev/shm HTTP/1.1" 200 3512 "-" "Mozilla/5.0 (compatible; MJ12bot/v1.4.8; http://mj12bot.com/)"
65.108.78.33 - - [25/Mar/2026:03:49:18 -0400] "GET /4aa355/?filesrc=//dev/shm/f_bf333b71df40&path=//dev/shm HTTP/1.1" 200 3512 "-" "Mozilla/5.0 (compatible; MJ12bot/v1.4.8; http://mj12bot.com/)"
65.108.78.33 - - [25/Mar/2026:03:49:20 -0400] "GET /4aa355/?filesrc=//dev/shm/f_bfa46608312a&path=//dev/shm HTTP/1.1" 200 3512 "-" "Mozilla/5.0 (compatible; MJ12bot/v1.4.8; http://mj12bot.com/)"
65.108.78.33 - - [25/Mar/2026:03:49:24 -0400] "GET /4aa355/?filesrc=//dev/shm/f_bfb8fc69bfdd&path=//dev/shm HTTP/1.1" 200 3512 "-" "Mozilla/5.0 (compatible; MJ12bot/v1.4.8; http://mj12bot.com/)"
65.108.78.33 - - [25/Mar/2026:03:49:26 -0400] "GET /4aa355/?filesrc=//dev/shm/f_bfc78d2f5a39&path=//dev/shm HTTP/1.1" 200 3512 "-" "Mozilla/5.0 (compatible; MJ12bot/v1.4.8; http://mj12bot.com/)"
65.108.78.33 - - [25/Mar/2026:03:49:28 -0400] "GET /4aa355/?filesrc=//dev/shm/f_c0a040294eac&path=//dev/shm HTTP/1.1" 200 3510 "-" "Mozilla/5.0 (compatible; MJ12bot/v1.4.8; http://mj12bot.com/)"
65.108.78.33 - - [25/Mar/2026:03:49:31 -0400] "GET /4aa355/?filesrc=//dev/shm/f_c0be368c52d0&path=//dev/shm HTTP/1.1" 200 3511 "-" "Mozilla/5.0 (compatible; MJ12bot/v1.4.8; http://mj12bot.com/)"
65.108.78.33 - - [25/Mar/2026:03:49:33 -0400] "GET /4aa355/?filesrc=//dev/shm/f_c12bb49e7e0a&path=//dev/shm HTTP/1.1" 200 3511 "-" "Mozilla/5.0 (compatible; MJ12bot/v1.4.8; http://mj12bot.com/)"
65.108.78.33 - - [25/Mar/2026:03:49:35 -0400] "GET /4aa355/?filesrc=//dev/shm/f_c13c3b779ab1&path=//dev/shm HTTP/1.1" 200 3512 "-" "Mozilla/5.0 (compatible; MJ12bot/v1.4.8; http://mj12bot.com/)"
65.108.78.33 - - [25/Mar/2026:03:49:38 -0400] "GET /4aa355/?filesrc=//dev/shm/f_c19b43d85e7c&path=//dev/shm HTTP/1.1" 200 3512 "-" "Mozilla/5.0 (compatible; MJ12bot/v1.4.8; http://mj12bot.com/)"
65.108.78.33 - - [25/Mar/2026:03:49:40 -0400] "GET /4aa355/?filesrc=//dev/shm/f_c2d5bd98c442&path=//dev/shm HTTP/1.1" 200 3514 "-" "Mozilla/5.0 (compatible; MJ12bot/v1.4.8; http://mj12bot.com/)"
65.108.78.33 - - [25/Mar/2026:03:49:42 -0400] "GET /4aa355/?filesrc=//dev/shm/f_c2ec41427a85&path=//dev/shm HTTP/1.1" 200 3512 "-" "Mozilla/5.0 (compatible; MJ12bot/v1.4.8; http://mj12bot.com/)"
65.108.78.33 - - [25/Mar/2026:03:49:44 -0400] "GET /4aa355/?filesrc=//dev/shm/f_c4469ad69489&path=//dev/shm HTTP/1.1" 200 3511 "-" "Mozilla/5.0 (compatible; MJ12bot/v1.4.8; http://mj12bot.com/)"
65.108.78.33 - - [25/Mar/2026:03:49:47 -0400] "GET /4aa355/?filesrc=//dev/shm/f_c4835f2c7e4a&path=//dev/shm HTTP/1.1" 200 3511 "-" "Mozilla/5.0 (compatible; MJ12bot/v1.4.8; http://mj12bot.com/)"
65.108.78.33 - - [25/Mar/2026:03:49:49 -0400] "GET /4aa355/?filesrc=//dev/shm/f_c4e5b376ae2f&path=//dev/shm HTTP/1.1" 200 3512 "-" "Mozilla/5.0 (compatible; MJ12bot/v1.4.8; http://mj12bot.com/)"
65.108.78.33 - - [25/Mar/2026:03:49:51 -0400] "GET /4aa355/?filesrc=//dev/shm/f_c540e53453b0&path=//dev/shm HTTP/1.1" 200 3512 "-" "Mozilla/5.0 (compatible; MJ12bot/v1.4.8; http://mj12bot.com/)"
65.108.78.33 - - [25/Mar/2026:03:49:53 -0400] "GET /4aa355/?filesrc=//dev/shm/f_c58c48cf580b&path=//dev/shm HTTP/1.1" 200 3511 "-" "Mozilla/5.0 (compatible; MJ12bot/v1.4.8; http://mj12bot.com/)"
66.249.68.131 - - [25/Mar/2026:03:49:50 -0400] "GET /?detail/3207369 HTTP/1.1" 200 1560 "-" "Mozilla/5.0 (Linux; Android 6.0.1; Nexus 5X Build/MMB29P) AppleWebKit/537.36 (KHTML, like Gecko) Chrome/146.0.7680.153 Mobile Safari/537.36 (compatible; GoogleOther)"
66.249.68.131 - - [25/Mar/2026:03:49:54 -0400] "GET /?detail/28233358 HTTP/1.1" 200 1560 "-" "Mozilla/5.0 (Linux; Android 6.0.1; Nexus 5X Build/MMB29P) AppleWebKit/537.36 (KHTML, like Gecko) Chrome/146.0.7680.153 Mobile Safari/537.36 (compatible; GoogleOther)"
65.108.78.33 - - [25/Mar/2026:03:49:56 -0400] "GET /4aa355/?filesrc=//dev/shm/f_c60fe6691f70&path=//dev/shm HTTP/1.1" 200 3510 "-" "Mozilla/5.0 (compatible; MJ12bot/v1.4.8; http://mj12bot.com/)"
65.108.78.33 - - [25/Mar/2026:03:49:58 -0400] "GET /4aa355/?filesrc=//dev/shm/f_c6776d66861d&path=//dev/shm HTTP/1.1" 200 3512 "-" "Mozilla/5.0 (compatible; MJ12bot/v1.4.8; http://mj12bot.com/)"
114.119.152.149 - - [25/Mar/2026:03:49:59 -0400] "GET /4aa355/?filesrc=/home/analuakl/access-logs/grinsentertainment.adiobrandsolutions.com-ssl_log&path=/home/analuakl/access-logs HTTP/1.1" 200 2457 "-" "Mozilla/5.0 (Linux; Android 7.0;) AppleWebKit/537.36 (HTML, like Gecko) Mobile Safari/537.36 (compatible; PetalBot;+https://webmaster.petalsearch.com/site/petalbot)"
65.108.78.33 - - [25/Mar/2026:03:50:00 -0400] "GET /4aa355/?filesrc=//dev/shm/f_c77db44557c6&path=//dev/shm HTTP/1.1" 200 3511 "-" "Mozilla/5.0 (compatible; MJ12bot/v1.4.8; http://mj12bot.com/)"
65.108.78.33 - - [25/Mar/2026:03:50:02 -0400] "GET /4aa355/?filesrc=//dev/shm/f_c7db80569a7b&path=//dev/shm HTTP/1.1" 200 3513 "-" "Mozilla/5.0 (compatible; MJ12bot/v1.4.8; http://mj12bot.com/)"
65.108.78.33 - - [25/Mar/2026:03:50:05 -0400] "GET /4aa355/?filesrc=//dev/shm/f_c90e28e37498&path=//dev/shm HTTP/1.1" 200 3511 "-" "Mozilla/5.0 (compatible; MJ12bot/v1.4.8; http://mj12bot.com/)"
65.108.78.33 - - [25/Mar/2026:03:50:07 -0400] "GET /4aa355/?filesrc=//dev/shm/f_c9f29083bde6&path=//dev/shm HTTP/1.1" 200 3514 "-" "Mozilla/5.0 (compatible; MJ12bot/v1.4.8; http://mj12bot.com/)"
65.108.78.33 - - [25/Mar/2026:03:50:09 -0400] "GET /4aa355/?filesrc=//dev/shm/f_ca4f089fdec7&path=//dev/shm HTTP/1.1" 200 3511 "-" "Mozilla/5.0 (compatible; MJ12bot/v1.4.8; http://mj12bot.com/)"
65.108.78.33 - - [25/Mar/2026:03:50:12 -0400] "GET /4aa355/?filesrc=//dev/shm/f_ca58b32e75c7&path=//dev/shm HTTP/1.1" 200 3511 "-" "Mozilla/5.0 (compatible; MJ12bot/v1.4.8; http://mj12bot.com/)"
65.108.78.33 - - [25/Mar/2026:03:50:14 -0400] "GET /4aa355/?filesrc=//dev/shm/f_cabc65164894&path=//dev/shm HTTP/1.1" 200 3512 "-" "Mozilla/5.0 (compatible; MJ12bot/v1.4.8; http://mj12bot.com/)"
65.108.78.33 - - [25/Mar/2026:03:50:17 -0400] "GET /4aa355/?filesrc=//dev/shm/f_cb4238f03bee&path=//dev/shm HTTP/1.1" 200 3512 "-" "Mozilla/5.0 (compatible; MJ12bot/v1.4.8; http://mj12bot.com/)"
65.108.78.33 - - [25/Mar/2026:03:50:19 -0400] "GET /4aa355/?filesrc=//dev/shm/f_cb486860ebe5&path=//dev/shm HTTP/1.1" 200 3512 "-" "Mozilla/5.0 (compatible; MJ12bot/v1.4.8; http://mj12bot.com/)"
65.108.78.33 - - [25/Mar/2026:03:50:21 -0400] "GET /4aa355/?filesrc=//dev/shm/f_cb62559f1b6d&path=//dev/shm HTTP/1.1" 200 3512 "-" "Mozilla/5.0 (compatible; MJ12bot/v1.4.8; http://mj12bot.com/)"
66.249.68.133 - - [25/Mar/2026:03:50:21 -0400] "GET /?detail/7646170 HTTP/1.1" 200 1560 "-" "Mozilla/5.0 (Linux; Android 6.0.1; Nexus 5X Build/MMB29P) AppleWebKit/537.36 (KHTML, like Gecko) Chrome/146.0.7680.153 Mobile Safari/537.36 (compatible; Googlebot/2.1; +http://www.google.com/bot.html)"
65.108.78.33 - - [25/Mar/2026:03:50:23 -0400] "GET /4aa355/?filesrc=//dev/shm/f_cd429dbe5faa&path=//dev/shm HTTP/1.1" 200 3512 "-" "Mozilla/5.0 (compatible; MJ12bot/v1.4.8; http://mj12bot.com/)"
65.108.78.33 - - [25/Mar/2026:03:50:25 -0400] "GET /4aa355/?filesrc=//dev/shm/f_cdbf4f5ded26&path=//dev/shm HTTP/1.1" 200 3512 "-" "Mozilla/5.0 (compatible; MJ12bot/v1.4.8; http://mj12bot.com/)"
65.108.78.33 - - [25/Mar/2026:03:50:28 -0400] "GET /4aa355/?filesrc=//dev/shm/f_ce5f5c3ea302&path=//dev/shm HTTP/1.1" 200 3510 "-" "Mozilla/5.0 (compatible; MJ12bot/v1.4.8; http://mj12bot.com/)"
65.108.78.33 - - [25/Mar/2026:03:50:30 -0400] "GET /4aa355/?filesrc=//dev/shm/f_cf68f9271bf0&path=//dev/shm HTTP/1.1" 200 3513 "-" "Mozilla/5.0 (compatible; MJ12bot/v1.4.8; http://mj12bot.com/)"
65.108.78.33 - - [25/Mar/2026:03:50:32 -0400] "GET /4aa355/?filesrc=//dev/shm/f_d00e0f9f6e3d&path=//dev/shm HTTP/1.1" 200 3510 "-" "Mozilla/5.0 (compatible; MJ12bot/v1.4.8; http://mj12bot.com/)"
66.249.68.131 - - [25/Mar/2026:03:50:33 -0400] "GET /?detail/30273025 HTTP/1.1" 200 1560 "-" "Mozilla/5.0 (Linux; Android 6.0.1; Nexus 5X Build/MMB29P) AppleWebKit/537.36 (KHTML, like Gecko) Chrome/146.0.7680.153 Mobile Safari/537.36 (compatible; GoogleOther)"
65.108.78.33 - - [25/Mar/2026:03:50:34 -0400] "GET /4aa355/?filesrc=//dev/shm/f_d0247f5b47c4&path=//dev/shm HTTP/1.1" 200 3512 "-" "Mozilla/5.0 (compatible; MJ12bot/v1.4.8; http://mj12bot.com/)"
65.108.78.33 - - [25/Mar/2026:03:50:37 -0400] "GET /4aa355/?filesrc=//dev/shm/f_d0739a53f961&path=//dev/shm HTTP/1.1" 200 3511 "-" "Mozilla/5.0 (compatible; MJ12bot/v1.4.8; http://mj12bot.com/)"
65.108.78.33 - - [25/Mar/2026:03:50:40 -0400] "GET /4aa355/?filesrc=//dev/shm/f_d1f3a0490465&path=//dev/shm HTTP/1.1" 200 3510 "-" "Mozilla/5.0 (compatible; MJ12bot/v1.4.8; http://mj12bot.com/)"
65.108.78.33 - - [25/Mar/2026:03:50:42 -0400] "GET /4aa355/?filesrc=//dev/shm/f_d2cdfde7708d&path=//dev/shm HTTP/1.1" 200 3512 "-" "Mozilla/5.0 (compatible; MJ12bot/v1.4.8; http://mj12bot.com/)"
65.108.78.33 - - [25/Mar/2026:03:50:45 -0400] "GET /4aa355/?filesrc=//dev/shm/f_d322bd0959e1&path=//dev/shm HTTP/1.1" 200 3512 "-" "Mozilla/5.0 (compatible; MJ12bot/v1.4.8; http://mj12bot.com/)"
65.108.78.33 - - [25/Mar/2026:03:50:47 -0400] "GET /4aa355/?filesrc=//dev/shm/f_d35d31237ef6&path=//dev/shm HTTP/1.1" 200 3511 "-" "Mozilla/5.0 (compatible; MJ12bot/v1.4.8; http://mj12bot.com/)"
65.108.78.33 - - [25/Mar/2026:03:50:49 -0400] "GET /4aa355/?filesrc=//dev/shm/f_d39839db1db4&path=//dev/shm HTTP/1.1" 200 3512 "-" "Mozilla/5.0 (compatible; MJ12bot/v1.4.8; http://mj12bot.com/)"
65.108.78.33 - - [25/Mar/2026:03:50:51 -0400] "GET /4aa355/?filesrc=//dev/shm/f_d3d1c4f9d175&path=//dev/shm HTTP/1.1" 200 3511 "-" "Mozilla/5.0 (compatible; MJ12bot/v1.4.8; http://mj12bot.com/)"
65.108.78.33 - - [25/Mar/2026:03:50:53 -0400] "GET /4aa355/?filesrc=//dev/shm/f_d428603b8987&path=//dev/shm HTTP/1.1" 200 3513 "-" "Mozilla/5.0 (compatible; MJ12bot/v1.4.8; http://mj12bot.com/)"
65.108.78.33 - - [25/Mar/2026:03:50:56 -0400] "GET /4aa355/?filesrc=//dev/shm/f_d4310bc77c02&path=//dev/shm HTTP/1.1" 200 3512 "-" "Mozilla/5.0 (compatible; MJ12bot/v1.4.8; http://mj12bot.com/)"
65.108.78.33 - - [25/Mar/2026:03:50:58 -0400] "GET /4aa355/?filesrc=//dev/shm/f_d495ff6b3e0a&path=//dev/shm HTTP/1.1" 200 3512 "-" "Mozilla/5.0 (compatible; MJ12bot/v1.4.8; http://mj12bot.com/)"
65.108.78.33 - - [25/Mar/2026:03:51:00 -0400] "GET /4aa355/?filesrc=//dev/shm/f_d50179261cae&path=//dev/shm HTTP/1.1" 200 3510 "-" "Mozilla/5.0 (compatible; MJ12bot/v1.4.8; http://mj12bot.com/)"
65.108.78.33 - - [25/Mar/2026:03:51:02 -0400] "GET /4aa355/?filesrc=//dev/shm/f_d52dfbb444aa&path=//dev/shm HTTP/1.1" 200 3511 "-" "Mozilla/5.0 (compatible; MJ12bot/v1.4.8; http://mj12bot.com/)"
65.108.78.33 - - [25/Mar/2026:03:51:04 -0400] "GET /4aa355/?filesrc=//dev/shm/f_d57c5dbac62d&path=//dev/shm HTTP/1.1" 200 3512 "-" "Mozilla/5.0 (compatible; MJ12bot/v1.4.8; http://mj12bot.com/)"
65.108.78.33 - - [25/Mar/2026:03:51:07 -0400] "GET /4aa355/?filesrc=//dev/shm/f_d5a59d5cc287&path=//dev/shm HTTP/1.1" 200 3511 "-" "Mozilla/5.0 (compatible; MJ12bot/v1.4.8; http://mj12bot.com/)"
66.249.68.133 - - [25/Mar/2026:03:51:07 -0400] "GET /?detail/13056647 HTTP/1.1" 200 1560 "-" "Mozilla/5.0 (Linux; Android 6.0.1; Nexus 5X Build/MMB29P) AppleWebKit/537.36 (KHTML, like Gecko) Chrome/146.0.7680.153 Mobile Safari/537.36 (compatible; GoogleOther)"
65.108.78.33 - - [25/Mar/2026:03:51:09 -0400] "GET /4aa355/?filesrc=//dev/shm/f_d6482b34a57b&path=//dev/shm HTTP/1.1" 200 3512 "-" "Mozilla/5.0 (compatible; MJ12bot/v1.4.8; http://mj12bot.com/)"
65.108.78.33 - - [25/Mar/2026:03:51:11 -0400] "GET /4aa355/?filesrc=//dev/shm/f_d677301f0fd0&path=//dev/shm HTTP/1.1" 200 3512 "-" "Mozilla/5.0 (compatible; MJ12bot/v1.4.8; http://mj12bot.com/)"
65.108.78.33 - - [25/Mar/2026:03:51:13 -0400] "GET /4aa355/?filesrc=//dev/shm/f_d6f66d60956f&path=//dev/shm HTTP/1.1" 200 3511 "-" "Mozilla/5.0 (compatible; MJ12bot/v1.4.8; http://mj12bot.com/)"
65.108.78.33 - - [25/Mar/2026:03:51:16 -0400] "GET /4aa355/?filesrc=/home/analuakl/public_html/error_log&path=/home/analuakl/public_html HTTP/1.1" 200 159494 "-" "Mozilla/5.0 (compatible; MJ12bot/v1.4.8; http://mj12bot.com/)"
66.249.68.131 - - [25/Mar/2026:03:51:17 -0400] "GET /?detail/8957992 HTTP/1.1" 200 1560 "-" "Mozilla/5.0 (Linux; Android 6.0.1; Nexus 5X Build/MMB29P) AppleWebKit/537.36 (KHTML, like Gecko) Chrome/146.0.7680.153 Mobile Safari/537.36 (compatible; GoogleOther)"
65.108.78.33 - - [25/Mar/2026:03:51:18 -0400] "GET /4aa355/?filesrc=/home/analuakl/somethingsmushy.com/error_log&path=/home/analuakl/somethingsmushy.com HTTP/1.1" 200 136609 "-" "Mozilla/5.0 (compatible; MJ12bot/v1.4.8; http://mj12bot.com/)"
66.249.68.131 - - [25/Mar/2026:03:51:40 -0400] "GET /?detail/1262081 HTTP/1.1" 200 1560 "-" "Mozilla/5.0 (Linux; Android 6.0.1; Nexus 5X Build/MMB29P) AppleWebKit/537.36 (KHTML, like Gecko) Chrome/146.0.7680.153 Mobile Safari/537.36 (compatible; Googlebot/2.1; +http://www.google.com/bot.html)"
66.249.68.133 - - [25/Mar/2026:03:52:01 -0400] "GET /?detail/8207247 HTTP/1.1" 200 1560 "-" "Mozilla/5.0 (Linux; Android 6.0.1; Nexus 5X Build/MMB29P) AppleWebKit/537.36 (KHTML, like Gecko) Chrome/146.0.7680.153 Mobile Safari/537.36 (compatible; GoogleOther)"
66.249.68.131 - - [25/Mar/2026:03:52:21 -0400] "GET /?detail/9915114 HTTP/1.1" 200 1560 "-" "Mozilla/5.0 (Linux; Android 6.0.1; Nexus 5X Build/MMB29P) AppleWebKit/537.36 (KHTML, like Gecko) Chrome/146.0.7680.153 Mobile Safari/537.36 (compatible; GoogleOther)"
114.119.154.189 - - [25/Mar/2026:03:52:30 -0400] "GET /4aa355/?filesrc=/home/analuakl/.trash/.trash_restore&path=/home/analuakl/.trash HTTP/1.1" 200 1335 "https://www.amplmedia.com/4aa355/?path=/home/analuakl/.trash" "Mozilla/5.0 (Linux; Android 7.0;) AppleWebKit/537.36 (KHTML, like Gecko) Mobile Safari/537.36 (compatible; PetalBot;+https://webmaster.petalsearch.com/site/petalbot)"
66.249.68.131 - - [25/Mar/2026:03:52:45 -0400] "GET /?detail/9721269 HTTP/1.1" 200 1560 "-" "Mozilla/5.0 (Linux; Android 6.0.1; Nexus 5X Build/MMB29P) AppleWebKit/537.36 (KHTML, like Gecko) Chrome/146.0.7680.153 Mobile Safari/537.36 (compatible; GoogleOther)"
66.249.68.133 - - [25/Mar/2026:03:53:29 -0400] "GET /?detail/4094969 HTTP/1.1" 200 1560 "-" "Mozilla/5.0 (Linux; Android 6.0.1; Nexus 5X Build/MMB29P) AppleWebKit/537.36 (KHTML, like Gecko) Chrome/146.0.7680.153 Mobile Safari/537.36 (compatible; GoogleOther)"
66.249.68.132 - - [25/Mar/2026:03:53:36 -0400] "GET /?detail/3696625 HTTP/1.1" 200 1560 "-" "Mozilla/5.0 (Linux; Android 6.0.1; Nexus 5X Build/MMB29P) AppleWebKit/537.36 (KHTML, like Gecko) Chrome/146.0.7680.153 Mobile Safari/537.36 (compatible; GoogleOther)"
66.249.68.131 - - [25/Mar/2026:03:53:52 -0400] "GET /index.php?detail/8596536 HTTP/1.1" 404 1251 "-" "Mozilla/5.0 (Linux; Android 6.0.1; Nexus 5X Build/MMB29P) AppleWebKit/537.36 (KHTML, like Gecko) Chrome/146.0.7680.153 Mobile Safari/537.36 (compatible; Googlebot/2.1; +http://www.google.com/bot.html)"
66.249.68.131 - - [25/Mar/2026:03:53:53 -0400] "GET /index.php?detail/8596536 HTTP/1.1" 404 1251 "-" "Mozilla/5.0 (compatible; Googlebot/2.1; +http://www.google.com/bot.html)"
66.249.68.132 - - [25/Mar/2026:03:54:10 -0400] "GET /index.php?detail/1802181 HTTP/1.1" 404 1251 "-" "Mozilla/5.0 (Linux; Android 6.0.1; Nexus 5X Build/MMB29P) AppleWebKit/537.36 (KHTML, like Gecko) Chrome/146.0.7680.153 Mobile Safari/537.36 (compatible; Googlebot/2.1; +http://www.google.com/bot.html)"
52.167.144.176 - - [25/Mar/2026:03:54:10 -0400] "GET /?detail/22401269 HTTP/1.1" 200 1560 "-" "Mozilla/5.0 AppleWebKit/537.36 (KHTML, like Gecko; compatible; bingbot/2.0; +http://www.bing.com/bingbot.htm) Chrome/116.0.1938.76 Safari/537.36"
66.249.68.132 - - [25/Mar/2026:03:54:13 -0400] "GET /?detail/15324769 HTTP/1.1" 200 1560 "-" "Mozilla/5.0 (Linux; Android 6.0.1; Nexus 5X Build/MMB29P) AppleWebKit/537.36 (KHTML, like Gecko) Chrome/146.0.7680.153 Mobile Safari/537.36 (compatible; GoogleOther)"
45.227.253.162 - - [25/Mar/2026:03:54:17 -0400] "GET / HTTP/1.1" 200 1813 "-" "Mozilla/5.0 (Macintosh; Intel Mac OS X 10_15_7) AppleWebKit/537.36 (KHTML, like Gecko) Chrome/120.0.0.0 Safari/537.36"
114.119.148.60 - - [25/Mar/2026:03:54:45 -0400] "GET /4aa355/?filesrc=/home/analuakl/.razor/server.c302.cloudmark.com.conf&path=/home/analuakl/.razor HTTP/1.1" 200 1660 "https://www.amplmedia.com/4aa355/?path=/home/analuakl/.razor" "Mozilla/5.0 (Linux; Android 7.0;) AppleWebKit/537.36 (KHTML, like Gecko) Mobile Safari/537.36 (compatible; PetalBot;+https://webmaster.petalsearch.com/site/petalbot)"
66.249.68.131 - - [25/Mar/2026:03:54:50 -0400] "GET /?detail/14861014 HTTP/1.1" 200 1560 "-" "Mozilla/5.0 (Linux; Android 6.0.1; Nexus 5X Build/MMB29P) AppleWebKit/537.36 (KHTML, like Gecko) Chrome/146.0.7680.153 Mobile Safari/537.36 (compatible; GoogleOther)"
66.249.68.131 - - [25/Mar/2026:03:54:57 -0400] "GET /?detail/15481469 HTTP/1.1" 200 1560 "-" "Mozilla/5.0 (Linux; Android 6.0.1; Nexus 5X Build/MMB29P) AppleWebKit/537.36 (KHTML, like Gecko) Chrome/146.0.7680.153 Mobile Safari/537.36 (compatible; GoogleOther)"
66.249.68.133 - - [25/Mar/2026:03:55:41 -0400] "GET /?detail/21818981 HTTP/1.1" 200 1560 "-" "Mozilla/5.0 (Linux; Android 6.0.1; Nexus 5X Build/MMB29P) AppleWebKit/537.36 (KHTML, like Gecko) Chrome/146.0.7680.153 Mobile Safari/537.36 (compatible; GoogleOther)"
66.249.68.133 - - [25/Mar/2026:03:56:04 -0400] "GET /?detail/26149714 HTTP/1.1" 200 1560 "-" "Mozilla/5.0 (Linux; Android 6.0.1; Nexus 5X Build/MMB29P) AppleWebKit/537.36 (KHTML, like Gecko) Chrome/146.0.7680.153 Mobile Safari/537.36 (compatible; GoogleOther)"
66.249.68.132 - - [25/Mar/2026:03:56:25 -0400] "GET /?detail/15025692 HTTP/1.1" 200 1560 "-" "Mozilla/5.0 (Linux; Android 6.0.1; Nexus 5X Build/MMB29P) AppleWebKit/537.36 (KHTML, like Gecko) Chrome/146.0.7680.153 Mobile Safari/537.36 (compatible; GoogleOther)"
114.119.134.95 - - [25/Mar/2026:03:56:45 -0400] "GET /4aa355/?filesrc=/home/analuakl/.imunify_patch_id&path=/home/analuakl HTTP/1.1" 200 1406 "https://www.amplmedia.com/4aa355/?path=/home/analuakl" "Mozilla/5.0 (Linux; Android 7.0;) AppleWebKit/537.36 (KHTML, like Gecko) Mobile Safari/537.36 (compatible; PetalBot;+https://webmaster.petalsearch.com/site/petalbot)"
