whoami7 - Manager
:
/
home
/
analuakl
/
access-logs
/
Upload File:
files >> /home/analuakl/access-logs/ankurmedia.adiobrandsolutions.com
216.244.66.250 - - [24/Mar/2026:08:11:54 -0400] "GET /robots.txt HTTP/1.1" 200 52698 "-" "Mozilla/5.0 (compatible; DotBot/1.2; +https://opensiteexplorer.org/dotbot; help@moz.com)"
216.244.66.250 - - [24/Mar/2026:08:20:33 -0400] "GET /english/male-hookup-culture/ HTTP/1.1" 200 52698 "-" "Mozilla/5.0 (compatible; DotBot/1.2; +https://opensiteexplorer.org/dotbot; help@moz.com)"
74.7.241.131 - - [24/Mar/2026:08:30:09 -0400] "GET /robots.txt HTTP/1.1" 200 15552 "-" "Mozilla/5.0 (Macintosh; Intel Mac OS X 10_15_7) AppleWebKit/537.36 (KHTML, like Gecko) Chrome/131.0.0.0 Safari/537.36; compatible; OAI-SearchBot/1.3; robots.txt; +https://openai.com/searchbot"
74.7.242.31 - - [24/Mar/2026:08:30:12 -0400] "GET / HTTP/1.1" 200 15552 "https://static.myamcat.com" "Mozilla/5.0 AppleWebKit/537.36 (KHTML, like Gecko; compatible; GPTBot/1.3; +https://openai.com/gptbot)"
74.7.242.31 - - [24/Mar/2026:08:30:15 -0400] "GET /giris HTTP/1.1" 200 15552 "http://www.ankurmedia.com/" "Mozilla/5.0 AppleWebKit/537.36 (KHTML, like Gecko; compatible; GPTBot/1.3; +https://openai.com/gptbot)"
100.23.106.13 - - [24/Mar/2026:08:52:54 -0400] "GET / HTTP/1.1" 200 6899 "-" "Mozilla/5.0 (Windows NT 10.0; Win64; x64) AppleWebKit/537.36 (KHTML, like Gecko) Chrome/113.0.0.0 Safari/537.36"
216.244.66.250 - - [24/Mar/2026:08:56:26 -0400] "GET /robots.txt HTTP/1.1" 200 52698 "-" "Mozilla/5.0 (compatible; DotBot/1.2; +https://opensiteexplorer.org/dotbot; help@moz.com)"
51.68.236.92 - - [24/Mar/2026:09:00:05 -0400] "GET /robots.txt HTTP/1.1" 200 15552 "-" "Mozilla/5.0 (compatible; MJ12bot/v2.0.5; http://mj12bot.com/)"
51.68.236.92 - - [24/Mar/2026:09:00:07 -0400] "GET / HTTP/1.1" 200 15552 "-" "Mozilla/5.0 (compatible; MJ12bot/v2.0.5; http://mj12bot.com/)"
216.244.66.250 - - [24/Mar/2026:09:06:18 -0400] "GET /english/people-looking-for-casual-sex/ HTTP/1.1" 200 52698 "-" "Mozilla/5.0 (compatible; DotBot/1.2; +https://opensiteexplorer.org/dotbot; help@moz.com)"
193.128.111.45 - - [24/Mar/2026:09:07:26 -0400] "GET /js/portfolio/infinite-scroll.pkgd.js HTTP/1.1" 200 60601 "-" "Mozilla/5.0 (Macintosh; U; Intel Mac OS X 10_5_8; en-US) AppleWebKit/532.5 (KHTML, like Gecko) Chrome/4.0.249.0 Safari/532.5"
114.119.150.33 - - [24/Mar/2026:09:12:07 -0400] "GET /english/newest-dating-apps-like-tinder/ HTTP/1.1" 200 17493 "http://ankurmedia.com/english/newest-dating-apps-like-tinder/" "Mozilla/5.0 (Linux; Android 7.0;) AppleWebKit/537.36 (KHTML, like Gecko) Mobile Safari/537.36 (compatible; PetalBot;+https://webmaster.petalsearch.com/site/petalbot)"
3.128.63.195 - - [24/Mar/2026:09:33:06 -0400] "GET /careers.php HTTP/1.1" 200 9335 "-" "Mozilla/5.0 (Windows NT 10.0; Win64; x64) AppleWebKit/537.36 (KHTML, like Gecko) Chrome/60.0.3112.113 Safari/537.36"
109.248.139.82 - - [24/Mar/2026:09:33:40 -0400] "GET /thanks.php HTTP/1.0" 200 10718 "-" "Mozilla/5.0 (Windows NT 10.0; Win64; x64) AppleWebKit/537.36 (KHTML, like Gecko) Chrome/118.0.0.0 Safari/537.36"
3.21.142.42 - - [24/Mar/2026:09:34:52 -0400] "GET /careers.php HTTP/1.1" 200 9335 "-" "Mozilla/5.0 (Windows NT 10.0; Win64; x64) AppleWebKit/537.36 (KHTML, like Gecko) Chrome/60.0.3112.113 Safari/537.36"
3.21.142.42 - - [24/Mar/2026:09:34:54 -0400] "GET /careers.php HTTP/1.1" 200 9335 "-" "Mozilla/5.0 (Windows NT 10.0; Win64; x64) AppleWebKit/537.36 (KHTML, like Gecko) Chrome/60.0.3112.113 Safari/537.36"
3.21.142.42 - - [24/Mar/2026:09:34:54 -0400] "GET /careers.php HTTP/1.1" 200 9335 "-" "Mozilla/5.0 (Windows NT 10.0; Win64; x64) AppleWebKit/537.36 (KHTML, like Gecko) Chrome/60.0.3112.113 Safari/537.36"
3.21.142.42 - - [24/Mar/2026:09:34:55 -0400] "GET /careers.php HTTP/1.1" 200 9335 "-" "Mozilla/5.0 (Windows NT 10.0; Win64; x64) AppleWebKit/537.36 (KHTML, like Gecko) Chrome/60.0.3112.113 Safari/537.36"
102.135.168.104 - - [24/Mar/2026:09:59:33 -0400] "GET / HTTP/1.1" 200 6018 "-" "Mozilla/5.0 (Windows; U; Windows NT 5.01) AppleWebKit/533.24.7 (KHTML, like Gecko) Version/4.1 Safari/533.24.7"
103.131.71.103 - - [24/Mar/2026:10:17:59 -0400] "GET /robots.txt HTTP/1.1" 200 17493 "-" "Mozilla/5.0 (compatible; coccocbot-web/1.0; +http://help.coccoc.com/searchengine)"
51.68.235.38 - - [24/Mar/2026:10:18:34 -0400] "GET /robots.txt HTTP/1.1" 200 52698 "-" "Mozilla/5.0 (compatible; MJ12bot/v1.4.8; http://mj12bot.com/)"
51.68.235.38 - - [24/Mar/2026:10:18:37 -0400] "GET /qock4jf/rocks2jd.php?sefreht=iapen-sports-nutrition/ HTTP/1.1" 200 15552 "-" "Mozilla/5.0 (compatible; MJ12bot/v1.4.8; http://mj12bot.com/)"
51.68.235.38 - - [24/Mar/2026:10:18:43 -0400] "GET /qock4jf/rocks2jd.php?sefreht=icts-directors/ HTTP/1.1" 200 15552 "-" "Mozilla/5.0 (compatible; MJ12bot/v1.4.8; http://mj12bot.com/)"
51.68.235.38 - - [24/Mar/2026:10:18:49 -0400] "GET /qock4jf/rocks2jd.php?sefreht=imagej-multiple-image-processor/ HTTP/1.1" 200 15552 "-" "Mozilla/5.0 (compatible; MJ12bot/v1.4.8; http://mj12bot.com/)"
147.135.212.200 - - [24/Mar/2026:10:18:53 -0400] "GET /robots.txt HTTP/1.1" 200 52698 "-" "Mozilla/5.0 (compatible; MJ12bot/v1.4.8; http://mj12bot.com/)"
51.68.235.38 - - [24/Mar/2026:10:18:54 -0400] "GET /qock4jf/rocks2jd.php?sefreht=import-numberformatexception/ HTTP/1.1" 200 15552 "-" "Mozilla/5.0 (compatible; MJ12bot/v1.4.8; http://mj12bot.com/)"
51.68.235.38 - - [24/Mar/2026:10:18:57 -0400] "GET /qock4jf/rocks2jd.php?sefreht=importance-of-neel-temperature/ HTTP/1.1" 200 15552 "-" "Mozilla/5.0 (compatible; MJ12bot/v1.4.8; http://mj12bot.com/)"
147.135.212.200 - - [24/Mar/2026:10:18:57 -0400] "GET /qock4jf/rocks2jd.php?sefreht=aligarh-public-school-admission-fees/ HTTP/1.1" 200 15552 "-" "Mozilla/5.0 (compatible; MJ12bot/v1.4.8; http://mj12bot.com/)"
147.135.212.200 - - [24/Mar/2026:10:18:59 -0400] "GET /qock4jf/rocks2jd.php?sefreht=discussion-questions-about-solar-energy/ HTTP/1.1" 200 15552 "-" "Mozilla/5.0 (compatible; MJ12bot/v1.4.8; http://mj12bot.com/)"
51.68.235.38 - - [24/Mar/2026:10:19:03 -0400] "GET /qock4jf/rocks2jd.php?sefreht=imtiaz-super-market-ramzan-package-2019-faisalabad/ HTTP/1.1" 200 15552 "-" "Mozilla/5.0 (compatible; MJ12bot/v1.4.8; http://mj12bot.com/)"
147.135.212.200 - - [24/Mar/2026:10:19:03 -0400] "GET /qock4jf/rocks2jd.php?sefreht=endeavour-careers-vadodara/ HTTP/1.1" 200 15552 "-" "Mozilla/5.0 (compatible; MJ12bot/v1.4.8; http://mj12bot.com/)"
147.135.212.200 - - [24/Mar/2026:10:19:08 -0400] "GET /qock4jf/rocks2jd.php?sefreht=exams-of-nptel/ HTTP/1.1" 200 15552 "-" "Mozilla/5.0 (compatible; MJ12bot/v1.4.8; http://mj12bot.com/)"
51.68.235.38 - - [24/Mar/2026:10:19:08 -0400] "GET /qock4jf/rocks2jd.php?sefreht=india-vs-australia-2nd-odi-highlights-video/ HTTP/1.1" 200 15552 "-" "Mozilla/5.0 (compatible; MJ12bot/v1.4.8; http://mj12bot.com/)"
51.68.235.38 - - [24/Mar/2026:10:19:13 -0400] "GET /qock4jf/rocks2jd.php?sefreht=industrial-job-in-surat/ HTTP/1.1" 200 15552 "-" "Mozilla/5.0 (compatible; MJ12bot/v1.4.8; http://mj12bot.com/)"
147.135.212.200 - - [24/Mar/2026:10:19:14 -0400] "GET /qock4jf/rocks2jd.php?sefreht=georgia-rising-stars-aau-basketball/ HTTP/1.1" 200 15552 "-" "Mozilla/5.0 (compatible; MJ12bot/v1.4.8; http://mj12bot.com/)"
51.68.235.38 - - [24/Mar/2026:10:19:16 -0400] "GET /qock4jf/rocks2jd.php?sefreht=inherent-risk-new-product/ HTTP/1.1" 200 15552 "-" "Mozilla/5.0 (compatible; MJ12bot/v1.4.8; http://mj12bot.com/)"
147.135.212.200 - - [24/Mar/2026:10:19:17 -0400] "GET /qock4jf/rocks2jd.php?sefreht=getinge-sterilization-equipment/ HTTP/1.1" 200 15552 "-" "Mozilla/5.0 (compatible; MJ12bot/v1.4.8; http://mj12bot.com/)"
51.68.235.38 - - [24/Mar/2026:10:19:22 -0400] "GET /qock4jf/rocks2jd.php?sefreht=inj-levemir-price/ HTTP/1.1" 200 15552 "-" "Mozilla/5.0 (compatible; MJ12bot/v1.4.8; http://mj12bot.com/)"
51.68.235.38 - - [24/Mar/2026:10:19:27 -0400] "GET /qock4jf/rocks2jd.php?sefreht=inspirational-quote-bloom-where-you-re-planted/ HTTP/1.1" 200 15552 "-" "Mozilla/5.0 (compatible; MJ12bot/v1.4.8; http://mj12bot.com/)"
147.135.212.200 - - [24/Mar/2026:10:19:30 -0400] "GET /qock4jf/rocks2jd.php?sefreht=ggplot-specify-order-of-facets/ HTTP/1.1" 200 15552 "-" "Mozilla/5.0 (compatible; MJ12bot/v1.4.8; http://mj12bot.com/)"
147.135.212.200 - - [24/Mar/2026:10:19:36 -0400] "GET /qock4jf/rocks2jd.php?sefreht=ghatkopar-east-vidhan-sabha/ HTTP/1.1" 200 15552 "-" "Mozilla/5.0 (compatible; MJ12bot/v1.4.8; http://mj12bot.com/)"
51.68.235.38 - - [24/Mar/2026:10:19:36 -0400] "GET /qock4jf/rocks2jd.php?sefreht=international-institute-of-human-resource/ HTTP/1.1" 200 15552 "-" "Mozilla/5.0 (compatible; MJ12bot/v1.4.8; http://mj12bot.com/)"
147.135.212.200 - - [24/Mar/2026:10:19:43 -0400] "GET /qock4jf/rocks2jd.php?sefreht=gibson-centre-cafe/ HTTP/1.1" 200 15552 "-" "Mozilla/5.0 (compatible; MJ12bot/v1.4.8; http://mj12bot.com/)"
147.135.212.200 - - [24/Mar/2026:10:19:49 -0400] "GET /qock4jf/rocks2jd.php?sefreht=girl-up-summit-2019/ HTTP/1.1" 200 15552 "-" "Mozilla/5.0 (compatible; MJ12bot/v1.4.8; http://mj12bot.com/)"
147.135.212.200 - - [24/Mar/2026:10:19:53 -0400] "GET /qock4jf/rocks2jd.php?sefreht=github-sonoff-tasmota-releases/ HTTP/1.1" 200 15552 "-" "Mozilla/5.0 (compatible; MJ12bot/v1.4.8; http://mj12bot.com/)"
51.68.235.38 - - [24/Mar/2026:10:19:53 -0400] "GET /qock4jf/rocks2jd.php?sefreht=json_array_t-oracle/ HTTP/1.1" 200 15552 "-" "Mozilla/5.0 (compatible; MJ12bot/v1.4.8; http://mj12bot.com/)"
147.135.212.200 - - [24/Mar/2026:10:19:57 -0400] "GET /qock4jf/rocks2jd.php?sefreht=gitignore-node_modules-nested/ HTTP/1.1" 200 15552 "-" "Mozilla/5.0 (compatible; MJ12bot/v1.4.8; http://mj12bot.com/)"
147.135.212.200 - - [24/Mar/2026:10:20:01 -0400] "GET /qock4jf/rocks2jd.php?sefreht=glass-clamp-fittings/ HTTP/1.1" 200 15552 "-" "Mozilla/5.0 (compatible; MJ12bot/v1.4.8; http://mj12bot.com/)"
51.68.235.38 - - [24/Mar/2026:10:20:03 -0400] "GET /qock4jf/rocks2jd.php?sefreht=kafka-protobuf-python/ HTTP/1.1" 200 15552 "-" "Mozilla/5.0 (compatible; MJ12bot/v1.4.8; http://mj12bot.com/)"
147.135.212.200 - - [24/Mar/2026:10:20:05 -0400] "GET /qock4jf/rocks2jd.php?sefreht=gnosticism-afterlife/ HTTP/1.1" 200 15552 "-" "Mozilla/5.0 (compatible; MJ12bot/v1.4.8; http://mj12bot.com/)"
147.135.212.200 - - [24/Mar/2026:10:20:08 -0400] "GET /qock4jf/rocks2jd.php?sefreht=gnosticism-definition-catholic/ HTTP/1.1" 200 15552 "-" "Mozilla/5.0 (compatible; MJ12bot/v1.4.8; http://mj12bot.com/)"
51.68.235.38 - - [24/Mar/2026:10:20:09 -0400] "GET /qock4jf/rocks2jd.php?sefreht=kandivali-hospital-job-vacancy/ HTTP/1.1" 200 15552 "-" "Mozilla/5.0 (compatible; MJ12bot/v1.4.8; http://mj12bot.com/)"
51.68.235.38 - - [24/Mar/2026:10:20:15 -0400] "GET /qock4jf/rocks2jd.php?sefreht=kd-campus-noida/ HTTP/1.1" 200 15552 "-" "Mozilla/5.0 (compatible; MJ12bot/v1.4.8; http://mj12bot.com/)"
51.68.235.38 - - [24/Mar/2026:10:20:26 -0400] "GET /qock4jf/rocks2jd.php?sefreht=kelebihan-kerja-shift/ HTTP/1.1" 200 15552 "-" "Mozilla/5.0 (compatible; MJ12bot/v1.4.8; http://mj12bot.com/)"
51.68.235.38 - - [24/Mar/2026:10:20:34 -0400] "GET /qock4jf/rocks2jd.php?sefreht=ketua-mui-jakarta/ HTTP/1.1" 200 15552 "-" "Mozilla/5.0 (compatible; MJ12bot/v1.4.8; http://mj12bot.com/)"
51.68.235.38 - - [24/Mar/2026:10:20:43 -0400] "GET /qock4jf/rocks2jd.php?sefreht=kimchi-download/ HTTP/1.1" 200 15552 "-" "Mozilla/5.0 (compatible; MJ12bot/v1.4.8; http://mj12bot.com/)"
147.135.212.200 - - [24/Mar/2026:10:20:48 -0400] "GET /qock4jf/rocks2jd.php?sefreht=go-karts-branson-mo-prices/ HTTP/1.1" 200 15552 "-" "Mozilla/5.0 (compatible; MJ12bot/v1.4.8; http://mj12bot.com/)"
147.135.212.200 - - [24/Mar/2026:10:20:52 -0400] "GET /qock4jf/rocks2jd.php?sefreht=goodie-bag-printing/ HTTP/1.1" 200 15552 "-" "Mozilla/5.0 (compatible; MJ12bot/v1.4.8; http://mj12bot.com/)"
51.68.235.38 - - [24/Mar/2026:10:20:54 -0400] "GET /qock4jf/rocks2jd.php?sefreht=kings-county-animal-control/ HTTP/1.1" 200 15552 "-" "Mozilla/5.0 (compatible; MJ12bot/v1.4.8; http://mj12bot.com/)"
147.135.212.200 - - [24/Mar/2026:10:20:56 -0400] "GET /qock4jf/rocks2jd.php?sefreht=gordon-and-betty-moore-foundation-grant-application/ HTTP/1.1" 200 15552 "-" "Mozilla/5.0 (compatible; MJ12bot/v1.4.8; http://mj12bot.com/)"
147.135.212.200 - - [24/Mar/2026:10:20:58 -0400] "GET /qock4jf/rocks2jd.php?sefreht=government-job-fair-2019/ HTTP/1.1" 200 15552 "-" "Mozilla/5.0 (compatible; MJ12bot/v1.4.8; http://mj12bot.com/)"
147.135.212.200 - - [24/Mar/2026:10:21:01 -0400] "GET /qock4jf/rocks2jd.php?sefreht=govt-job-coaching-centre-in-gurgaon/ HTTP/1.1" 200 15552 "-" "Mozilla/5.0 (compatible; MJ12bot/v1.4.8; http://mj12bot.com/)"
51.68.235.38 - - [24/Mar/2026:10:21:02 -0400] "GET /qock4jf/rocks2jd.php?sefreht=kings-safety-shoes-supplier/ HTTP/1.1" 200 15552 "-" "Mozilla/5.0 (compatible; MJ12bot/v1.4.8; http://mj12bot.com/)"
147.135.212.200 - - [24/Mar/2026:10:21:03 -0400] "GET /qock4jf/rocks2jd.php?sefreht=gram-panchayat-layout-approval/ HTTP/1.1" 200 15552 "-" "Mozilla/5.0 (compatible; MJ12bot/v1.4.8; http://mj12bot.com/)"
147.135.212.200 - - [24/Mar/2026:10:21:05 -0400] "GET /qock4jf/rocks2jd.php?sefreht=green-park-namakkal-2018-neet-achievers/ HTTP/1.1" 200 15552 "-" "Mozilla/5.0 (compatible; MJ12bot/v1.4.8; http://mj12bot.com/)"
147.135.212.200 - - [24/Mar/2026:10:21:09 -0400] "GET /qock4jf/rocks2jd.php?sefreht=grequests-python-pip/ HTTP/1.1" 200 15552 "-" "Mozilla/5.0 (compatible; MJ12bot/v1.4.8; http://mj12bot.com/)"
147.135.212.200 - - [24/Mar/2026:10:21:11 -0400] "GET /qock4jf/rocks2jd.php?sefreht=grimm-creatures/ HTTP/1.1" 200 15552 "-" "Mozilla/5.0 (compatible; MJ12bot/v1.4.8; http://mj12bot.com/)"
51.68.235.38 - - [24/Mar/2026:10:21:11 -0400] "GET /qock4jf/rocks2jd.php?sefreht=ko-benz/ HTTP/1.1" 200 15552 "-" "Mozilla/5.0 (compatible; MJ12bot/v1.4.8; http://mj12bot.com/)"
147.135.212.200 - - [24/Mar/2026:10:21:14 -0400] "GET /qock4jf/rocks2jd.php?sefreht=group-2-exam-answer-key-download/ HTTP/1.1" 200 15552 "-" "Mozilla/5.0 (compatible; MJ12bot/v1.4.8; http://mj12bot.com/)"
147.135.212.200 - - [24/Mar/2026:10:21:18 -0400] "GET /qock4jf/rocks2jd.php?sefreht=group-policy-to-turn-off-smb1/ HTTP/1.1" 200 15552 "-" "Mozilla/5.0 (compatible; MJ12bot/v1.4.8; http://mj12bot.com/)"
147.135.212.200 - - [24/Mar/2026:10:21:21 -0400] "GET /qock4jf/rocks2jd.php?sefreht=growing-potatoes-in-tomato-cages/ HTTP/1.1" 200 15552 "-" "Mozilla/5.0 (compatible; MJ12bot/v1.4.8; http://mj12bot.com/)"
51.68.235.38 - - [24/Mar/2026:10:21:23 -0400] "GET /qock4jf/rocks2jd.php?sefreht=music-and-medicine-program/ HTTP/1.1" 200 15552 "-" "Mozilla/5.0 (compatible; MJ12bot/v1.4.8; http://mj12bot.com/)"
147.135.212.200 - - [24/Mar/2026:10:21:23 -0400] "GET /qock4jf/rocks2jd.php?sefreht=gsm-protocol-full-form/ HTTP/1.1" 200 15552 "-" "Mozilla/5.0 (compatible; MJ12bot/v1.4.8; http://mj12bot.com/)"
147.135.212.200 - - [24/Mar/2026:10:21:25 -0400] "GET /qock4jf/rocks2jd.php?sefreht=gst-suvidha-provider-franchise/ HTTP/1.1" 200 15552 "-" "Mozilla/5.0 (compatible; MJ12bot/v1.4.8; http://mj12bot.com/)"
51.68.235.38 - - [24/Mar/2026:10:21:25 -0400] "GET /qock4jf/rocks2jd.php?sefreht=silica-meaning-in-marathi/ HTTP/1.1" 200 15552 "-" "Mozilla/5.0 (compatible; MJ12bot/v1.4.8; http://mj12bot.com/)"
51.68.235.38 - - [24/Mar/2026:10:21:27 -0400] "GET /qock4jf/rocks2jd.php?sefreht=swap-two-rows-in-numpy-matrix/ HTTP/1.1" 200 15552 "-" "Mozilla/5.0 (compatible; MJ12bot/v1.4.8; http://mj12bot.com/)"
147.135.212.200 - - [24/Mar/2026:10:21:28 -0400] "GET /qock4jf/rocks2jd.php?sefreht=guarded-string-java-example/ HTTP/1.1" 200 15552 "-" "Mozilla/5.0 (compatible; MJ12bot/v1.4.8; http://mj12bot.com/)"
147.135.212.200 - - [24/Mar/2026:10:21:32 -0400] "GET /qock4jf/rocks2jd.php?sefreht=gujarati-restaurant-in-kanyakumari/ HTTP/1.1" 200 15552 "-" "Mozilla/5.0 (compatible; MJ12bot/v1.4.8; http://mj12bot.com/)"
147.135.212.200 - - [24/Mar/2026:10:21:36 -0400] "GET /qock4jf/rocks2jd.php?sefreht=gyms-in-mount-airy/ HTTP/1.1" 200 15552 "-" "Mozilla/5.0 (compatible; MJ12bot/v1.4.8; http://mj12bot.com/)"
147.135.212.200 - - [24/Mar/2026:10:21:39 -0400] "GET /qock4jf/rocks2jd.php?sefreht=haneef-carpentry/ HTTP/1.1" 200 15552 "-" "Mozilla/5.0 (compatible; MJ12bot/v1.4.8; http://mj12bot.com/)"
147.135.212.200 - - [24/Mar/2026:10:21:43 -0400] "GET /qock4jf/rocks2jd.php?sefreht=harvey-nichols-customer-profile/ HTTP/1.1" 200 15552 "-" "Mozilla/5.0 (compatible; MJ12bot/v1.4.8; http://mj12bot.com/)"
147.135.212.200 - - [24/Mar/2026:10:21:47 -0400] "GET /qock4jf/rocks2jd.php?sefreht=hassan-ndam/ HTTP/1.1" 200 15552 "-" "Mozilla/5.0 (compatible; MJ12bot/v1.4.8; http://mj12bot.com/)"
147.135.212.200 - - [24/Mar/2026:10:21:50 -0400] "GET /qock4jf/rocks2jd.php?sefreht=hawthorn-melbourne-english/ HTTP/1.1" 200 15552 "-" "Mozilla/5.0 (compatible; MJ12bot/v1.4.8; http://mj12bot.com/)"
147.135.212.200 - - [24/Mar/2026:10:21:54 -0400] "GET /qock4jf/rocks2jd.php?sefreht=hdmi-hot-plug-vizio/ HTTP/1.1" 200 15552 "-" "Mozilla/5.0 (compatible; MJ12bot/v1.4.8; http://mj12bot.com/)"
147.135.212.200 - - [24/Mar/2026:10:21:58 -0400] "GET /qock4jf/rocks2jd.php?sefreht=healthcare-imaging-services-epping/ HTTP/1.1" 200 15552 "-" "Mozilla/5.0 (compatible; MJ12bot/v1.4.8; http://mj12bot.com/)"
147.135.212.200 - - [24/Mar/2026:10:22:00 -0400] "GET /qock4jf/rocks2jd.php?sefreht=heritage-me/ HTTP/1.1" 200 15552 "-" "Mozilla/5.0 (compatible; MJ12bot/v1.4.8; http://mj12bot.com/)"
147.135.212.200 - - [24/Mar/2026:10:22:02 -0400] "GET /qock4jf/rocks2jd.php?sefreht=heritage-medical-hagenau/ HTTP/1.1" 200 15552 "-" "Mozilla/5.0 (compatible; MJ12bot/v1.4.8; http://mj12bot.com/)"
147.135.212.200 - - [24/Mar/2026:10:22:06 -0400] "GET /qock4jf/rocks2jd.php?sefreht=highlight-based-on-change-calendar-servicenow/ HTTP/1.1" 200 15552 "-" "Mozilla/5.0 (compatible; MJ12bot/v1.4.8; http://mj12bot.com/)"
147.135.212.200 - - [24/Mar/2026:10:22:10 -0400] "GET /qock4jf/rocks2jd.php?sefreht=hiking-japan-in-winter/ HTTP/1.1" 200 15552 "-" "Mozilla/5.0 (compatible; MJ12bot/v1.4.8; http://mj12bot.com/)"
147.135.212.200 - - [24/Mar/2026:10:22:14 -0400] "GET /qock4jf/rocks2jd.php?sefreht=hilton-gift-card-reviews/ HTTP/1.1" 200 15552 "-" "Mozilla/5.0 (compatible; MJ12bot/v1.4.8; http://mj12bot.com/)"
147.135.212.200 - - [24/Mar/2026:10:22:15 -0400] "GET /qock4jf/rocks2jd.php?sefreht=himanshu-joshi-motivational-speaker/ HTTP/1.1" 200 15552 "-" "Mozilla/5.0 (compatible; MJ12bot/v1.4.8; http://mj12bot.com/)"
147.135.212.200 - - [24/Mar/2026:10:22:19 -0400] "GET /qock4jf/rocks2jd.php?sefreht=hingham-rec-pickleball/ HTTP/1.1" 200 15552 "-" "Mozilla/5.0 (compatible; MJ12bot/v1.4.8; http://mj12bot.com/)"
147.135.212.200 - - [24/Mar/2026:10:22:21 -0400] "GET /qock4jf/rocks2jd.php?sefreht=hitech-city-hyderabad-address/ HTTP/1.1" 200 15552 "-" "Mozilla/5.0 (compatible; MJ12bot/v1.4.8; http://mj12bot.com/)"
147.135.212.200 - - [24/Mar/2026:10:22:23 -0400] "GET /qock4jf/rocks2jd.php?sefreht=hockey-training-bibs/ HTTP/1.1" 200 15552 "-" "Mozilla/5.0 (compatible; MJ12bot/v1.4.8; http://mj12bot.com/)"
147.135.212.200 - - [24/Mar/2026:10:22:25 -0400] "GET /qock4jf/rocks2jd.php?sefreht=holliewdwrd/ HTTP/1.1" 200 15552 "-" "Mozilla/5.0 (compatible; MJ12bot/v1.4.8; http://mj12bot.com/)"
147.135.212.200 - - [24/Mar/2026:10:22:27 -0400] "GET /qock4jf/rocks2jd.php?sefreht=how-to-become-a-doctor-in-trinidad/ HTTP/1.1" 200 15552 "-" "Mozilla/5.0 (compatible; MJ12bot/v1.4.8; http://mj12bot.com/)"
147.135.212.200 - - [24/Mar/2026:10:22:29 -0400] "GET /qock4jf/rocks2jd.php?sefreht=how-to-calculate-average-in-datatable-c/ HTTP/1.1" 200 15552 "-" "Mozilla/5.0 (compatible; MJ12bot/v1.4.8; http://mj12bot.com/)"
147.135.212.200 - - [24/Mar/2026:10:22:31 -0400] "GET /qock4jf/rocks2jd.php?sefreht=how-to-change-line-spacing-in-office-365-outlook/ HTTP/1.1" 200 15552 "-" "Mozilla/5.0 (compatible; MJ12bot/v1.4.8; http://mj12bot.com/)"
147.135.212.200 - - [24/Mar/2026:10:22:33 -0400] "GET /qock4jf/rocks2jd.php?sefreht=how-to-create-a-mailing-list-in-google-docs/ HTTP/1.1" 200 15552 "-" "Mozilla/5.0 (compatible; MJ12bot/v1.4.8; http://mj12bot.com/)"
147.135.212.200 - - [24/Mar/2026:10:22:37 -0400] "GET /qock4jf/rocks2jd.php?sefreht=how-to-eat-vegan-in-scotland/ HTTP/1.1" 200 15552 "-" "Mozilla/5.0 (compatible; MJ12bot/v1.4.8; http://mj12bot.com/)"
147.135.212.200 - - [24/Mar/2026:10:22:41 -0400] "GET /qock4jf/rocks2jd.php?sefreht=how-to-fix-failed-to-connect-to-server-teamspeak-3/ HTTP/1.1" 200 15552 "-" "Mozilla/5.0 (compatible; MJ12bot/v1.4.8; http://mj12bot.com/)"
147.135.212.200 - - [24/Mar/2026:10:22:44 -0400] "GET /qock4jf/rocks2jd.php?sefreht=how-to-get-table-in-codeigniter/ HTTP/1.1" 200 15552 "-" "Mozilla/5.0 (compatible; MJ12bot/v1.4.8; http://mj12bot.com/)"
147.135.212.200 - - [24/Mar/2026:10:22:48 -0400] "GET /qock4jf/rocks2jd.php?sefreht=how-to-hack-dialog-mytv-app/ HTTP/1.1" 200 15552 "-" "Mozilla/5.0 (compatible; MJ12bot/v1.4.8; http://mj12bot.com/)"
147.135.212.200 - - [24/Mar/2026:10:22:52 -0400] "GET /qock4jf/rocks2jd.php?sefreht=how-to-make-a-dff-segment-'read-only'-using-form-personalization/ HTTP/1.1" 200 15552 "-" "Mozilla/5.0 (compatible; MJ12bot/v1.4.8; http://mj12bot.com/)"
147.135.212.200 - - [24/Mar/2026:10:22:56 -0400] "GET /qock4jf/rocks2jd.php?sefreht=how-to-print-ics-calendar/ HTTP/1.1" 200 15552 "-" "Mozilla/5.0 (compatible; MJ12bot/v1.4.8; http://mj12bot.com/)"
147.135.212.200 - - [24/Mar/2026:10:22:58 -0400] "GET /qock4jf/rocks2jd.php?sefreht=how-to-remove-steam-api-key/ HTTP/1.1" 200 15552 "-" "Mozilla/5.0 (compatible; MJ12bot/v1.4.8; http://mj12bot.com/)"
147.135.212.200 - - [24/Mar/2026:10:23:00 -0400] "GET /qock4jf/rocks2jd.php?sefreht=how-to-run-rsop-report/ HTTP/1.1" 200 15639 "-" "Mozilla/5.0 (compatible; MJ12bot/v1.4.8; http://mj12bot.com/)"
147.135.212.200 - - [24/Mar/2026:10:23:02 -0400] "GET /qock4jf/rocks2jd.php?sefreht=how-to-sign-out-of-ea-account-on-nba-live-18/ HTTP/1.1" 200 15552 "-" "Mozilla/5.0 (compatible; MJ12bot/v1.4.8; http://mj12bot.com/)"
147.135.212.200 - - [24/Mar/2026:10:23:05 -0400] "GET /qock4jf/rocks2jd.php?sefreht=how-to-stop-cache-photos-on-android/ HTTP/1.1" 200 15552 "-" "Mozilla/5.0 (compatible; MJ12bot/v1.4.8; http://mj12bot.com/)"
147.135.212.200 - - [24/Mar/2026:10:23:09 -0400] "GET /qock4jf/rocks2jd.php?sefreht=how-to-use-cytotec-for-1-month-pregnant/ HTTP/1.1" 200 15554 "-" "Mozilla/5.0 (compatible; MJ12bot/v1.4.8; http://mj12bot.com/)"
147.135.212.200 - - [24/Mar/2026:10:23:13 -0400] "GET /qock4jf/rocks2jd.php?sefreht=how-to-use-picasso-in-kotlin/ HTTP/1.1" 200 15552 "-" "Mozilla/5.0 (compatible; MJ12bot/v1.4.8; http://mj12bot.com/)"
147.135.212.200 - - [24/Mar/2026:10:23:15 -0400] "GET /qock4jf/rocks2jd.php?sefreht=hulk-fitness-club-barrackpore-west-bengal/ HTTP/1.1" 200 15552 "-" "Mozilla/5.0 (compatible; MJ12bot/v1.4.8; http://mj12bot.com/)"
147.135.212.200 - - [24/Mar/2026:10:23:17 -0400] "GET /qock4jf/rocks2jd.php?sefreht=hv-bench-powe/ HTTP/1.1" 200 15552 "-" "Mozilla/5.0 (compatible; MJ12bot/v1.4.8; http://mj12bot.com/)"
147.135.212.200 - - [24/Mar/2026:10:23:19 -0400] "GET /qock4jf/rocks2jd.php?sefreht=hv-bench-power-supply/ HTTP/1.1" 200 15552 "-" "Mozilla/5.0 (compatible; MJ12bot/v1.4.8; http://mj12bot.com/)"
147.135.212.200 - - [24/Mar/2026:10:23:22 -0400] "GET /qock4jf/rocks2jd.php?sefreht=i-&-b-seeds-private-limited/ HTTP/1.1" 200 15552 "-" "Mozilla/5.0 (compatible; MJ12bot/v1.4.8; http://mj12bot.com/)"
216.244.66.250 - - [24/Mar/2026:10:26:30 -0400] "GET /robots.txt HTTP/1.1" 200 52698 "-" "Mozilla/5.0 (compatible; DotBot/1.2; +https://opensiteexplorer.org/dotbot; help@moz.com)"
114.119.141.200 - - [24/Mar/2026:10:30:26 -0400] "GET /bc28ac2/17078-wcloc-nclcw-0600.htm HTTP/1.1" 200 17493 "http://www.ankurmedia.com/bc28ac2/17078-wcloc-nclcw-0600.htm" "Mozilla/5.0 (Linux; Android 7.0;) AppleWebKit/537.36 (KHTML, like Gecko) Mobile Safari/537.36 (compatible; PetalBot;+https://webmaster.petalsearch.com/site/petalbot)"
114.119.141.200 - - [24/Mar/2026:10:31:23 -0400] "GET /1bcad2a/16785-paean-45894eap53404314.htm HTTP/1.1" 200 17493 "http://www.ankurmedia.com/1bcad2a/16785-paean-45894eap53404314.htm" "Mozilla/5.0 (Linux; Android 7.0;) AppleWebKit/537.36 (KHTML, like Gecko) Mobile Safari/537.36 (compatible; PetalBot;+https://webmaster.petalsearch.com/site/petalbot)"
175.42.209.110 - - [24/Mar/2026:10:33:11 -0400] "GET / HTTP/1.1" 403 1242 "http://ankurmedia.com/" "User-Agent:Mozilla/5.0 (Windows NT 6.1; WOW64) AppleWebKit/537.36 (KHTML, like Gecko) Chrome/50.0.2661.102 Safari/537.36"
114.226.225.116 - - [24/Mar/2026:10:33:14 -0400] "GET /index.php HTTP/1.1" 403 1242 "http://ankurmedia.com/index.php" "User-Agent:Mozilla/5.0 (Windows NT 6.1; WOW64) AppleWebKit/537.36 (KHTML, like Gecko) Chrome/50.0.2661.102 Safari/537.36"
216.244.66.250 - - [24/Mar/2026:10:35:05 -0400] "GET /english/seventh-day-adventist-dating-site-free/ HTTP/1.1" 200 52698 "-" "Mozilla/5.0 (compatible; DotBot/1.2; +https://opensiteexplorer.org/dotbot; help@moz.com)"
182.42.105.144 - - [24/Mar/2026:10:46:39 -0400] "GET / HTTP/1.1" 200 6920 "-" "Mozilla/5.0 (iPhone; CPU iPhone OS 13_2_3 like Mac OS X) AppleWebKit/605.1.15 (KHTML, like Gecko) Version/13.0.3 Mobile/15E148 Safari/604.1"
216.244.66.250 - - [24/Mar/2026:10:47:14 -0400] "GET /english/adult-woman-dating/ HTTP/1.1" 200 52698 "-" "Mozilla/5.0 (compatible; DotBot/1.2; +https://opensiteexplorer.org/dotbot; help@moz.com)"
114.119.152.59 - - [24/Mar/2026:10:53:56 -0400] "GET /46c792a/26218-k7z25151524kz7kq10804983x.htm HTTP/1.1" 200 17493 "http://www.ankurmedia.com/46c792a/26218-k7z25151524kz7kq10804983x.htm" "Mozilla/5.0 (Linux; Android 7.0;) AppleWebKit/537.36 (KHTML, like Gecko) Mobile Safari/537.36 (compatible; PetalBot;+https://webmaster.petalsearch.com/site/petalbot)"
37.139.53.147 - - [24/Mar/2026:10:55:13 -0400] "GET /thanks.php HTTP/1.0" 200 10718 "http://ankurmedia.com/thanks.php" "Mozilla/5.0 (Windows NT 10.0; Win64; x64) AppleWebKit/537.36 (KHTML, like Gecko) Chrome/131.0.0.0 Safari/537.36 Avast/131.0.0.0"
37.139.53.147 - - [24/Mar/2026:10:55:14 -0400] "GET /contact.php HTTP/1.0" 200 22999 "http://ankurmedia.com/contact.php" "Mozilla/5.0 (Windows NT 10.0; Win64; x64) AppleWebKit/537.36 (KHTML, like Gecko) Chrome/131.0.0.0 Safari/537.36 Avast/131.0.0.0"
37.139.53.147 - - [24/Mar/2026:10:55:14 -0400] "POST /contact.php HTTP/1.0" 200 23055 "http://ankurmedia.com/contact.php" "Mozilla/5.0 (Windows NT 10.0; Win64; x64) AppleWebKit/537.36 (KHTML, like Gecko) Chrome/131.0.0.0 Safari/537.36 Avast/131.0.0.0"
43.153.67.21 - - [24/Mar/2026:11:01:13 -0400] "GET / HTTP/1.1" 200 6905 "-" "Mozilla/5.0 (iPhone; CPU iPhone OS 13_2_3 like Mac OS X) AppleWebKit/605.1.15 (KHTML, like Gecko) Version/13.0.3 Mobile/15E148 Safari/604.1"
216.244.66.250 - - [24/Mar/2026:11:12:14 -0400] "GET /robots.txt HTTP/1.1" 200 52698 "-" "Mozilla/5.0 (compatible; DotBot/1.2; +https://opensiteexplorer.org/dotbot; help@moz.com)"
104.234.180.63 - - [24/Mar/2026:11:12:22 -0400] "GET / HTTP/1.1" 200 28271 "-" "Mozilla/5.0 (Windows NT 10.0; Win64; x64) AppleWebKit/537.36 (KHTML, like Gecko) Chrome/95.0.4638.69 Safari/537.36"
104.234.180.63 - - [24/Mar/2026:11:12:23 -0400] "GET /wp-includes/ID3/license.txt HTTP/1.1" 404 1251 "-" "Mozilla/5.0 (Windows NT 10.0; Win64; x64) AppleWebKit/537.36 (KHTML, like Gecko) Chrome/95.0.4638.69 Safari/537.36"
104.234.180.63 - - [24/Mar/2026:11:12:23 -0400] "GET /feed/ HTTP/1.1" 404 1251 "-" "Mozilla/5.0 (Windows NT 10.0; Win64; x64) AppleWebKit/537.36 (KHTML, like Gecko) Chrome/95.0.4638.69 Safari/537.36"
104.234.180.63 - - [24/Mar/2026:11:12:23 -0400] "GET /xmlrpc.php?rsd HTTP/1.1" 404 1251 "-" "Mozilla/5.0 (Windows NT 10.0; Win64; x64) AppleWebKit/537.36 (KHTML, like Gecko) Chrome/95.0.4638.69 Safari/537.36"
104.234.180.63 - - [24/Mar/2026:11:12:23 -0400] "GET /blog/wp-includes/wlwmanifest.xml HTTP/1.1" 404 1251 "-" "Mozilla/5.0 (Windows NT 10.0; Win64; x64) AppleWebKit/537.36 (KHTML, like Gecko) Chrome/95.0.4638.69 Safari/537.36"
104.234.180.63 - - [24/Mar/2026:11:12:23 -0400] "GET /web/wp-includes/wlwmanifest.xml HTTP/1.1" 404 1251 "-" "Mozilla/5.0 (Windows NT 10.0; Win64; x64) AppleWebKit/537.36 (KHTML, like Gecko) Chrome/95.0.4638.69 Safari/537.36"
104.234.180.63 - - [24/Mar/2026:11:12:24 -0400] "GET /wordpress/wp-includes/wlwmanifest.xml HTTP/1.1" 404 1251 "-" "Mozilla/5.0 (Windows NT 10.0; Win64; x64) AppleWebKit/537.36 (KHTML, like Gecko) Chrome/95.0.4638.69 Safari/537.36"
104.234.180.63 - - [24/Mar/2026:11:12:24 -0400] "GET /wp/wp-includes/wlwmanifest.xml HTTP/1.1" 404 1251 "-" "Mozilla/5.0 (Windows NT 10.0; Win64; x64) AppleWebKit/537.36 (KHTML, like Gecko) Chrome/95.0.4638.69 Safari/537.36"
104.234.180.63 - - [24/Mar/2026:11:12:24 -0400] "GET /2020/wp-includes/wlwmanifest.xml HTTP/1.1" 404 1251 "-" "Mozilla/5.0 (Windows NT 10.0; Win64; x64) AppleWebKit/537.36 (KHTML, like Gecko) Chrome/95.0.4638.69 Safari/537.36"
104.234.180.63 - - [24/Mar/2026:11:12:24 -0400] "GET /2019/wp-includes/wlwmanifest.xml HTTP/1.1" 404 1251 "-" "Mozilla/5.0 (Windows NT 10.0; Win64; x64) AppleWebKit/537.36 (KHTML, like Gecko) Chrome/95.0.4638.69 Safari/537.36"
104.234.180.63 - - [24/Mar/2026:11:12:24 -0400] "GET /2021/wp-includes/wlwmanifest.xml HTTP/1.1" 404 1251 "-" "Mozilla/5.0 (Windows NT 10.0; Win64; x64) AppleWebKit/537.36 (KHTML, like Gecko) Chrome/95.0.4638.69 Safari/537.36"
104.234.180.63 - - [24/Mar/2026:11:12:25 -0400] "GET /shop/wp-includes/wlwmanifest.xml HTTP/1.1" 404 1251 "-" "Mozilla/5.0 (Windows NT 10.0; Win64; x64) AppleWebKit/537.36 (KHTML, like Gecko) Chrome/95.0.4638.69 Safari/537.36"
104.234.180.63 - - [24/Mar/2026:11:12:25 -0400] "GET /wp1/wp-includes/wlwmanifest.xml HTTP/1.1" 404 1251 "-" "Mozilla/5.0 (Windows NT 10.0; Win64; x64) AppleWebKit/537.36 (KHTML, like Gecko) Chrome/95.0.4638.69 Safari/537.36"
104.234.180.63 - - [24/Mar/2026:11:12:25 -0400] "GET /test/wp-includes/wlwmanifest.xml HTTP/1.1" 404 1251 "-" "Mozilla/5.0 (Windows NT 10.0; Win64; x64) AppleWebKit/537.36 (KHTML, like Gecko) Chrome/95.0.4638.69 Safari/537.36"
104.234.180.63 - - [24/Mar/2026:11:12:25 -0400] "GET /site/wp-includes/wlwmanifest.xml HTTP/1.1" 404 1251 "-" "Mozilla/5.0 (Windows NT 10.0; Win64; x64) AppleWebKit/537.36 (KHTML, like Gecko) Chrome/95.0.4638.69 Safari/537.36"
104.234.180.63 - - [24/Mar/2026:11:12:25 -0400] "GET /cms/wp-includes/wlwmanifest.xml HTTP/1.1" 404 1251 "-" "Mozilla/5.0 (Windows NT 10.0; Win64; x64) AppleWebKit/537.36 (KHTML, like Gecko) Chrome/95.0.4638.69 Safari/537.36"
178.20.47.39 - - [24/Mar/2026:11:17:14 -0400] "GET /thanks.php HTTP/1.0" 200 10718 "http://ankurmedia.com/thanks.php" "Mozilla/5.0 (Windows NT 10.0; Win64; x64) AppleWebKit/537.36 (KHTML, like Gecko) Chrome/131.0.0.0 Safari/537.36"
178.20.47.39 - - [24/Mar/2026:11:17:16 -0400] "GET /contact.php HTTP/1.0" 200 22999 "http://ankurmedia.com/contact.php" "Mozilla/5.0 (Windows NT 10.0; Win64; x64) AppleWebKit/537.36 (KHTML, like Gecko) Chrome/131.0.0.0 Safari/537.36"
178.20.47.39 - - [24/Mar/2026:11:17:16 -0400] "POST /contact.php HTTP/1.0" 200 23055 "http://ankurmedia.com/contact.php" "Mozilla/5.0 (Windows NT 10.0; Win64; x64) AppleWebKit/537.36 (KHTML, like Gecko) Chrome/131.0.0.0 Safari/537.36"
216.244.66.250 - - [24/Mar/2026:11:22:26 -0400] "GET /english/dating-scene-in-austin-tx/ HTTP/1.1" 200 52698 "-" "Mozilla/5.0 (compatible; DotBot/1.2; +https://opensiteexplorer.org/dotbot; help@moz.com)"
114.119.129.71 - - [24/Mar/2026:11:23:56 -0400] "GET /1cee830/18552-oedhb-13deo13743.htm HTTP/1.1" 200 17493 "http://www.ankurmedia.com/1cee830/18552-oedhb-13deo13743.htm" "Mozilla/5.0 (Linux; Android 7.0;) AppleWebKit/537.36 (KHTML, like Gecko) Mobile Safari/537.36 (compatible; PetalBot;+https://webmaster.petalsearch.com/site/petalbot)"
114.119.142.207 - - [24/Mar/2026:11:25:35 -0400] "GET /%23carousel-example-generic HTTP/1.1" 200 17493 "http://ankurmedia.com/%23carousel-example-generic" "Mozilla/5.0 (Linux; Android 7.0;) AppleWebKit/537.36 (KHTML, like Gecko) Mobile Safari/537.36 (compatible; PetalBot;+https://webmaster.petalsearch.com/site/petalbot)"
66.249.79.33 - - [24/Mar/2026:11:33:20 -0400] "GET /index4.php?yhsw=silverado-bbq HTTP/1.1" 200 15552 "-" "Mozilla/5.0 (Linux; Android 6.0.1; Nexus 5X Build/MMB29P) AppleWebKit/537.36 (KHTML, like Gecko) Chrome/145.0.7632.159 Mobile Safari/537.36 (compatible; Googlebot/2.1; +http://www.google.com/bot.html)"
66.249.79.32 - - [24/Mar/2026:11:33:50 -0400] "GET /index4.php?yhsw=silverado-bbq HTTP/1.1" 200 15552 "-" "Mozilla/5.0 (Linux; Android 6.0.1; Nexus 5X Build/MMB29P) AppleWebKit/537.36 (KHTML, like Gecko) Chrome/145.0.7632.159 Mobile Safari/537.36 (compatible; GoogleOther)"
66.249.79.32 - - [24/Mar/2026:11:34:50 -0400] "GET /index4.php?yhsw=i-hope-this-reaches-her-too-pages HTTP/1.1" 200 15552 "-" "Mozilla/5.0 (Linux; Android 6.0.1; Nexus 5X Build/MMB29P) AppleWebKit/537.36 (KHTML, like Gecko) Chrome/145.0.7632.159 Mobile Safari/537.36 (compatible; Googlebot/2.1; +http://www.google.com/bot.html)"
66.249.79.32 - - [24/Mar/2026:11:35:20 -0400] "GET /index4.php?yhsw=i-hope-this-reaches-her-too-pages HTTP/1.1" 200 15552 "-" "Mozilla/5.0 (Linux; Android 6.0.1; Nexus 5X Build/MMB29P) AppleWebKit/537.36 (KHTML, like Gecko) Chrome/145.0.7632.159 Mobile Safari/537.36 (compatible; GoogleOther)"
106.75.66.169 - - [24/Mar/2026:11:47:53 -0400] "GET / HTTP/1.1" 200 6905 "-" "Mozilla/5.0 (Windows NT 9_2_1; Win64; x64) AppleWebKit/562.43 (KHTML, like Gecko) Chrome/78.0.2942 Safari/537.36"
106.75.66.169 - - [24/Mar/2026:11:48:05 -0400] "GET /images/favicon.png HTTP/1.1" 200 3116 "-" "Go-http-client/1.1"
106.75.66.169 - - [24/Mar/2026:11:48:05 -0400] "GET /images/blue-heaven-logo1.jpg HTTP/1.1" 200 9984 "-" "Mozilla/5.0 (Windows NT 8_1_2; Win64; x64) AppleWebKit/585.49 (KHTML, like Gecko) Chrome/50.0.1702 Safari/537.36"
106.75.66.169 - - [24/Mar/2026:11:48:08 -0400] "GET /js/Chart.js HTTP/1.1" 404 1251 "-" "Go-http-client/1.1"
106.75.66.169 - - [24/Mar/2026:11:48:08 -0400] "GET /js/portfolio/infinite-scroll.pkgd.js HTTP/1.1" 200 17250 "-" "Go-http-client/1.1"
106.75.66.169 - - [24/Mar/2026:11:48:09 -0400] "GET /js/portfolio/masonry.pkgd.js HTTP/1.1" 200 19555 "-" "Go-http-client/1.1"
106.75.66.169 - - [24/Mar/2026:11:48:10 -0400] "GET /js/doughnutit.js HTTP/1.1" 404 1251 "-" "Go-http-client/1.1"
106.75.66.169 - - [24/Mar/2026:11:48:11 -0400] "GET /js/theme-home.js HTTP/1.1" 200 3634 "-" "Go-http-client/1.1"
106.75.66.169 - - [24/Mar/2026:11:48:11 -0400] "GET /sitemap.xml HTTP/1.1" 404 1251 "-" "Go-http-client/1.1"
106.75.66.169 - - [24/Mar/2026:11:48:11 -0400] "GET /robots.txt HTTP/1.1" 404 1251 "-" "Go-http-client/1.1"
66.249.79.34 - - [24/Mar/2026:11:51:37 -0400] "GET /index4.php?yhsw=how-to-clean-1847-rogers-bros-silverware HTTP/1.1" 200 15552 "-" "Mozilla/5.0 (Linux; Android 6.0.1; Nexus 5X Build/MMB29P) AppleWebKit/537.36 (KHTML, like Gecko) Chrome/145.0.7632.159 Mobile Safari/537.36 (compatible; Googlebot/2.1; +http://www.google.com/bot.html)"
114.119.148.88 - - [24/Mar/2026:11:54:18 -0400] "GET /images/services-banner-2.jpg HTTP/1.1" 200 17493 "-" "Mozilla/5.0 (Linux; Android 7.0;) AppleWebKit/537.36 (KHTML, like Gecko) Mobile Safari/537.36 (compatible; PetalBot;+https://webmaster.petalsearch.com/site/petalbot)"
114.119.152.59 - - [24/Mar/2026:11:55:44 -0400] "GET /6031a52/61559-r0g231858g0r0339945.htm HTTP/1.1" 200 17493 "http://www.ankurmedia.com/6031a52/61559-r0g231858g0r0339945.htm" "Mozilla/5.0 (Linux; Android 7.0;) AppleWebKit/537.36 (KHTML, like Gecko) Mobile Safari/537.36 (compatible; PetalBot;+https://webmaster.petalsearch.com/site/petalbot)"
15.235.98.102 - - [24/Mar/2026:12:13:53 -0400] "GET / HTTP/1.1" 200 15552 "-" "Mozilla/5.0 (compatible; AhrefsBot/7.0; +http://ahrefs.com/robot/)"
43.173.178.14 - - [24/Mar/2026:12:21:47 -0400] "GET / HTTP/1.1" 200 6920 "-" "Mozilla/5.0 (Windows NT 10.0; Win64; x64) AppleWebKit/537.36 (KHTML, like Gecko) Chrome/104.0.5112.81 Safari/537.36"
216.244.66.250 - - [24/Mar/2026:12:42:10 -0400] "GET /robots.txt HTTP/1.1" 200 52698 "-" "Mozilla/5.0 (compatible; DotBot/1.2; +https://opensiteexplorer.org/dotbot; help@moz.com)"
43.166.226.186 - - [24/Mar/2026:12:45:47 -0400] "GET / HTTP/1.1" 200 6905 "-" "Mozilla/5.0 (iPhone; CPU iPhone OS 13_2_3 like Mac OS X) AppleWebKit/605.1.15 (KHTML, like Gecko) Version/13.0.3 Mobile/15E148 Safari/604.1"
216.244.66.250 - - [24/Mar/2026:12:52:32 -0400] "GET /english/signs-hookup-turning-into-relationship/ HTTP/1.1" 200 52698 "-" "Mozilla/5.0 (compatible; DotBot/1.2; +https://opensiteexplorer.org/dotbot; help@moz.com)"
162.62.213.165 - - [24/Mar/2026:12:59:10 -0400] "GET /theater-advertising.php HTTP/1.1" 200 4446 "-" "Mozilla/5.0 (iPhone; CPU iPhone OS 13_2_3 like Mac OS X) AppleWebKit/605.1.15 (KHTML, like Gecko) Version/13.0.3 Mobile/15E148 Safari/604.1"
154.124.152.68 - - [24/Mar/2026:13:02:27 -0400] "GET http://ankurmedia.com/portfolio-video.php HTTP/1.1" 200 4000 "-" "Mozilla/5.0 (Windows NT 6.1) AppleWebKit/537.36 (KHTML, like Gecko) Chrome/93.0.4577.82 Safari/537.36"
124.156.157.91 - - [24/Mar/2026:13:08:43 -0400] "GET /careers.php HTTP/1.1" 200 9359 "-" "Mozilla/5.0 (iPhone; CPU iPhone OS 13_2_3 like Mac OS X) AppleWebKit/605.1.15 (KHTML, like Gecko) Version/13.0.3 Mobile/15E148 Safari/604.1"
41.90.70.216 - - [24/Mar/2026:13:17:46 -0400] "GET /index.php HTTP/1.1" 200 6920 "-" "Mozilla/5.0 (X11; U; Linux x86_64; en-US) AppleWebKit/532.1 (KHTML, like Gecko) Chrome/4.0.213.0 Safari/532.1"
170.106.197.109 - - [24/Mar/2026:13:20:52 -0400] "GET / HTTP/1.1" 200 6927 "-" "Mozilla/5.0 (iPhone; CPU iPhone OS 13_2_3 like Mac OS X) AppleWebKit/605.1.15 (KHTML, like Gecko) Version/13.0.3 Mobile/15E148 Safari/604.1"
141.98.11.224 - - [24/Mar/2026:13:25:43 -0400] "GET / HTTP/1.0" 200 28271 "http://ankurmedia.com/" "Mozilla/5.0 (Windows NT 10.0; Win64; x64) AppleWebKit/537.36 (KHTML, like Gecko) Chrome/131.0.0.0 Safari/537.36 Avast/131.0.0.0"
141.98.11.224 - - [24/Mar/2026:13:25:49 -0400] "GET /contact.php HTTP/1.0" 200 22999 "http://ankurmedia.com/contact.php" "Mozilla/5.0 (Windows NT 10.0; Win64; x64) AppleWebKit/537.36 (KHTML, like Gecko) Chrome/131.0.0.0 Safari/537.36 Avast/131.0.0.0"
141.98.11.224 - - [24/Mar/2026:13:25:50 -0400] "POST /contact.php HTTP/1.0" 200 23055 "http://ankurmedia.com/contact.php" "Mozilla/5.0 (Windows NT 10.0; Win64; x64) AppleWebKit/537.36 (KHTML, like Gecko) Chrome/131.0.0.0 Safari/537.36 Avast/131.0.0.0"
216.244.66.250 - - [24/Mar/2026:13:28:00 -0400] "GET /robots.txt HTTP/1.1" 200 52698 "-" "Mozilla/5.0 (compatible; DotBot/1.2; +https://opensiteexplorer.org/dotbot; help@moz.com)"
49.51.166.228 - - [24/Mar/2026:13:30:09 -0400] "GET /pdf/Ankur%20Media%20Pvt.%20Ltd..pdf HTTP/1.1" 404 1251 "-" "Mozilla/5.0 (iPhone; CPU iPhone OS 13_2_3 like Mac OS X) AppleWebKit/605.1.15 (KHTML, like Gecko) Version/13.0.3 Mobile/15E148 Safari/604.1"
216.244.66.250 - - [24/Mar/2026:13:36:27 -0400] "GET /english/bangkok-hooker-pics/ HTTP/1.1" 200 52698 "-" "Mozilla/5.0 (compatible; DotBot/1.2; +https://opensiteexplorer.org/dotbot; help@moz.com)"
43.156.204.134 - - [24/Mar/2026:13:39:27 -0400] "GET /service.php HTTP/1.1" 200 4749 "-" "Mozilla/5.0 (iPhone; CPU iPhone OS 13_2_3 like Mac OS X) AppleWebKit/605.1.15 (KHTML, like Gecko) Version/13.0.3 Mobile/15E148 Safari/604.1"
43.135.148.92 - - [24/Mar/2026:13:50:59 -0400] "GET /contact.php HTTP/1.1" 200 7599 "-" "Mozilla/5.0 (iPhone; CPU iPhone OS 13_2_3 like Mac OS X) AppleWebKit/605.1.15 (KHTML, like Gecko) Version/13.0.3 Mobile/15E148 Safari/604.1"
43.166.1.243 - - [24/Mar/2026:14:10:17 -0400] "GET /careers.php HTTP/1.1" 200 9335 "-" "Mozilla/5.0 (iPhone; CPU iPhone OS 13_2_3 like Mac OS X) AppleWebKit/605.1.15 (KHTML, like Gecko) Version/13.0.3 Mobile/15E148 Safari/604.1"
216.244.66.250 - - [24/Mar/2026:14:13:39 -0400] "GET /robots.txt HTTP/1.1" 200 52698 "-" "Mozilla/5.0 (compatible; DotBot/1.2; +https://opensiteexplorer.org/dotbot; help@moz.com)"
43.130.154.56 - - [24/Mar/2026:14:20:32 -0400] "GET /website-digital-media.html HTTP/1.1" 404 1251 "-" "Mozilla/5.0 (iPhone; CPU iPhone OS 13_2_3 like Mac OS X) AppleWebKit/605.1.15 (KHTML, like Gecko) Version/13.0.3 Mobile/15E148 Safari/604.1"
216.244.66.250 - - [24/Mar/2026:14:22:20 -0400] "GET /english/navarathri-golu-dolls-in-bangalore-dating/ HTTP/1.1" 200 52698 "-" "Mozilla/5.0 (compatible; DotBot/1.2; +https://opensiteexplorer.org/dotbot; help@moz.com)"
216.244.66.250 - - [24/Mar/2026:14:23:51 -0400] "GET /english/707-single-bbw-women-dating/ HTTP/1.1" 200 52698 "-" "Mozilla/5.0 (compatible; DotBot/1.2; +https://opensiteexplorer.org/dotbot; help@moz.com)"
198.244.242.213 - - [24/Mar/2026:14:29:01 -0400] "GET /robots.txt HTTP/1.1" 200 15552 "-" "Mozilla/5.0 (compatible; AhrefsBot/7.0; +http://ahrefs.com/robot/)"
92.222.104.220 - - [24/Mar/2026:14:29:03 -0400] "GET / HTTP/1.1" 200 15552 "-" "Mozilla/5.0 (compatible; AhrefsBot/7.0; +http://ahrefs.com/robot/)"
43.173.1.69 - - [24/Mar/2026:14:30:10 -0400] "GET /advertising.html HTTP/1.1" 404 1251 "-" "Mozilla/5.0 (iPhone; CPU iPhone OS 13_2_3 like Mac OS X) AppleWebKit/605.1.15 (KHTML, like Gecko) Version/13.0.3 Mobile/15E148 Safari/604.1"
43.153.96.233 - - [24/Mar/2026:14:39:44 -0400] "GET /digital-marketing.html HTTP/1.1" 404 1251 "-" "Mozilla/5.0 (iPhone; CPU iPhone OS 13_2_3 like Mac OS X) AppleWebKit/605.1.15 (KHTML, like Gecko) Version/13.0.3 Mobile/15E148 Safari/604.1"
154.12.24.136 - - [24/Mar/2026:14:43:14 -0400] "GET /2026.php HTTP/1.1" 404 1251 "-" "Mozilla/5.0 (Windows NT 10.0; WOW64; rv:48.0) Gecko/20100101 Firefox/48.0"
178.20.47.39 - - [24/Mar/2026:14:46:28 -0400] "GET /thanks.php HTTP/1.0" 200 10718 "http://ankurmedia.com/thanks.php" "Mozilla/5.0 (Windows NT 10.0; Win64; x64) AppleWebKit/537.36 (KHTML, like Gecko) Chrome/130.0.0.0 Safari/537.36 CCleaner/130.0.0.0"
178.20.47.39 - - [24/Mar/2026:14:46:29 -0400] "GET /contact.php HTTP/1.0" 200 22999 "http://ankurmedia.com/contact.php" "Mozilla/5.0 (Windows NT 10.0; Win64; x64) AppleWebKit/537.36 (KHTML, like Gecko) Chrome/130.0.0.0 Safari/537.36 CCleaner/130.0.0.0"
178.20.47.39 - - [24/Mar/2026:14:46:30 -0400] "POST /contact.php HTTP/1.0" 200 23055 "http://ankurmedia.com/contact.php" "Mozilla/5.0 (Windows NT 10.0; Win64; x64) AppleWebKit/537.36 (KHTML, like Gecko) Chrome/130.0.0.0 Safari/537.36 CCleaner/130.0.0.0"
43.157.170.126 - - [24/Mar/2026:14:49:33 -0400] "GET /careers.php HTTP/1.1" 200 9335 "-" "Mozilla/5.0 (iPhone; CPU iPhone OS 13_2_3 like Mac OS X) AppleWebKit/605.1.15 (KHTML, like Gecko) Version/13.0.3 Mobile/15E148 Safari/604.1"
45.174.238.77 - - [24/Mar/2026:14:54:46 -0400] "GET http://ankurmedia.com/services.php HTTP/1.1" 200 4806 "-" "Mozilla/5.0 (Macintosh; Intel Mac OS X 10_15_7) AppleWebKit/537.36 (KHTML, like Gecko) Chrome/100.0.4889.0 Safari/537.36"
49.51.195.195 - - [24/Mar/2026:15:00:28 -0400] "GET /careers.php HTTP/1.1" 200 9335 "-" "Mozilla/5.0 (iPhone; CPU iPhone OS 13_2_3 like Mac OS X) AppleWebKit/605.1.15 (KHTML, like Gecko) Version/13.0.3 Mobile/15E148 Safari/604.1"
49.51.196.42 - - [24/Mar/2026:15:09:13 -0400] "GET /careers.php HTTP/1.1" 200 9359 "-" "Mozilla/5.0 (iPhone; CPU iPhone OS 13_2_3 like Mac OS X) AppleWebKit/605.1.15 (KHTML, like Gecko) Version/13.0.3 Mobile/15E148 Safari/604.1"
216.244.66.250 - - [24/Mar/2026:15:09:19 -0400] "GET /robots.txt HTTP/1.1" 200 52698 "-" "Mozilla/5.0 (compatible; DotBot/1.2; +https://opensiteexplorer.org/dotbot; help@moz.com)"
216.244.66.250 - - [24/Mar/2026:15:17:04 -0400] "GET /english/hook-up-winston-salem/ HTTP/1.1" 200 52698 "-" "Mozilla/5.0 (compatible; DotBot/1.2; +https://opensiteexplorer.org/dotbot; help@moz.com)"
216.244.66.250 - - [24/Mar/2026:15:17:28 -0400] "GET /english/should-i-introduce-mself-in-dating-sites-when-messaging-someone/ HTTP/1.1" 200 52698 "-" "Mozilla/5.0 (compatible; DotBot/1.2; +https://opensiteexplorer.org/dotbot; help@moz.com)"
216.244.66.250 - - [24/Mar/2026:15:19:11 -0400] "GET /english/www-sex-dating-com/ HTTP/1.1" 200 52698 "-" "Mozilla/5.0 (compatible; DotBot/1.2; +https://opensiteexplorer.org/dotbot; help@moz.com)"
66.249.79.33 - - [24/Mar/2026:15:22:00 -0400] "GET /ads.txt HTTP/1.1" 200 15552 "-" "Mozilla/5.0 (compatible; Googlebot/2.1; +http://www.google.com/bot.html)"
31.220.78.143 - - [24/Mar/2026:15:27:07 -0400] "GET / HTTP/1.1" 200 28271 "-" "-"
114.119.141.200 - - [24/Mar/2026:15:30:59 -0400] "GET /f963bcd/80630-ebtw18tbe2788.htm HTTP/1.1" 200 17493 "http://www.ankurmedia.com/f963bcd/80630-ebtw18tbe2788.htm" "Mozilla/5.0 (Linux; Android 7.0;) AppleWebKit/537.36 (KHTML, like Gecko) Mobile Safari/537.36 (compatible; PetalBot;+https://webmaster.petalsearch.com/site/petalbot)"
114.119.141.200 - - [24/Mar/2026:15:32:17 -0400] "GET /bc269e0/50582-mbbcphed-lum0bbm126s2sr0h0t.htm HTTP/1.1" 200 17493 "http://www.ankurmedia.com/bc269e0/50582-mbbcphed-lum0bbm126s2sr0h0t.htm" "Mozilla/5.0 (Linux; Android 7.0;) AppleWebKit/537.36 (KHTML, like Gecko) Mobile Safari/537.36 (compatible; PetalBot;+https://webmaster.petalsearch.com/site/petalbot)"
3.21.142.42 - - [24/Mar/2026:15:33:03 -0400] "GET /careers.php HTTP/1.1" 200 9359 "-" "Mozilla/5.0 (Windows NT 10.0; Win64; x64) AppleWebKit/537.36 (KHTML, like Gecko) Chrome/60.0.3112.113 Safari/537.36"
3.21.142.42 - - [24/Mar/2026:15:33:17 -0400] "GET /careers.php HTTP/1.1" 200 9359 "-" "Mozilla/5.0 (Windows NT 10.0; Win64; x64) AppleWebKit/537.36 (KHTML, like Gecko) Chrome/60.0.3112.113 Safari/537.36"
3.21.142.42 - - [24/Mar/2026:15:33:19 -0400] "GET /careers.php HTTP/1.1" 200 9335 "-" "Mozilla/5.0 (Windows NT 10.0; Win64; x64) AppleWebKit/537.36 (KHTML, like Gecko) Chrome/60.0.3112.113 Safari/537.36"
3.21.142.42 - - [24/Mar/2026:15:33:19 -0400] "GET /careers.php HTTP/1.1" 200 9335 "-" "Mozilla/5.0 (Windows NT 10.0; Win64; x64) AppleWebKit/537.36 (KHTML, like Gecko) Chrome/60.0.3112.113 Safari/537.36"
3.21.142.42 - - [24/Mar/2026:15:33:19 -0400] "GET /careers.php HTTP/1.1" 200 9335 "-" "Mozilla/5.0 (Windows NT 10.0; Win64; x64) AppleWebKit/537.36 (KHTML, like Gecko) Chrome/60.0.3112.113 Safari/537.36"
114.119.142.207 - - [24/Mar/2026:15:34:09 -0400] "GET /1cee830/821-peekc08dd9488eep006-5291228.htm HTTP/1.1" 200 17493 "http://www.ankurmedia.com/1cee830/821-peekc08dd9488eep006-5291228.htm" "Mozilla/5.0 (Linux; Android 7.0;) AppleWebKit/537.36 (KHTML, like Gecko) Mobile Safari/537.36 (compatible; PetalBot;+https://webmaster.petalsearch.com/site/petalbot)"
144.31.5.218 - - [24/Mar/2026:15:34:23 -0400] "GET /.env HTTP/1.1" 404 1251 "-" "Mozilla/5.0 (X11; Ubuntu; Linux i686; rv:28.0) Gecko/20100101 Firefox/28.0"
45.6.213.149 - - [24/Mar/2026:16:07:03 -0400] "GET /team.php HTTP/1.1" 200 4113 "-" "Mozilla/5.0 (Macintosh; U; Intel Mac OS X 10_6_4; en-US) AppleWebKit/534.13 (KHTML, like Gecko) Chrome/9.0.597.0 Safari/534.13"
43.173.1.69 - - [24/Mar/2026:16:18:48 -0400] "GET / HTTP/1.1" 200 6920 "-" "Mozilla/5.0 (iPhone; CPU iPhone OS 13_2_3 like Mac OS X) AppleWebKit/605.1.15 (KHTML, like Gecko) Version/13.0.3 Mobile/15E148 Safari/604.1"
216.244.66.250 - - [24/Mar/2026:16:40:12 -0400] "GET /robots.txt HTTP/1.1" 200 52698 "-" "Mozilla/5.0 (compatible; DotBot/1.2; +https://opensiteexplorer.org/dotbot; help@moz.com)"
216.244.66.250 - - [24/Mar/2026:16:40:12 -0400] "GET /robots.txt HTTP/1.1" 200 52698 "-" "Mozilla/5.0 (compatible; DotBot/1.2; +https://opensiteexplorer.org/dotbot; help@moz.com)"
202.165.123.52 - - [24/Mar/2026:16:42:54 -0400] "GET /2026.php HTTP/1.1" 404 1251 "-" "Mozilla/5.0 (Windows NT 10.0; WOW64; rv:48.0) Gecko/20100101 Firefox/48.0"
216.244.66.250 - - [24/Mar/2026:16:50:55 -0400] "GET /english/the-wailer-la-llorona-online-dating/ HTTP/1.1" 200 52698 "-" "Mozilla/5.0 (compatible; DotBot/1.2; +https://opensiteexplorer.org/dotbot; help@moz.com)"
114.119.148.88 - - [24/Mar/2026:16:51:09 -0400] "GET /9801396/5868-s0hflirh0s2-15.htm HTTP/1.1" 200 17493 "http://www.ankurmedia.com/9801396/5868-s0hflirh0s2-15.htm" "Mozilla/5.0 (Linux; Android 7.0;) AppleWebKit/537.36 (KHTML, like Gecko) Mobile Safari/537.36 (compatible; PetalBot;+https://webmaster.petalsearch.com/site/petalbot)"
216.244.66.250 - - [24/Mar/2026:16:51:59 -0400] "GET /english/gay-date-sex/ HTTP/1.1" 200 52698 "-" "Mozilla/5.0 (compatible; DotBot/1.2; +https://opensiteexplorer.org/dotbot; help@moz.com)"
216.244.66.250 - - [24/Mar/2026:16:52:06 -0400] "GET /english/your-hookup/ HTTP/1.1" 200 52698 "-" "Mozilla/5.0 (compatible; DotBot/1.2; +https://opensiteexplorer.org/dotbot; help@moz.com)"
216.244.66.250 - - [24/Mar/2026:16:52:41 -0400] "GET /english/usa-local-dating-sites/ HTTP/1.1" 200 52698 "-" "Mozilla/5.0 (compatible; DotBot/1.2; +https://opensiteexplorer.org/dotbot; help@moz.com)"
216.244.66.250 - - [24/Mar/2026:16:53:05 -0400] "GET /english/sudden-attack-gameplay-latino-dating/ HTTP/1.1" 200 52698 "-" "Mozilla/5.0 (compatible; DotBot/1.2; +https://opensiteexplorer.org/dotbot; help@moz.com)"
18.195.155.157 - - [24/Mar/2026:16:59:22 -0400] "GET /.env HTTP/1.1" 404 1251 "-" "-"
216.244.66.250 - - [24/Mar/2026:17:05:05 -0400] "GET /english/rules-for-dating-my-daughter-t-shirt-nz/ HTTP/1.1" 200 52698 "-" "Mozilla/5.0 (compatible; DotBot/1.2; +https://opensiteexplorer.org/dotbot; help@moz.com)"
66.249.79.32 - - [24/Mar/2026:17:22:34 -0400] "GET /robots.txt HTTP/1.1" 200 15552 "-" "Mozilla/5.0 (compatible; Googlebot/2.1; +http://www.google.com/bot.html)"
66.249.79.34 - - [24/Mar/2026:17:22:38 -0400] "GET /index4.php?yhsw=el-gusano-gigante HTTP/1.1" 200 15552 "-" "Mozilla/5.0 (Linux; Android 6.0.1; Nexus 5X Build/MMB29P) AppleWebKit/537.36 (KHTML, like Gecko) Chrome/146.0.7680.153 Mobile Safari/537.36 (compatible; Googlebot/2.1; +http://www.google.com/bot.html)"
66.249.79.34 - - [24/Mar/2026:17:24:12 -0400] "GET /index4.php?yhsw=el-gusano-gigante HTTP/1.1" 200 15552 "-" "Mozilla/5.0 (Linux; Android 6.0.1; Nexus 5X Build/MMB29P) AppleWebKit/537.36 (KHTML, like Gecko) Chrome/146.0.7680.153 Mobile Safari/537.36 (compatible; GoogleOther)"
182.42.105.144 - - [24/Mar/2026:17:29:01 -0400] "GET / HTTP/1.1" 200 6899 "-" "Mozilla/5.0 (iPhone; CPU iPhone OS 13_2_3 like Mac OS X) AppleWebKit/605.1.15 (KHTML, like Gecko) Version/13.0.3 Mobile/15E148 Safari/604.1"
