34.196.221.151 - - [25/Mar/2026:04:39:00 -0400] "HEAD /mera_ration/ HTTP/1.1" 200 0 "-" "Mozilla/5.0 (Windows NT 10.0; Win64; x64) AppleWebKit/537.36 (KHTML, like Gecko) Chrome/96.0.4664.110 Safari/537.36"
20.200.222.0 - - [25/Mar/2026:04:41:17 -0400] "GET /inputs.php HTTP/1.1" 404 1251 "-" "Mozilla/5.0 (Windows NT 10.0; Win64; x64) AppleWebKit/537.36 (KHTML, like Gecko) Chrome/120.0.0.0 Safari/537.36"
20.200.222.0 - - [25/Mar/2026:04:41:17 -0400] "GET /classwithtostring.php HTTP/1.1" 404 1251 "-" "Mozilla/5.0 (Windows NT 10.0; Win64; x64) AppleWebKit/537.36 (KHTML, like Gecko) Chrome/120.0.0.0 Safari/537.36"
20.200.222.0 - - [25/Mar/2026:04:41:18 -0400] "GET /autoload_classmap/function.php HTTP/1.1" 404 1251 "-" "Mozilla/5.0 (Windows NT 10.0; Win64; x64) AppleWebKit/537.36 (KHTML, like Gecko) Chrome/120.0.0.0 Safari/537.36"
20.200.222.0 - - [25/Mar/2026:04:41:18 -0400] "GET /b.php HTTP/1.1" 404 1251 "-" "Mozilla/5.0 (Windows NT 10.0; Win64; x64) AppleWebKit/537.36 (KHTML, like Gecko) Chrome/120.0.0.0 Safari/537.36"
20.200.222.0 - - [25/Mar/2026:04:41:18 -0400] "GET /cache.php HTTP/1.1" 404 1251 "-" "Mozilla/5.0 (Windows NT 10.0; Win64; x64) AppleWebKit/537.36 (KHTML, like Gecko) Chrome/120.0.0.0 Safari/537.36"
20.200.222.0 - - [25/Mar/2026:04:41:18 -0400] "GET /abc.php HTTP/1.1" 404 1251 "-" "Mozilla/5.0 (Windows NT 10.0; Win64; x64) AppleWebKit/537.36 (KHTML, like Gecko) Chrome/120.0.0.0 Safari/537.36"
20.200.222.0 - - [25/Mar/2026:04:41:18 -0400] "GET /.well-known/ HTTP/1.1" 200 615 "-" "Mozilla/5.0 (Windows NT 10.0; Win64; x64) AppleWebKit/537.36 (KHTML, like Gecko) Chrome/120.0.0.0 Safari/537.36"
20.200.222.0 - - [25/Mar/2026:04:41:18 -0400] "GET /.well-known/gecko-litespeed.php HTTP/1.1" 404 1251 "-" "Mozilla/5.0 (Windows NT 10.0; Win64; x64) AppleWebKit/537.36 (KHTML, like Gecko) Chrome/120.0.0.0 Safari/537.36"
20.200.222.0 - - [25/Mar/2026:04:41:19 -0400] "GET /.well-known/pki-validation/mariju.php HTTP/1.1" 404 1251 "-" "Mozilla/5.0 (Windows NT 10.0; Win64; x64) AppleWebKit/537.36 (KHTML, like Gecko) Chrome/120.0.0.0 Safari/537.36"
20.200.222.0 - - [25/Mar/2026:04:41:19 -0400] "GET /bak.php HTTP/1.1" 404 1251 "-" "Mozilla/5.0 (Windows NT 10.0; Win64; x64) AppleWebKit/537.36 (KHTML, like Gecko) Chrome/120.0.0.0 Safari/537.36"
20.200.222.0 - - [25/Mar/2026:04:41:19 -0400] "GET /bk/index.php HTTP/1.1" 404 1251 "-" "Mozilla/5.0 (Windows NT 10.0; Win64; x64) AppleWebKit/537.36 (KHTML, like Gecko) Chrome/120.0.0.0 Safari/537.36"
20.200.222.0 - - [25/Mar/2026:04:41:19 -0400] "GET /ccx/index.php HTTP/1.1" 404 1251 "-" "Mozilla/5.0 (Windows NT 10.0; Win64; x64) AppleWebKit/537.36 (KHTML, like Gecko) Chrome/120.0.0.0 Safari/537.36"
20.200.222.0 - - [25/Mar/2026:04:41:19 -0400] "GET /cgi-bin/ HTTP/1.1" 404 1251 "-" "Mozilla/5.0 (Windows NT 10.0; Win64; x64) AppleWebKit/537.36 (KHTML, like Gecko) Chrome/120.0.0.0 Safari/537.36"
20.200.222.0 - - [25/Mar/2026:04:41:19 -0400] "GET /cgi-bin/about.php HTTP/1.1" 404 1251 "-" "Mozilla/5.0 (Windows NT 10.0; Win64; x64) AppleWebKit/537.36 (KHTML, like Gecko) Chrome/120.0.0.0 Safari/537.36"
20.200.222.0 - - [25/Mar/2026:04:41:19 -0400] "GET /cgi-bin/wp-2019.php HTTP/1.1" 404 1251 "-" "Mozilla/5.0 (Windows NT 10.0; Win64; x64) AppleWebKit/537.36 (KHTML, like Gecko) Chrome/120.0.0.0 Safari/537.36"
20.200.222.0 - - [25/Mar/2026:04:41:20 -0400] "GET /cgi-bin/xmrlpc.php HTTP/1.1" 404 1251 "-" "Mozilla/5.0 (Windows NT 10.0; Win64; x64) AppleWebKit/537.36 (KHTML, like Gecko) Chrome/120.0.0.0 Safari/537.36"
20.200.222.0 - - [25/Mar/2026:04:41:20 -0400] "GET /class.php HTTP/1.1" 404 1251 "-" "Mozilla/5.0 (Windows NT 10.0; Win64; x64) AppleWebKit/537.36 (KHTML, like Gecko) Chrome/120.0.0.0 Safari/537.36"
20.200.222.0 - - [25/Mar/2026:04:41:20 -0400] "GET /rip.php HTTP/1.1" 404 1251 "-" "Mozilla/5.0 (Windows NT 10.0; Win64; x64) AppleWebKit/537.36 (KHTML, like Gecko) Chrome/120.0.0.0 Safari/537.36"
20.200.222.0 - - [25/Mar/2026:04:41:20 -0400] "GET /wp-content/uploads/index.php HTTP/1.1" 404 1251 "-" "Mozilla/5.0 (Windows NT 10.0; Win64; x64) AppleWebKit/537.36 (KHTML, like Gecko) Chrome/120.0.0.0 Safari/537.36"
20.200.222.0 - - [25/Mar/2026:04:41:20 -0400] "GET /themes.php HTTP/1.1" 404 1251 "-" "Mozilla/5.0 (Windows NT 10.0; Win64; x64) AppleWebKit/537.36 (KHTML, like Gecko) Chrome/120.0.0.0 Safari/537.36"
20.200.222.0 - - [25/Mar/2026:04:41:20 -0400] "GET /an.php HTTP/1.1" 404 1251 "-" "Mozilla/5.0 (Windows NT 10.0; Win64; x64) AppleWebKit/537.36 (KHTML, like Gecko) Chrome/120.0.0.0 Safari/537.36"
20.200.222.0 - - [25/Mar/2026:04:41:20 -0400] "GET /randkeyword.PhP7 HTTP/1.1" 404 1251 "-" "Mozilla/5.0 (Windows NT 10.0; Win64; x64) AppleWebKit/537.36 (KHTML, like Gecko) Chrome/120.0.0.0 Safari/537.36"
20.200.222.0 - - [25/Mar/2026:04:41:21 -0400] "GET /ws.php HTTP/1.1" 404 1251 "-" "Mozilla/5.0 (Windows NT 10.0; Win64; x64) AppleWebKit/537.36 (KHTML, like Gecko) Chrome/120.0.0.0 Safari/537.36"
15.207.93.54 - - [25/Mar/2026:04:42:43 -0400] "HEAD /mera_ration/ HTTP/1.1" 200 0 "-" "Mozilla/5.0 (Windows NT 10.0; Win64; x64) AppleWebKit/537.36 (KHTML, like Gecko) Chrome/96.0.4664.110 Safari/537.36"
18.206.67.206 - - [25/Mar/2026:04:42:56 -0400] "HEAD /mera_ration/ HTTP/1.1" 200 0 "-" "Mozilla/5.0 (Windows NT 10.0; Win64; x64) AppleWebKit/537.36 (KHTML, like Gecko) Chrome/96.0.4664.110 Safari/537.36"
202.8.113.20 - - [25/Mar/2026:04:43:27 -0400] "GET /mera_ration/ HTTP/1.1" 200 527 "android-app://com.google.android.googlequicksearchbox/" "Mozilla/5.0 (Linux; Android 10; K) AppleWebKit/537.36 (KHTML, like Gecko) Chrome/146.0.0.0 Mobile Safari/537.36"
202.8.113.20 - - [25/Mar/2026:04:43:28 -0400] "GET /favicon.ico HTTP/1.1" 404 1251 "https://www.ankurmedia.com/mera_ration/" "Mozilla/5.0 (Linux; Android 10; K) AppleWebKit/537.36 (KHTML, like Gecko) Chrome/146.0.0.0 Mobile Safari/537.36"
157.49.25.103 - - [25/Mar/2026:04:43:45 -0400] "GET /mera_ration/ HTTP/1.1" 200 527 "-" "Mozilla/5.0 (Linux; U; Android 16; en-gb; CPH2447 Build/TP1A.220905.001) AppleWebKit/537.36 (KHTML, like Gecko) Chrome/125.0.6422.72 Mobile Safari/537.36 HeyTapBrowser/45.13.2.9"
157.49.25.103 - - [25/Mar/2026:04:43:46 -0400] "GET /favicon.ico HTTP/1.1" 404 1251 "https://www.ankurmedia.com/mera_ration/" "Mozilla/5.0 (Linux; U; Android 16; en-gb; CPH2447 Build/TP1A.220905.001) AppleWebKit/537.36 (KHTML, like Gecko) Chrome/125.0.6422.72 Mobile Safari/537.36 HeyTapBrowser/45.13.2.9"
223.190.85.180 - - [25/Mar/2026:04:43:47 -0400] "GET /mera_ration/ HTTP/1.1" 200 527 "-" "Mozilla/5.0 (Linux; Android 10; K) AppleWebKit/537.36 (KHTML, like Gecko) Chrome/146.0.0.0 Mobile Safari/537.36"
223.190.85.180 - - [25/Mar/2026:04:43:48 -0400] "GET /favicon.ico HTTP/1.1" 404 1251 "https://www.ankurmedia.com/mera_ration/" "Mozilla/5.0 (Linux; Android 10; K) AppleWebKit/537.36 (KHTML, like Gecko) Chrome/146.0.0.0 Mobile Safari/537.36"
4.213.147.2 - - [25/Mar/2026:04:44:17 -0400] "GET /mera_ration/ HTTP/1.1" 200 527 "-" "Mozilla/5.0 (Windows NT 6.1; Win64; x64) AppleWebKit/537.36 (KHTML, like Gecko) Chrome/140.0.7339.0 Safari/537.36"
4.213.147.2 - - [25/Mar/2026:04:44:35 -0400] "GET /favicon.ico HTTP/1.1" 404 1251 "https://www.ankurmedia.com/mera_ration/" "Mozilla/5.0 (Windows NT 6.1; Win64; x64) AppleWebKit/537.36 (KHTML, like Gecko) Chrome/140.0.7339.0 Safari/537.36"
18.210.66.86 - - [25/Mar/2026:04:45:30 -0400] "HEAD /mera_ration/ HTTP/1.1" 200 0 "-" "Mozilla/5.0 (Windows NT 10.0; Win64; x64) AppleWebKit/537.36 (KHTML, like Gecko) Chrome/96.0.4664.110 Safari/537.36"
34.196.221.151 - - [25/Mar/2026:04:45:43 -0400] "HEAD /mera_ration/ HTTP/1.1" 200 0 "-" "Mozilla/5.0 (Windows NT 10.0; Win64; x64) AppleWebKit/537.36 (KHTML, like Gecko) Chrome/96.0.4664.110 Safari/537.36"
49.37.9.253 - - [25/Mar/2026:04:46:41 -0400] "GET /mera_ration/ HTTP/1.1" 200 527 "-" "Mozilla/5.0 (Linux; Android 10; K) AppleWebKit/537.36 (KHTML, like Gecko) Chrome/146.0.0.0 Mobile Safari/537.36"
49.37.9.253 - - [25/Mar/2026:04:46:42 -0400] "GET /favicon.ico HTTP/1.1" 404 1251 "https://www.ankurmedia.com/mera_ration/" "Mozilla/5.0 (Linux; Android 10; K) AppleWebKit/537.36 (KHTML, like Gecko) Chrome/146.0.0.0 Mobile Safari/537.36"
34.196.221.151 - - [25/Mar/2026:04:47:09 -0400] "HEAD /mera_ration/ HTTP/1.1" 200 0 "-" "Mozilla/5.0 (Windows NT 10.0; Win64; x64) AppleWebKit/537.36 (KHTML, like Gecko) Chrome/96.0.4664.110 Safari/537.36"
151.245.200.210 - - [25/Mar/2026:04:48:27 -0400] "GET /mera_ration/ HTTP/1.1" 200 527 "-" "Mozilla/5.0 (Windows NT 10.0; Win64; x64) AppleWebKit/537.36 (KHTML, like Gecko) Chrome/146.0.0.0 Safari/537.36 Edg/146.0.0.0"
155.117.39.1 - - [25/Mar/2026:04:48:27 -0400] "GET /mera_ration/ HTTP/1.1" 200 527 "-" "Mozilla/5.0 (Windows NT 10.0; Win64; x64) AppleWebKit/537.36 (KHTML, like Gecko) Chrome/146.0.0.0 Safari/537.36 Edg/146.0.0.0"
54.38.165.151 - - [25/Mar/2026:04:48:28 -0400] "GET /mera_ration/ HTTP/1.1" 200 527 "-" "Mozilla/5.0 (Windows NT 10.0; Win64; x64) AppleWebKit/537.36 (KHTML, like Gecko) Chrome/146.0.0.0 Safari/537.36 Edg/146.0.0.0"
178.32.97.87 - - [25/Mar/2026:04:48:28 -0400] "GET /mera_ration/ HTTP/1.1" 200 527 "-" "Mozilla/5.0 (Windows NT 10.0; Win64; x64) AppleWebKit/537.36 (KHTML, like Gecko) Chrome/146.0.0.0 Safari/537.36 Edg/146.0.0.0"
15.207.181.9 - - [25/Mar/2026:04:50:04 -0400] "HEAD /mera_ration/ HTTP/1.1" 200 0 "-" "Mozilla/5.0 (Windows NT 10.0; Win64; x64) AppleWebKit/537.36 (KHTML, like Gecko) Chrome/96.0.4664.110 Safari/537.36"
18.210.66.86 - - [25/Mar/2026:04:50:43 -0400] "HEAD /mera_ration/ HTTP/1.1" 200 0 "-" "Mozilla/5.0 (Windows NT 10.0; Win64; x64) AppleWebKit/537.36 (KHTML, like Gecko) Chrome/96.0.4664.110 Safari/537.36"
157.51.231.111 - - [25/Mar/2026:04:50:56 -0400] "GET /mera_ration/ HTTP/1.1" 200 527 "-" "Mozilla/5.0 (Linux; Android 10; K) AppleWebKit/537.36 (KHTML, like Gecko) Chrome/146.0.0.0 Mobile Safari/537.36"
157.51.231.111 - - [25/Mar/2026:04:50:56 -0400] "GET /favicon.ico HTTP/1.1" 404 1251 "https://www.ankurmedia.com/mera_ration/" "Mozilla/5.0 (Linux; Android 10; K) AppleWebKit/537.36 (KHTML, like Gecko) Chrome/146.0.0.0 Mobile Safari/537.36"
15.207.181.9 - - [25/Mar/2026:04:52:01 -0400] "HEAD /mera_ration/ HTTP/1.1" 200 0 "-" "Mozilla/5.0 (Windows NT 10.0; Win64; x64) AppleWebKit/537.36 (KHTML, like Gecko) Chrome/96.0.4664.110 Safari/537.36"
114.31.141.108 - - [25/Mar/2026:04:53:48 -0400] "GET /mera_ration/ HTTP/1.1" 200 527 "-" "Mozilla/5.0 (Linux; Android 10; K) AppleWebKit/537.36 (KHTML, like Gecko) Chrome/145.0.0.0 Mobile Safari/537.36"
114.31.141.108 - - [25/Mar/2026:04:53:54 -0400] "GET /favicon.ico HTTP/1.1" 404 1251 "https://www.ankurmedia.com/mera_ration/" "Mozilla/5.0 (Linux; Android 10; K) AppleWebKit/537.36 (KHTML, like Gecko) Chrome/145.0.0.0 Mobile Safari/537.36"
18.210.66.86 - - [25/Mar/2026:04:57:17 -0400] "HEAD /mera_ration/ HTTP/1.1" 200 0 "-" "Mozilla/5.0 (Windows NT 10.0; Win64; x64) AppleWebKit/537.36 (KHTML, like Gecko) Chrome/96.0.4664.110 Safari/537.36"
106.219.191.91 - - [25/Mar/2026:04:59:08 -0400] "GET /mera_ration/ HTTP/1.1" 200 527 "-" "Mozilla/5.0 (Linux; Android 10; K) AppleWebKit/537.36 (KHTML, like Gecko) Chrome/144.0.0.0 Mobile Safari/537.36"
106.219.191.91 - - [25/Mar/2026:04:59:11 -0400] "GET /favicon.ico HTTP/1.1" 404 1251 "https://www.ankurmedia.com/mera_ration/" "Mozilla/5.0 (Linux; Android 10; K) AppleWebKit/537.36 (KHTML, like Gecko) Chrome/144.0.0.0 Mobile Safari/537.36"
18.206.67.206 - - [25/Mar/2026:04:59:24 -0400] "HEAD /mera_ration/ HTTP/1.1" 200 0 "-" "Mozilla/5.0 (Windows NT 10.0; Win64; x64) AppleWebKit/537.36 (KHTML, like Gecko) Chrome/96.0.4664.110 Safari/537.36"
15.207.181.9 - - [25/Mar/2026:05:03:17 -0400] "HEAD /mera_ration/ HTTP/1.1" 200 0 "-" "Mozilla/5.0 (Windows NT 10.0; Win64; x64) AppleWebKit/537.36 (KHTML, like Gecko) Chrome/96.0.4664.110 Safari/537.36"
223.188.27.28 - - [25/Mar/2026:05:04:24 -0400] "GET /mera_ration/ HTTP/1.1" 200 527 "-" "Mozilla/5.0 (Linux; Android 10; K) AppleWebKit/537.36 (KHTML, like Gecko) Chrome/145.0.0.0 Mobile Safari/537.36"
223.188.27.28 - - [25/Mar/2026:05:04:26 -0400] "GET /favicon.ico HTTP/1.1" 404 1251 "https://www.ankurmedia.com/mera_ration/" "Mozilla/5.0 (Linux; Android 10; K) AppleWebKit/537.36 (KHTML, like Gecko) Chrome/145.0.0.0 Mobile Safari/537.36"
18.210.66.86 - - [25/Mar/2026:05:06:20 -0400] "HEAD /mera_ration/ HTTP/1.1" 200 0 "-" "Mozilla/5.0 (Windows NT 10.0; Win64; x64) AppleWebKit/537.36 (KHTML, like Gecko) Chrome/96.0.4664.110 Safari/537.36"
31.98.44.112 - - [25/Mar/2026:05:09:05 -0400] "GET /mera_ration/ HTTP/1.1" 200 527 "-" "Mozilla/5.0 (Windows NT 10.0; Win64; x64) AppleWebKit/537.36 (KHTML, like Gecko) Chrome/146.0.0.0 Safari/537.36 Edg/146.0.0.0"
188.165.37.16 - - [25/Mar/2026:05:09:06 -0400] "GET /mera_ration/ HTTP/1.1" 200 527 "-" "Mozilla/5.0 (Windows NT 10.0; Win64; x64) AppleWebKit/537.36 (KHTML, like Gecko) Chrome/146.0.0.0 Safari/537.36 Edg/146.0.0.0"
15.207.93.54 - - [25/Mar/2026:05:10:01 -0400] "HEAD /mera_ration/ HTTP/1.1" 200 0 "-" "Mozilla/5.0 (Windows NT 10.0; Win64; x64) AppleWebKit/537.36 (KHTML, like Gecko) Chrome/96.0.4664.110 Safari/537.36"
15.235.98.72 - - [25/Mar/2026:05:09:56 -0400] "GET /robots.txt HTTP/1.1" 200 15552 "-" "Mozilla/5.0 (compatible; AhrefsBot/7.0; +http://ahrefs.com/robot/)"
51.75.236.140 - - [25/Mar/2026:05:10:05 -0400] "GET / HTTP/1.1" 200 15552 "-" "Mozilla/5.0 (compatible; AhrefsBot/7.0; +http://ahrefs.com/robot/)"
74.224.61.17 - - [25/Mar/2026:05:15:22 -0400] "GET /mera_ration/ HTTP/1.1" 200 527 "-" "Mozilla/5.0 (Macintosh; Intel Mac OS X 10_15_7) AppleWebKit/537.36 (KHTML, like Gecko) Chrome/135.0.0.0 Safari/537.36"
74.224.61.17 - - [25/Mar/2026:05:15:24 -0400] "GET /favicon.ico HTTP/1.1" 404 1251 "https://www.ankurmedia.com/mera_ration/" "Mozilla/5.0 (Macintosh; Intel Mac OS X 10_15_7) AppleWebKit/537.36 (KHTML, like Gecko) Chrome/135.0.0.0 Safari/537.36"
54.72.206.215 - - [25/Mar/2026:05:17:04 -0400] "HEAD /mera_ration/ HTTP/1.1" 200 0 "-" "Mozilla/5.0 (Windows NT 10.0; Win64; x64) AppleWebKit/537.36 (KHTML, like Gecko) Chrome/96.0.4664.110 Safari/537.36"
104.210.140.136 - - [25/Mar/2026:05:17:19 -0400] "GET /robots.txt HTTP/1.1" 200 15552 "-" "Mozilla/5.0 (Macintosh; Intel Mac OS X 10_15_7) AppleWebKit/537.36 (KHTML, like Gecko) Chrome/131.0.0.0 Safari/537.36; compatible; OAI-SearchBot/1.0; +https://openai.com/searchbot"
15.207.181.9 - - [25/Mar/2026:05:20:32 -0400] "HEAD /mera_ration/ HTTP/1.1" 200 0 "-" "Mozilla/5.0 (Windows NT 10.0; Win64; x64) AppleWebKit/537.36 (KHTML, like Gecko) Chrome/96.0.4664.110 Safari/537.36"
34.196.221.151 - - [25/Mar/2026:05:20:56 -0400] "HEAD /mera_ration/ HTTP/1.1" 200 0 "-" "Mozilla/5.0 (Windows NT 10.0; Win64; x64) AppleWebKit/537.36 (KHTML, like Gecko) Chrome/96.0.4664.110 Safari/537.36"
18.210.66.86 - - [25/Mar/2026:05:22:11 -0400] "HEAD /mera_ration/ HTTP/1.1" 200 0 "-" "Mozilla/5.0 (Windows NT 10.0; Win64; x64) AppleWebKit/537.36 (KHTML, like Gecko) Chrome/96.0.4664.110 Safari/537.36"
18.210.66.86 - - [25/Mar/2026:05:22:15 -0400] "HEAD /mera_ration/ HTTP/1.1" 200 0 "-" "Mozilla/5.0 (Windows NT 10.0; Win64; x64) AppleWebKit/537.36 (KHTML, like Gecko) Chrome/96.0.4664.110 Safari/537.36"
34.196.221.151 - - [25/Mar/2026:05:22:35 -0400] "HEAD /mera_ration/ HTTP/1.1" 200 0 "-" "Mozilla/5.0 (Windows NT 10.0; Win64; x64) AppleWebKit/537.36 (KHTML, like Gecko) Chrome/96.0.4664.110 Safari/537.36"
106.205.154.95 - - [25/Mar/2026:05:23:17 -0400] "GET /favicon.ico HTTP/1.1" 404 1251 "https://www.ankurmedia.com/mera_ration/" "Mozilla/5.0 (Linux; Android 10; K) AppleWebKit/537.36 (KHTML, like Gecko) Chrome/146.0.0.0 Mobile Safari/537.36"
15.207.181.9 - - [25/Mar/2026:05:23:38 -0400] "HEAD /mera_ration/ HTTP/1.1" 200 0 "-" "Mozilla/5.0 (Windows NT 10.0; Win64; x64) AppleWebKit/537.36 (KHTML, like Gecko) Chrome/96.0.4664.110 Safari/537.36"
18.206.67.206 - - [25/Mar/2026:05:25:04 -0400] "HEAD /mera_ration/ HTTP/1.1" 200 0 "-" "Mozilla/5.0 (Windows NT 10.0; Win64; x64) AppleWebKit/537.36 (KHTML, like Gecko) Chrome/96.0.4664.110 Safari/537.36"
18.206.67.206 - - [25/Mar/2026:05:25:55 -0400] "HEAD /mera_ration/ HTTP/1.1" 200 0 "-" "Mozilla/5.0 (Windows NT 10.0; Win64; x64) AppleWebKit/537.36 (KHTML, like Gecko) Chrome/96.0.4664.110 Safari/537.36"
15.207.93.54 - - [25/Mar/2026:05:26:27 -0400] "HEAD /mera_ration/ HTTP/1.1" 200 0 "-" "Mozilla/5.0 (Windows NT 10.0; Win64; x64) AppleWebKit/537.36 (KHTML, like Gecko) Chrome/96.0.4664.110 Safari/537.36"
18.206.67.206 - - [25/Mar/2026:05:27:01 -0400] "HEAD /mera_ration/ HTTP/1.1" 200 0 "-" "Mozilla/5.0 (Windows NT 10.0; Win64; x64) AppleWebKit/537.36 (KHTML, like Gecko) Chrome/96.0.4664.110 Safari/537.36"
152.59.187.182 - - [25/Mar/2026:05:27:05 -0400] "GET /favicon.ico HTTP/1.1" 404 1251 "https://www.ankurmedia.com/mera_ration/" "Mozilla/5.0 (Linux; Android 10; K) AppleWebKit/537.36 (KHTML, like Gecko) Chrome/141.0.0.0 Mobile Safari/537.36"
27.59.130.143 - - [25/Mar/2026:05:27:05 -0400] "GET /favicon.ico HTTP/1.1" 404 1251 "https://www.ankurmedia.com/mera_ration/" "Mozilla/5.0 (Linux; Android 10; K) AppleWebKit/537.36 (KHTML, like Gecko) Chrome/146.0.0.0 Mobile Safari/537.36"
15.207.93.54 - - [25/Mar/2026:05:27:24 -0400] "HEAD /mera_ration/ HTTP/1.1" 200 0 "-" "Mozilla/5.0 (Windows NT 10.0; Win64; x64) AppleWebKit/537.36 (KHTML, like Gecko) Chrome/96.0.4664.110 Safari/537.36"
15.207.93.54 - - [25/Mar/2026:05:27:29 -0400] "HEAD /mera_ration/ HTTP/1.1" 200 0 "-" "Mozilla/5.0 (Windows NT 10.0; Win64; x64) AppleWebKit/537.36 (KHTML, like Gecko) Chrome/96.0.4664.110 Safari/537.36"
157.48.11.138 - - [25/Mar/2026:05:28:00 -0400] "GET /mera_ration/ HTTP/1.1" 200 527 "-" "Mozilla/5.0 (Linux; Android 10; K) AppleWebKit/537.36 (KHTML, like Gecko) Chrome/146.0.0.0 Mobile Safari/537.36"
157.48.11.138 - - [25/Mar/2026:05:28:01 -0400] "GET /favicon.ico HTTP/1.1" 404 1251 "https://www.ankurmedia.com/mera_ration/" "Mozilla/5.0 (Linux; Android 10; K) AppleWebKit/537.36 (KHTML, like Gecko) Chrome/146.0.0.0 Mobile Safari/537.36"
3.109.77.251 - - [25/Mar/2026:05:29:53 -0400] "HEAD /mera_ration/ HTTP/1.1" 200 0 "-" "Mozilla/5.0 (Windows NT 10.0; Win64; x64) AppleWebKit/537.36 (KHTML, like Gecko) Chrome/96.0.4664.110 Safari/537.36"
18.206.67.206 - - [25/Mar/2026:05:30:37 -0400] "HEAD /mera_ration/ HTTP/1.1" 200 0 "-" "Mozilla/5.0 (Windows NT 10.0; Win64; x64) AppleWebKit/537.36 (KHTML, like Gecko) Chrome/96.0.4664.110 Safari/537.36"
3.109.77.251 - - [25/Mar/2026:05:30:59 -0400] "HEAD /mera_ration/ HTTP/1.1" 200 0 "-" "Mozilla/5.0 (Windows NT 10.0; Win64; x64) AppleWebKit/537.36 (KHTML, like Gecko) Chrome/96.0.4664.110 Safari/537.36"
152.58.191.102 - - [25/Mar/2026:05:33:13 -0400] "GET /mera_ration/ HTTP/1.1" 200 527 "-" "Mozilla/5.0 (Linux; Android 10; K) AppleWebKit/537.36 (KHTML, like Gecko) Chrome/146.0.0.0 Mobile Safari/537.36"
13.42.205.55 - - [25/Mar/2026:05:34:00 -0400] "GET / HTTP/1.1" 200 6899 "-" "Mozilla/5.0 (Windows NT 10.0; Win64; x64) AppleWebKit/537.36 (KHTML, like Gecko) Chrome/121.0.0.0 Safari/537.36 Edg/121.0.0.0"
3.109.77.251 - - [25/Mar/2026:05:35:47 -0400] "HEAD /mera_ration/ HTTP/1.1" 200 0 "-" "Mozilla/5.0 (Windows NT 10.0; Win64; x64) AppleWebKit/537.36 (KHTML, like Gecko) Chrome/96.0.4664.110 Safari/537.36"
115.112.158.66 - - [25/Mar/2026:05:36:52 -0400] "GET /mera_ration/ HTTP/1.1" 200 527 "-" "Mozilla/5.0 (Linux; Android 10; K) AppleWebKit/537.36 (KHTML, like Gecko) Chrome/146.0.0.0 Mobile Safari/537.36"
115.112.158.66 - - [25/Mar/2026:05:36:52 -0400] "GET /favicon.ico HTTP/1.1" 404 1251 "https://www.ankurmedia.com/mera_ration/" "Mozilla/5.0 (Linux; Android 10; K) AppleWebKit/537.36 (KHTML, like Gecko) Chrome/146.0.0.0 Mobile Safari/537.36"
15.207.181.9 - - [25/Mar/2026:05:39:32 -0400] "HEAD /mera_ration/ HTTP/1.1" 200 0 "-" "Mozilla/5.0 (Windows NT 10.0; Win64; x64) AppleWebKit/537.36 (KHTML, like Gecko) Chrome/96.0.4664.110 Safari/537.36"
157.39.70.180 - - [25/Mar/2026:05:41:55 -0400] "GET /mera_ration/ HTTP/1.1" 200 738 "-" "QR Scanner Android"
157.39.70.180 - - [25/Mar/2026:05:42:04 -0400] "GET /mera_ration/ HTTP/1.1" 200 527 "-" "Mozilla/5.0 (Linux; Android 10; K) AppleWebKit/537.36 (KHTML, like Gecko) Chrome/146.0.0.0 Mobile Safari/537.36"
157.39.70.180 - - [25/Mar/2026:05:42:05 -0400] "GET /favicon.ico HTTP/1.1" 404 1251 "https://www.ankurmedia.com/mera_ration/" "Mozilla/5.0 (Linux; Android 10; K) AppleWebKit/537.36 (KHTML, like Gecko) Chrome/146.0.0.0 Mobile Safari/537.36"
15.207.93.54 - - [25/Mar/2026:05:42:27 -0400] "HEAD /mera_ration/ HTTP/1.1" 200 0 "-" "Mozilla/5.0 (Windows NT 10.0; Win64; x64) AppleWebKit/537.36 (KHTML, like Gecko) Chrome/96.0.4664.110 Safari/537.36"
18.206.67.206 - - [25/Mar/2026:05:42:37 -0400] "HEAD /mera_ration/ HTTP/1.1" 200 0 "-" "Mozilla/5.0 (Windows NT 10.0; Win64; x64) AppleWebKit/537.36 (KHTML, like Gecko) Chrome/96.0.4664.110 Safari/537.36"
157.39.70.180 - - [25/Mar/2026:05:43:08 -0400] "GET /mera_ration/ HTTP/1.1" 200 738 "-" "QR Scanner Android"
34.196.221.151 - - [25/Mar/2026:05:43:14 -0400] "HEAD /mera_ration/ HTTP/1.1" 200 0 "-" "Mozilla/5.0 (Windows NT 10.0; Win64; x64) AppleWebKit/537.36 (KHTML, like Gecko) Chrome/96.0.4664.110 Safari/537.36"
110.249.201.74 - - [25/Mar/2026:05:44:54 -0400] "GET /robots.txt HTTP/1.1" 200 0 "-" "Mozilla/5.0 (Linux; Android 5.0) AppleWebKit/537.36 (KHTML, like Gecko) Mobile Safari/537.36 (compatible; Bytespider; https://zhanzhang.toutiao.com/)"
18.206.67.206 - - [25/Mar/2026:05:45:34 -0400] "HEAD /mera_ration/ HTTP/1.1" 200 0 "-" "Mozilla/5.0 (Windows NT 10.0; Win64; x64) AppleWebKit/537.36 (KHTML, like Gecko) Chrome/96.0.4664.110 Safari/537.36"
60.243.254.137 - - [25/Mar/2026:05:47:10 -0400] "GET /mera_ration/ HTTP/1.1" 200 527 "android-app://com.google.android.googlequicksearchbox/" "Mozilla/5.0 (Linux; Android 10; K) AppleWebKit/537.36 (KHTML, like Gecko) Chrome/146.0.0.0 Mobile Safari/537.36"
60.243.254.137 - - [25/Mar/2026:05:47:11 -0400] "GET /favicon.ico HTTP/1.1" 404 1251 "https://www.ankurmedia.com/mera_ration/" "Mozilla/5.0 (Linux; Android 10; K) AppleWebKit/537.36 (KHTML, like Gecko) Chrome/146.0.0.0 Mobile Safari/537.36"
18.210.66.86 - - [25/Mar/2026:05:48:17 -0400] "HEAD /mera_ration/ HTTP/1.1" 200 0 "-" "Mozilla/5.0 (Windows NT 10.0; Win64; x64) AppleWebKit/537.36 (KHTML, like Gecko) Chrome/96.0.4664.110 Safari/537.36"
157.39.70.180 - - [25/Mar/2026:05:49:00 -0400] "GET /mera_ration/ HTTP/1.1" 200 738 "-" "QR Scanner Android"
74.224.61.23 - - [25/Mar/2026:05:50:29 -0400] "GET /mera_ration/ HTTP/1.1" 200 527 "-" "Mozilla/5.0 (Windows NT 10.0; Win64; x64) AppleWebKit/537.36 (KHTML, like Gecko) Chrome/142.0.7444.162 Safari/537.36"
74.224.61.23 - - [25/Mar/2026:05:50:32 -0400] "GET /favicon.ico HTTP/1.1" 404 1251 "https://www.ankurmedia.com/mera_ration/" "Mozilla/5.0 (Windows NT 10.0; Win64; x64) AppleWebKit/537.36 (KHTML, like Gecko) Chrome/142.0.7444.162 Safari/537.36"
18.210.66.86 - - [25/Mar/2026:05:50:41 -0400] "HEAD /mera_ration/ HTTP/1.1" 200 0 "-" "Mozilla/5.0 (Windows NT 10.0; Win64; x64) AppleWebKit/537.36 (KHTML, like Gecko) Chrome/96.0.4664.110 Safari/537.36"
18.206.67.206 - - [25/Mar/2026:05:50:51 -0400] "HEAD /mera_ration/ HTTP/1.1" 200 0 "-" "Mozilla/5.0 (Windows NT 10.0; Win64; x64) AppleWebKit/537.36 (KHTML, like Gecko) Chrome/96.0.4664.110 Safari/537.36"
34.196.221.151 - - [25/Mar/2026:05:50:54 -0400] "HEAD /mera_ration/ HTTP/1.1" 200 0 "-" "Mozilla/5.0 (Windows NT 10.0; Win64; x64) AppleWebKit/537.36 (KHTML, like Gecko) Chrome/96.0.4664.110 Safari/537.36"
18.210.142.119 - - [25/Mar/2026:05:53:49 -0400] "GET /mera_ration/ HTTP/1.1" 200 527 "-" "Mozilla/5.0 (X11; Linux x86_64) AppleWebKit/537.36 (KHTML, like Gecko) Chrome/124.0.0.0 Safari/537.36"
18.210.142.119 - - [25/Mar/2026:05:53:49 -0400] "GET /favicon.ico HTTP/1.1" 404 1251 "https://www.ankurmedia.com/mera_ration/" "Mozilla/5.0 (X11; Linux x86_64) AppleWebKit/537.36 (KHTML, like Gecko) Chrome/124.0.0.0 Safari/537.36"
18.210.142.119 - - [25/Mar/2026:05:53:52 -0400] "GET /favicon.ico HTTP/1.1" 404 1251 "-" "Mozilla/5.0 (X11; Linux x86_64) AppleWebKit/537.36 (KHTML, like Gecko) Chrome/124.0.0.0 Safari/537.36"
172.255.126.136 - - [25/Mar/2026:05:55:21 -0400] "GET /mera_ration/ HTTP/1.1" 200 527 "-" "Mozilla/5.0 (Linux; Android 13; Pixel 7) AppleWebKit/537.36 (KHTML, like Gecko) Chrome/144.0.0.0 Mobile Safari/537.36"
172.255.126.136 - - [25/Mar/2026:05:55:21 -0400] "GET /favicon.ico HTTP/1.1" 404 1251 "https://www.ankurmedia.com/mera_ration/" "Mozilla/5.0 (Linux; Android 13; Pixel 7) AppleWebKit/537.36 (KHTML, like Gecko) Chrome/144.0.0.0 Mobile Safari/537.36"
193.42.57.102 - - [25/Mar/2026:06:01:27 -0400] "GET /mera_ration/ HTTP/1.1" 200 527 "-" "Mozilla/5.0 (Windows NT 10.0; Win64; x64) AppleWebKit/537.36 (KHTML, like Gecko) Chrome/142.0.0.0 Safari/537.36"
193.70.55.169 - - [25/Mar/2026:06:01:28 -0400] "GET /mera_ration/ HTTP/1.1" 200 527 "-" "Mozilla/5.0 (Windows NT 10.0; Win64; x64) AppleWebKit/537.36 (KHTML, like Gecko) Chrome/142.0.0.0 Safari/537.36"
157.50.85.76 - - [25/Mar/2026:06:02:34 -0400] "GET /mera_ration/ HTTP/1.1" 200 527 "-" "Mozilla/5.0 (Linux; Android 10; K) AppleWebKit/537.36 (KHTML, like Gecko) Chrome/146.0.0.0 Mobile Safari/537.36"
157.50.85.76 - - [25/Mar/2026:06:02:35 -0400] "GET /favicon.ico HTTP/1.1" 404 1251 "https://www.ankurmedia.com/mera_ration/" "Mozilla/5.0 (Linux; Android 10; K) AppleWebKit/537.36 (KHTML, like Gecko) Chrome/146.0.0.0 Mobile Safari/537.36"
20.63.97.61 - - [25/Mar/2026:06:06:23 -0400] "GET /wk/index.php HTTP/1.1" 404 1251 "-" "Mozilla/5.0 (Windows NT 10.0; Win64; x64) AppleWebKit/537.36 (KHTML, like Gecko) Chrome/120.0.0.0 Safari/537.36"
20.63.97.61 - - [25/Mar/2026:06:06:23 -0400] "GET /inputs.php HTTP/1.1" 404 1251 "-" "Mozilla/5.0 (Windows NT 10.0; Win64; x64) AppleWebKit/537.36 (KHTML, like Gecko) Chrome/120.0.0.0 Safari/537.36"
20.63.97.61 - - [25/Mar/2026:06:06:23 -0400] "GET /ioxi-o.php HTTP/1.1" 404 1251 "-" "Mozilla/5.0 (Windows NT 10.0; Win64; x64) AppleWebKit/537.36 (KHTML, like Gecko) Chrome/120.0.0.0 Safari/537.36"
20.63.97.61 - - [25/Mar/2026:06:06:23 -0400] "GET /function/function.php HTTP/1.1" 404 1251 "-" "Mozilla/5.0 (Windows NT 10.0; Win64; x64) AppleWebKit/537.36 (KHTML, like Gecko) Chrome/120.0.0.0 Safari/537.36"
20.63.97.61 - - [25/Mar/2026:06:06:23 -0400] "GET /rip.php HTTP/1.1" 404 1251 "-" "Mozilla/5.0 (Windows NT 10.0; Win64; x64) AppleWebKit/537.36 (KHTML, like Gecko) Chrome/120.0.0.0 Safari/537.36"
20.63.97.61 - - [25/Mar/2026:06:06:23 -0400] "GET /admin.php HTTP/1.1" 404 1251 "-" "Mozilla/5.0 (Windows NT 10.0; Win64; x64) AppleWebKit/537.36 (KHTML, like Gecko) Chrome/120.0.0.0 Safari/537.36"
20.63.97.61 - - [25/Mar/2026:06:06:23 -0400] "GET /wp-content/uploads/index.php HTTP/1.1" 404 1251 "-" "Mozilla/5.0 (Windows NT 10.0; Win64; x64) AppleWebKit/537.36 (KHTML, like Gecko) Chrome/120.0.0.0 Safari/537.36"
20.63.97.61 - - [25/Mar/2026:06:06:23 -0400] "GET /cache.php HTTP/1.1" 404 1251 "-" "Mozilla/5.0 (Windows NT 10.0; Win64; x64) AppleWebKit/537.36 (KHTML, like Gecko) Chrome/120.0.0.0 Safari/537.36"
20.63.97.61 - - [25/Mar/2026:06:06:23 -0400] "GET /themes.php HTTP/1.1" 404 1251 "-" "Mozilla/5.0 (Windows NT 10.0; Win64; x64) AppleWebKit/537.36 (KHTML, like Gecko) Chrome/120.0.0.0 Safari/537.36"
20.63.97.61 - - [25/Mar/2026:06:06:23 -0400] "GET /an.php HTTP/1.1" 404 1251 "-" "Mozilla/5.0 (Windows NT 10.0; Win64; x64) AppleWebKit/537.36 (KHTML, like Gecko) Chrome/120.0.0.0 Safari/537.36"
20.63.97.61 - - [25/Mar/2026:06:06:23 -0400] "GET /index/function.php HTTP/1.1" 404 1251 "-" "Mozilla/5.0 (Windows NT 10.0; Win64; x64) AppleWebKit/537.36 (KHTML, like Gecko) Chrome/120.0.0.0 Safari/537.36"
20.63.97.61 - - [25/Mar/2026:06:06:23 -0400] "GET /randkeyword.PhP7 HTTP/1.1" 404 1251 "-" "Mozilla/5.0 (Windows NT 10.0; Win64; x64) AppleWebKit/537.36 (KHTML, like Gecko) Chrome/120.0.0.0 Safari/537.36"
20.63.97.61 - - [25/Mar/2026:06:06:23 -0400] "GET /ws.php HTTP/1.1" 404 1251 "-" "Mozilla/5.0 (Windows NT 10.0; Win64; x64) AppleWebKit/537.36 (KHTML, like Gecko) Chrome/120.0.0.0 Safari/537.36"
20.63.97.61 - - [25/Mar/2026:06:06:23 -0400] "GET /404.php HTTP/1.1" 200 2877 "-" "Mozilla/5.0 (Windows NT 10.0; Win64; x64) AppleWebKit/537.36 (KHTML, like Gecko) Chrome/120.0.0.0 Safari/537.36"
20.63.97.61 - - [25/Mar/2026:06:06:24 -0400] "GET /wp-admin/user/index.php HTTP/1.1" 404 1251 "-" "Mozilla/5.0 (Windows NT 10.0; Win64; x64) AppleWebKit/537.36 (KHTML, like Gecko) Chrome/120.0.0.0 Safari/537.36"
20.63.97.61 - - [25/Mar/2026:06:06:24 -0400] "GET /wp-conf.php HTTP/1.1" 404 1251 "-" "Mozilla/5.0 (Windows NT 10.0; Win64; x64) AppleWebKit/537.36 (KHTML, like Gecko) Chrome/120.0.0.0 Safari/537.36"
20.63.97.61 - - [25/Mar/2026:06:06:24 -0400] "GET /wp-content/themes/hideo/network.php HTTP/1.1" 404 1251 "-" "Mozilla/5.0 (Windows NT 10.0; Win64; x64) AppleWebKit/537.36 (KHTML, like Gecko) Chrome/120.0.0.0 Safari/537.36"
20.63.97.61 - - [25/Mar/2026:06:06:24 -0400] "GET /wp-login.php HTTP/1.1" 404 1251 "-" "Mozilla/5.0 (Windows NT 10.0; Win64; x64) AppleWebKit/537.36 (KHTML, like Gecko) Chrome/120.0.0.0 Safari/537.36"
20.63.97.61 - - [25/Mar/2026:06:06:24 -0400] "GET /abc.php HTTP/1.1" 404 1251 "-" "Mozilla/5.0 (Windows NT 10.0; Win64; x64) AppleWebKit/537.36 (KHTML, like Gecko) Chrome/120.0.0.0 Safari/537.36"
20.63.97.61 - - [25/Mar/2026:06:06:24 -0400] "GET /abcd.php HTTP/1.1" 404 1251 "-" "Mozilla/5.0 (Windows NT 10.0; Win64; x64) AppleWebKit/537.36 (KHTML, like Gecko) Chrome/120.0.0.0 Safari/537.36"
20.63.97.61 - - [25/Mar/2026:06:06:24 -0400] "GET /as.php HTTP/1.1" 404 1251 "-" "Mozilla/5.0 (Windows NT 10.0; Win64; x64) AppleWebKit/537.36 (KHTML, like Gecko) Chrome/120.0.0.0 Safari/537.36"
20.63.97.61 - - [25/Mar/2026:06:06:24 -0400] "GET /wp-trackback.php HTTP/1.1" 404 1251 "-" "Mozilla/5.0 (Windows NT 10.0; Win64; x64) AppleWebKit/537.36 (KHTML, like Gecko) Chrome/120.0.0.0 Safari/537.36"
20.63.97.61 - - [25/Mar/2026:06:06:24 -0400] "GET /about.php HTTP/1.1" 200 6355 "-" "Mozilla/5.0 (Windows NT 10.0; Win64; x64) AppleWebKit/537.36 (KHTML, like Gecko) Chrome/120.0.0.0 Safari/537.36"
20.63.97.61 - - [25/Mar/2026:06:06:24 -0400] "GET /file.php HTTP/1.1" 404 1251 "-" "Mozilla/5.0 (Windows NT 10.0; Win64; x64) AppleWebKit/537.36 (KHTML, like Gecko) Chrome/120.0.0.0 Safari/537.36"
20.63.97.61 - - [25/Mar/2026:06:06:24 -0400] "GET /adminfuns.php HTTP/1.1" 404 1251 "-" "Mozilla/5.0 (Windows NT 10.0; Win64; x64) AppleWebKit/537.36 (KHTML, like Gecko) Chrome/120.0.0.0 Safari/537.36"
20.63.97.61 - - [25/Mar/2026:06:06:24 -0400] "GET /wp-good.php HTTP/1.1" 404 1251 "-" "Mozilla/5.0 (Windows NT 10.0; Win64; x64) AppleWebKit/537.36 (KHTML, like Gecko) Chrome/120.0.0.0 Safari/537.36"
20.63.97.61 - - [25/Mar/2026:06:06:24 -0400] "GET /goods.php HTTP/1.1" 404 1251 "-" "Mozilla/5.0 (Windows NT 10.0; Win64; x64) AppleWebKit/537.36 (KHTML, like Gecko) Chrome/120.0.0.0 Safari/537.36"
20.63.97.61 - - [25/Mar/2026:06:06:25 -0400] "GET /class-t.api.php HTTP/1.1" 404 1251 "-" "Mozilla/5.0 (Windows NT 10.0; Win64; x64) AppleWebKit/537.36 (KHTML, like Gecko) Chrome/120.0.0.0 Safari/537.36"
20.63.97.61 - - [25/Mar/2026:06:06:25 -0400] "GET /sf.php HTTP/1.1" 404 1251 "-" "Mozilla/5.0 (Windows NT 10.0; Win64; x64) AppleWebKit/537.36 (KHTML, like Gecko) Chrome/120.0.0.0 Safari/537.36"
20.63.97.61 - - [25/Mar/2026:06:06:25 -0400] "GET /kbfr.php HTTP/1.1" 404 1251 "-" "Mozilla/5.0 (Windows NT 10.0; Win64; x64) AppleWebKit/537.36 (KHTML, like Gecko) Chrome/120.0.0.0 Safari/537.36"
20.63.97.61 - - [25/Mar/2026:06:06:25 -0400] "GET /autoload_classmap.php HTTP/1.1" 404 1251 "-" "Mozilla/5.0 (Windows NT 10.0; Win64; x64) AppleWebKit/537.36 (KHTML, like Gecko) Chrome/120.0.0.0 Safari/537.36"
20.63.97.61 - - [25/Mar/2026:06:06:25 -0400] "GET /chosen.php?p= HTTP/1.1" 404 1251 "-" "Mozilla/5.0 (Windows NT 10.0; Win64; x64) AppleWebKit/537.36 (KHTML, like Gecko) Chrome/120.0.0.0 Safari/537.36"
20.63.97.61 - - [25/Mar/2026:06:06:25 -0400] "GET /classwithtostring.php HTTP/1.1" 404 1251 "-" "Mozilla/5.0 (Windows NT 10.0; Win64; x64) AppleWebKit/537.36 (KHTML, like Gecko) Chrome/120.0.0.0 Safari/537.36"
20.63.97.61 - - [25/Mar/2026:06:06:25 -0400] "GET /defaults.php HTTP/1.1" 404 1251 "-" "Mozilla/5.0 (Windows NT 10.0; Win64; x64) AppleWebKit/537.36 (KHTML, like Gecko) Chrome/120.0.0.0 Safari/537.36"
20.63.97.61 - - [25/Mar/2026:06:06:25 -0400] "GET /wp-includes/ HTTP/1.1" 404 1251 "-" "Mozilla/5.0 (Windows NT 10.0; Win64; x64) AppleWebKit/537.36 (KHTML, like Gecko) Chrome/120.0.0.0 Safari/537.36"
20.63.97.61 - - [25/Mar/2026:06:06:25 -0400] "GET /.well-known/ HTTP/1.1" 200 615 "-" "Mozilla/5.0 (Windows NT 10.0; Win64; x64) AppleWebKit/537.36 (KHTML, like Gecko) Chrome/120.0.0.0 Safari/537.36"
20.63.97.61 - - [25/Mar/2026:06:06:25 -0400] "GET /info.php HTTP/1.1" 404 1251 "-" "Mozilla/5.0 (Windows NT 10.0; Win64; x64) AppleWebKit/537.36 (KHTML, like Gecko) Chrome/120.0.0.0 Safari/537.36"
20.63.97.61 - - [25/Mar/2026:06:06:25 -0400] "GET /cgi-bin/ HTTP/1.1" 404 1251 "-" "Mozilla/5.0 (Windows NT 10.0; Win64; x64) AppleWebKit/537.36 (KHTML, like Gecko) Chrome/120.0.0.0 Safari/537.36"
20.63.97.61 - - [25/Mar/2026:06:06:25 -0400] "GET /uploads/ HTTP/1.1" 404 1251 "-" "Mozilla/5.0 (Windows NT 10.0; Win64; x64) AppleWebKit/537.36 (KHTML, like Gecko) Chrome/120.0.0.0 Safari/537.36"
20.63.97.61 - - [25/Mar/2026:06:06:25 -0400] "GET /wp-admin/images/ HTTP/1.1" 404 1251 "-" "Mozilla/5.0 (Windows NT 10.0; Win64; x64) AppleWebKit/537.36 (KHTML, like Gecko) Chrome/120.0.0.0 Safari/537.36"
20.63.97.61 - - [25/Mar/2026:06:06:25 -0400] "GET /wp-includes/Requests/src/Response/about.php HTTP/1.1" 404 1251 "-" "Mozilla/5.0 (Windows NT 10.0; Win64; x64) AppleWebKit/537.36 (KHTML, like Gecko) Chrome/120.0.0.0 Safari/537.36"
20.63.97.61 - - [25/Mar/2026:06:06:25 -0400] "GET /wp-includes/html-api/ HTTP/1.1" 404 1251 "-" "Mozilla/5.0 (Windows NT 10.0; Win64; x64) AppleWebKit/537.36 (KHTML, like Gecko) Chrome/120.0.0.0 Safari/537.36"
20.63.97.61 - - [25/Mar/2026:06:06:26 -0400] "GET /wp-content/admin.php HTTP/1.1" 404 1251 "-" "Mozilla/5.0 (Windows NT 10.0; Win64; x64) AppleWebKit/537.36 (KHTML, like Gecko) Chrome/120.0.0.0 Safari/537.36"
20.63.97.61 - - [25/Mar/2026:06:06:26 -0400] "GET /wp-admin/css/colors/ectoplasm/ HTTP/1.1" 404 1251 "-" "Mozilla/5.0 (Windows NT 10.0; Win64; x64) AppleWebKit/537.36 (KHTML, like Gecko) Chrome/120.0.0.0 Safari/537.36"
20.63.97.61 - - [25/Mar/2026:06:06:26 -0400] "GET /wp-content/uploads/ HTTP/1.1" 404 1251 "-" "Mozilla/5.0 (Windows NT 10.0; Win64; x64) AppleWebKit/537.36 (KHTML, like Gecko) Chrome/120.0.0.0 Safari/537.36"
20.63.97.61 - - [25/Mar/2026:06:06:26 -0400] "GET /wp-content/themes/admin.php HTTP/1.1" 404 1251 "-" "Mozilla/5.0 (Windows NT 10.0; Win64; x64) AppleWebKit/537.36 (KHTML, like Gecko) Chrome/120.0.0.0 Safari/537.36"
20.63.97.61 - - [25/Mar/2026:06:06:26 -0400] "GET /wp-content/themes/index.php HTTP/1.1" 404 1251 "-" "Mozilla/5.0 (Windows NT 10.0; Win64; x64) AppleWebKit/537.36 (KHTML, like Gecko) Chrome/120.0.0.0 Safari/537.36"
20.63.97.61 - - [25/Mar/2026:06:06:26 -0400] "GET /wp-content/plugins/index.php HTTP/1.1" 404 1251 "-" "Mozilla/5.0 (Windows NT 10.0; Win64; x64) AppleWebKit/537.36 (KHTML, like Gecko) Chrome/120.0.0.0 Safari/537.36"
20.63.97.61 - - [25/Mar/2026:06:06:26 -0400] "GET /wp-includes/PHPMailer/ HTTP/1.1" 404 1251 "-" "Mozilla/5.0 (Windows NT 10.0; Win64; x64) AppleWebKit/537.36 (KHTML, like Gecko) Chrome/120.0.0.0 Safari/537.36"
20.63.97.61 - - [25/Mar/2026:06:06:26 -0400] "GET /wp-includes/images/ HTTP/1.1" 404 1251 "-" "Mozilla/5.0 (Windows NT 10.0; Win64; x64) AppleWebKit/537.36 (KHTML, like Gecko) Chrome/120.0.0.0 Safari/537.36"
20.63.97.61 - - [25/Mar/2026:06:06:26 -0400] "GET /wp-content/plugins/WordPressCore/ HTTP/1.1" 404 1251 "-" "Mozilla/5.0 (Windows NT 10.0; Win64; x64) AppleWebKit/537.36 (KHTML, like Gecko) Chrome/120.0.0.0 Safari/537.36"
1.38.141.199 - - [25/Mar/2026:06:06:43 -0400] "GET /mera_ration/ HTTP/1.1" 200 738 "-" "QR Scanner Android"
223.181.24.210 - - [25/Mar/2026:06:07:11 -0400] "GET /mera_ration/ HTTP/1.1" 200 738 "-" "QR Scanner Android"
223.181.24.210 - - [25/Mar/2026:06:07:17 -0400] "GET /mera_ration/ HTTP/1.1" 200 527 "-" "Mozilla/5.0 (Linux; Android 10; K) AppleWebKit/537.36 (KHTML, like Gecko) Chrome/146.0.0.0 Mobile Safari/537.36"
223.181.24.210 - - [25/Mar/2026:06:07:17 -0400] "GET /favicon.ico HTTP/1.1" 404 1251 "https://www.ankurmedia.com/mera_ration/" "Mozilla/5.0 (Linux; Android 10; K) AppleWebKit/537.36 (KHTML, like Gecko) Chrome/146.0.0.0 Mobile Safari/537.36"
223.181.24.210 - - [25/Mar/2026:06:07:49 -0400] "GET /favicon.ico HTTP/1.1" 404 1251 "https://www.ankurmedia.com/mera_ration/" "Mozilla/5.0 (Linux; Android 10; K) AppleWebKit/537.36 (KHTML, like Gecko) Chrome/146.0.0.0 Mobile Safari/537.36"
15.207.181.9 - - [25/Mar/2026:06:09:39 -0400] "HEAD /mera_ration/ HTTP/1.1" 200 0 "-" "Mozilla/5.0 (Windows NT 10.0; Win64; x64) AppleWebKit/537.36 (KHTML, like Gecko) Chrome/96.0.4664.110 Safari/537.36"
92.255.64.94 - - [25/Mar/2026:06:10:09 -0400] "GET /mera_ration/ HTTP/1.1" 200 527 "-" "Mozilla/5.0 (Windows NT 10.0; Win64; x64) AppleWebKit/537.36 (KHTML, like Gecko) Chrome/142.0.7444.162 Safari/537.36"
51.195.130.157 - - [25/Mar/2026:06:10:10 -0400] "GET /mera_ration/ HTTP/1.1" 200 527 "-" "Mozilla/5.0 (Windows NT 10.0; Win64; x64) AppleWebKit/537.36 (KHTML, like Gecko) Chrome/142.0.7444.162 Safari/537.36"
54.81.20.153 - - [25/Mar/2026:06:10:17 -0400] "GET /mera_ration/ HTTP/1.1" 200 527 "-" "Mozilla/5.0 (Windows NT 10.0; Win64; x64) AppleWebKit/537.36 (KHTML, like Gecko) Chrome/118.0.0.0 Safari/537.36"
54.81.20.153 - - [25/Mar/2026:06:10:20 -0400] "GET /favicon.ico HTTP/1.1" 404 1251 "-" "Mozilla/5.0 (X11; Linux x86_64) AppleWebKit/537.36 (KHTML, like Gecko) Chrome/63.0.3239.108 Safari/537.36"
34.216.108.124 - - [25/Mar/2026:06:11:01 -0400] "GET /mera_ration/ HTTP/1.1" 200 1143 "-" "Mozilla/5.0 (Windows NT 10.0; Win64; x64) AppleWebKit/537.36 (KHTML, like Gecko) Chrome/113.0.0.0 Safari/537.36"
15.207.181.9 - - [25/Mar/2026:06:13:22 -0400] "HEAD /mera_ration/ HTTP/1.1" 200 0 "-" "Mozilla/5.0 (Windows NT 10.0; Win64; x64) AppleWebKit/537.36 (KHTML, like Gecko) Chrome/96.0.4664.110 Safari/537.36"
203.127.89.193 - - [25/Mar/2026:06:13:27 -0400] "GET /mera_ration/ HTTP/1.1" 200 738 "-" "Mozilla/5.0 (Windows NT 10.0; Win64; x64) AppleWebKit/537.36 (KHTML, like Gecko) Chrome/127.0.0.0 Safari/537.36"
203.127.89.193 - - [25/Mar/2026:06:14:00 -0400] "GET /mera_ration/ HTTP/1.1" 200 738 "-" "Mozilla/5.0 (Windows NT 10.0; Win64; x64) AppleWebKit/537.36 (KHTML, like Gecko) Chrome/127.0.0.0 Safari/537.36"
106.205.154.95 - - [25/Mar/2026:06:14:40 -0400] "GET /favicon.ico HTTP/1.1" 404 1251 "https://www.ankurmedia.com/mera_ration/" "Mozilla/5.0 (Linux; Android 10; K) AppleWebKit/537.36 (KHTML, like Gecko) Chrome/146.0.0.0 Mobile Safari/537.36"
18.206.67.206 - - [25/Mar/2026:06:14:42 -0400] "HEAD /mera_ration/ HTTP/1.1" 200 0 "-" "Mozilla/5.0 (Windows NT 10.0; Win64; x64) AppleWebKit/537.36 (KHTML, like Gecko) Chrome/96.0.4664.110 Safari/537.36"
18.210.66.86 - - [25/Mar/2026:06:15:36 -0400] "HEAD /mera_ration/ HTTP/1.1" 200 0 "-" "Mozilla/5.0 (Windows NT 10.0; Win64; x64) AppleWebKit/537.36 (KHTML, like Gecko) Chrome/96.0.4664.110 Safari/537.36"
15.207.93.54 - - [25/Mar/2026:06:16:38 -0400] "HEAD /mera_ration/ HTTP/1.1" 200 0 "-" "Mozilla/5.0 (Windows NT 10.0; Win64; x64) AppleWebKit/537.36 (KHTML, like Gecko) Chrome/96.0.4664.110 Safari/537.36"
1.38.141.199 - - [25/Mar/2026:06:17:03 -0400] "GET /mera_ration/ HTTP/1.1" 200 738 "-" "QR Scanner Android"
1.38.141.199 - - [25/Mar/2026:06:17:04 -0400] "GET /mera_ration/ HTTP/1.1" 200 738 "-" "QR Scanner Android"
1.38.141.199 - - [25/Mar/2026:06:17:04 -0400] "GET /mera_ration/ HTTP/1.1" 200 738 "-" "QR Scanner Android"
15.207.93.54 - - [25/Mar/2026:06:17:05 -0400] "HEAD /mera_ration/ HTTP/1.1" 200 0 "-" "Mozilla/5.0 (Windows NT 10.0; Win64; x64) AppleWebKit/537.36 (KHTML, like Gecko) Chrome/96.0.4664.110 Safari/537.36"
1.38.141.199 - - [25/Mar/2026:06:17:06 -0400] "GET /mera_ration/ HTTP/1.1" 200 738 "-" "QR Scanner Android"
15.207.181.9 - - [25/Mar/2026:06:17:17 -0400] "HEAD /mera_ration/ HTTP/1.1" 200 0 "-" "Mozilla/5.0 (Windows NT 10.0; Win64; x64) AppleWebKit/537.36 (KHTML, like Gecko) Chrome/96.0.4664.110 Safari/537.36"
103.214.115.94 - - [25/Mar/2026:06:17:34 -0400] "GET /careers.php HTTP/1.1" 200 47246 "-" "Mozilla/5.0 (X11; Linux x86_64) AppleWebKit/537.36 (KHTML, like Gecko) Chrome/131.0.0.0 Safari/537.36"
18.206.67.206 - - [25/Mar/2026:06:17:51 -0400] "HEAD /mera_ration/ HTTP/1.1" 200 0 "-" "Mozilla/5.0 (Windows NT 10.0; Win64; x64) AppleWebKit/537.36 (KHTML, like Gecko) Chrome/96.0.4664.110 Safari/537.36"
18.206.67.206 - - [25/Mar/2026:06:18:39 -0400] "HEAD /mera_ration/ HTTP/1.1" 200 0 "-" "Mozilla/5.0 (Windows NT 10.0; Win64; x64) AppleWebKit/537.36 (KHTML, like Gecko) Chrome/96.0.4664.110 Safari/537.36"
106.192.161.121 - - [25/Mar/2026:06:18:56 -0400] "GET /mera_ration/ HTTP/1.1" 200 527 "-" "Mozilla/5.0 (Linux; Android 10; K) AppleWebKit/537.36 (KHTML, like Gecko) Chrome/145.0.0.0 Mobile Safari/537.36"
106.192.161.121 - - [25/Mar/2026:06:18:57 -0400] "GET /favicon.ico HTTP/1.1" 404 1251 "https://www.ankurmedia.com/mera_ration/" "Mozilla/5.0 (Linux; Android 10; K) AppleWebKit/537.36 (KHTML, like Gecko) Chrome/145.0.0.0 Mobile Safari/537.36"
15.207.181.9 - - [25/Mar/2026:06:19:06 -0400] "HEAD /mera_ration/ HTTP/1.1" 200 0 "-" "Mozilla/5.0 (Windows NT 10.0; Win64; x64) AppleWebKit/537.36 (KHTML, like Gecko) Chrome/96.0.4664.110 Safari/537.36"
3.109.77.251 - - [25/Mar/2026:06:19:09 -0400] "HEAD /mera_ration/ HTTP/1.1" 200 0 "-" "Mozilla/5.0 (Windows NT 10.0; Win64; x64) AppleWebKit/537.36 (KHTML, like Gecko) Chrome/96.0.4664.110 Safari/537.36"
152.56.134.32 - - [25/Mar/2026:06:19:36 -0400] "GET /mera_ration/ HTTP/1.1" 200 527 "-" "Mozilla/5.0 (Linux; Android 10; K) AppleWebKit/537.36 (KHTML, like Gecko) Chrome/146.0.0.0 Mobile Safari/537.36"
152.56.134.32 - - [25/Mar/2026:06:19:36 -0400] "GET /favicon.ico HTTP/1.1" 404 1251 "https://www.ankurmedia.com/mera_ration/" "Mozilla/5.0 (Linux; Android 10; K) AppleWebKit/537.36 (KHTML, like Gecko) Chrome/146.0.0.0 Mobile Safari/537.36"
34.196.221.151 - - [25/Mar/2026:06:23:19 -0400] "HEAD /mera_ration/ HTTP/1.1" 200 0 "-" "Mozilla/5.0 (Windows NT 10.0; Win64; x64) AppleWebKit/537.36 (KHTML, like Gecko) Chrome/96.0.4664.110 Safari/537.36"
18.210.66.86 - - [25/Mar/2026:06:23:50 -0400] "HEAD /mera_ration/ HTTP/1.1" 200 0 "-" "Mozilla/5.0 (Windows NT 10.0; Win64; x64) AppleWebKit/537.36 (KHTML, like Gecko) Chrome/96.0.4664.110 Safari/537.36"
157.50.89.143 - - [25/Mar/2026:06:25:03 -0400] "GET /mera_ration/ HTTP/1.1" 200 527 "android-app://com.google.android.googlequicksearchbox/" "Mozilla/5.0 (Linux; Android 10; K) AppleWebKit/537.36 (KHTML, like Gecko) Chrome/146.0.0.0 Mobile Safari/537.36 EdgA/146.0.0.0"
157.50.89.143 - - [25/Mar/2026:06:25:04 -0400] "GET /favicon.ico HTTP/1.1" 404 1251 "https://www.ankurmedia.com/mera_ration/" "Mozilla/5.0 (Linux; Android 10; K) AppleWebKit/537.36 (KHTML, like Gecko) Chrome/146.0.0.0 Mobile Safari/537.36 EdgA/146.0.0.0"
15.207.181.9 - - [25/Mar/2026:06:25:51 -0400] "HEAD /mera_ration/ HTTP/1.1" 200 0 "-" "Mozilla/5.0 (Windows NT 10.0; Win64; x64) AppleWebKit/537.36 (KHTML, like Gecko) Chrome/96.0.4664.110 Safari/537.36"
15.207.93.54 - - [25/Mar/2026:06:30:14 -0400] "HEAD /mera_ration/ HTTP/1.1" 200 0 "-" "Mozilla/5.0 (Windows NT 10.0; Win64; x64) AppleWebKit/537.36 (KHTML, like Gecko) Chrome/96.0.4664.110 Safari/537.36"
15.207.181.9 - - [25/Mar/2026:06:31:19 -0400] "HEAD /mera_ration/ HTTP/1.1" 200 0 "-" "Mozilla/5.0 (Windows NT 10.0; Win64; x64) AppleWebKit/537.36 (KHTML, like Gecko) Chrome/96.0.4664.110 Safari/537.36"
3.109.77.251 - - [25/Mar/2026:06:31:20 -0400] "HEAD /mera_ration/ HTTP/1.1" 200 0 "-" "Mozilla/5.0 (Windows NT 10.0; Win64; x64) AppleWebKit/537.36 (KHTML, like Gecko) Chrome/96.0.4664.110 Safari/537.36"
117.99.233.215 - - [25/Mar/2026:06:32:39 -0400] "GET /mera_ration/ HTTP/1.1" 200 527 "-" "Mozilla/5.0 (Linux; Android 10; K) AppleWebKit/537.36 (KHTML, like Gecko) Chrome/146.0.0.0 Mobile Safari/537.36"
117.99.233.215 - - [25/Mar/2026:06:32:40 -0400] "GET /favicon.ico HTTP/1.1" 404 1251 "https://www.ankurmedia.com/mera_ration/" "Mozilla/5.0 (Linux; Android 10; K) AppleWebKit/537.36 (KHTML, like Gecko) Chrome/146.0.0.0 Mobile Safari/537.36"
18.210.66.86 - - [25/Mar/2026:06:32:45 -0400] "HEAD /mera_ration/ HTTP/1.1" 200 0 "-" "Mozilla/5.0 (Windows NT 10.0; Win64; x64) AppleWebKit/537.36 (KHTML, like Gecko) Chrome/96.0.4664.110 Safari/537.36"
18.206.67.206 - - [25/Mar/2026:06:33:04 -0400] "HEAD /mera_ration/ HTTP/1.1" 200 0 "-" "Mozilla/5.0 (Windows NT 10.0; Win64; x64) AppleWebKit/537.36 (KHTML, like Gecko) Chrome/96.0.4664.110 Safari/537.36"
74.224.61.19 - - [25/Mar/2026:06:33:33 -0400] "GET /mera_ration/ HTTP/1.1" 200 527 "-" "Mozilla/5.0 (Windows NT 10.0; Win64; x64) AppleWebKit/537.36 (KHTML, like Gecko) Chrome/142.0.7444.162 Safari/537.36"
74.224.61.19 - - [25/Mar/2026:06:33:35 -0400] "GET /favicon.ico HTTP/1.1" 404 1251 "https://www.ankurmedia.com/mera_ration/" "Mozilla/5.0 (Windows NT 10.0; Win64; x64) AppleWebKit/537.36 (KHTML, like Gecko) Chrome/142.0.7444.162 Safari/537.36"
18.206.67.206 - - [25/Mar/2026:06:34:48 -0400] "HEAD /mera_ration/ HTTP/1.1" 200 0 "-" "Mozilla/5.0 (Windows NT 10.0; Win64; x64) AppleWebKit/537.36 (KHTML, like Gecko) Chrome/96.0.4664.110 Safari/537.36"
18.206.67.206 - - [25/Mar/2026:06:35:41 -0400] "HEAD /mera_ration/ HTTP/1.1" 200 0 "-" "Mozilla/5.0 (Windows NT 10.0; Win64; x64) AppleWebKit/537.36 (KHTML, like Gecko) Chrome/96.0.4664.110 Safari/537.36"
43.225.189.75 - - [25/Mar/2026:06:35:49 -0400] "GET /contact.php HTTP/1.1" 200 6615 "-" "Mozilla/5.0 (Windows NT 10.0; Win64; x64) AppleWebKit/537.36 (KHTML, like Gecko) Chrome/114.0.0.0 Safari/537.36 OPR/89.0.4447.51"
43.225.189.75 - - [25/Mar/2026:06:35:58 -0400] "POST /contact.php HTTP/1.1" 200 6683 "https://www.ankurmedia.com/contact.php" "Mozilla/5.0 (Windows NT 10.0; Win64; x64) AppleWebKit/537.36 (KHTML, like Gecko) Chrome/114.0.0.0 Safari/537.36 OPR/89.0.4447.51"
216.73.216.35 - - [25/Mar/2026:06:36:15 -0400] "GET /robots.txt HTTP/1.1" 200 15552 "-" "Mozilla/5.0 AppleWebKit/537.36 (KHTML, like Gecko; compatible; ClaudeBot/1.0; +claudebot@anthropic.com)"
216.73.216.35 - - [25/Mar/2026:06:36:15 -0400] "GET /sitemap.xml HTTP/1.1" 200 15552 "-" "Mozilla/5.0 AppleWebKit/537.36 (KHTML, like Gecko; compatible; ClaudeBot/1.0; +claudebot@anthropic.com)"
152.58.63.34 - - [25/Mar/2026:06:36:57 -0400] "GET /mera_ration/ HTTP/1.1" 200 527 "-" "Mozilla/5.0 (Linux; Android 10; K) AppleWebKit/537.36 (KHTML, like Gecko) Chrome/146.0.0.0 Mobile Safari/537.36"
18.206.67.206 - - [25/Mar/2026:06:37:08 -0400] "HEAD /mera_ration/ HTTP/1.1" 200 0 "-" "Mozilla/5.0 (Windows NT 10.0; Win64; x64) AppleWebKit/537.36 (KHTML, like Gecko) Chrome/96.0.4664.110 Safari/537.36"
18.206.67.206 - - [25/Mar/2026:06:37:12 -0400] "HEAD /mera_ration/ HTTP/1.1" 200 0 "-" "Mozilla/5.0 (Windows NT 10.0; Win64; x64) AppleWebKit/537.36 (KHTML, like Gecko) Chrome/96.0.4664.110 Safari/537.36"
169.148.178.7 - - [25/Mar/2026:06:38:15 -0400] "GET /mera_ration/ HTTP/1.1" 200 738 "-" "Mozilla/5.0 (Windows NT 10.0; Win64; x64) AppleWebKit/537.36 (KHTML, like Gecko) Chrome/121.0.0.0 Safari/537.36"
169.148.178.7 - - [25/Mar/2026:06:38:16 -0400] "GET /mera_ration/ HTTP/1.1" 200 738 "-" "Mozilla/5.0 (X11; Linux x86_64) AppleWebKit/537.36 (KHTML, like Gecko) Chrome/130.0.0.0 Safari/537.36"
49.37.115.255 - - [25/Mar/2026:06:40:07 -0400] "GET /favicon.ico HTTP/1.1" 404 1251 "https://www.ankurmedia.com/mera_ration/" "Mozilla/5.0 (Linux; Android 10; K) AppleWebKit/537.36 (KHTML, like Gecko) Chrome/145.0.0.0 Mobile Safari/537.36"
15.207.181.9 - - [25/Mar/2026:06:40:14 -0400] "HEAD /mera_ration/ HTTP/1.1" 200 0 "-" "Mozilla/5.0 (Windows NT 10.0; Win64; x64) AppleWebKit/537.36 (KHTML, like Gecko) Chrome/96.0.4664.110 Safari/537.36"
223.187.132.150 - - [25/Mar/2026:06:43:59 -0400] "GET /mera_ration/ HTTP/1.1" 200 527 "-" "Mozilla/5.0 (Linux; Android 10; K) AppleWebKit/537.36 (KHTML, like Gecko) Chrome/146.0.0.0 Mobile Safari/537.36"
223.187.132.150 - - [25/Mar/2026:06:44:00 -0400] "GET /favicon.ico HTTP/1.1" 404 1251 "https://www.ankurmedia.com/mera_ration/" "Mozilla/5.0 (Linux; Android 10; K) AppleWebKit/537.36 (KHTML, like Gecko) Chrome/146.0.0.0 Mobile Safari/537.36"
18.218.206.22 - - [25/Mar/2026:06:44:33 -0400] "GET /ads.txt HTTP/1.1" 404 1251 "-" "PGAM-AdsTxt-API/0.7 (+https://pgammedia.com)"
18.218.206.22 - - [25/Mar/2026:06:44:33 -0400] "GET /ads.txt HTTP/1.1" 404 1251 "-" "PGAM-AdsTxt-API/0.7 (+https://pgammedia.com)"
157.34.231.71 - - [25/Mar/2026:06:44:34 -0400] "GET /mera_ration/ HTTP/1.1" 200 527 "-" "Mozilla/5.0 (Linux; Android 10; K) AppleWebKit/537.36 (KHTML, like Gecko) Chrome/145.0.0.0 Mobile Safari/537.36"
157.34.231.71 - - [25/Mar/2026:06:44:34 -0400] "GET /favicon.ico HTTP/1.1" 404 1251 "https://www.ankurmedia.com/mera_ration/" "Mozilla/5.0 (Linux; Android 10; K) AppleWebKit/537.36 (KHTML, like Gecko) Chrome/145.0.0.0 Mobile Safari/537.36"
207.46.13.102 - - [25/Mar/2026:06:46:58 -0400] "GET /images/exhibitions/independence-day6-2024.jpg HTTP/1.1" 200 15552 "-" "Mozilla/5.0 AppleWebKit/537.36 (KHTML, like Gecko; compatible; bingbot/2.0; +http://www.bing.com/bingbot.htm) Chrome/116.0.1938.76 Safari/537.36"
152.58.190.61 - - [25/Mar/2026:06:50:52 -0400] "GET /favicon.ico HTTP/1.1" 404 1251 "https://www.ankurmedia.com/mera_ration/" "Mozilla/5.0 (Linux; Android 10; K) AppleWebKit/537.36 (KHTML, like Gecko) Chrome/145.0.0.0 Mobile Safari/537.36"
15.207.93.54 - - [25/Mar/2026:06:52:10 -0400] "HEAD /mera_ration/ HTTP/1.1" 200 0 "-" "Mozilla/5.0 (Windows NT 10.0; Win64; x64) AppleWebKit/537.36 (KHTML, like Gecko) Chrome/96.0.4664.110 Safari/537.36"
15.207.93.54 - - [25/Mar/2026:06:52:24 -0400] "HEAD /mera_ration/ HTTP/1.1" 200 0 "-" "Mozilla/5.0 (Windows NT 10.0; Win64; x64) AppleWebKit/537.36 (KHTML, like Gecko) Chrome/96.0.4664.110 Safari/537.36"
