15.235.96.156 - - [24/Mar/2026:23:38:18 -0400] "GET /images/services/?NA HTTP/1.1" 200 15552 "-" "Mozilla/5.0 (compatible; AhrefsBot/7.0; +http://ahrefs.com/robot/)"
106.219.216.191 - - [24/Mar/2026:23:39:02 -0400] "GET /mera_ration/ HTTP/1.1" 200 527 "-" "Mozilla/5.0 (Linux; Android 10; K) AppleWebKit/537.36 (KHTML, like Gecko) Chrome/146.0.0.0 Mobile Safari/537.36"
106.219.216.191 - - [24/Mar/2026:23:39:02 -0400] "GET /favicon.ico HTTP/1.1" 404 1251 "https://www.ankurmedia.com/mera_ration/" "Mozilla/5.0 (Linux; Android 10; K) AppleWebKit/537.36 (KHTML, like Gecko) Chrome/146.0.0.0 Mobile Safari/537.36"
3.109.77.251 - - [24/Mar/2026:23:39:49 -0400] "HEAD /mera_ration/ HTTP/1.1" 200 0 "-" "Mozilla/5.0 (Windows NT 10.0; Win64; x64) AppleWebKit/537.36 (KHTML, like Gecko) Chrome/96.0.4664.110 Safari/537.36"
106.219.216.191 - - [24/Mar/2026:23:40:19 -0400] "GET /favicon.ico HTTP/1.1" 404 1251 "https://www.ankurmedia.com/mera_ration/" "Mozilla/5.0 (Linux; Android 10; K) AppleWebKit/537.36 (KHTML, like Gecko) Chrome/146.0.0.0 Mobile Safari/537.36"
18.210.66.86 - - [24/Mar/2026:23:41:24 -0400] "HEAD /mera_ration/ HTTP/1.1" 200 0 "-" "Mozilla/5.0 (Windows NT 10.0; Win64; x64) AppleWebKit/537.36 (KHTML, like Gecko) Chrome/96.0.4664.110 Safari/537.36"
18.206.67.206 - - [24/Mar/2026:23:41:50 -0400] "HEAD /mera_ration/ HTTP/1.1" 200 0 "-" "Mozilla/5.0 (Windows NT 10.0; Win64; x64) AppleWebKit/537.36 (KHTML, like Gecko) Chrome/96.0.4664.110 Safari/537.36"
18.210.66.86 - - [24/Mar/2026:23:42:04 -0400] "HEAD /mera_ration/ HTTP/1.1" 200 0 "-" "Mozilla/5.0 (Windows NT 10.0; Win64; x64) AppleWebKit/537.36 (KHTML, like Gecko) Chrome/96.0.4664.110 Safari/537.36"
152.58.180.182 - - [24/Mar/2026:23:42:35 -0400] "GET /mera_ration/ HTTP/1.1" 200 527 "-" "Mozilla/5.0 (Linux; Android 10; K) AppleWebKit/537.36 (KHTML, like Gecko) Chrome/127.0.0.0 Mobile Safari/537.36"
152.58.180.182 - - [24/Mar/2026:23:42:35 -0400] "GET /favicon.ico HTTP/1.1" 404 1251 "https://www.ankurmedia.com/mera_ration/" "Mozilla/5.0 (Linux; Android 10; K) AppleWebKit/537.36 (KHTML, like Gecko) Chrome/127.0.0.0 Mobile Safari/537.36"
52.66.50.132 - - [24/Mar/2026:23:43:09 -0400] "GET /mera_ration/ HTTP/1.1" 200 1143 "-" "-"
52.66.50.132 - - [24/Mar/2026:23:43:09 -0400] "GET /mera_ration/ HTTP/1.1" 200 527 "-" "Mozilla/5.0 (Macintosh; Intel Mac OS X 10_15_3) AppleWebKit/537.36 (KHTML, like Gecko) Chrome/80.0.3987.132 Safari/537.36"
106.192.196.206 - - [24/Mar/2026:23:44:40 -0400] "GET /mera_ration/ HTTP/1.1" 200 527 "-" "Mozilla/5.0 (Linux; Android 10; K) AppleWebKit/537.36 (KHTML, like Gecko) Chrome/145.0.0.0 Mobile Safari/537.36"
106.192.196.206 - - [24/Mar/2026:23:44:40 -0400] "GET /favicon.ico HTTP/1.1" 404 1251 "https://www.ankurmedia.com/mera_ration/" "Mozilla/5.0 (Linux; Android 10; K) AppleWebKit/537.36 (KHTML, like Gecko) Chrome/145.0.0.0 Mobile Safari/537.36"
157.50.89.25 - - [24/Mar/2026:23:48:53 -0400] "GET /mera_ration/ HTTP/1.1" 200 527 "-" "Mozilla/5.0 (Linux; Android 10; K) AppleWebKit/537.36 (KHTML, like Gecko) Chrome/146.0.0.0 Mobile Safari/537.36"
157.50.89.25 - - [24/Mar/2026:23:48:53 -0400] "GET /favicon.ico HTTP/1.1" 404 1251 "https://www.ankurmedia.com/mera_ration/" "Mozilla/5.0 (Linux; Android 10; K) AppleWebKit/537.36 (KHTML, like Gecko) Chrome/146.0.0.0 Mobile Safari/537.36"
3.109.77.251 - - [24/Mar/2026:23:48:57 -0400] "HEAD /mera_ration/ HTTP/1.1" 200 0 "-" "Mozilla/5.0 (Windows NT 10.0; Win64; x64) AppleWebKit/537.36 (KHTML, like Gecko) Chrome/96.0.4664.110 Safari/537.36"
157.50.89.25 - - [24/Mar/2026:23:49:18 -0400] "GET /favicon.ico HTTP/1.1" 404 1251 "https://www.ankurmedia.com/mera_ration/" "Mozilla/5.0 (Linux; Android 10; K) AppleWebKit/537.36 (KHTML, like Gecko) Chrome/146.0.0.0 Mobile Safari/537.36"
3.109.77.251 - - [24/Mar/2026:23:49:21 -0400] "HEAD /mera_ration/ HTTP/1.1" 200 0 "-" "Mozilla/5.0 (Windows NT 10.0; Win64; x64) AppleWebKit/537.36 (KHTML, like Gecko) Chrome/96.0.4664.110 Safari/537.36"
152.59.182.129 - - [24/Mar/2026:23:53:36 -0400] "GET /mera_ration/ HTTP/1.1" 200 527 "-" "Mozilla/5.0 (iPhone; CPU iPhone OS 18_7 like Mac OS X) AppleWebKit/605.1.15 (KHTML, like Gecko) Version/26.3 Mobile/15E148 Safari/604.1"
45.227.253.162 - - [24/Mar/2026:23:54:15 -0400] "GET / HTTP/1.1" 200 6899 "-" "Mozilla/5.0 (Macintosh; Intel Mac OS X 10_15_7) AppleWebKit/537.36 (KHTML, like Gecko) Chrome/120.0.0.0 Safari/537.36"
18.206.67.206 - - [24/Mar/2026:23:55:07 -0400] "HEAD /mera_ration/ HTTP/1.1" 200 0 "-" "Mozilla/5.0 (Windows NT 10.0; Win64; x64) AppleWebKit/537.36 (KHTML, like Gecko) Chrome/96.0.4664.110 Safari/537.36"
18.210.66.86 - - [24/Mar/2026:23:55:14 -0400] "HEAD /mera_ration/ HTTP/1.1" 200 0 "-" "Mozilla/5.0 (Windows NT 10.0; Win64; x64) AppleWebKit/537.36 (KHTML, like Gecko) Chrome/96.0.4664.110 Safari/537.36"
3.109.77.251 - - [24/Mar/2026:23:55:28 -0400] "HEAD /mera_ration/ HTTP/1.1" 200 0 "-" "Mozilla/5.0 (Windows NT 10.0; Win64; x64) AppleWebKit/537.36 (KHTML, like Gecko) Chrome/96.0.4664.110 Safari/537.36"
3.109.77.251 - - [24/Mar/2026:23:55:30 -0400] "HEAD /mera_ration/ HTTP/1.1" 200 0 "-" "Mozilla/5.0 (Windows NT 10.0; Win64; x64) AppleWebKit/537.36 (KHTML, like Gecko) Chrome/96.0.4664.110 Safari/537.36"
34.196.221.151 - - [24/Mar/2026:23:56:57 -0400] "HEAD /mera_ration/ HTTP/1.1" 200 0 "-" "Mozilla/5.0 (Windows NT 10.0; Win64; x64) AppleWebKit/537.36 (KHTML, like Gecko) Chrome/96.0.4664.110 Safari/537.36"
18.206.67.206 - - [24/Mar/2026:23:57:20 -0400] "HEAD /mera_ration/ HTTP/1.1" 200 0 "-" "Mozilla/5.0 (Windows NT 10.0; Win64; x64) AppleWebKit/537.36 (KHTML, like Gecko) Chrome/96.0.4664.110 Safari/537.36"
106.219.190.170 - - [25/Mar/2026:00:00:37 -0400] "GET /mera_ration/ HTTP/1.1" 200 527 "-" "Mozilla/5.0 (Linux; Android 10; K) AppleWebKit/537.36 (KHTML, like Gecko) Chrome/145.0.0.0 Mobile Safari/537.36"
106.219.190.170 - - [25/Mar/2026:00:00:38 -0400] "GET /favicon.ico HTTP/1.1" 404 1251 "https://www.ankurmedia.com/mera_ration/" "Mozilla/5.0 (Linux; Android 10; K) AppleWebKit/537.36 (KHTML, like Gecko) Chrome/145.0.0.0 Mobile Safari/537.36"
18.206.67.206 - - [25/Mar/2026:00:02:19 -0400] "HEAD /mera_ration/ HTTP/1.1" 200 0 "-" "Mozilla/5.0 (Windows NT 10.0; Win64; x64) AppleWebKit/537.36 (KHTML, like Gecko) Chrome/96.0.4664.110 Safari/537.36"
34.196.221.151 - - [25/Mar/2026:00:03:27 -0400] "HEAD /mera_ration/ HTTP/1.1" 200 0 "-" "Mozilla/5.0 (Windows NT 10.0; Win64; x64) AppleWebKit/537.36 (KHTML, like Gecko) Chrome/96.0.4664.110 Safari/537.36"
154.84.253.10 - - [25/Mar/2026:00:07:49 -0400] "GET /mera_ration/ HTTP/1.1" 200 527 "-" "Mozilla/5.0 (iPhone; CPU iPhone OS 18_7 like Mac OS X) AppleWebKit/605.1.15 (KHTML, like Gecko) Version/26.3 Mobile/15E148 Safari/604.1"
49.42.144.202 - - [25/Mar/2026:00:11:11 -0400] "GET /mera_ration/ HTTP/1.1" 200 527 "-" "Mozilla/5.0 (Linux; Android 10; K) AppleWebKit/537.36 (KHTML, like Gecko) Chrome/146.0.0.0 Mobile Safari/537.36"
49.42.144.202 - - [25/Mar/2026:00:11:11 -0400] "GET /favicon.ico HTTP/1.1" 404 1251 "https://www.ankurmedia.com/mera_ration/" "Mozilla/5.0 (Linux; Android 10; K) AppleWebKit/537.36 (KHTML, like Gecko) Chrome/146.0.0.0 Mobile Safari/537.36"
173.244.42.163 - - [25/Mar/2026:00:11:58 -0400] "GET / HTTP/1.1" 200 6899 "-" "Mozilla/5.0 (Windows; U; Windows NT 6.1; en-US; rv:1.9.1.5) Gecko/20091102 Firefox/3.5.5 (.NET CLR 3.5.30729)"
54.253.157.231 - - [25/Mar/2026:00:15:33 -0400] "HEAD /mera_ration/ HTTP/1.1" 200 0 "-" "Mozilla/5.0 (Windows NT 10.0; Win64; x64) AppleWebKit/537.36 (KHTML, like Gecko) Chrome/96.0.4664.110 Safari/537.36"
18.206.67.206 - - [25/Mar/2026:00:19:06 -0400] "HEAD /mera_ration/ HTTP/1.1" 200 0 "-" "Mozilla/5.0 (Windows NT 10.0; Win64; x64) AppleWebKit/537.36 (KHTML, like Gecko) Chrome/96.0.4664.110 Safari/537.36"
54.72.206.215 - - [25/Mar/2026:00:20:18 -0400] "HEAD /mera_ration/ HTTP/1.1" 200 0 "-" "Mozilla/5.0 (Windows NT 10.0; Win64; x64) AppleWebKit/537.36 (KHTML, like Gecko) Chrome/96.0.4664.110 Safari/537.36"
18.206.67.206 - - [25/Mar/2026:00:22:27 -0400] "HEAD /mera_ration/ HTTP/1.1" 200 0 "-" "Mozilla/5.0 (Windows NT 10.0; Win64; x64) AppleWebKit/537.36 (KHTML, like Gecko) Chrome/96.0.4664.110 Safari/537.36"
49.34.240.113 - - [25/Mar/2026:00:22:40 -0400] "GET /mera_ration/ HTTP/1.1" 200 527 "-" "Mozilla/5.0 (Linux; Android 10; K) AppleWebKit/537.36 (KHTML, like Gecko) Chrome/146.0.0.0 Mobile Safari/537.36"
49.34.240.113 - - [25/Mar/2026:00:22:42 -0400] "GET /favicon.ico HTTP/1.1" 404 1251 "https://www.ankurmedia.com/mera_ration/" "Mozilla/5.0 (Linux; Android 10; K) AppleWebKit/537.36 (KHTML, like Gecko) Chrome/146.0.0.0 Mobile Safari/537.36"
44.255.200.94 - - [25/Mar/2026:00:22:44 -0400] "GET /mera_ration/ HTTP/1.1" 200 1143 "-" "Mozilla/5.0 (Windows NT 10.0; Win64; x64) AppleWebKit/537.36 (KHTML, like Gecko) Chrome/113.0.0.0 Safari/537.36"
103.144.114.86 - - [25/Mar/2026:00:23:23 -0400] "GET /mera_ration/ HTTP/1.1" 200 527 "-" "Mozilla/5.0 (Linux; U; Android 14; en-us; CPH2381 Build/UKQ1.230924.001) AppleWebKit/537.36 (KHTML, like Gecko) Chrome/125.0.6422.72 Mobile Safari/537.36 HeyTapBrowser/45.13.8.1"
103.144.114.86 - - [25/Mar/2026:00:23:23 -0400] "GET /favicon.ico HTTP/1.1" 404 1251 "https://www.ankurmedia.com/mera_ration/" "Mozilla/5.0 (Linux; U; Android 14; en-us; CPH2381 Build/UKQ1.230924.001) AppleWebKit/537.36 (KHTML, like Gecko) Chrome/125.0.6422.72 Mobile Safari/537.36 HeyTapBrowser/45.13.8.1"
106.219.251.223 - - [25/Mar/2026:00:23:33 -0400] "GET /mera_ration/ HTTP/1.1" 200 527 "-" "Mozilla/5.0 (Linux; Android 10; K) AppleWebKit/537.36 (KHTML, like Gecko) Chrome/145.0.0.0 Mobile Safari/537.36"
106.219.251.223 - - [25/Mar/2026:00:23:34 -0400] "GET /favicon.ico HTTP/1.1" 404 1251 "https://www.ankurmedia.com/mera_ration/" "Mozilla/5.0 (Linux; Android 10; K) AppleWebKit/537.36 (KHTML, like Gecko) Chrome/145.0.0.0 Mobile Safari/537.36"
216.73.216.35 - - [25/Mar/2026:00:23:29 -0400] "GET /robots.txt HTTP/1.1" 200 15552 "-" "Mozilla/5.0 AppleWebKit/537.36 (KHTML, like Gecko; compatible; ClaudeBot/1.0; +claudebot@anthropic.com)"
216.73.216.35 - - [25/Mar/2026:00:23:36 -0400] "GET /sitemap.xml HTTP/1.1" 200 15552 "-" "Mozilla/5.0 AppleWebKit/537.36 (KHTML, like Gecko; compatible; ClaudeBot/1.0; +claudebot@anthropic.com)"
223.237.12.171 - - [25/Mar/2026:00:24:03 -0400] "GET /mera_ration/ HTTP/1.1" 200 527 "android-app://com.google.android.googlequicksearchbox/" "Mozilla/5.0 (Linux; Android 10; K) AppleWebKit/537.36 (KHTML, like Gecko) Chrome/145.0.0.0 Mobile Safari/537.36"
223.237.12.171 - - [25/Mar/2026:00:24:05 -0400] "GET /favicon.ico HTTP/1.1" 404 1251 "https://www.ankurmedia.com/mera_ration/" "Mozilla/5.0 (Linux; Android 10; K) AppleWebKit/537.36 (KHTML, like Gecko) Chrome/145.0.0.0 Mobile Safari/537.36"
3.109.77.251 - - [25/Mar/2026:00:25:37 -0400] "HEAD /mera_ration/ HTTP/1.1" 200 0 "-" "Mozilla/5.0 (Windows NT 10.0; Win64; x64) AppleWebKit/537.36 (KHTML, like Gecko) Chrome/96.0.4664.110 Safari/537.36"
3.109.77.251 - - [25/Mar/2026:00:26:02 -0400] "HEAD /mera_ration/ HTTP/1.1" 200 0 "-" "Mozilla/5.0 (Windows NT 10.0; Win64; x64) AppleWebKit/537.36 (KHTML, like Gecko) Chrome/96.0.4664.110 Safari/537.36"
42.106.205.180 - - [25/Mar/2026:00:26:14 -0400] "GET /mera_ration/ HTTP/1.1" 200 527 "-" "Qr%20Reader/77 CFNetwork/3860.400.51 Darwin/25.3.0"
57.141.18.104 - - [25/Mar/2026:00:29:38 -0400] "GET /tv&radio-advertising.php HTTP/1.1" 200 52698 "-" "meta-externalagent/1.1 (+https://developers.facebook.com/docs/sharing/webmasters/crawler)"
106.205.154.95 - - [25/Mar/2026:00:30:35 -0400] "GET /mera_ration/ HTTP/1.1" 200 527 "-" "Mozilla/5.0 (Linux; Android 10; K) AppleWebKit/537.36 (KHTML, like Gecko) Chrome/146.0.0.0 Mobile Safari/537.36"
106.205.154.95 - - [25/Mar/2026:00:30:36 -0400] "GET /favicon.ico HTTP/1.1" 404 1251 "https://www.ankurmedia.com/mera_ration/" "Mozilla/5.0 (Linux; Android 10; K) AppleWebKit/537.36 (KHTML, like Gecko) Chrome/146.0.0.0 Mobile Safari/537.36"
40.77.167.46 - - [25/Mar/2026:00:31:10 -0400] "GET /images/video/?MA HTTP/1.1" 200 15552 "-" "Mozilla/5.0 AppleWebKit/537.36 (KHTML, like Gecko; compatible; bingbot/2.0; +http://www.bing.com/bingbot.htm) Chrome/116.0.1938.76 Safari/537.36"
169.148.178.7 - - [25/Mar/2026:00:31:23 -0400] "GET /mera_ration/ HTTP/1.1" 200 738 "-" "Mozilla/5.0 (Windows NT 10.0; Win64; x64) AppleWebKit/537.36 (KHTML, like Gecko) Chrome/121.0.0.0 Safari/537.36"
169.148.178.7 - - [25/Mar/2026:00:31:25 -0400] "GET /mera_ration/ HTTP/1.1" 200 738 "-" "Mozilla/5.0 (X11; Linux x86_64) AppleWebKit/537.36 (KHTML, like Gecko) Chrome/130.0.0.0 Safari/537.36"
34.196.221.151 - - [25/Mar/2026:00:32:55 -0400] "HEAD /mera_ration/ HTTP/1.1" 200 0 "-" "Mozilla/5.0 (Windows NT 10.0; Win64; x64) AppleWebKit/537.36 (KHTML, like Gecko) Chrome/96.0.4664.110 Safari/537.36"
18.206.67.206 - - [25/Mar/2026:00:33:15 -0400] "HEAD /mera_ration/ HTTP/1.1" 200 0 "-" "Mozilla/5.0 (Windows NT 10.0; Win64; x64) AppleWebKit/537.36 (KHTML, like Gecko) Chrome/96.0.4664.110 Safari/537.36"
15.207.181.9 - - [25/Mar/2026:00:33:35 -0400] "HEAD /mera_ration/ HTTP/1.1" 200 0 "-" "Mozilla/5.0 (Windows NT 10.0; Win64; x64) AppleWebKit/537.36 (KHTML, like Gecko) Chrome/96.0.4664.110 Safari/537.36"
49.249.193.14 - - [25/Mar/2026:00:33:43 -0400] "GET /mera_ration/ HTTP/1.1" 200 527 "-" "Mozilla/5.0 (Linux; Android 10; K) AppleWebKit/537.36 (KHTML, like Gecko) Chrome/146.0.0.0 Mobile Safari/537.36"
49.249.193.14 - - [25/Mar/2026:00:33:43 -0400] "GET /favicon.ico HTTP/1.1" 404 1251 "https://www.ankurmedia.com/mera_ration/" "Mozilla/5.0 (Linux; Android 10; K) AppleWebKit/537.36 (KHTML, like Gecko) Chrome/146.0.0.0 Mobile Safari/537.36"
15.207.181.9 - - [25/Mar/2026:00:35:29 -0400] "HEAD /mera_ration/ HTTP/1.1" 200 0 "-" "Mozilla/5.0 (Windows NT 10.0; Win64; x64) AppleWebKit/537.36 (KHTML, like Gecko) Chrome/96.0.4664.110 Safari/537.36"
15.207.181.9 - - [25/Mar/2026:00:37:05 -0400] "HEAD /mera_ration/ HTTP/1.1" 200 0 "-" "Mozilla/5.0 (Windows NT 10.0; Win64; x64) AppleWebKit/537.36 (KHTML, like Gecko) Chrome/96.0.4664.110 Safari/537.36"
3.109.77.251 - - [25/Mar/2026:00:39:22 -0400] "HEAD /mera_ration/ HTTP/1.1" 200 0 "-" "Mozilla/5.0 (Windows NT 10.0; Win64; x64) AppleWebKit/537.36 (KHTML, like Gecko) Chrome/96.0.4664.110 Safari/537.36"
18.210.66.86 - - [25/Mar/2026:00:39:25 -0400] "HEAD /mera_ration/ HTTP/1.1" 200 0 "-" "Mozilla/5.0 (Windows NT 10.0; Win64; x64) AppleWebKit/537.36 (KHTML, like Gecko) Chrome/96.0.4664.110 Safari/537.36"
18.210.66.86 - - [25/Mar/2026:00:39:51 -0400] "HEAD /mera_ration/ HTTP/1.1" 200 0 "-" "Mozilla/5.0 (Windows NT 10.0; Win64; x64) AppleWebKit/537.36 (KHTML, like Gecko) Chrome/96.0.4664.110 Safari/537.36"
15.207.181.9 - - [25/Mar/2026:00:40:12 -0400] "HEAD /mera_ration/ HTTP/1.1" 200 0 "-" "Mozilla/5.0 (Windows NT 10.0; Win64; x64) AppleWebKit/537.36 (KHTML, like Gecko) Chrome/96.0.4664.110 Safari/537.36"
3.109.77.251 - - [25/Mar/2026:00:41:02 -0400] "HEAD /mera_ration/ HTTP/1.1" 200 0 "-" "Mozilla/5.0 (Windows NT 10.0; Win64; x64) AppleWebKit/537.36 (KHTML, like Gecko) Chrome/96.0.4664.110 Safari/537.36"
1.187.171.22 - - [25/Mar/2026:00:41:23 -0400] "GET /mera_ration/ HTTP/1.1" 200 527 "-" "Mozilla/5.0 (Linux; Android 10; K) AppleWebKit/537.36 (KHTML, like Gecko) Chrome/146.0.0.0 Mobile Safari/537.36"
1.187.171.22 - - [25/Mar/2026:00:41:24 -0400] "GET /favicon.ico HTTP/1.1" 404 1251 "https://www.ankurmedia.com/mera_ration/" "Mozilla/5.0 (Linux; Android 10; K) AppleWebKit/537.36 (KHTML, like Gecko) Chrome/146.0.0.0 Mobile Safari/537.36"
48.209.223.71 - - [25/Mar/2026:00:41:24 -0400] "GET /mera_ration/ HTTP/1.1" 200 527 "-" "Mozilla/5.0 (Windows NT 10.0; Win64; x64) AppleWebKit/537.36 (KHTML, like Gecko) Chrome/142.0.7444.175 Safari/537.36"
48.209.223.71 - - [25/Mar/2026:00:41:29 -0400] "GET /favicon.ico HTTP/1.1" 404 1251 "https://www.ankurmedia.com/mera_ration/" "Mozilla/5.0 (Windows NT 10.0; Win64; x64) AppleWebKit/537.36 (KHTML, like Gecko) Chrome/142.0.7444.175 Safari/537.36"
74.179.68.33 - - [25/Mar/2026:00:43:24 -0400] "GET /mera_ration/ HTTP/1.1" 200 527 "-" "Mozilla/5.0 (Windows NT 10.0; Win64; x64) AppleWebKit/537.36 (KHTML, like Gecko) Chrome/142.0.7444.162 Safari/537.36"
74.179.68.33 - - [25/Mar/2026:00:43:26 -0400] "GET /favicon.ico HTTP/1.1" 404 1251 "https://www.ankurmedia.com/mera_ration/" "Mozilla/5.0 (Windows NT 10.0; Win64; x64) AppleWebKit/537.36 (KHTML, like Gecko) Chrome/142.0.7444.162 Safari/537.36"
3.109.77.251 - - [25/Mar/2026:00:44:21 -0400] "HEAD /mera_ration/ HTTP/1.1" 200 0 "-" "Mozilla/5.0 (Windows NT 10.0; Win64; x64) AppleWebKit/537.36 (KHTML, like Gecko) Chrome/96.0.4664.110 Safari/537.36"
15.207.181.9 - - [25/Mar/2026:00:45:22 -0400] "HEAD /mera_ration/ HTTP/1.1" 200 0 "-" "Mozilla/5.0 (Windows NT 10.0; Win64; x64) AppleWebKit/537.36 (KHTML, like Gecko) Chrome/96.0.4664.110 Safari/537.36"
15.207.93.54 - - [25/Mar/2026:00:45:25 -0400] "HEAD /mera_ration/ HTTP/1.1" 200 0 "-" "Mozilla/5.0 (Windows NT 10.0; Win64; x64) AppleWebKit/537.36 (KHTML, like Gecko) Chrome/96.0.4664.110 Safari/537.36"
182.69.179.191 - - [25/Mar/2026:00:45:27 -0400] "GET /mera_ration/ HTTP/1.1" 200 738 "-" "QR Scanner Android"
3.109.77.251 - - [25/Mar/2026:00:45:40 -0400] "HEAD /mera_ration/ HTTP/1.1" 200 0 "-" "Mozilla/5.0 (Windows NT 10.0; Win64; x64) AppleWebKit/537.36 (KHTML, like Gecko) Chrome/96.0.4664.110 Safari/537.36"
106.192.206.45 - - [25/Mar/2026:00:46:34 -0400] "GET /mera_ration/ HTTP/1.1" 200 738 "-" "QR Scanner Android"
17.22.237.111 - - [25/Mar/2026:00:47:48 -0400] "GET /images/exhibitions/ambedkar-jayanti6.jpg HTTP/1.1" 200 17500 "-" "Mozilla/5.0 (Macintosh; Intel Mac OS X 10_15_7) AppleWebKit/605.1.15 (KHTML, like Gecko) Version/17.4 Safari/605.1.15 (Applebot/0.1; +http://www.apple.com/go/applebot)"
15.207.93.54 - - [25/Mar/2026:00:48:10 -0400] "HEAD /mera_ration/ HTTP/1.1" 200 0 "-" "Mozilla/5.0 (Windows NT 10.0; Win64; x64) AppleWebKit/537.36 (KHTML, like Gecko) Chrome/96.0.4664.110 Safari/537.36"
18.210.66.86 - - [25/Mar/2026:00:48:23 -0400] "HEAD /mera_ration/ HTTP/1.1" 200 0 "-" "Mozilla/5.0 (Windows NT 10.0; Win64; x64) AppleWebKit/537.36 (KHTML, like Gecko) Chrome/96.0.4664.110 Safari/537.36"
18.210.66.86 - - [25/Mar/2026:00:48:24 -0400] "HEAD /mera_ration/ HTTP/1.1" 200 0 "-" "Mozilla/5.0 (Windows NT 10.0; Win64; x64) AppleWebKit/537.36 (KHTML, like Gecko) Chrome/96.0.4664.110 Safari/537.36"
18.210.66.86 - - [25/Mar/2026:00:48:25 -0400] "HEAD /mera_ration/ HTTP/1.1" 200 0 "-" "Mozilla/5.0 (Windows NT 10.0; Win64; x64) AppleWebKit/537.36 (KHTML, like Gecko) Chrome/96.0.4664.110 Safari/537.36"
106.194.25.12 - - [25/Mar/2026:00:50:27 -0400] "GET /mera_ration/ HTTP/1.1" 200 738 "-" "QR Scanner Android"
152.58.31.113 - - [25/Mar/2026:00:52:14 -0400] "GET /mera_ration/ HTTP/1.1" 200 527 "-" "Mozilla/5.0 (Linux; Android 10; K) AppleWebKit/537.36 (KHTML, like Gecko) Chrome/146.0.0.0 Mobile Safari/537.36"
152.58.31.113 - - [25/Mar/2026:00:52:15 -0400] "GET /favicon.ico HTTP/1.1" 404 1251 "https://www.ankurmedia.com/mera_ration/" "Mozilla/5.0 (Linux; Android 10; K) AppleWebKit/537.36 (KHTML, like Gecko) Chrome/146.0.0.0 Mobile Safari/537.36"
18.206.67.206 - - [25/Mar/2026:00:52:55 -0400] "HEAD /mera_ration/ HTTP/1.1" 200 0 "-" "Mozilla/5.0 (Windows NT 10.0; Win64; x64) AppleWebKit/537.36 (KHTML, like Gecko) Chrome/96.0.4664.110 Safari/537.36"
18.210.66.86 - - [25/Mar/2026:00:53:19 -0400] "HEAD /mera_ration/ HTTP/1.1" 200 0 "-" "Mozilla/5.0 (Windows NT 10.0; Win64; x64) AppleWebKit/537.36 (KHTML, like Gecko) Chrome/96.0.4664.110 Safari/537.36"
27.59.77.48 - - [25/Mar/2026:00:53:41 -0400] "GET /mera_ration/ HTTP/1.1" 200 738 "-" "QR Scanner Android"
157.42.23.192 - - [25/Mar/2026:00:56:13 -0400] "GET /favicon.ico HTTP/1.1" 404 1251 "https://www.ankurmedia.com/mera_ration/" "Mozilla/5.0 (Linux; Android 10; K) AppleWebKit/537.36 (KHTML, like Gecko) Chrome/146.0.0.0 Mobile Safari/537.36"
106.192.10.96 - - [25/Mar/2026:00:56:53 -0400] "GET /mera_ration/ HTTP/1.1" 200 527 "-" "Mozilla/5.0 (iPhone; CPU iPhone OS 18_2 like Mac OS X) AppleWebKit/605.1.15 (KHTML, like Gecko) Version/18.2 Mobile/15E148 Safari/604.1"
106.192.10.96 - - [25/Mar/2026:00:56:53 -0400] "GET /favicon.ico HTTP/1.1" 404 1251 "https://www.ankurmedia.com/mera_ration/" "Mozilla/5.0 (iPhone; CPU iPhone OS 18_2 like Mac OS X) AppleWebKit/605.1.15 (KHTML, like Gecko) Version/18.2 Mobile/15E148 Safari/604.1"
157.42.210.50 - - [25/Mar/2026:00:57:31 -0400] "GET /mera_ration/ HTTP/1.1" 200 738 "-" "QR Scanner Android"
34.196.221.151 - - [25/Mar/2026:00:59:59 -0400] "HEAD /mera_ration/ HTTP/1.1" 200 0 "-" "Mozilla/5.0 (Windows NT 10.0; Win64; x64) AppleWebKit/537.36 (KHTML, like Gecko) Chrome/96.0.4664.110 Safari/537.36"
18.206.67.206 - - [25/Mar/2026:01:00:35 -0400] "HEAD /mera_ration/ HTTP/1.1" 200 0 "-" "Mozilla/5.0 (Windows NT 10.0; Win64; x64) AppleWebKit/537.36 (KHTML, like Gecko) Chrome/96.0.4664.110 Safari/537.36"
47.128.121.27 - - [25/Mar/2026:01:02:41 -0400] "GET /robots.txt HTTP/1.1" 200 17493 "-" "Mozilla/5.0 (Linux; Android 5.0) AppleWebKit/537.36 (KHTML, like Gecko) Mobile Safari/537.36 (compatible; Bytespider; spider-feedback@bytedance.com)"
15.207.93.54 - - [25/Mar/2026:01:05:22 -0400] "HEAD /mera_ration/ HTTP/1.1" 200 0 "-" "Mozilla/5.0 (Windows NT 10.0; Win64; x64) AppleWebKit/537.36 (KHTML, like Gecko) Chrome/96.0.4664.110 Safari/537.36"
15.207.93.54 - - [25/Mar/2026:01:05:24 -0400] "HEAD /mera_ration/ HTTP/1.1" 200 0 "-" "Mozilla/5.0 (Windows NT 10.0; Win64; x64) AppleWebKit/537.36 (KHTML, like Gecko) Chrome/96.0.4664.110 Safari/537.36"
18.206.67.206 - - [25/Mar/2026:01:05:44 -0400] "HEAD /mera_ration/ HTTP/1.1" 200 0 "-" "Mozilla/5.0 (Windows NT 10.0; Win64; x64) AppleWebKit/537.36 (KHTML, like Gecko) Chrome/96.0.4664.110 Safari/537.36"
35.211.227.170 - - [25/Mar/2026:01:06:18 -0400] "GET /mera_ration/ HTTP/1.1" 200 1143 "-" "Mozilla/5.0 (Windows NT 10.0; Win64; x64; rv:109.0) Gecko/20100101 Firefox/116.0"
35.211.227.170 - - [25/Mar/2026:01:06:18 -0400] "GET /mera_ration/ HTTP/1.1" 200 1143 "-" "Mozilla/5.0 (Windows NT 10.0; Win64; x64; rv:109.0) Gecko/20100101 Firefox/116.0"
27.57.149.75 - - [25/Mar/2026:01:06:25 -0400] "GET /mera_ration/ HTTP/1.1" 200 527 "-" "Mozilla/5.0 (iPhone; CPU iPhone OS 18_7 like Mac OS X) AppleWebKit/605.1.15 (KHTML, like Gecko) Version/26.0.1 Mobile/15E148 Safari/604.1"
15.207.181.9 - - [25/Mar/2026:01:07:26 -0400] "HEAD /mera_ration/ HTTP/1.1" 200 0 "-" "Mozilla/5.0 (Windows NT 10.0; Win64; x64) AppleWebKit/537.36 (KHTML, like Gecko) Chrome/96.0.4664.110 Safari/537.36"
3.109.77.251 - - [25/Mar/2026:01:08:32 -0400] "HEAD /mera_ration/ HTTP/1.1" 200 0 "-" "Mozilla/5.0 (Windows NT 10.0; Win64; x64) AppleWebKit/537.36 (KHTML, like Gecko) Chrome/96.0.4664.110 Safari/537.36"
18.210.66.86 - - [25/Mar/2026:01:10:14 -0400] "HEAD /mera_ration/ HTTP/1.1" 200 0 "-" "Mozilla/5.0 (Windows NT 10.0; Win64; x64) AppleWebKit/537.36 (KHTML, like Gecko) Chrome/96.0.4664.110 Safari/537.36"
15.207.181.9 - - [25/Mar/2026:01:12:54 -0400] "HEAD /mera_ration/ HTTP/1.1" 200 0 "-" "Mozilla/5.0 (Windows NT 10.0; Win64; x64) AppleWebKit/537.36 (KHTML, like Gecko) Chrome/96.0.4664.110 Safari/537.36"
15.207.181.9 - - [25/Mar/2026:01:13:56 -0400] "HEAD /mera_ration/ HTTP/1.1" 200 0 "-" "Mozilla/5.0 (Windows NT 10.0; Win64; x64) AppleWebKit/537.36 (KHTML, like Gecko) Chrome/96.0.4664.110 Safari/537.36"
103.212.145.93 - - [25/Mar/2026:01:14:31 -0400] "GET /mera_ration/ HTTP/1.1" 200 527 "-" "Mozilla/5.0 (Linux; Android 10; K) AppleWebKit/537.36 (KHTML, like Gecko) Chrome/146.0.0.0 Mobile Safari/537.36"
103.212.145.93 - - [25/Mar/2026:01:14:32 -0400] "GET /favicon.ico HTTP/1.1" 404 1251 "https://www.ankurmedia.com/mera_ration/" "Mozilla/5.0 (Linux; Android 10; K) AppleWebKit/537.36 (KHTML, like Gecko) Chrome/146.0.0.0 Mobile Safari/537.36"
18.206.67.206 - - [25/Mar/2026:01:16:40 -0400] "HEAD /mera_ration/ HTTP/1.1" 200 0 "-" "Mozilla/5.0 (Windows NT 10.0; Win64; x64) AppleWebKit/537.36 (KHTML, like Gecko) Chrome/96.0.4664.110 Safari/537.36"
3.109.77.251 - - [25/Mar/2026:01:19:10 -0400] "HEAD /mera_ration/ HTTP/1.1" 200 0 "-" "Mozilla/5.0 (Windows NT 10.0; Win64; x64) AppleWebKit/537.36 (KHTML, like Gecko) Chrome/96.0.4664.110 Safari/537.36"
15.207.93.54 - - [25/Mar/2026:01:19:19 -0400] "HEAD /mera_ration/ HTTP/1.1" 200 0 "-" "Mozilla/5.0 (Windows NT 10.0; Win64; x64) AppleWebKit/537.36 (KHTML, like Gecko) Chrome/96.0.4664.110 Safari/537.36"
18.206.67.206 - - [25/Mar/2026:01:19:34 -0400] "HEAD /mera_ration/ HTTP/1.1" 200 0 "-" "Mozilla/5.0 (Windows NT 10.0; Win64; x64) AppleWebKit/537.36 (KHTML, like Gecko) Chrome/96.0.4664.110 Safari/537.36"
15.207.181.9 - - [25/Mar/2026:01:21:07 -0400] "HEAD /mera_ration/ HTTP/1.1" 200 0 "-" "Mozilla/5.0 (Windows NT 10.0; Win64; x64) AppleWebKit/537.36 (KHTML, like Gecko) Chrome/96.0.4664.110 Safari/537.36"
15.207.181.9 - - [25/Mar/2026:01:21:41 -0400] "HEAD /mera_ration/ HTTP/1.1" 200 0 "-" "Mozilla/5.0 (Windows NT 10.0; Win64; x64) AppleWebKit/537.36 (KHTML, like Gecko) Chrome/96.0.4664.110 Safari/537.36"
103.164.196.121 - - [25/Mar/2026:01:22:09 -0400] "GET /mera_ration/ HTTP/1.1" 200 527 "-" "Mozilla/5.0 (Linux; Android 10; K) AppleWebKit/537.36 (KHTML, like Gecko) Chrome/146.0.0.0 Mobile Safari/537.36"
103.164.196.121 - - [25/Mar/2026:01:22:10 -0400] "GET /favicon.ico HTTP/1.1" 404 1251 "https://www.ankurmedia.com/mera_ration/" "Mozilla/5.0 (Linux; Android 10; K) AppleWebKit/537.36 (KHTML, like Gecko) Chrome/146.0.0.0 Mobile Safari/537.36"
3.109.77.251 - - [25/Mar/2026:01:23:45 -0400] "HEAD /mera_ration/ HTTP/1.1" 200 0 "-" "Mozilla/5.0 (Windows NT 10.0; Win64; x64) AppleWebKit/537.36 (KHTML, like Gecko) Chrome/96.0.4664.110 Safari/537.36"
44.249.143.161 - - [25/Mar/2026:01:24:25 -0400] "GET /mera_ration/ HTTP/1.1" 200 1143 "-" "Mozilla/5.0 (Windows NT 10.0; Win64; x64) AppleWebKit/537.36 (KHTML, like Gecko) Chrome/113.0.0.0 Safari/537.36"
18.206.67.206 - - [25/Mar/2026:01:27:41 -0400] "HEAD /mera_ration/ HTTP/1.1" 200 0 "-" "Mozilla/5.0 (Windows NT 10.0; Win64; x64) AppleWebKit/537.36 (KHTML, like Gecko) Chrome/96.0.4664.110 Safari/537.36"
106.192.193.199 - - [25/Mar/2026:01:29:11 -0400] "GET /mera_ration/ HTTP/1.1" 200 527 "-" "Mozilla/5.0 (Linux; Android 10; K) AppleWebKit/537.36 (KHTML, like Gecko) SamsungBrowser/29.0 Chrome/136.0.0.0 Mobile Safari/537.36"
106.192.193.199 - - [25/Mar/2026:01:29:12 -0400] "GET /favicon.ico HTTP/1.1" 404 1251 "https://www.ankurmedia.com/mera_ration/" "Mozilla/5.0 (Linux; Android 10; K) AppleWebKit/537.36 (KHTML, like Gecko) SamsungBrowser/29.0 Chrome/136.0.0.0 Mobile Safari/537.36"
34.196.221.151 - - [25/Mar/2026:01:29:23 -0400] "HEAD /mera_ration/ HTTP/1.1" 200 0 "-" "Mozilla/5.0 (Windows NT 10.0; Win64; x64) AppleWebKit/537.36 (KHTML, like Gecko) Chrome/96.0.4664.110 Safari/537.36"
15.207.93.54 - - [25/Mar/2026:01:29:28 -0400] "HEAD /mera_ration/ HTTP/1.1" 200 0 "-" "Mozilla/5.0 (Windows NT 10.0; Win64; x64) AppleWebKit/537.36 (KHTML, like Gecko) Chrome/96.0.4664.110 Safari/537.36"
3.109.77.251 - - [25/Mar/2026:01:29:31 -0400] "HEAD /mera_ration/ HTTP/1.1" 200 0 "-" "Mozilla/5.0 (Windows NT 10.0; Win64; x64) AppleWebKit/537.36 (KHTML, like Gecko) Chrome/96.0.4664.110 Safari/537.36"
103.209.26.9 - - [25/Mar/2026:01:29:51 -0400] "GET /mera_ration/ HTTP/1.1" 200 738 "-" "Mozilla/5.0 (Windows NT 10.0; Win64; x64) AppleWebKit/537.36 (KHTML, like Gecko) Chrome/83.0.4103.61 Safari/537.36"
103.209.26.9 - - [25/Mar/2026:01:30:32 -0400] "GET /mera_ration/ HTTP/1.1" 200 738 "-" "Mozilla/5.0 (Windows NT 10.0; Win64; x64) AppleWebKit/537.36 (KHTML, like Gecko) Chrome/83.0.4103.61 Safari/537.36"
18.206.67.206 - - [25/Mar/2026:01:32:01 -0400] "HEAD /mera_ration/ HTTP/1.1" 200 0 "-" "Mozilla/5.0 (Windows NT 10.0; Win64; x64) AppleWebKit/537.36 (KHTML, like Gecko) Chrome/96.0.4664.110 Safari/537.36"
106.222.178.35 - - [25/Mar/2026:01:32:35 -0400] "GET /mera_ration/ HTTP/1.1" 200 527 "-" "Mozilla/5.0 (Linux; Android 10; K) AppleWebKit/537.36 (KHTML, like Gecko) Chrome/145.0.0.0 Mobile Safari/537.36"
106.222.178.35 - - [25/Mar/2026:01:32:36 -0400] "GET /favicon.ico HTTP/1.1" 404 1251 "https://www.ankurmedia.com/mera_ration/" "Mozilla/5.0 (Linux; Android 10; K) AppleWebKit/537.36 (KHTML, like Gecko) Chrome/145.0.0.0 Mobile Safari/537.36"
18.206.67.206 - - [25/Mar/2026:01:35:11 -0400] "HEAD /mera_ration/ HTTP/1.1" 200 0 "-" "Mozilla/5.0 (Windows NT 10.0; Win64; x64) AppleWebKit/537.36 (KHTML, like Gecko) Chrome/96.0.4664.110 Safari/537.36"
18.210.66.86 - - [25/Mar/2026:01:35:11 -0400] "HEAD /mera_ration/ HTTP/1.1" 200 0 "-" "Mozilla/5.0 (Windows NT 10.0; Win64; x64) AppleWebKit/537.36 (KHTML, like Gecko) Chrome/96.0.4664.110 Safari/537.36"
35.168.35.226 - - [25/Mar/2026:01:35:18 -0400] "GET /mera_ration/ HTTP/1.1" 200 527 "-" "Mozilla/5.0 (X11; Linux x86_64) AppleWebKit/537.36 (KHTML, like Gecko) Chrome/124.0.0.0 Safari/537.36"
35.168.35.226 - - [25/Mar/2026:01:35:18 -0400] "GET /favicon.ico HTTP/1.1" 404 1251 "https://www.ankurmedia.com/mera_ration/" "Mozilla/5.0 (X11; Linux x86_64) AppleWebKit/537.36 (KHTML, like Gecko) Chrome/124.0.0.0 Safari/537.36"
35.168.35.226 - - [25/Mar/2026:01:35:20 -0400] "GET /favicon.ico HTTP/1.1" 404 1251 "-" "Mozilla/5.0 (X11; Linux x86_64) AppleWebKit/537.36 (KHTML, like Gecko) Chrome/124.0.0.0 Safari/537.36"
34.230.205.154 - - [25/Mar/2026:01:35:20 -0400] "GET /mera_ration/ HTTP/1.1" 200 527 "-" "Mozilla/5.0 (X11; Linux x86_64) AppleWebKit/537.36 (KHTML, like Gecko) Chrome/124.0.0.0 Safari/537.36"
34.230.205.154 - - [25/Mar/2026:01:35:20 -0400] "GET /favicon.ico HTTP/1.1" 404 1251 "https://www.ankurmedia.com/mera_ration/" "Mozilla/5.0 (X11; Linux x86_64) AppleWebKit/537.36 (KHTML, like Gecko) Chrome/124.0.0.0 Safari/537.36"
34.230.205.154 - - [25/Mar/2026:01:35:23 -0400] "GET /favicon.ico HTTP/1.1" 404 1251 "-" "Mozilla/5.0 (X11; Linux x86_64) AppleWebKit/537.36 (KHTML, like Gecko) Chrome/124.0.0.0 Safari/537.36"
207.244.66.22 - - [25/Mar/2026:01:35:56 -0400] "GET /mera_ration/ HTTP/1.1" 200 527 "-" "Mozilla/5.0 (Linux; Android 13; Pixel 7) AppleWebKit/537.36 (KHTML, like Gecko) Chrome/144.0.0.0 Mobile Safari/537.36"
207.244.66.22 - - [25/Mar/2026:01:35:56 -0400] "GET /favicon.ico HTTP/1.1" 404 1251 "https://www.ankurmedia.com/mera_ration/" "Mozilla/5.0 (Linux; Android 13; Pixel 7) AppleWebKit/537.36 (KHTML, like Gecko) Chrome/144.0.0.0 Mobile Safari/537.36"
38.200.5.9 - - [25/Mar/2026:01:36:15 -0400] "GET /mera_ration/ HTTP/1.1" 200 527 "-" "Mozilla/5.0 (Linux; Android 13; Pixel 7) AppleWebKit/537.36 (KHTML, like Gecko) Chrome/144.0.0.0 Mobile Safari/537.36"
38.200.5.9 - - [25/Mar/2026:01:36:15 -0400] "GET /favicon.ico HTTP/1.1" 404 1251 "https://www.ankurmedia.com/mera_ration/" "Mozilla/5.0 (Linux; Android 13; Pixel 7) AppleWebKit/537.36 (KHTML, like Gecko) Chrome/144.0.0.0 Mobile Safari/537.36"
18.206.67.206 - - [25/Mar/2026:01:37:02 -0400] "HEAD /mera_ration/ HTTP/1.1" 200 0 "-" "Mozilla/5.0 (Windows NT 10.0; Win64; x64) AppleWebKit/537.36 (KHTML, like Gecko) Chrome/96.0.4664.110 Safari/537.36"
15.207.93.54 - - [25/Mar/2026:01:37:04 -0400] "HEAD /mera_ration/ HTTP/1.1" 200 0 "-" "Mozilla/5.0 (Windows NT 10.0; Win64; x64) AppleWebKit/537.36 (KHTML, like Gecko) Chrome/96.0.4664.110 Safari/537.36"
15.207.93.54 - - [25/Mar/2026:01:37:34 -0400] "HEAD /mera_ration/ HTTP/1.1" 200 0 "-" "Mozilla/5.0 (Windows NT 10.0; Win64; x64) AppleWebKit/537.36 (KHTML, like Gecko) Chrome/96.0.4664.110 Safari/537.36"
3.109.77.251 - - [25/Mar/2026:01:37:42 -0400] "HEAD /mera_ration/ HTTP/1.1" 200 0 "-" "Mozilla/5.0 (Windows NT 10.0; Win64; x64) AppleWebKit/537.36 (KHTML, like Gecko) Chrome/96.0.4664.110 Safari/537.36"
223.228.82.40 - - [25/Mar/2026:01:38:44 -0400] "GET /mera_ration/ HTTP/1.1" 200 527 "android-app://com.google.android.googlequicksearchbox/" "Mozilla/5.0 (Linux; Android 10; K) AppleWebKit/537.36 (KHTML, like Gecko) Chrome/146.0.0.0 Mobile Safari/537.36"
223.228.82.40 - - [25/Mar/2026:01:38:44 -0400] "GET /favicon.ico HTTP/1.1" 404 1251 "https://www.ankurmedia.com/mera_ration/" "Mozilla/5.0 (Linux; Android 10; K) AppleWebKit/537.36 (KHTML, like Gecko) Chrome/146.0.0.0 Mobile Safari/537.36"
223.237.135.119 - - [25/Mar/2026:01:38:54 -0400] "GET /mera_ration/ HTTP/1.1" 200 527 "-" "Mozilla/5.0 (Linux; Android 10; K) AppleWebKit/537.36 (KHTML, like Gecko) Chrome/134.0.0.0 Mobile Safari/537.36"
223.237.135.119 - - [25/Mar/2026:01:38:54 -0400] "GET /favicon.ico HTTP/1.1" 404 1251 "https://www.ankurmedia.com/mera_ration/" "Mozilla/5.0 (Linux; Android 10; K) AppleWebKit/537.36 (KHTML, like Gecko) Chrome/134.0.0.0 Mobile Safari/537.36"
4.213.147.2 - - [25/Mar/2026:01:40:46 -0400] "GET /mera_ration/ HTTP/1.1" 200 527 "-" "Mozilla/5.0 (Windows NT 10.0; Win64; x64) AppleWebKit/537.36 (KHTML, like Gecko) Chrome/142.0.7444.175 Safari/537.36"
4.213.147.2 - - [25/Mar/2026:01:40:48 -0400] "GET /favicon.ico HTTP/1.1" 404 1251 "https://www.ankurmedia.com/mera_ration/" "Mozilla/5.0 (Windows NT 10.0; Win64; x64) AppleWebKit/537.36 (KHTML, like Gecko) Chrome/142.0.7444.175 Safari/537.36"
18.206.67.206 - - [25/Mar/2026:01:41:24 -0400] "HEAD /mera_ration/ HTTP/1.1" 200 0 "-" "Mozilla/5.0 (Windows NT 10.0; Win64; x64) AppleWebKit/537.36 (KHTML, like Gecko) Chrome/96.0.4664.110 Safari/537.36"
15.207.93.54 - - [25/Mar/2026:01:44:11 -0400] "HEAD /mera_ration/ HTTP/1.1" 200 0 "-" "Mozilla/5.0 (Windows NT 10.0; Win64; x64) AppleWebKit/537.36 (KHTML, like Gecko) Chrome/96.0.4664.110 Safari/537.36"
34.203.50.75 - - [25/Mar/2026:01:46:36 -0400] "GET / HTTP/1.1" 200 6018 "-" "Mozilla/5.0 (Macintosh; Intel Mac OS X 10_15_7) AppleWebKit/537.36 (KHTML, like Gecko) Chrome/124.0.0.0 Safari/537.36"
18.206.67.206 - - [25/Mar/2026:01:47:16 -0400] "HEAD /mera_ration/ HTTP/1.1" 200 0 "-" "Mozilla/5.0 (Windows NT 10.0; Win64; x64) AppleWebKit/537.36 (KHTML, like Gecko) Chrome/96.0.4664.110 Safari/537.36"
34.196.221.151 - - [25/Mar/2026:01:47:41 -0400] "HEAD /mera_ration/ HTTP/1.1" 200 0 "-" "Mozilla/5.0 (Windows NT 10.0; Win64; x64) AppleWebKit/537.36 (KHTML, like Gecko) Chrome/96.0.4664.110 Safari/537.36"
35.158.152.146 - - [25/Mar/2026:01:48:40 -0400] "GET /mera_ration/ HTTP/1.1" 200 527 "-" "Go-http-client/1.1"
3.109.77.251 - - [25/Mar/2026:01:48:44 -0400] "HEAD /mera_ration/ HTTP/1.1" 200 0 "-" "Mozilla/5.0 (Windows NT 10.0; Win64; x64) AppleWebKit/537.36 (KHTML, like Gecko) Chrome/96.0.4664.110 Safari/537.36"
106.219.171.10 - - [25/Mar/2026:01:49:20 -0400] "GET /mera_ration/ HTTP/1.1" 200 738 "-" "QR Scanner Android"
20.222.18.47 - - [25/Mar/2026:01:50:40 -0400] "GET /rip.php HTTP/1.1" 404 1251 "-" "Mozilla/5.0 (Windows NT 10.0; Win64; x64) AppleWebKit/537.36 (KHTML, like Gecko) Chrome/120.0.0.0 Safari/537.36"
20.222.18.47 - - [25/Mar/2026:01:50:40 -0400] "GET /ms-edit.php HTTP/1.1" 404 1251 "-" "Mozilla/5.0 (Windows NT 10.0; Win64; x64) AppleWebKit/537.36 (KHTML, like Gecko) Chrome/120.0.0.0 Safari/537.36"
3.109.77.251 - - [25/Mar/2026:01:50:42 -0400] "HEAD /mera_ration/ HTTP/1.1" 200 0 "-" "Mozilla/5.0 (Windows NT 10.0; Win64; x64) AppleWebKit/537.36 (KHTML, like Gecko) Chrome/96.0.4664.110 Safari/537.36"
20.222.18.47 - - [25/Mar/2026:01:50:40 -0400] "GET /about.php HTTP/1.1" 200 6355 "-" "Mozilla/5.0 (Windows NT 10.0; Win64; x64) AppleWebKit/537.36 (KHTML, like Gecko) Chrome/120.0.0.0 Safari/537.36"
20.222.18.47 - - [25/Mar/2026:01:50:44 -0400] "GET /wp-content/plugins/hello-dolly/ HTTP/1.1" 404 1251 "-" "Mozilla/5.0 (Windows NT 10.0; Win64; x64) AppleWebKit/537.36 (KHTML, like Gecko) Chrome/120.0.0.0 Safari/537.36"
20.222.18.47 - - [25/Mar/2026:01:50:44 -0400] "GET /wp-content/themes/admin.php HTTP/1.1" 404 1251 "-" "Mozilla/5.0 (Windows NT 10.0; Win64; x64) AppleWebKit/537.36 (KHTML, like Gecko) Chrome/120.0.0.0 Safari/537.36"
20.222.18.47 - - [25/Mar/2026:01:50:44 -0400] "GET /admin.php HTTP/1.1" 404 1251 "-" "Mozilla/5.0 (Windows NT 10.0; Win64; x64) AppleWebKit/537.36 (KHTML, like Gecko) Chrome/120.0.0.0 Safari/537.36"
20.222.18.47 - - [25/Mar/2026:01:50:44 -0400] "GET /ioxi-o.php HTTP/1.1" 404 1251 "-" "Mozilla/5.0 (Windows NT 10.0; Win64; x64) AppleWebKit/537.36 (KHTML, like Gecko) Chrome/120.0.0.0 Safari/537.36"
20.222.18.47 - - [25/Mar/2026:01:50:44 -0400] "GET /index/function.php HTTP/1.1" 404 1251 "-" "Mozilla/5.0 (Windows NT 10.0; Win64; x64) AppleWebKit/537.36 (KHTML, like Gecko) Chrome/120.0.0.0 Safari/537.36"
20.222.18.47 - - [25/Mar/2026:01:50:44 -0400] "GET /adminfuns.php HTTP/1.1" 404 1251 "-" "Mozilla/5.0 (Windows NT 10.0; Win64; x64) AppleWebKit/537.36 (KHTML, like Gecko) Chrome/120.0.0.0 Safari/537.36"
20.222.18.47 - - [25/Mar/2026:01:50:44 -0400] "GET /wp-content/cache/ HTTP/1.1" 404 1251 "-" "Mozilla/5.0 (Windows NT 10.0; Win64; x64) AppleWebKit/537.36 (KHTML, like Gecko) Chrome/120.0.0.0 Safari/537.36"
20.222.18.47 - - [25/Mar/2026:01:50:44 -0400] "GET /wp-includes/js/thickbox/ HTTP/1.1" 404 1251 "-" "Mozilla/5.0 (Windows NT 10.0; Win64; x64) AppleWebKit/537.36 (KHTML, like Gecko) Chrome/120.0.0.0 Safari/537.36"
20.222.18.47 - - [25/Mar/2026:01:50:45 -0400] "GET /goods.php HTTP/1.1" 404 1251 "-" "Mozilla/5.0 (Windows NT 10.0; Win64; x64) AppleWebKit/537.36 (KHTML, like Gecko) Chrome/120.0.0.0 Safari/537.36"
20.222.18.47 - - [25/Mar/2026:01:50:45 -0400] "GET /sf.php HTTP/1.1" 404 1251 "-" "Mozilla/5.0 (Windows NT 10.0; Win64; x64) AppleWebKit/537.36 (KHTML, like Gecko) Chrome/120.0.0.0 Safari/537.36"
20.222.18.47 - - [25/Mar/2026:01:50:45 -0400] "GET /wp-admin/ HTTP/1.1" 404 1251 "-" "Mozilla/5.0 (Windows NT 10.0; Win64; x64) AppleWebKit/537.36 (KHTML, like Gecko) Chrome/120.0.0.0 Safari/537.36"
20.222.18.47 - - [25/Mar/2026:01:50:45 -0400] "GET /wp-admin/images/ HTTP/1.1" 404 1251 "-" "Mozilla/5.0 (Windows NT 10.0; Win64; x64) AppleWebKit/537.36 (KHTML, like Gecko) Chrome/120.0.0.0 Safari/537.36"
20.222.18.47 - - [25/Mar/2026:01:50:45 -0400] "GET /wp-content/admin.php HTTP/1.1" 404 1251 "-" "Mozilla/5.0 (Windows NT 10.0; Win64; x64) AppleWebKit/537.36 (KHTML, like Gecko) Chrome/120.0.0.0 Safari/537.36"
20.222.18.47 - - [25/Mar/2026:01:50:45 -0400] "GET /wp-content/uploads/admin.php HTTP/1.1" 404 1251 "-" "Mozilla/5.0 (Windows NT 10.0; Win64; x64) AppleWebKit/537.36 (KHTML, like Gecko) Chrome/120.0.0.0 Safari/537.36"
20.222.18.47 - - [25/Mar/2026:01:50:45 -0400] "GET /wp-includes/ HTTP/1.1" 404 1251 "-" "Mozilla/5.0 (Windows NT 10.0; Win64; x64) AppleWebKit/537.36 (KHTML, like Gecko) Chrome/120.0.0.0 Safari/537.36"
20.222.18.47 - - [25/Mar/2026:01:50:45 -0400] "GET /wp-includes/css/ HTTP/1.1" 404 1251 "-" "Mozilla/5.0 (Windows NT 10.0; Win64; x64) AppleWebKit/537.36 (KHTML, like Gecko) Chrome/120.0.0.0 Safari/537.36"
20.222.18.47 - - [25/Mar/2026:01:50:46 -0400] "GET /wp-includes/js/plupload/ HTTP/1.1" 404 1251 "-" "Mozilla/5.0 (Windows NT 10.0; Win64; x64) AppleWebKit/537.36 (KHTML, like Gecko) Chrome/120.0.0.0 Safari/537.36"
20.222.18.47 - - [25/Mar/2026:01:50:46 -0400] "GET /.well-known/ HTTP/1.1" 200 615 "-" "Mozilla/5.0 (Windows NT 10.0; Win64; x64) AppleWebKit/537.36 (KHTML, like Gecko) Chrome/120.0.0.0 Safari/537.36"
20.222.18.47 - - [25/Mar/2026:01:50:48 -0400] "GET /222.php HTTP/1.1" 404 1251 "-" "Mozilla/5.0 (Windows NT 10.0; Win64; x64) AppleWebKit/537.36 (KHTML, like Gecko) Chrome/120.0.0.0 Safari/537.36"
20.222.18.47 - - [25/Mar/2026:01:50:48 -0400] "GET /abcd.php HTTP/1.1" 404 1251 "-" "Mozilla/5.0 (Windows NT 10.0; Win64; x64) AppleWebKit/537.36 (KHTML, like Gecko) Chrome/120.0.0.0 Safari/537.36"
20.222.18.47 - - [25/Mar/2026:01:50:48 -0400] "GET /class-t.api.php HTTP/1.1" 404 1251 "-" "Mozilla/5.0 (Windows NT 10.0; Win64; x64) AppleWebKit/537.36 (KHTML, like Gecko) Chrome/120.0.0.0 Safari/537.36"
20.222.18.47 - - [25/Mar/2026:01:50:48 -0400] "GET /classwithtostring.php HTTP/1.1" 404 1251 "-" "Mozilla/5.0 (Windows NT 10.0; Win64; x64) AppleWebKit/537.36 (KHTML, like Gecko) Chrome/120.0.0.0 Safari/537.36"
20.222.18.47 - - [25/Mar/2026:01:50:48 -0400] "GET /file.php HTTP/1.1" 404 1251 "-" "Mozilla/5.0 (Windows NT 10.0; Win64; x64) AppleWebKit/537.36 (KHTML, like Gecko) Chrome/120.0.0.0 Safari/537.36"
20.222.18.47 - - [25/Mar/2026:01:50:48 -0400] "GET /info.php HTTP/1.1" 404 1251 "-" "Mozilla/5.0 (Windows NT 10.0; Win64; x64) AppleWebKit/537.36 (KHTML, like Gecko) Chrome/120.0.0.0 Safari/537.36"
20.222.18.47 - - [25/Mar/2026:01:50:48 -0400] "GET /wp-admin/css/colors/coffee/ HTTP/1.1" 404 1251 "-" "Mozilla/5.0 (Windows NT 10.0; Win64; x64) AppleWebKit/537.36 (KHTML, like Gecko) Chrome/120.0.0.0 Safari/537.36"
20.222.18.47 - - [25/Mar/2026:01:50:49 -0400] "GET /wp-admin/js/widgets/ HTTP/1.1" 404 1251 "-" "Mozilla/5.0 (Windows NT 10.0; Win64; x64) AppleWebKit/537.36 (KHTML, like Gecko) Chrome/120.0.0.0 Safari/537.36"
20.222.18.47 - - [25/Mar/2026:01:50:49 -0400] "GET /wp-content/languages/ HTTP/1.1" 404 1251 "-" "Mozilla/5.0 (Windows NT 10.0; Win64; x64) AppleWebKit/537.36 (KHTML, like Gecko) Chrome/120.0.0.0 Safari/537.36"
20.222.18.47 - - [25/Mar/2026:01:50:49 -0400] "GET /wp-content/languages/plugins/ HTTP/1.1" 404 1251 "-" "Mozilla/5.0 (Windows NT 10.0; Win64; x64) AppleWebKit/537.36 (KHTML, like Gecko) Chrome/120.0.0.0 Safari/537.36"
20.222.18.47 - - [25/Mar/2026:01:50:49 -0400] "GET /wp-content/themes/twentytwentyfour/ HTTP/1.1" 404 1251 "-" "Mozilla/5.0 (Windows NT 10.0; Win64; x64) AppleWebKit/537.36 (KHTML, like Gecko) Chrome/120.0.0.0 Safari/537.36"
20.222.18.47 - - [25/Mar/2026:01:50:49 -0400] "GET /wp-content/upgrade/ HTTP/1.1" 404 1251 "-" "Mozilla/5.0 (Windows NT 10.0; Win64; x64) AppleWebKit/537.36 (KHTML, like Gecko) Chrome/120.0.0.0 Safari/537.36"
20.222.18.47 - - [25/Mar/2026:01:50:49 -0400] "GET /wp-content/uploads/ HTTP/1.1" 404 1251 "-" "Mozilla/5.0 (Windows NT 10.0; Win64; x64) AppleWebKit/537.36 (KHTML, like Gecko) Chrome/120.0.0.0 Safari/537.36"
20.222.18.47 - - [25/Mar/2026:01:50:49 -0400] "GET /wp-good.php HTTP/1.1" 404 1251 "-" "Mozilla/5.0 (Windows NT 10.0; Win64; x64) AppleWebKit/537.36 (KHTML, like Gecko) Chrome/120.0.0.0 Safari/537.36"
20.222.18.47 - - [25/Mar/2026:01:50:49 -0400] "GET /wp-includes/js/jquery/ HTTP/1.1" 404 1251 "-" "Mozilla/5.0 (Windows NT 10.0; Win64; x64) AppleWebKit/537.36 (KHTML, like Gecko) Chrome/120.0.0.0 Safari/537.36"
20.222.18.47 - - [25/Mar/2026:01:50:50 -0400] "GET /wp-includes/js/jquery/ui/ HTTP/1.1" 404 1251 "-" "Mozilla/5.0 (Windows NT 10.0; Win64; x64) AppleWebKit/537.36 (KHTML, like Gecko) Chrome/120.0.0.0 Safari/537.36"
20.222.18.47 - - [25/Mar/2026:01:50:50 -0400] "GET /wp-includes/js/tinymce/themes/ HTTP/1.1" 404 1251 "-" "Mozilla/5.0 (Windows NT 10.0; Win64; x64) AppleWebKit/537.36 (KHTML, like Gecko) Chrome/120.0.0.0 Safari/537.36"
20.222.18.47 - - [25/Mar/2026:01:50:50 -0400] "GET /wp-includes/rest-api/ HTTP/1.1" 404 1251 "-" "Mozilla/5.0 (Windows NT 10.0; Win64; x64) AppleWebKit/537.36 (KHTML, like Gecko) Chrome/120.0.0.0 Safari/537.36"
20.222.18.47 - - [25/Mar/2026:01:50:50 -0400] "GET /wp-includes/ID3/index.php HTTP/1.1" 404 1251 "-" "Mozilla/5.0 (Windows NT 10.0; Win64; x64) AppleWebKit/537.36 (KHTML, like Gecko) Chrome/120.0.0.0 Safari/537.36"
20.222.18.47 - - [25/Mar/2026:01:50:50 -0400] "GET /wp-includes/fonts/ HTTP/1.1" 404 1251 "-" "Mozilla/5.0 (Windows NT 10.0; Win64; x64) AppleWebKit/537.36 (KHTML, like Gecko) Chrome/120.0.0.0 Safari/537.36"
20.222.18.47 - - [25/Mar/2026:01:50:50 -0400] "GET /wordpress/wp-admin/maint/ HTTP/1.1" 404 1251 "-" "Mozilla/5.0 (Windows NT 10.0; Win64; x64) AppleWebKit/537.36 (KHTML, like Gecko) Chrome/120.0.0.0 Safari/537.36"
20.222.18.47 - - [25/Mar/2026:01:50:50 -0400] "GET /cgi-bin/ HTTP/1.1" 404 1251 "-" "Mozilla/5.0 (Windows NT 10.0; Win64; x64) AppleWebKit/537.36 (KHTML, like Gecko) Chrome/120.0.0.0 Safari/537.36"
152.59.83.192 - - [25/Mar/2026:01:52:18 -0400] "GET /mera_ration/ HTTP/1.1" 200 527 "-" "Mozilla/5.0 (Linux; Android 10; K) AppleWebKit/537.36 (KHTML, like Gecko) Chrome/146.0.0.0 Mobile Safari/537.36"
152.59.83.192 - - [25/Mar/2026:01:52:18 -0400] "GET /favicon.ico HTTP/1.1" 404 1251 "https://www.ankurmedia.com/mera_ration/" "Mozilla/5.0 (Linux; Android 10; K) AppleWebKit/537.36 (KHTML, like Gecko) Chrome/146.0.0.0 Mobile Safari/537.36"
152.59.187.184 - - [25/Mar/2026:01:54:02 -0400] "GET /mera_ration/ HTTP/1.1" 200 527 "-" "Mozilla/5.0 (Linux; Android 10; K) AppleWebKit/537.36 (KHTML, like Gecko) Chrome/141.0.0.0 Mobile Safari/537.36"
152.59.187.184 - - [25/Mar/2026:01:54:03 -0400] "GET /favicon.ico HTTP/1.1" 404 1251 "https://www.ankurmedia.com/mera_ration/" "Mozilla/5.0 (Linux; Android 10; K) AppleWebKit/537.36 (KHTML, like Gecko) Chrome/141.0.0.0 Mobile Safari/537.36"
106.77.182.129 - - [25/Mar/2026:01:56:08 -0400] "GET /mera_ration/ HTTP/1.1" 200 527 "-" "Mozilla/5.0 (Linux; Android 10; K) AppleWebKit/537.36 (KHTML, like Gecko) Chrome/146.0.0.0 Mobile Safari/537.36"
106.77.182.129 - - [25/Mar/2026:01:56:08 -0400] "GET /favicon.ico HTTP/1.1" 404 1251 "https://www.ankurmedia.com/mera_ration/" "Mozilla/5.0 (Linux; Android 10; K) AppleWebKit/537.36 (KHTML, like Gecko) Chrome/146.0.0.0 Mobile Safari/537.36"
3.109.77.251 - - [25/Mar/2026:01:56:39 -0400] "HEAD /mera_ration/ HTTP/1.1" 200 0 "-" "Mozilla/5.0 (Windows NT 10.0; Win64; x64) AppleWebKit/537.36 (KHTML, like Gecko) Chrome/96.0.4664.110 Safari/537.36"
15.207.181.9 - - [25/Mar/2026:01:56:59 -0400] "HEAD /mera_ration/ HTTP/1.1" 200 0 "-" "Mozilla/5.0 (Windows NT 10.0; Win64; x64) AppleWebKit/537.36 (KHTML, like Gecko) Chrome/96.0.4664.110 Safari/537.36"
15.207.181.9 - - [25/Mar/2026:01:57:37 -0400] "HEAD /mera_ration/ HTTP/1.1" 200 0 "-" "Mozilla/5.0 (Windows NT 10.0; Win64; x64) AppleWebKit/537.36 (KHTML, like Gecko) Chrome/96.0.4664.110 Safari/537.36"
18.210.66.86 - - [25/Mar/2026:02:01:48 -0400] "HEAD /mera_ration/ HTTP/1.1" 200 0 "-" "Mozilla/5.0 (Windows NT 10.0; Win64; x64) AppleWebKit/537.36 (KHTML, like Gecko) Chrome/96.0.4664.110 Safari/537.36"
205.169.39.41 - - [25/Mar/2026:02:02:31 -0400] "GET / HTTP/1.1" 200 6899 "-" "Mozilla/5.0 (Windows NT 10.0) AppleWebKit/537.36 (KHTML, like Gecko) Chrome/106.0.0.0 Safari/537.36"
223.228.89.229 - - [25/Mar/2026:02:02:44 -0400] "GET /mera_ration/ HTTP/1.1" 200 527 "-" "Mozilla/5.0 (Linux; Android 10; K) AppleWebKit/537.36 (KHTML, like Gecko) Chrome/143.0.0.0 Mobile Safari/537.36"
223.228.89.229 - - [25/Mar/2026:02:02:45 -0400] "GET /favicon.ico HTTP/1.1" 404 1251 "https://www.ankurmedia.com/mera_ration/" "Mozilla/5.0 (Linux; Android 10; K) AppleWebKit/537.36 (KHTML, like Gecko) Chrome/143.0.0.0 Mobile Safari/537.36"
152.59.178.67 - - [25/Mar/2026:02:06:07 -0400] "GET /mera_ration/ HTTP/1.1" 200 527 "-" "Mozilla/5.0 (Linux; Android 10; K) AppleWebKit/537.36 (KHTML, like Gecko) Chrome/146.0.0.0 Mobile Safari/537.36"
152.59.178.67 - - [25/Mar/2026:02:06:08 -0400] "GET /favicon.ico HTTP/1.1" 404 1251 "https://www.ankurmedia.com/mera_ration/" "Mozilla/5.0 (Linux; Android 10; K) AppleWebKit/537.36 (KHTML, like Gecko) Chrome/146.0.0.0 Mobile Safari/537.36"
15.207.93.54 - - [25/Mar/2026:02:06:16 -0400] "HEAD /mera_ration/ HTTP/1.1" 200 0 "-" "Mozilla/5.0 (Windows NT 10.0; Win64; x64) AppleWebKit/537.36 (KHTML, like Gecko) Chrome/96.0.4664.110 Safari/537.36"
18.206.67.206 - - [25/Mar/2026:02:07:48 -0400] "HEAD /mera_ration/ HTTP/1.1" 200 0 "-" "Mozilla/5.0 (Windows NT 10.0; Win64; x64) AppleWebKit/537.36 (KHTML, like Gecko) Chrome/96.0.4664.110 Safari/537.36"
3.109.77.251 - - [25/Mar/2026:02:09:39 -0400] "HEAD /mera_ration/ HTTP/1.1" 200 0 "-" "Mozilla/5.0 (Windows NT 10.0; Win64; x64) AppleWebKit/537.36 (KHTML, like Gecko) Chrome/96.0.4664.110 Safari/537.36"
3.109.77.251 - - [25/Mar/2026:02:11:42 -0400] "HEAD /mera_ration/ HTTP/1.1" 200 0 "-" "Mozilla/5.0 (Windows NT 10.0; Win64; x64) AppleWebKit/537.36 (KHTML, like Gecko) Chrome/96.0.4664.110 Safari/537.36"
3.109.77.251 - - [25/Mar/2026:02:12:14 -0400] "HEAD /mera_ration/ HTTP/1.1" 200 0 "-" "Mozilla/5.0 (Windows NT 10.0; Win64; x64) AppleWebKit/537.36 (KHTML, like Gecko) Chrome/96.0.4664.110 Safari/537.36"
223.185.82.144 - - [25/Mar/2026:02:13:34 -0400] "GET /mera_ration/ HTTP/1.1" 200 738 "-" "QR Scanner Android"
223.185.82.144 - - [25/Mar/2026:02:13:36 -0400] "GET /mera_ration/ HTTP/1.1" 200 738 "-" "QR Scanner Android"
223.185.82.144 - - [25/Mar/2026:02:13:49 -0400] "GET /mera_ration/ HTTP/1.1" 200 527 "-" "Mozilla/5.0 (X11; Linux x86_64) AppleWebKit/537.36 (KHTML, like Gecko) Safari/537.36 HeyTapBrowser/45.13.9.1 Chrome/115.0.5970.168"
223.185.82.144 - - [25/Mar/2026:02:13:51 -0400] "GET /favicon.ico HTTP/1.1" 404 1251 "https://www.ankurmedia.com/mera_ration/" "Mozilla/5.0 (X11; Linux x86_64) AppleWebKit/537.36 (KHTML, like Gecko) Safari/537.36 HeyTapBrowser/45.13.9.1 Chrome/115.0.5970.168"
45.227.253.162 - - [25/Mar/2026:02:13:52 -0400] "POST /js/video/category_item.php HTTP/1.1" 200 47 "-" "Mozilla/5.0 (Macintosh; Intel Mac OS X 10_15_7) AppleWebKit/537.36 (KHTML, like Gecko) Chrome/120.0.0.0 Safari/537.36"
45.227.253.162 - - [25/Mar/2026:02:14:01 -0400] "POST /js/video/category_item.php HTTP/1.1" 200 25 "-" "Mozilla/5.0 (Macintosh; Intel Mac OS X 10_15_7) AppleWebKit/537.36 (KHTML, like Gecko) Chrome/120.0.0.0 Safari/537.36"
18.210.66.86 - - [25/Mar/2026:02:16:52 -0400] "HEAD /mera_ration/ HTTP/1.1" 200 0 "-" "Mozilla/5.0 (Windows NT 10.0; Win64; x64) AppleWebKit/537.36 (KHTML, like Gecko) Chrome/96.0.4664.110 Safari/537.36"
34.196.221.151 - - [25/Mar/2026:02:16:57 -0400] "HEAD /mera_ration/ HTTP/1.1" 200 0 "-" "Mozilla/5.0 (Windows NT 10.0; Win64; x64) AppleWebKit/537.36 (KHTML, like Gecko) Chrome/96.0.4664.110 Safari/537.36"
110.249.202.236 - - [25/Mar/2026:02:19:44 -0400] "GET /robots.txt HTTP/1.1" 200 17493 "-" "Mozilla/5.0 (Linux; Android 5.0) AppleWebKit/537.36 (KHTML, like Gecko) Mobile Safari/537.36 (compatible; Bytespider; https://zhanzhang.toutiao.com/)"
106.194.11.28 - - [25/Mar/2026:02:20:39 -0400] "GET /mera_ration/ HTTP/1.1" 200 527 "android-app://com.google.android.googlequicksearchbox/" "Mozilla/5.0 (Linux; Android 10; K) AppleWebKit/537.36 (KHTML, like Gecko) Chrome/146.0.0.0 Mobile Safari/537.36"
106.194.11.28 - - [25/Mar/2026:02:20:41 -0400] "GET /favicon.ico HTTP/1.1" 404 1251 "https://www.ankurmedia.com/mera_ration/" "Mozilla/5.0 (Linux; Android 10; K) AppleWebKit/537.36 (KHTML, like Gecko) Chrome/146.0.0.0 Mobile Safari/537.36"
