172.217.36.114 - - [24/Mar/2026:21:02:32 -0400] "GET /img/gallery11.jpg HTTP/1.1" 200 132279 "https://www.cozynestapartments.in/" "Mozilla/5.0 (Windows NT 10.0; Win64; x64) AppleWebKit/537.36 (KHTML, like Gecko) Chrome/131.0.0.0 Safari/537.36"
172.217.36.114 - - [24/Mar/2026:21:02:32 -0400] "GET /img/gallery9.jpg HTTP/1.1" 200 84399 "https://www.cozynestapartments.in/" "Mozilla/5.0 (Windows NT 10.0; Win64; x64) AppleWebKit/537.36 (KHTML, like Gecko) Chrome/131.0.0.0 Safari/537.36"
172.217.36.114 - - [24/Mar/2026:21:02:32 -0400] "GET /img/gallery1.jpg HTTP/1.1" 200 225999 "https://www.cozynestapartments.in/" "Mozilla/5.0 (Windows NT 10.0; Win64; x64) AppleWebKit/537.36 (KHTML, like Gecko) Chrome/131.0.0.0 Safari/537.36"
172.217.36.114 - - [24/Mar/2026:21:02:32 -0400] "GET /img/gallery2.jpg HTTP/1.1" 200 332285 "https://www.cozynestapartments.in/" "Mozilla/5.0 (Windows NT 10.0; Win64; x64) AppleWebKit/537.36 (KHTML, like Gecko) Chrome/131.0.0.0 Safari/537.36"
172.217.36.114 - - [24/Mar/2026:21:02:32 -0400] "GET /img/gallery3.jpg HTTP/1.1" 200 232987 "https://www.cozynestapartments.in/" "Mozilla/5.0 (Windows NT 10.0; Win64; x64) AppleWebKit/537.36 (KHTML, like Gecko) Chrome/131.0.0.0 Safari/537.36"
172.217.36.114 - - [24/Mar/2026:21:02:32 -0400] "GET /img/gallery4.jpg HTTP/1.1" 200 205829 "https://www.cozynestapartments.in/" "Mozilla/5.0 (Windows NT 10.0; Win64; x64) AppleWebKit/537.36 (KHTML, like Gecko) Chrome/131.0.0.0 Safari/537.36"
172.217.36.114 - - [24/Mar/2026:21:02:32 -0400] "GET /img/gallery5.jpg HTTP/1.1" 200 200645 "https://www.cozynestapartments.in/" "Mozilla/5.0 (Windows NT 10.0; Win64; x64) AppleWebKit/537.36 (KHTML, like Gecko) Chrome/131.0.0.0 Safari/537.36"
172.217.36.114 - - [24/Mar/2026:21:02:32 -0400] "GET /img/gallery6.jpg HTTP/1.1" 200 133763 "https://www.cozynestapartments.in/" "Mozilla/5.0 (Windows NT 10.0; Win64; x64) AppleWebKit/537.36 (KHTML, like Gecko) Chrome/131.0.0.0 Safari/537.36"
172.217.36.114 - - [24/Mar/2026:21:02:32 -0400] "GET /img/gallery7.jpg HTTP/1.1" 200 208769 "https://www.cozynestapartments.in/" "Mozilla/5.0 (Windows NT 10.0; Win64; x64) AppleWebKit/537.36 (KHTML, like Gecko) Chrome/131.0.0.0 Safari/537.36"
172.217.36.114 - - [24/Mar/2026:21:02:32 -0400] "GET /img/gallery8.jpg HTTP/1.1" 200 145854 "https://www.cozynestapartments.in/" "Mozilla/5.0 (Windows NT 10.0; Win64; x64) AppleWebKit/537.36 (KHTML, like Gecko) Chrome/131.0.0.0 Safari/537.36"
172.217.36.114 - - [24/Mar/2026:21:02:32 -0400] "GET /img/gallery17.jpg HTTP/1.1" 200 292066 "https://www.cozynestapartments.in/" "Mozilla/5.0 (Windows NT 10.0; Win64; x64) AppleWebKit/537.36 (KHTML, like Gecko) Chrome/131.0.0.0 Safari/537.36"
172.217.36.114 - - [24/Mar/2026:21:02:32 -0400] "GET /img/gallery18.jpg HTTP/1.1" 200 204543 "https://www.cozynestapartments.in/" "Mozilla/5.0 (Windows NT 10.0; Win64; x64) AppleWebKit/537.36 (KHTML, like Gecko) Chrome/131.0.0.0 Safari/537.36"
172.217.36.114 - - [24/Mar/2026:21:02:32 -0400] "GET /img/gallery19.jpg HTTP/1.1" 200 242949 "https://www.cozynestapartments.in/" "Mozilla/5.0 (Windows NT 10.0; Win64; x64) AppleWebKit/537.36 (KHTML, like Gecko) Chrome/131.0.0.0 Safari/537.36"
172.217.36.114 - - [24/Mar/2026:21:02:32 -0400] "GET /img/gallery20.jpg HTTP/1.1" 200 267030 "https://www.cozynestapartments.in/" "Mozilla/5.0 (Windows NT 10.0; Win64; x64) AppleWebKit/537.36 (KHTML, like Gecko) Chrome/131.0.0.0 Safari/537.36"
172.217.36.114 - - [24/Mar/2026:21:02:32 -0400] "GET /img/gallery13.jpg HTTP/1.1" 200 277797 "https://www.cozynestapartments.in/" "Mozilla/5.0 (Windows NT 10.0; Win64; x64) AppleWebKit/537.36 (KHTML, like Gecko) Chrome/131.0.0.0 Safari/537.36"
172.217.36.114 - - [24/Mar/2026:21:02:32 -0400] "GET /img/gallery14.jpg HTTP/1.1" 200 152703 "https://www.cozynestapartments.in/" "Mozilla/5.0 (Windows NT 10.0; Win64; x64) AppleWebKit/537.36 (KHTML, like Gecko) Chrome/131.0.0.0 Safari/537.36"
172.217.36.114 - - [24/Mar/2026:21:02:32 -0400] "GET /img/gallery15.jpg HTTP/1.1" 200 236269 "https://www.cozynestapartments.in/" "Mozilla/5.0 (Windows NT 10.0; Win64; x64) AppleWebKit/537.36 (KHTML, like Gecko) Chrome/131.0.0.0 Safari/537.36"
172.217.36.114 - - [24/Mar/2026:21:02:32 -0400] "GET /img/gallery16.jpg HTTP/1.1" 200 272775 "https://www.cozynestapartments.in/" "Mozilla/5.0 (Windows NT 10.0; Win64; x64) AppleWebKit/537.36 (KHTML, like Gecko) Chrome/131.0.0.0 Safari/537.36"
172.253.234.139 - - [24/Mar/2026:21:02:31 -0400] "GET / HTTP/1.1" 200 2967 "https://www.google.com/" "Mozilla/5.0 (Windows NT 10.0; Win64; x64) AppleWebKit/537.36 (KHTML, like Gecko) Chrome/145.0.0.0 Safari/537.36"
172.217.36.116 - - [24/Mar/2026:21:02:32 -0400] "GET /img/next.png HTTP/1.1" 200 1350 "https://www.cozynestapartments.in/css/lightbox.min.css" "Mozilla/5.0 (Windows NT 10.0; Win64; x64) AppleWebKit/537.36 (KHTML, like Gecko) Chrome/144.0.0.0 Safari/537.36"
172.217.36.116 - - [24/Mar/2026:21:02:32 -0400] "GET /img/prev.png HTTP/1.1" 200 1360 "https://www.cozynestapartments.in/css/lightbox.min.css" "Mozilla/5.0 (Windows NT 10.0; Win64; x64) AppleWebKit/537.36 (KHTML, like Gecko) Chrome/144.0.0.0 Safari/537.36"
172.217.36.116 - - [24/Mar/2026:21:02:32 -0400] "GET /img/loading.gif HTTP/1.1" 200 8476 "https://www.cozynestapartments.in/css/lightbox.min.css" "Mozilla/5.0 (Windows NT 10.0; Win64; x64) AppleWebKit/537.36 (KHTML, like Gecko) Chrome/144.0.0.0 Safari/537.36"
172.217.36.114 - - [24/Mar/2026:21:02:32 -0400] "GET /img/slide.jpg HTTP/1.1" 200 161838 "https://www.cozynestapartments.in/css/main.css" "Mozilla/5.0 (Windows NT 10.0; Win64; x64) AppleWebKit/537.36 (KHTML, like Gecko) Chrome/131.0.0.0 Safari/537.36"
172.217.36.114 - - [24/Mar/2026:21:02:32 -0400] "GET /img/facilities-bg.jpg HTTP/1.1" 200 115947 "https://www.cozynestapartments.in/css/main.css" "Mozilla/5.0 (Windows NT 10.0; Win64; x64) AppleWebKit/537.36 (KHTML, like Gecko) Chrome/131.0.0.0 Safari/537.36"
172.217.36.116 - - [24/Mar/2026:21:02:32 -0400] "GET /img/close.png HTTP/1.1" 200 280 "https://www.cozynestapartments.in/css/lightbox.min.css" "Mozilla/5.0 (Windows NT 10.0; Win64; x64) AppleWebKit/537.36 (KHTML, like Gecko) Chrome/144.0.0.0 Safari/537.36"
172.217.36.114 - - [24/Mar/2026:21:02:32 -0400] "GET /fonts/fontawesome-webfont3e6e.woff2?v=4.7.0 HTTP/1.1" 200 77160 "https://www.cozynestapartments.in/css/font-awesome.min.css" "Mozilla/5.0 (Windows NT 10.0; Win64; x64) AppleWebKit/537.36 (KHTML, like Gecko) Chrome/131.0.0.0 Safari/537.36"
74.125.114.4 - - [24/Mar/2026:21:02:32 -0400] "GET /img/prev.png HTTP/1.1" 200 1360 "https://www.cozynestapartments.in/css/lightbox.min.css" "Mozilla/5.0 (Windows NT 10.0; Win64; x64) AppleWebKit/537.36 (KHTML, like Gecko) Chrome/145.0.0.0 Safari/537.36"
74.125.114.4 - - [24/Mar/2026:21:02:32 -0400] "GET /img/next.png HTTP/1.1" 200 1350 "https://www.cozynestapartments.in/css/lightbox.min.css" "Mozilla/5.0 (Windows NT 10.0; Win64; x64) AppleWebKit/537.36 (KHTML, like Gecko) Chrome/145.0.0.0 Safari/537.36"
74.125.114.4 - - [24/Mar/2026:21:02:32 -0400] "GET /img/loading.gif HTTP/1.1" 200 8476 "https://www.cozynestapartments.in/css/lightbox.min.css" "Mozilla/5.0 (Windows NT 10.0; Win64; x64) AppleWebKit/537.36 (KHTML, like Gecko) Chrome/145.0.0.0 Safari/537.36"
74.125.114.4 - - [24/Mar/2026:21:02:32 -0400] "GET /img/close.png HTTP/1.1" 200 280 "https://www.cozynestapartments.in/css/lightbox.min.css" "Mozilla/5.0 (Windows NT 10.0; Win64; x64) AppleWebKit/537.36 (KHTML, like Gecko) Chrome/145.0.0.0 Safari/537.36"
172.253.234.139 - - [24/Mar/2026:21:02:32 -0400] "GET /css/bootstrap.min.css HTTP/1.1" 200 18282 "https://www.cozynestapartments.in/" "Mozilla/5.0 (Windows NT 10.0; Win64; x64) AppleWebKit/537.36 (KHTML, like Gecko) Chrome/145.0.0.0 Safari/537.36"
172.253.234.139 - - [24/Mar/2026:21:02:32 -0400] "GET /css/font-awesome.min.css HTTP/1.1" 200 6665 "https://www.cozynestapartments.in/" "Mozilla/5.0 (Windows NT 10.0; Win64; x64) AppleWebKit/537.36 (KHTML, like Gecko) Chrome/145.0.0.0 Safari/537.36"
172.253.234.139 - - [24/Mar/2026:21:02:32 -0400] "GET /css/owl.carousel.min.css HTTP/1.1" 200 789 "https://www.cozynestapartments.in/" "Mozilla/5.0 (Windows NT 10.0; Win64; x64) AppleWebKit/537.36 (KHTML, like Gecko) Chrome/145.0.0.0 Safari/537.36"
172.253.234.139 - - [24/Mar/2026:21:02:32 -0400] "GET /css/animate.css HTTP/1.1" 200 2770 "https://www.cozynestapartments.in/" "Mozilla/5.0 (Windows NT 10.0; Win64; x64) AppleWebKit/537.36 (KHTML, like Gecko) Chrome/145.0.0.0 Safari/537.36"
172.253.234.139 - - [24/Mar/2026:21:02:32 -0400] "GET /css/vegas.min.css HTTP/1.1" 200 1169 "https://www.cozynestapartments.in/" "Mozilla/5.0 (Windows NT 10.0; Win64; x64) AppleWebKit/537.36 (KHTML, like Gecko) Chrome/145.0.0.0 Safari/537.36"
172.253.234.139 - - [24/Mar/2026:21:02:32 -0400] "GET /css/hover.css HTTP/1.1" 200 7788 "https://www.cozynestapartments.in/" "Mozilla/5.0 (Windows NT 10.0; Win64; x64) AppleWebKit/537.36 (KHTML, like Gecko) Chrome/145.0.0.0 Safari/537.36"
172.253.234.139 - - [24/Mar/2026:21:02:32 -0400] "GET /css/typing.css HTTP/1.1" 200 2619 "https://www.cozynestapartments.in/" "Mozilla/5.0 (Windows NT 10.0; Win64; x64) AppleWebKit/537.36 (KHTML, like Gecko) Chrome/145.0.0.0 Safari/537.36"
172.253.234.139 - - [24/Mar/2026:21:02:32 -0400] "GET /css/lightbox.min.css HTTP/1.1" 200 792 "https://www.cozynestapartments.in/" "Mozilla/5.0 (Windows NT 10.0; Win64; x64) AppleWebKit/537.36 (KHTML, like Gecko) Chrome/145.0.0.0 Safari/537.36"
172.253.234.139 - - [24/Mar/2026:21:02:32 -0400] "GET /css/normalize.css HTTP/1.1" 200 3870 "https://www.cozynestapartments.in/" "Mozilla/5.0 (Windows NT 10.0; Win64; x64) AppleWebKit/537.36 (KHTML, like Gecko) Chrome/145.0.0.0 Safari/537.36"
172.253.234.139 - - [24/Mar/2026:21:02:32 -0400] "GET /css/main.css HTTP/1.1" 200 5977 "https://www.cozynestapartments.in/" "Mozilla/5.0 (Windows NT 10.0; Win64; x64) AppleWebKit/537.36 (KHTML, like Gecko) Chrome/145.0.0.0 Safari/537.36"
172.253.234.139 - - [24/Mar/2026:21:02:32 -0400] "GET /css/responsive.css HTTP/1.1" 200 1969 "https://www.cozynestapartments.in/" "Mozilla/5.0 (Windows NT 10.0; Win64; x64) AppleWebKit/537.36 (KHTML, like Gecko) Chrome/145.0.0.0 Safari/537.36"
172.253.234.139 - - [24/Mar/2026:21:02:32 -0400] "GET /img/cozy-nest-logo.png HTTP/1.1" 200 8880 "https://www.cozynestapartments.in/" "Mozilla/5.0 (Windows NT 10.0; Win64; x64) AppleWebKit/537.36 (KHTML, like Gecko) Chrome/145.0.0.0 Safari/537.36"
172.253.234.139 - - [24/Mar/2026:21:02:32 -0400] "GET /img/Serviced-Apartments.png HTTP/1.1" 200 246968 "https://www.cozynestapartments.in/" "Mozilla/5.0 (Windows NT 10.0; Win64; x64) AppleWebKit/537.36 (KHTML, like Gecko) Chrome/145.0.0.0 Safari/537.36"
172.253.234.139 - - [24/Mar/2026:21:02:32 -0400] "GET /img/about-us.jpg HTTP/1.1" 200 196133 "https://www.cozynestapartments.in/" "Mozilla/5.0 (Windows NT 10.0; Win64; x64) AppleWebKit/537.36 (KHTML, like Gecko) Chrome/145.0.0.0 Safari/537.36"
172.253.234.139 - - [24/Mar/2026:21:02:32 -0400] "GET /img/room-service.png HTTP/1.1" 200 2311 "https://www.cozynestapartments.in/" "Mozilla/5.0 (Windows NT 10.0; Win64; x64) AppleWebKit/537.36 (KHTML, like Gecko) Chrome/145.0.0.0 Safari/537.36"
172.253.234.139 - - [24/Mar/2026:21:02:32 -0400] "GET /img/house-keeping.png HTTP/1.1" 200 2568 "https://www.cozynestapartments.in/" "Mozilla/5.0 (Windows NT 10.0; Win64; x64) AppleWebKit/537.36 (KHTML, like Gecko) Chrome/145.0.0.0 Safari/537.36"
172.253.234.139 - - [24/Mar/2026:21:02:32 -0400] "GET /js/vendor/modernizr-3.5.0.min.js HTTP/1.1" 200 3395 "https://www.cozynestapartments.in/" "Mozilla/5.0 (Windows NT 10.0; Win64; x64) AppleWebKit/537.36 (KHTML, like Gecko) Chrome/145.0.0.0 Safari/537.36"
172.253.234.139 - - [24/Mar/2026:21:02:32 -0400] "GET /js/vendor/jquery-3.2.1.min.js HTTP/1.1" 200 29485 "https://www.cozynestapartments.in/" "Mozilla/5.0 (Windows NT 10.0; Win64; x64) AppleWebKit/537.36 (KHTML, like Gecko) Chrome/145.0.0.0 Safari/537.36"
172.253.234.139 - - [24/Mar/2026:21:02:32 -0400] "GET /js/bootstrap.min.js HTTP/1.1" 200 9515 "https://www.cozynestapartments.in/" "Mozilla/5.0 (Windows NT 10.0; Win64; x64) AppleWebKit/537.36 (KHTML, like Gecko) Chrome/145.0.0.0 Safari/537.36"
172.253.234.139 - - [24/Mar/2026:21:02:32 -0400] "GET /js/owl.carousel.min.js HTTP/1.1" 200 10649 "https://www.cozynestapartments.in/" "Mozilla/5.0 (Windows NT 10.0; Win64; x64) AppleWebKit/537.36 (KHTML, like Gecko) Chrome/145.0.0.0 Safari/537.36"
172.253.234.139 - - [24/Mar/2026:21:02:32 -0400] "GET /js/vegas.min.js HTTP/1.1" 200 2951 "https://www.cozynestapartments.in/" "Mozilla/5.0 (Windows NT 10.0; Win64; x64) AppleWebKit/537.36 (KHTML, like Gecko) Chrome/145.0.0.0 Safari/537.36"
172.253.234.139 - - [24/Mar/2026:21:02:32 -0400] "GET /js/typing.js HTTP/1.1" 200 1397 "https://www.cozynestapartments.in/" "Mozilla/5.0 (Windows NT 10.0; Win64; x64) AppleWebKit/537.36 (KHTML, like Gecko) Chrome/145.0.0.0 Safari/537.36"
172.253.234.139 - - [24/Mar/2026:21:02:32 -0400] "GET /js/jquery.waypoints.min.js HTTP/1.1" 200 2592 "https://www.cozynestapartments.in/" "Mozilla/5.0 (Windows NT 10.0; Win64; x64) AppleWebKit/537.36 (KHTML, like Gecko) Chrome/145.0.0.0 Safari/537.36"
172.253.234.139 - - [24/Mar/2026:21:02:32 -0400] "GET /js/circle-progress.js HTTP/1.1" 200 4258 "https://www.cozynestapartments.in/" "Mozilla/5.0 (Windows NT 10.0; Win64; x64) AppleWebKit/537.36 (KHTML, like Gecko) Chrome/145.0.0.0 Safari/537.36"
172.253.234.139 - - [24/Mar/2026:21:02:32 -0400] "GET /js/isotope.min.js HTTP/1.1" 200 9596 "https://www.cozynestapartments.in/" "Mozilla/5.0 (Windows NT 10.0; Win64; x64) AppleWebKit/537.36 (KHTML, like Gecko) Chrome/145.0.0.0 Safari/537.36"
172.253.234.139 - - [24/Mar/2026:21:02:32 -0400] "GET /js/jarallax.min.js HTTP/1.1" 200 3945 "https://www.cozynestapartments.in/" "Mozilla/5.0 (Windows NT 10.0; Win64; x64) AppleWebKit/537.36 (KHTML, like Gecko) Chrome/145.0.0.0 Safari/537.36"
172.253.234.139 - - [24/Mar/2026:21:02:32 -0400] "GET /js/lightbox.min.js HTTP/1.1" 200 2720 "https://www.cozynestapartments.in/" "Mozilla/5.0 (Windows NT 10.0; Win64; x64) AppleWebKit/537.36 (KHTML, like Gecko) Chrome/145.0.0.0 Safari/537.36"
172.253.234.139 - - [24/Mar/2026:21:02:32 -0400] "GET /js/gmap3.min.js HTTP/1.1" 200 10824 "https://www.cozynestapartments.in/" "Mozilla/5.0 (Windows NT 10.0; Win64; x64) AppleWebKit/537.36 (KHTML, like Gecko) Chrome/145.0.0.0 Safari/537.36"
172.253.234.139 - - [24/Mar/2026:21:02:32 -0400] "GET /js/jquery.scrollUp.min.js HTTP/1.1" 200 853 "https://www.cozynestapartments.in/" "Mozilla/5.0 (Windows NT 10.0; Win64; x64) AppleWebKit/537.36 (KHTML, like Gecko) Chrome/145.0.0.0 Safari/537.36"
172.253.234.139 - - [24/Mar/2026:21:02:32 -0400] "GET /js/plugins.js HTTP/1.1" 200 336 "https://www.cozynestapartments.in/" "Mozilla/5.0 (Windows NT 10.0; Win64; x64) AppleWebKit/537.36 (KHTML, like Gecko) Chrome/145.0.0.0 Safari/537.36"
172.253.234.139 - - [24/Mar/2026:21:02:32 -0400] "GET /js/main.js HTTP/1.1" 200 2154 "https://www.cozynestapartments.in/" "Mozilla/5.0 (Windows NT 10.0; Win64; x64) AppleWebKit/537.36 (KHTML, like Gecko) Chrome/145.0.0.0 Safari/537.36"
172.253.234.139 - - [24/Mar/2026:21:02:32 -0400] "GET /img/laundry.png HTTP/1.1" 200 2661 "https://www.cozynestapartments.in/" "Mozilla/5.0 (Windows NT 10.0; Win64; x64) AppleWebKit/537.36 (KHTML, like Gecko) Chrome/145.0.0.0 Safari/537.36"
172.253.234.139 - - [24/Mar/2026:21:02:32 -0400] "GET /img/food.png HTTP/1.1" 200 2086 "https://www.cozynestapartments.in/" "Mozilla/5.0 (Windows NT 10.0; Win64; x64) AppleWebKit/537.36 (KHTML, like Gecko) Chrome/145.0.0.0 Safari/537.36"
172.253.234.139 - - [24/Mar/2026:21:02:32 -0400] "GET /img/gallery12.jpg HTTP/1.1" 200 70655 "https://www.cozynestapartments.in/" "Mozilla/5.0 (Windows NT 10.0; Win64; x64) AppleWebKit/537.36 (KHTML, like Gecko) Chrome/145.0.0.0 Safari/537.36"
172.253.234.139 - - [24/Mar/2026:21:02:32 -0400] "GET /img/gallery10.jpg HTTP/1.1" 200 123149 "https://www.cozynestapartments.in/" "Mozilla/5.0 (Windows NT 10.0; Win64; x64) AppleWebKit/537.36 (KHTML, like Gecko) Chrome/145.0.0.0 Safari/537.36"
172.253.234.139 - - [24/Mar/2026:21:02:32 -0400] "GET /img/gallery11.jpg HTTP/1.1" 200 132279 "https://www.cozynestapartments.in/" "Mozilla/5.0 (Windows NT 10.0; Win64; x64) AppleWebKit/537.36 (KHTML, like Gecko) Chrome/145.0.0.0 Safari/537.36"
172.253.234.139 - - [24/Mar/2026:21:02:32 -0400] "GET /img/gallery9.jpg HTTP/1.1" 200 84399 "https://www.cozynestapartments.in/" "Mozilla/5.0 (Windows NT 10.0; Win64; x64) AppleWebKit/537.36 (KHTML, like Gecko) Chrome/145.0.0.0 Safari/537.36"
172.253.234.139 - - [24/Mar/2026:21:02:32 -0400] "GET /img/gallery1.jpg HTTP/1.1" 200 225999 "https://www.cozynestapartments.in/" "Mozilla/5.0 (Windows NT 10.0; Win64; x64) AppleWebKit/537.36 (KHTML, like Gecko) Chrome/145.0.0.0 Safari/537.36"
172.253.234.139 - - [24/Mar/2026:21:02:32 -0400] "GET /img/gallery2.jpg HTTP/1.1" 200 332285 "https://www.cozynestapartments.in/" "Mozilla/5.0 (Windows NT 10.0; Win64; x64) AppleWebKit/537.36 (KHTML, like Gecko) Chrome/145.0.0.0 Safari/537.36"
172.253.234.139 - - [24/Mar/2026:21:02:32 -0400] "GET /img/gallery3.jpg HTTP/1.1" 200 232987 "https://www.cozynestapartments.in/" "Mozilla/5.0 (Windows NT 10.0; Win64; x64) AppleWebKit/537.36 (KHTML, like Gecko) Chrome/145.0.0.0 Safari/537.36"
172.253.234.139 - - [24/Mar/2026:21:02:32 -0400] "GET /img/gallery4.jpg HTTP/1.1" 200 205829 "https://www.cozynestapartments.in/" "Mozilla/5.0 (Windows NT 10.0; Win64; x64) AppleWebKit/537.36 (KHTML, like Gecko) Chrome/145.0.0.0 Safari/537.36"
172.253.234.139 - - [24/Mar/2026:21:02:32 -0400] "GET /img/gallery5.jpg HTTP/1.1" 200 200645 "https://www.cozynestapartments.in/" "Mozilla/5.0 (Windows NT 10.0; Win64; x64) AppleWebKit/537.36 (KHTML, like Gecko) Chrome/145.0.0.0 Safari/537.36"
172.253.234.139 - - [24/Mar/2026:21:02:32 -0400] "GET /img/gallery6.jpg HTTP/1.1" 200 133763 "https://www.cozynestapartments.in/" "Mozilla/5.0 (Windows NT 10.0; Win64; x64) AppleWebKit/537.36 (KHTML, like Gecko) Chrome/145.0.0.0 Safari/537.36"
172.253.234.139 - - [24/Mar/2026:21:02:32 -0400] "GET /img/gallery7.jpg HTTP/1.1" 200 208769 "https://www.cozynestapartments.in/" "Mozilla/5.0 (Windows NT 10.0; Win64; x64) AppleWebKit/537.36 (KHTML, like Gecko) Chrome/145.0.0.0 Safari/537.36"
172.253.234.139 - - [24/Mar/2026:21:02:32 -0400] "GET /img/gallery8.jpg HTTP/1.1" 200 145854 "https://www.cozynestapartments.in/" "Mozilla/5.0 (Windows NT 10.0; Win64; x64) AppleWebKit/537.36 (KHTML, like Gecko) Chrome/145.0.0.0 Safari/537.36"
172.253.234.139 - - [24/Mar/2026:21:02:32 -0400] "GET /img/gallery17.jpg HTTP/1.1" 200 292066 "https://www.cozynestapartments.in/" "Mozilla/5.0 (Windows NT 10.0; Win64; x64) AppleWebKit/537.36 (KHTML, like Gecko) Chrome/145.0.0.0 Safari/537.36"
172.253.234.139 - - [24/Mar/2026:21:02:32 -0400] "GET /img/gallery18.jpg HTTP/1.1" 200 204543 "https://www.cozynestapartments.in/" "Mozilla/5.0 (Windows NT 10.0; Win64; x64) AppleWebKit/537.36 (KHTML, like Gecko) Chrome/145.0.0.0 Safari/537.36"
172.253.234.139 - - [24/Mar/2026:21:02:32 -0400] "GET /img/gallery19.jpg HTTP/1.1" 200 242949 "https://www.cozynestapartments.in/" "Mozilla/5.0 (Windows NT 10.0; Win64; x64) AppleWebKit/537.36 (KHTML, like Gecko) Chrome/145.0.0.0 Safari/537.36"
172.253.234.139 - - [24/Mar/2026:21:02:32 -0400] "GET /img/gallery20.jpg HTTP/1.1" 200 267030 "https://www.cozynestapartments.in/" "Mozilla/5.0 (Windows NT 10.0; Win64; x64) AppleWebKit/537.36 (KHTML, like Gecko) Chrome/145.0.0.0 Safari/537.36"
172.253.234.139 - - [24/Mar/2026:21:02:32 -0400] "GET /img/gallery13.jpg HTTP/1.1" 200 277797 "https://www.cozynestapartments.in/" "Mozilla/5.0 (Windows NT 10.0; Win64; x64) AppleWebKit/537.36 (KHTML, like Gecko) Chrome/145.0.0.0 Safari/537.36"
172.253.234.139 - - [24/Mar/2026:21:02:32 -0400] "GET /img/gallery14.jpg HTTP/1.1" 200 152703 "https://www.cozynestapartments.in/" "Mozilla/5.0 (Windows NT 10.0; Win64; x64) AppleWebKit/537.36 (KHTML, like Gecko) Chrome/145.0.0.0 Safari/537.36"
172.253.234.139 - - [24/Mar/2026:21:02:32 -0400] "GET /img/gallery15.jpg HTTP/1.1" 200 236269 "https://www.cozynestapartments.in/" "Mozilla/5.0 (Windows NT 10.0; Win64; x64) AppleWebKit/537.36 (KHTML, like Gecko) Chrome/145.0.0.0 Safari/537.36"
172.253.234.139 - - [24/Mar/2026:21:02:32 -0400] "GET /img/gallery16.jpg HTTP/1.1" 200 272775 "https://www.cozynestapartments.in/" "Mozilla/5.0 (Windows NT 10.0; Win64; x64) AppleWebKit/537.36 (KHTML, like Gecko) Chrome/145.0.0.0 Safari/537.36"
172.217.36.114 - - [24/Mar/2026:21:02:33 -0400] "GET /img/prev.png HTTP/1.1" 200 1360 "https://www.cozynestapartments.in/css/lightbox.min.css" "Mozilla/5.0 (Windows NT 10.0; Win64; x64) AppleWebKit/537.36 (KHTML, like Gecko) Chrome/131.0.0.0 Safari/537.36"
172.217.36.114 - - [24/Mar/2026:21:02:33 -0400] "GET /img/next.png HTTP/1.1" 200 1350 "https://www.cozynestapartments.in/css/lightbox.min.css" "Mozilla/5.0 (Windows NT 10.0; Win64; x64) AppleWebKit/537.36 (KHTML, like Gecko) Chrome/131.0.0.0 Safari/537.36"
172.217.36.114 - - [24/Mar/2026:21:02:33 -0400] "GET /img/loading.gif HTTP/1.1" 200 8476 "https://www.cozynestapartments.in/css/lightbox.min.css" "Mozilla/5.0 (Windows NT 10.0; Win64; x64) AppleWebKit/537.36 (KHTML, like Gecko) Chrome/131.0.0.0 Safari/537.36"
172.217.36.114 - - [24/Mar/2026:21:02:33 -0400] "GET /img/close.png HTTP/1.1" 200 280 "https://www.cozynestapartments.in/css/lightbox.min.css" "Mozilla/5.0 (Windows NT 10.0; Win64; x64) AppleWebKit/537.36 (KHTML, like Gecko) Chrome/131.0.0.0 Safari/537.36"
172.253.234.214 - - [24/Mar/2026:21:02:31 -0400] "GET /js/ HTTP/1.1" 200 1507 "https://www.google.com/" "Mozilla/5.0 (Windows NT 10.0; Win64; x64) AppleWebKit/537.36 (KHTML, like Gecko) Chrome/145.0.0.0 Safari/537.36"
172.253.234.214 - - [24/Mar/2026:21:02:33 -0400] "GET /_autoindex/assets/css/autoindex.css HTTP/1.1" 200 1170 "https://www.cozynestapartments.in/js/" "Mozilla/5.0 (Windows NT 10.0; Win64; x64) AppleWebKit/537.36 (KHTML, like Gecko) Chrome/145.0.0.0 Safari/537.36"
172.253.234.214 - - [24/Mar/2026:21:02:33 -0400] "GET /_autoindex/assets/js/tablesort.js HTTP/1.1" 200 2137 "https://www.cozynestapartments.in/js/" "Mozilla/5.0 (Windows NT 10.0; Win64; x64) AppleWebKit/537.36 (KHTML, like Gecko) Chrome/145.0.0.0 Safari/537.36"
172.253.234.214 - - [24/Mar/2026:21:02:33 -0400] "GET /_autoindex/assets/js/tablesort.number.js HTTP/1.1" 200 322 "https://www.cozynestapartments.in/js/" "Mozilla/5.0 (Windows NT 10.0; Win64; x64) AppleWebKit/537.36 (KHTML, like Gecko) Chrome/145.0.0.0 Safari/537.36"
172.253.234.214 - - [24/Mar/2026:21:02:33 -0400] "GET /_autoindex/assets/icons/folder-fill.svg HTTP/1.1" 200 333 "https://www.cozynestapartments.in/js/" "Mozilla/5.0 (Windows NT 10.0; Win64; x64) AppleWebKit/537.36 (KHTML, like Gecko) Chrome/145.0.0.0 Safari/537.36"
172.253.234.214 - - [24/Mar/2026:21:02:33 -0400] "GET /_autoindex/assets/icons/corner-left-up.svg HTTP/1.1" 200 328 "https://www.cozynestapartments.in/js/" "Mozilla/5.0 (Windows NT 10.0; Win64; x64) AppleWebKit/537.36 (KHTML, like Gecko) Chrome/145.0.0.0 Safari/537.36"
172.253.234.214 - - [24/Mar/2026:21:02:33 -0400] "GET /_autoindex/assets/icons/file-text.svg HTTP/1.1" 200 394 "https://www.cozynestapartments.in/js/" "Mozilla/5.0 (Windows NT 10.0; Win64; x64) AppleWebKit/537.36 (KHTML, like Gecko) Chrome/145.0.0.0 Safari/537.36"
172.253.234.214 - - [24/Mar/2026:21:02:33 -0400] "GET /_autoindex/assets/icons/file.svg HTTP/1.1" 200 354 "https://www.cozynestapartments.in/js/" "Mozilla/5.0 (Windows NT 10.0; Win64; x64) AppleWebKit/537.36 (KHTML, like Gecko) Chrome/145.0.0.0 Safari/537.36"
172.253.234.214 - - [24/Mar/2026:21:02:31 -0400] "GET /js/ HTTP/1.1" 200 1507 "https://www.google.com/" "Mozilla/5.0 (Windows NT 10.0; Win64; x64) AppleWebKit/537.36 (KHTML, like Gecko) Chrome/131.0.0.0 Safari/537.36"
172.217.36.116 - - [24/Mar/2026:21:02:31 -0400] "GET /js/vendor/ HTTP/1.1" 200 0 "https://www.google.com/" "Mozilla/5.0 (Windows NT 10.0; Win64; x64) AppleWebKit/537.36 (KHTML, like Gecko) Chrome/145.0.0.0 Safari/537.36"
172.253.234.214 - - [24/Mar/2026:21:02:33 -0400] "GET /favicon.ico HTTP/1.1" 404 1251 "https://www.cozynestapartments.in/js/" "Mozilla/5.0 (Windows NT 10.0; Win64; x64) AppleWebKit/537.36 (KHTML, like Gecko) Chrome/145.0.0.0 Safari/537.36"
172.253.234.214 - - [24/Mar/2026:21:02:33 -0400] "GET /_autoindex/assets/css/autoindex.css HTTP/1.1" 200 1170 "https://www.cozynestapartments.in/js/" "Mozilla/5.0 (Windows NT 10.0; Win64; x64) AppleWebKit/537.36 (KHTML, like Gecko) Chrome/131.0.0.0 Safari/537.36"
172.253.234.214 - - [24/Mar/2026:21:02:33 -0400] "GET /_autoindex/assets/js/tablesort.js HTTP/1.1" 200 2137 "https://www.cozynestapartments.in/js/" "Mozilla/5.0 (Windows NT 10.0; Win64; x64) AppleWebKit/537.36 (KHTML, like Gecko) Chrome/131.0.0.0 Safari/537.36"
172.253.234.214 - - [24/Mar/2026:21:02:33 -0400] "GET /_autoindex/assets/js/tablesort.number.js HTTP/1.1" 200 322 "https://www.cozynestapartments.in/js/" "Mozilla/5.0 (Windows NT 10.0; Win64; x64) AppleWebKit/537.36 (KHTML, like Gecko) Chrome/131.0.0.0 Safari/537.36"
172.217.36.116 - - [24/Mar/2026:21:02:33 -0400] "GET /favicon.ico HTTP/1.1" 404 1251 "https://www.cozynestapartments.in/js/vendor/" "Mozilla/5.0 (Windows NT 10.0; Win64; x64) AppleWebKit/537.36 (KHTML, like Gecko) Chrome/145.0.0.0 Safari/537.36"
172.253.234.214 - - [24/Mar/2026:21:02:33 -0400] "GET /_autoindex/assets/icons/corner-left-up.svg HTTP/1.1" 200 328 "https://www.cozynestapartments.in/js/" "Mozilla/5.0 (Windows NT 10.0; Win64; x64) AppleWebKit/537.36 (KHTML, like Gecko) Chrome/131.0.0.0 Safari/537.36"
172.253.234.214 - - [24/Mar/2026:21:02:33 -0400] "GET /_autoindex/assets/icons/folder-fill.svg HTTP/1.1" 200 333 "https://www.cozynestapartments.in/js/" "Mozilla/5.0 (Windows NT 10.0; Win64; x64) AppleWebKit/537.36 (KHTML, like Gecko) Chrome/131.0.0.0 Safari/537.36"
172.253.234.214 - - [24/Mar/2026:21:02:33 -0400] "GET /_autoindex/assets/icons/file-text.svg HTTP/1.1" 200 394 "https://www.cozynestapartments.in/js/" "Mozilla/5.0 (Windows NT 10.0; Win64; x64) AppleWebKit/537.36 (KHTML, like Gecko) Chrome/131.0.0.0 Safari/537.36"
172.253.234.214 - - [24/Mar/2026:21:02:33 -0400] "GET /_autoindex/assets/icons/file.svg HTTP/1.1" 200 354 "https://www.cozynestapartments.in/js/" "Mozilla/5.0 (Windows NT 10.0; Win64; x64) AppleWebKit/537.36 (KHTML, like Gecko) Chrome/131.0.0.0 Safari/537.36"
172.253.234.214 - - [24/Mar/2026:21:02:33 -0400] "GET /favicon.ico HTTP/1.1" 404 1251 "https://www.cozynestapartments.in/js/" "Mozilla/5.0 (Windows NT 10.0; Win64; x64) AppleWebKit/537.36 (KHTML, like Gecko) Chrome/131.0.0.0 Safari/537.36"
189.247.53.4 - - [24/Mar/2026:21:02:33 -0400] "GET /js/ HTTP/1.1" 200 1507 "https://www.google.com/" "Mozilla/5.0 (Windows NT 10.0; Win64; x64) AppleWebKit/537.36 (KHTML, like Gecko) Chrome/145.0.0.0 Safari/537.36"
172.253.234.139 - - [24/Mar/2026:21:02:34 -0400] "GET /img/slide.jpg HTTP/1.1" 200 161838 "https://www.cozynestapartments.in/css/main.css" "Mozilla/5.0 (Windows NT 10.0; Win64; x64) AppleWebKit/537.36 (KHTML, like Gecko) Chrome/145.0.0.0 Safari/537.36"
172.253.234.139 - - [24/Mar/2026:21:02:34 -0400] "GET /img/facilities-bg.jpg HTTP/1.1" 200 115947 "https://www.cozynestapartments.in/css/main.css" "Mozilla/5.0 (Windows NT 10.0; Win64; x64) AppleWebKit/537.36 (KHTML, like Gecko) Chrome/145.0.0.0 Safari/537.36"
172.253.234.139 - - [24/Mar/2026:21:02:34 -0400] "GET /fonts/fontawesome-webfont3e6e.woff2?v=4.7.0 HTTP/1.1" 200 77160 "https://www.cozynestapartments.in/css/font-awesome.min.css" "Mozilla/5.0 (Windows NT 10.0; Win64; x64) AppleWebKit/537.36 (KHTML, like Gecko) Chrome/145.0.0.0 Safari/537.36"
172.217.36.116 - - [24/Mar/2026:21:02:31 -0400] "GET /js/ HTTP/1.1" 200 1507 "https://www.google.com/" "Mozilla/5.0 (Windows NT 10.0; Win64; x64) AppleWebKit/537.36 (KHTML, like Gecko) Chrome/145.0.0.0 Safari/537.36"
172.253.234.139 - - [24/Mar/2026:21:02:34 -0400] "GET /img/prev.png HTTP/1.1" 200 1360 "https://www.cozynestapartments.in/css/lightbox.min.css" "Mozilla/5.0 (Windows NT 10.0; Win64; x64) AppleWebKit/537.36 (KHTML, like Gecko) Chrome/145.0.0.0 Safari/537.36"
172.253.234.139 - - [24/Mar/2026:21:02:34 -0400] "GET /img/next.png HTTP/1.1" 200 1350 "https://www.cozynestapartments.in/css/lightbox.min.css" "Mozilla/5.0 (Windows NT 10.0; Win64; x64) AppleWebKit/537.36 (KHTML, like Gecko) Chrome/145.0.0.0 Safari/537.36"
172.253.234.139 - - [24/Mar/2026:21:02:34 -0400] "GET /img/loading.gif HTTP/1.1" 200 8476 "https://www.cozynestapartments.in/css/lightbox.min.css" "Mozilla/5.0 (Windows NT 10.0; Win64; x64) AppleWebKit/537.36 (KHTML, like Gecko) Chrome/145.0.0.0 Safari/537.36"
172.253.234.139 - - [24/Mar/2026:21:02:34 -0400] "GET /img/close.png HTTP/1.1" 200 280 "https://www.cozynestapartments.in/css/lightbox.min.css" "Mozilla/5.0 (Windows NT 10.0; Win64; x64) AppleWebKit/537.36 (KHTML, like Gecko) Chrome/145.0.0.0 Safari/537.36"
172.217.36.116 - - [24/Mar/2026:21:02:34 -0400] "GET /_autoindex/assets/css/autoindex.css HTTP/1.1" 200 1170 "https://www.cozynestapartments.in/js/" "Mozilla/5.0 (Windows NT 10.0; Win64; x64) AppleWebKit/537.36 (KHTML, like Gecko) Chrome/145.0.0.0 Safari/537.36"
172.217.36.116 - - [24/Mar/2026:21:02:34 -0400] "GET /_autoindex/assets/js/tablesort.js HTTP/1.1" 200 2137 "https://www.cozynestapartments.in/js/" "Mozilla/5.0 (Windows NT 10.0; Win64; x64) AppleWebKit/537.36 (KHTML, like Gecko) Chrome/145.0.0.0 Safari/537.36"
172.217.36.116 - - [24/Mar/2026:21:02:34 -0400] "GET /_autoindex/assets/js/tablesort.number.js HTTP/1.1" 200 322 "https://www.cozynestapartments.in/js/" "Mozilla/5.0 (Windows NT 10.0; Win64; x64) AppleWebKit/537.36 (KHTML, like Gecko) Chrome/145.0.0.0 Safari/537.36"
172.217.36.116 - - [24/Mar/2026:21:02:34 -0400] "GET /_autoindex/assets/icons/corner-left-up.svg HTTP/1.1" 200 328 "https://www.cozynestapartments.in/js/" "Mozilla/5.0 (Windows NT 10.0; Win64; x64) AppleWebKit/537.36 (KHTML, like Gecko) Chrome/145.0.0.0 Safari/537.36"
172.217.36.116 - - [24/Mar/2026:21:02:34 -0400] "GET /_autoindex/assets/icons/folder-fill.svg HTTP/1.1" 200 333 "https://www.cozynestapartments.in/js/" "Mozilla/5.0 (Windows NT 10.0; Win64; x64) AppleWebKit/537.36 (KHTML, like Gecko) Chrome/145.0.0.0 Safari/537.36"
189.247.53.4 - - [24/Mar/2026:21:02:34 -0400] "GET /_autoindex/assets/css/autoindex.css HTTP/1.1" 200 1170 "https://www.cozynestapartments.in/js/" "Mozilla/5.0 (Windows NT 10.0; Win64; x64) AppleWebKit/537.36 (KHTML, like Gecko) Chrome/145.0.0.0 Safari/537.36"
189.247.53.4 - - [24/Mar/2026:21:02:34 -0400] "GET /_autoindex/assets/js/tablesort.js HTTP/1.1" 200 2137 "https://www.cozynestapartments.in/js/" "Mozilla/5.0 (Windows NT 10.0; Win64; x64) AppleWebKit/537.36 (KHTML, like Gecko) Chrome/145.0.0.0 Safari/537.36"
189.247.53.4 - - [24/Mar/2026:21:02:34 -0400] "GET /_autoindex/assets/js/tablesort.number.js HTTP/1.1" 200 322 "https://www.cozynestapartments.in/js/" "Mozilla/5.0 (Windows NT 10.0; Win64; x64) AppleWebKit/537.36 (KHTML, like Gecko) Chrome/145.0.0.0 Safari/537.36"
189.247.53.4 - - [24/Mar/2026:21:02:34 -0400] "GET /_autoindex/assets/icons/corner-left-up.svg HTTP/1.1" 200 328 "https://www.cozynestapartments.in/js/" "Mozilla/5.0 (Windows NT 10.0; Win64; x64) AppleWebKit/537.36 (KHTML, like Gecko) Chrome/145.0.0.0 Safari/537.36"
189.247.53.4 - - [24/Mar/2026:21:02:34 -0400] "GET /_autoindex/assets/icons/folder-fill.svg HTTP/1.1" 200 333 "https://www.cozynestapartments.in/js/" "Mozilla/5.0 (Windows NT 10.0; Win64; x64) AppleWebKit/537.36 (KHTML, like Gecko) Chrome/145.0.0.0 Safari/537.36"
172.217.36.116 - - [24/Mar/2026:21:02:34 -0400] "GET /_autoindex/assets/icons/file-text.svg HTTP/1.1" 200 394 "https://www.cozynestapartments.in/js/" "Mozilla/5.0 (Windows NT 10.0; Win64; x64) AppleWebKit/537.36 (KHTML, like Gecko) Chrome/145.0.0.0 Safari/537.36"
172.217.36.116 - - [24/Mar/2026:21:02:34 -0400] "GET /_autoindex/assets/icons/file.svg HTTP/1.1" 200 354 "https://www.cozynestapartments.in/js/" "Mozilla/5.0 (Windows NT 10.0; Win64; x64) AppleWebKit/537.36 (KHTML, like Gecko) Chrome/145.0.0.0 Safari/537.36"
172.217.36.116 - - [24/Mar/2026:21:02:34 -0400] "GET /favicon.ico HTTP/1.1" 404 1251 "https://www.cozynestapartments.in/js/" "Mozilla/5.0 (Windows NT 10.0; Win64; x64) AppleWebKit/537.36 (KHTML, like Gecko) Chrome/145.0.0.0 Safari/537.36"
204.145.3.228 - - [24/Mar/2026:21:02:33 -0400] "GET /js/vendor/ HTTP/1.1" 200 0 "https://www.google.com/" "Mozilla/5.0 (Windows NT 10.0; Win64; x64) AppleWebKit/537.36 (KHTML, like Gecko) Chrome/145.0.0.0 Safari/537.36"
172.253.234.146 - - [24/Mar/2026:21:02:31 -0400] "GET /js/vendor/ HTTP/1.1" 200 0 "https://www.google.com/" "Mozilla/5.0 (Windows NT 10.0; Win64; x64) AppleWebKit/537.36 (KHTML, like Gecko) Chrome/145.0.0.0 Safari/537.36"
172.253.234.147 - - [24/Mar/2026:21:02:31 -0400] "GET /js/ HTTP/1.1" 200 1507 "https://www.google.com/" "Mozilla/5.0 (Windows NT 10.0; Win64; x64) AppleWebKit/537.36 (KHTML, like Gecko) Chrome/131.0.0.0 Safari/537.36"
189.247.53.4 - - [24/Mar/2026:21:02:34 -0400] "GET /_autoindex/assets/icons/file-text.svg HTTP/1.1" 200 394 "https://www.cozynestapartments.in/js/" "Mozilla/5.0 (Windows NT 10.0; Win64; x64) AppleWebKit/537.36 (KHTML, like Gecko) Chrome/145.0.0.0 Safari/537.36"
189.247.53.4 - - [24/Mar/2026:21:02:34 -0400] "GET /_autoindex/assets/icons/file.svg HTTP/1.1" 200 354 "https://www.cozynestapartments.in/js/" "Mozilla/5.0 (Windows NT 10.0; Win64; x64) AppleWebKit/537.36 (KHTML, like Gecko) Chrome/145.0.0.0 Safari/537.36"
172.253.234.147 - - [24/Mar/2026:21:02:34 -0400] "GET /_autoindex/assets/css/autoindex.css HTTP/1.1" 200 1170 "https://www.cozynestapartments.in/js/" "Mozilla/5.0 (Windows NT 10.0; Win64; x64) AppleWebKit/537.36 (KHTML, like Gecko) Chrome/131.0.0.0 Safari/537.36"
172.253.234.147 - - [24/Mar/2026:21:02:34 -0400] "GET /_autoindex/assets/js/tablesort.js HTTP/1.1" 200 2137 "https://www.cozynestapartments.in/js/" "Mozilla/5.0 (Windows NT 10.0; Win64; x64) AppleWebKit/537.36 (KHTML, like Gecko) Chrome/131.0.0.0 Safari/537.36"
172.253.234.146 - - [24/Mar/2026:21:02:34 -0400] "GET /favicon.ico HTTP/1.1" 404 1251 "https://www.cozynestapartments.in/js/vendor/" "Mozilla/5.0 (Windows NT 10.0; Win64; x64) AppleWebKit/537.36 (KHTML, like Gecko) Chrome/145.0.0.0 Safari/537.36"
172.253.234.147 - - [24/Mar/2026:21:02:34 -0400] "GET /_autoindex/assets/js/tablesort.number.js HTTP/1.1" 200 322 "https://www.cozynestapartments.in/js/" "Mozilla/5.0 (Windows NT 10.0; Win64; x64) AppleWebKit/537.36 (KHTML, like Gecko) Chrome/131.0.0.0 Safari/537.36"
172.253.234.147 - - [24/Mar/2026:21:02:34 -0400] "GET /_autoindex/assets/icons/corner-left-up.svg HTTP/1.1" 200 328 "https://www.cozynestapartments.in/js/" "Mozilla/5.0 (Windows NT 10.0; Win64; x64) AppleWebKit/537.36 (KHTML, like Gecko) Chrome/131.0.0.0 Safari/537.36"
172.253.234.147 - - [24/Mar/2026:21:02:34 -0400] "GET /_autoindex/assets/icons/folder-fill.svg HTTP/1.1" 200 333 "https://www.cozynestapartments.in/js/" "Mozilla/5.0 (Windows NT 10.0; Win64; x64) AppleWebKit/537.36 (KHTML, like Gecko) Chrome/131.0.0.0 Safari/537.36"
172.253.234.147 - - [24/Mar/2026:21:02:34 -0400] "GET /_autoindex/assets/icons/file-text.svg HTTP/1.1" 200 394 "https://www.cozynestapartments.in/js/" "Mozilla/5.0 (Windows NT 10.0; Win64; x64) AppleWebKit/537.36 (KHTML, like Gecko) Chrome/131.0.0.0 Safari/537.36"
172.253.234.147 - - [24/Mar/2026:21:02:34 -0400] "GET /_autoindex/assets/icons/file.svg HTTP/1.1" 200 354 "https://www.cozynestapartments.in/js/" "Mozilla/5.0 (Windows NT 10.0; Win64; x64) AppleWebKit/537.36 (KHTML, like Gecko) Chrome/131.0.0.0 Safari/537.36"
172.253.234.147 - - [24/Mar/2026:21:02:34 -0400] "GET /favicon.ico HTTP/1.1" 404 1251 "https://www.cozynestapartments.in/js/" "Mozilla/5.0 (Windows NT 10.0; Win64; x64) AppleWebKit/537.36 (KHTML, like Gecko) Chrome/131.0.0.0 Safari/537.36"
103.226.190.201 - - [24/Mar/2026:21:02:34 -0400] "GET /js HTTP/1.1" 301 795 "https://www.google.com/" "Mozilla/5.0 (Windows NT 10.0; Win64; x64) AppleWebKit/537.36 (KHTML, like Gecko) Chrome/109.0.0.0 Safari/537.36"
189.247.53.4 - - [24/Mar/2026:21:02:34 -0400] "GET /favicon.ico HTTP/1.1" 404 1251 "https://www.cozynestapartments.in/js/" "Mozilla/5.0 (Windows NT 10.0; Win64; x64) AppleWebKit/537.36 (KHTML, like Gecko) Chrome/145.0.0.0 Safari/537.36"
74.125.114.4 - - [24/Mar/2026:21:02:35 -0400] "GET /favicon.png HTTP/1.1" 404 1251 "https://www.cozynestapartments.in/" "Mozilla/5.0 (Windows NT 10.0; Win64; x64) AppleWebKit/537.36 (KHTML, like Gecko) Chrome/145.0.0.0 Safari/537.36"
204.145.3.228 - - [24/Mar/2026:21:02:35 -0400] "GET /favicon.ico HTTP/1.1" 404 1251 "https://www.cozynestapartments.in/js/vendor/" "Mozilla/5.0 (Windows NT 10.0; Win64; x64) AppleWebKit/537.36 (KHTML, like Gecko) Chrome/145.0.0.0 Safari/537.36"
216.16.41.101 - - [24/Mar/2026:21:02:34 -0400] "GET /js/vendor/ HTTP/1.1" 200 0 "https://www.google.com/" "Mozilla/5.0 (Windows NT 10.0; Win64; x64) AppleWebKit/537.36 (KHTML, like Gecko) Chrome/145.0.0.0 Safari/537.36"
172.217.36.114 - - [24/Mar/2026:21:02:35 -0400] "GET /favicon.png HTTP/1.1" 404 1251 "https://www.cozynestapartments.in/" "Mozilla/5.0 (Windows NT 10.0; Win64; x64) AppleWebKit/537.36 (KHTML, like Gecko) Chrome/131.0.0.0 Safari/537.36"
103.55.88.228 - - [24/Mar/2026:21:02:35 -0400] "GET /js/ HTTP/1.1" 301 795 "https://www.google.com/" "Mozilla/5.0 (Windows NT 10.0; Win64; x64) AppleWebKit/537.36 (KHTML, like Gecko) Chrome/145.0.0.0 Safari/537.36"
216.16.41.101 - - [24/Mar/2026:21:02:35 -0400] "GET /favicon.ico HTTP/1.1" 404 1251 "https://www.cozynestapartments.in/js/vendor/" "Mozilla/5.0 (Windows NT 10.0; Win64; x64) AppleWebKit/537.36 (KHTML, like Gecko) Chrome/145.0.0.0 Safari/537.36"
103.233.37.203 - - [24/Mar/2026:21:02:33 -0400] "GET /js/vendor/ HTTP/1.1" 200 0 "https://www.google.com/" "Mozilla/5.0 (Linux; Android 10; K) AppleWebKit/537.36 (KHTML, like Gecko) SamsungBrowser/29.0 Chrome/136.0.0.0 Mobile Safari/537.36"
103.233.37.203 - - [24/Mar/2026:21:02:36 -0400] "GET /favicon.ico HTTP/1.1" 404 1251 "https://www.cozynestapartments.in/js/vendor/" "Mozilla/5.0 (Linux; Android 10; K) AppleWebKit/537.36 (KHTML, like Gecko) SamsungBrowser/29.0 Chrome/136.0.0.0 Mobile Safari/537.36"
172.253.234.139 - - [24/Mar/2026:21:02:36 -0400] "GET /favicon.png HTTP/1.1" 404 1251 "https://www.cozynestapartments.in/" "Mozilla/5.0 (Windows NT 10.0; Win64; x64) AppleWebKit/537.36 (KHTML, like Gecko) Chrome/145.0.0.0 Safari/537.36"
103.226.190.201 - - [24/Mar/2026:21:02:36 -0400] "GET /js HTTP/1.1" 301 795 "https://www.google.com/" "Mozilla/5.0 (Windows NT 10.0; Win64; x64) AppleWebKit/537.36 (KHTML, like Gecko) Chrome/109.0.0.0 Safari/537.36"
103.226.190.201 - - [24/Mar/2026:21:02:37 -0400] "GET /js/ HTTP/1.1" 200 1507 "https://www.google.com/" "Mozilla/5.0 (Windows NT 10.0; Win64; x64) AppleWebKit/537.36 (KHTML, like Gecko) Chrome/109.0.0.0 Safari/537.36"
190.238.117.104 - - [24/Mar/2026:21:02:37 -0400] "GET /js/ HTTP/1.1" 200 1507 "https://www.google.com/" "Mozilla/5.0 (Windows NT 10.0; Win64; x64) AppleWebKit/537.36 (KHTML, like Gecko) Chrome/145.0.0.0 Safari/537.36"
103.55.88.228 - - [24/Mar/2026:21:02:37 -0400] "GET /js/ HTTP/1.1" 200 1507 "https://www.google.com/" "Mozilla/5.0 (Windows NT 10.0; Win64; x64) AppleWebKit/537.36 (KHTML, like Gecko) Chrome/145.0.0.0 Safari/537.36"
103.226.190.201 - - [24/Mar/2026:21:02:38 -0400] "GET /_autoindex/assets/css/autoindex.css HTTP/1.1" 200 1170 "https://www.cozynestapartments.in/js/" "Mozilla/5.0 (Windows NT 10.0; Win64; x64) AppleWebKit/537.36 (KHTML, like Gecko) Chrome/109.0.0.0 Safari/537.36"
190.238.117.104 - - [24/Mar/2026:21:02:38 -0400] "GET /_autoindex/assets/css/autoindex.css HTTP/1.1" 200 1170 "https://www.cozynestapartments.in/js/" "Mozilla/5.0 (Windows NT 10.0; Win64; x64) AppleWebKit/537.36 (KHTML, like Gecko) Chrome/145.0.0.0 Safari/537.36"
190.238.117.104 - - [24/Mar/2026:21:02:38 -0400] "GET /_autoindex/assets/js/tablesort.js HTTP/1.1" 200 2137 "https://www.cozynestapartments.in/js/" "Mozilla/5.0 (Windows NT 10.0; Win64; x64) AppleWebKit/537.36 (KHTML, like Gecko) Chrome/145.0.0.0 Safari/537.36"
190.238.117.104 - - [24/Mar/2026:21:02:38 -0400] "GET /_autoindex/assets/js/tablesort.number.js HTTP/1.1" 200 322 "https://www.cozynestapartments.in/js/" "Mozilla/5.0 (Windows NT 10.0; Win64; x64) AppleWebKit/537.36 (KHTML, like Gecko) Chrome/145.0.0.0 Safari/537.36"
190.238.117.104 - - [24/Mar/2026:21:02:38 -0400] "GET /_autoindex/assets/icons/corner-left-up.svg HTTP/1.1" 200 328 "https://www.cozynestapartments.in/js/" "Mozilla/5.0 (Windows NT 10.0; Win64; x64) AppleWebKit/537.36 (KHTML, like Gecko) Chrome/145.0.0.0 Safari/537.36"
190.238.117.104 - - [24/Mar/2026:21:02:38 -0400] "GET /_autoindex/assets/icons/folder-fill.svg HTTP/1.1" 200 333 "https://www.cozynestapartments.in/js/" "Mozilla/5.0 (Windows NT 10.0; Win64; x64) AppleWebKit/537.36 (KHTML, like Gecko) Chrome/145.0.0.0 Safari/537.36"
103.226.190.201 - - [24/Mar/2026:21:02:38 -0400] "GET /_autoindex/assets/js/tablesort.js HTTP/1.1" 200 2137 "https://www.cozynestapartments.in/js/" "Mozilla/5.0 (Windows NT 10.0; Win64; x64) AppleWebKit/537.36 (KHTML, like Gecko) Chrome/109.0.0.0 Safari/537.36"
103.226.190.201 - - [24/Mar/2026:21:02:38 -0400] "GET /_autoindex/assets/js/tablesort.number.js HTTP/1.1" 200 322 "https://www.cozynestapartments.in/js/" "Mozilla/5.0 (Windows NT 10.0; Win64; x64) AppleWebKit/537.36 (KHTML, like Gecko) Chrome/109.0.0.0 Safari/537.36"
103.226.190.201 - - [24/Mar/2026:21:02:38 -0400] "GET /_autoindex/assets/icons/corner-left-up.svg HTTP/1.1" 200 328 "https://www.cozynestapartments.in/js/" "Mozilla/5.0 (Windows NT 10.0; Win64; x64) AppleWebKit/537.36 (KHTML, like Gecko) Chrome/109.0.0.0 Safari/537.36"
103.226.190.201 - - [24/Mar/2026:21:02:38 -0400] "GET /_autoindex/assets/icons/folder-fill.svg HTTP/1.1" 200 333 "https://www.cozynestapartments.in/js/" "Mozilla/5.0 (Windows NT 10.0; Win64; x64) AppleWebKit/537.36 (KHTML, like Gecko) Chrome/109.0.0.0 Safari/537.36"
190.238.117.104 - - [24/Mar/2026:21:02:38 -0400] "GET /_autoindex/assets/icons/file-text.svg HTTP/1.1" 200 394 "https://www.cozynestapartments.in/js/" "Mozilla/5.0 (Windows NT 10.0; Win64; x64) AppleWebKit/537.36 (KHTML, like Gecko) Chrome/145.0.0.0 Safari/537.36"
103.55.88.228 - - [24/Mar/2026:21:02:38 -0400] "GET /_autoindex/assets/css/autoindex.css HTTP/1.1" 200 1170 "https://www.cozynestapartments.in/js/" "Mozilla/5.0 (Windows NT 10.0; Win64; x64) AppleWebKit/537.36 (KHTML, like Gecko) Chrome/145.0.0.0 Safari/537.36"
103.55.88.228 - - [24/Mar/2026:21:02:38 -0400] "GET /_autoindex/assets/js/tablesort.js HTTP/1.1" 200 2137 "https://www.cozynestapartments.in/js/" "Mozilla/5.0 (Windows NT 10.0; Win64; x64) AppleWebKit/537.36 (KHTML, like Gecko) Chrome/145.0.0.0 Safari/537.36"
103.55.88.228 - - [24/Mar/2026:21:02:38 -0400] "GET /_autoindex/assets/js/tablesort.number.js HTTP/1.1" 200 322 "https://www.cozynestapartments.in/js/" "Mozilla/5.0 (Windows NT 10.0; Win64; x64) AppleWebKit/537.36 (KHTML, like Gecko) Chrome/145.0.0.0 Safari/537.36"
103.55.88.228 - - [24/Mar/2026:21:02:38 -0400] "GET /_autoindex/assets/icons/corner-left-up.svg HTTP/1.1" 200 328 "https://www.cozynestapartments.in/js/" "Mozilla/5.0 (Windows NT 10.0; Win64; x64) AppleWebKit/537.36 (KHTML, like Gecko) Chrome/145.0.0.0 Safari/537.36"
103.55.88.228 - - [24/Mar/2026:21:02:38 -0400] "GET /_autoindex/assets/icons/folder-fill.svg HTTP/1.1" 200 333 "https://www.cozynestapartments.in/js/" "Mozilla/5.0 (Windows NT 10.0; Win64; x64) AppleWebKit/537.36 (KHTML, like Gecko) Chrome/145.0.0.0 Safari/537.36"
190.238.117.104 - - [24/Mar/2026:21:02:39 -0400] "GET /_autoindex/assets/icons/file.svg HTTP/1.1" 200 354 "https://www.cozynestapartments.in/js/" "Mozilla/5.0 (Windows NT 10.0; Win64; x64) AppleWebKit/537.36 (KHTML, like Gecko) Chrome/145.0.0.0 Safari/537.36"
103.226.190.201 - - [24/Mar/2026:21:02:39 -0400] "GET /_autoindex/assets/icons/file-text.svg HTTP/1.1" 200 394 "https://www.cozynestapartments.in/js/" "Mozilla/5.0 (Windows NT 10.0; Win64; x64) AppleWebKit/537.36 (KHTML, like Gecko) Chrome/109.0.0.0 Safari/537.36"
103.226.190.201 - - [24/Mar/2026:21:02:39 -0400] "GET /_autoindex/assets/icons/file.svg HTTP/1.1" 200 354 "https://www.cozynestapartments.in/js/" "Mozilla/5.0 (Windows NT 10.0; Win64; x64) AppleWebKit/537.36 (KHTML, like Gecko) Chrome/109.0.0.0 Safari/537.36"
190.238.117.104 - - [24/Mar/2026:21:02:39 -0400] "GET /favicon.ico HTTP/1.1" 404 1251 "https://www.cozynestapartments.in/js/" "Mozilla/5.0 (Windows NT 10.0; Win64; x64) AppleWebKit/537.36 (KHTML, like Gecko) Chrome/145.0.0.0 Safari/537.36"
103.55.88.228 - - [24/Mar/2026:21:02:39 -0400] "GET /_autoindex/assets/icons/file-text.svg HTTP/1.1" 200 394 "https://www.cozynestapartments.in/js/" "Mozilla/5.0 (Windows NT 10.0; Win64; x64) AppleWebKit/537.36 (KHTML, like Gecko) Chrome/145.0.0.0 Safari/537.36"
103.55.88.228 - - [24/Mar/2026:21:02:39 -0400] "GET /_autoindex/assets/icons/file.svg HTTP/1.1" 200 354 "https://www.cozynestapartments.in/js/" "Mozilla/5.0 (Windows NT 10.0; Win64; x64) AppleWebKit/537.36 (KHTML, like Gecko) Chrome/145.0.0.0 Safari/537.36"
103.226.190.201 - - [24/Mar/2026:21:02:39 -0400] "GET /favicon.ico HTTP/1.1" 404 1251 "https://www.cozynestapartments.in/js/" "Mozilla/5.0 (Windows NT 10.0; Win64; x64) AppleWebKit/537.36 (KHTML, like Gecko) Chrome/109.0.0.0 Safari/537.36"
103.55.88.228 - - [24/Mar/2026:21:02:40 -0400] "GET /favicon.ico HTTP/1.1" 404 1251 "https://www.cozynestapartments.in/js/" "Mozilla/5.0 (Windows NT 10.0; Win64; x64) AppleWebKit/537.36 (KHTML, like Gecko) Chrome/145.0.0.0 Safari/537.36"
38.205.188.71 - - [24/Mar/2026:21:03:14 -0400] "GET /js/vendor/ HTTP/1.1" 200 0 "-" "Mozilla/5.0 (Windows NT 10.0; Win64; x64) AppleWebKit/537.36 (KHTML, like Gecko) Chrome/144.0.0.0 Safari/537.36"
38.205.188.71 - - [24/Mar/2026:21:03:15 -0400] "GET /favicon.ico HTTP/1.1" 404 1251 "https://www.cozynestapartments.in/js/vendor/" "Mozilla/5.0 (Windows NT 10.0; Win64; x64) AppleWebKit/537.36 (KHTML, like Gecko) Chrome/144.0.0.0 Safari/537.36"
43.157.191.20 - - [24/Mar/2026:21:04:31 -0400] "GET / HTTP/1.1" 301 795 "http://cozynestapartments.in" "Mozilla/5.0 (iPhone; CPU iPhone OS 13_2_3 like Mac OS X) AppleWebKit/605.1.15 (KHTML, like Gecko) Version/13.0.3 Mobile/15E148 Safari/604.1"
43.157.191.20 - - [24/Mar/2026:21:04:35 -0400] "GET / HTTP/1.1" 200 3436 "https://cozynestapartments.in/" "Mozilla/5.0 (iPhone; CPU iPhone OS 13_2_3 like Mac OS X) AppleWebKit/605.1.15 (KHTML, like Gecko) Version/13.0.3 Mobile/15E148 Safari/604.1"
185.212.171.150 - - [24/Mar/2026:21:11:11 -0400] "GET /js/vendor/ HTTP/1.1" 200 0 "-" "Mozilla/5.0 (Windows NT 10.0; Win64; x64) AppleWebKit/537.36 (KHTML, like Gecko) Chrome/131.0.0.0 Safari/537.36"
185.252.223.158 - - [24/Mar/2026:21:11:11 -0400] "GET /js/vendor/ HTTP/1.1" 200 0 "-" "Mozilla/5.0 (Windows NT 10.0; Win64; x64) AppleWebKit/537.36 (KHTML, like Gecko) Chrome/143.0.0.0 Safari/537.36 OPR/127.0.0.0"
185.212.171.150 - - [24/Mar/2026:21:11:12 -0400] "GET /favicon.ico HTTP/1.1" 404 1251 "https://www.cozynestapartments.in/js/vendor/" "Mozilla/5.0 (Windows NT 10.0; Win64; x64) AppleWebKit/537.36 (KHTML, like Gecko) Chrome/131.0.0.0 Safari/537.36"
185.252.223.158 - - [24/Mar/2026:21:11:12 -0400] "GET /favicon.ico HTTP/1.1" 404 1251 "https://www.cozynestapartments.in/js/vendor/" "Mozilla/5.0 (Windows NT 10.0; Win64; x64) AppleWebKit/537.36 (KHTML, like Gecko) Chrome/143.0.0.0 Safari/537.36 OPR/127.0.0.0"
149.102.239.209 - - [24/Mar/2026:21:11:11 -0400] "GET /js/vendor/ HTTP/1.1" 200 0 "-" "Mozilla/5.0 (Windows NT 10.0; Win64; x64) AppleWebKit/537.36 (KHTML, like Gecko) Chrome/139.0.0.0 Safari/537.36"
212.102.39.69 - - [24/Mar/2026:21:11:11 -0400] "GET /js/vendor/ HTTP/1.1" 200 0 "-" "Mozilla/5.0 (Windows NT 10.0; Win64; x64) AppleWebKit/537.36 (KHTML, like Gecko) Chrome/104.0.5112.102 Safari/537.36"
128.90.174.210 - - [24/Mar/2026:21:11:11 -0400] "GET /js/vendor/ HTTP/1.1" 200 0 "-" "Mozilla/5.0 (Windows NT 10.0; Win64; x64) AppleWebKit/537.36 (KHTML, like Gecko) Chrome/145.0.0.0 Safari/537.36 Edg/145.0.0.0"
149.102.239.209 - - [24/Mar/2026:21:11:12 -0400] "GET /favicon.ico HTTP/1.1" 404 1251 "https://www.cozynestapartments.in/js/vendor/" "Mozilla/5.0 (Windows NT 10.0; Win64; x64) AppleWebKit/537.36 (KHTML, like Gecko) Chrome/139.0.0.0 Safari/537.36"
31.6.10.199 - - [24/Mar/2026:21:11:12 -0400] "GET /js/vendor/ HTTP/1.1" 200 0 "-" "Mozilla/5.0 (Linux; arm_64; Android 12; SM-G973F) AppleWebKit/537.36 (KHTML, like Gecko) Chrome/142.0.7444.936 YaSearchBrowser/25.124.1 BroPP/1.0 YaSearchApp/25.124.1 webOmni Mobile Safari/537.36"
128.90.63.85 - - [24/Mar/2026:21:11:12 -0400] "GET /js/vendor/ HTTP/1.1" 200 0 "-" "Mozilla/5.0 (Windows NT 10.0; Win64; x64; rv:148.0) Gecko/20100101 Firefox/148.0"
128.90.119.33 - - [24/Mar/2026:21:11:11 -0400] "GET /js/vendor/ HTTP/1.1" 200 0 "-" "Mozilla/5.0 (Windows NT 10.0; Win64; x64) AppleWebKit/537.36 (KHTML, like Gecko) Chrome/142.0.0.0 Safari/537.36 OPR/126.0.0.0"
212.102.39.69 - - [24/Mar/2026:21:11:12 -0400] "GET /favicon.ico HTTP/1.1" 404 1251 "https://www.cozynestapartments.in/js/vendor/" "Mozilla/5.0 (Windows NT 10.0; Win64; x64) AppleWebKit/537.36 (KHTML, like Gecko) Chrome/104.0.5112.102 Safari/537.36"
128.90.175.77 - - [24/Mar/2026:21:11:12 -0400] "GET /js/vendor/ HTTP/1.1" 200 0 "-" "Mozilla/5.0 (Macintosh; Intel Mac OS X 10_15_7) AppleWebKit/537.36 (KHTML, like Gecko) Chrome/145.0.0.0 Safari/537.36"
128.90.174.210 - - [24/Mar/2026:21:11:12 -0400] "GET /favicon.ico HTTP/1.1" 404 1251 "https://www.cozynestapartments.in/js/vendor/" "Mozilla/5.0 (Windows NT 10.0; Win64; x64) AppleWebKit/537.36 (KHTML, like Gecko) Chrome/145.0.0.0 Safari/537.36 Edg/145.0.0.0"
128.90.117.34 - - [24/Mar/2026:21:11:12 -0400] "GET /js/vendor/ HTTP/1.1" 200 0 "-" "Mozilla/5.0 (Windows NT 10.0; Win64; x64) AppleWebKit/537.36 (KHTML, like Gecko) Chrome/143.0.0.0 Safari/537.36 OPR/127.0.0.0"
185.99.3.35 - - [24/Mar/2026:21:11:12 -0400] "GET /js/vendor/ HTTP/1.1" 200 0 "-" "Mozilla/5.0 (Linux; Android 10; K) AppleWebKit/537.36 (KHTML, like Gecko) Chrome/138.0.0.0 Mobile Safari/537.36"
