144.217.233.242 - - [24/Mar/2026:18:03:58 -0400] "GET /img/next.png HTTP/1.1" 200 1350 "https://www.cozynestapartments.in/css/lightbox.min.css" "Mozilla/5.0 (Windows NT 10.0; Win64; x64) AppleWebKit/537.36 (KHTML, like Gecko) Chrome/122.0.0.0 Safari/537.36 Edg/122.0.0.0"
144.217.233.242 - - [24/Mar/2026:18:03:58 -0400] "GET /img/prev.png HTTP/1.1" 200 1360 "https://www.cozynestapartments.in/css/lightbox.min.css" "Mozilla/5.0 (Windows NT 10.0; Win64; x64) AppleWebKit/537.36 (KHTML, like Gecko) Chrome/122.0.0.0 Safari/537.36 Edg/122.0.0.0"
144.217.233.242 - - [24/Mar/2026:18:03:58 -0400] "GET /fonts/fontawesome-webfont3e6e.woff2?v=4.7.0 HTTP/1.1" 200 77160 "https://www.cozynestapartments.in/css/font-awesome.min.css" "Mozilla/5.0 (Windows NT 10.0; Win64; x64) AppleWebKit/537.36 (KHTML, like Gecko) Chrome/122.0.0.0 Safari/537.36 Edg/122.0.0.0"
144.217.233.242 - - [24/Mar/2026:18:04:14 -0400] "GET /favicon.png HTTP/1.1" 404 1251 "-" "Mozilla/5.0 (Windows NT 10.0; Win64; x64) AppleWebKit/537.36 (KHTML, like Gecko) Chrome/122.0.0.0 Safari/537.36 Edg/122.0.0.0"
144.217.233.242 - - [24/Mar/2026:18:04:16 -0400] "GET /img/gallery7.jpg HTTP/1.1" 200 208769 "-" "Mozilla/5.0 (Windows NT 10.0; Win64; x64) AppleWebKit/537.36 (KHTML, like Gecko) Chrome/122.0.0.0 Safari/537.36 Edg/122.0.0.0"
144.217.233.242 - - [24/Mar/2026:18:04:16 -0400] "GET /img/gallery1.jpg HTTP/1.1" 200 225999 "-" "Mozilla/5.0 (Windows NT 10.0; Win64; x64) AppleWebKit/537.36 (KHTML, like Gecko) Chrome/122.0.0.0 Safari/537.36 Edg/122.0.0.0"
144.217.233.242 - - [24/Mar/2026:18:04:16 -0400] "GET /img/gallery10.jpg HTTP/1.1" 200 123149 "-" "Mozilla/5.0 (Windows NT 10.0; Win64; x64) AppleWebKit/537.36 (KHTML, like Gecko) Chrome/122.0.0.0 Safari/537.36 Edg/122.0.0.0"
144.217.233.242 - - [24/Mar/2026:18:04:16 -0400] "GET /img/gallery11.jpg HTTP/1.1" 200 132279 "-" "Mozilla/5.0 (Windows NT 10.0; Win64; x64) AppleWebKit/537.36 (KHTML, like Gecko) Chrome/122.0.0.0 Safari/537.36 Edg/122.0.0.0"
144.217.233.242 - - [24/Mar/2026:18:04:16 -0400] "GET /img/about-us.jpg HTTP/1.1" 200 196133 "-" "Mozilla/5.0 (Windows NT 10.0; Win64; x64) AppleWebKit/537.36 (KHTML, like Gecko) Chrome/122.0.0.0 Safari/537.36 Edg/122.0.0.0"
144.217.233.242 - - [24/Mar/2026:18:04:16 -0400] "GET /img/gallery5.jpg HTTP/1.1" 200 200645 "-" "Mozilla/5.0 (Windows NT 10.0; Win64; x64) AppleWebKit/537.36 (KHTML, like Gecko) Chrome/122.0.0.0 Safari/537.36 Edg/122.0.0.0"
144.217.233.242 - - [24/Mar/2026:18:04:17 -0400] "GET /img/gallery8.jpg HTTP/1.1" 200 145854 "-" "Mozilla/5.0 (Windows NT 10.0; Win64; x64) AppleWebKit/537.36 (KHTML, like Gecko) Chrome/122.0.0.0 Safari/537.36 Edg/122.0.0.0"
144.217.233.242 - - [24/Mar/2026:18:04:17 -0400] "GET /img/gallery9.jpg HTTP/1.1" 200 84399 "-" "Mozilla/5.0 (Windows NT 10.0; Win64; x64) AppleWebKit/537.36 (KHTML, like Gecko) Chrome/122.0.0.0 Safari/537.36 Edg/122.0.0.0"
144.217.233.242 - - [24/Mar/2026:18:04:17 -0400] "GET /img/gallery6.jpg HTTP/1.1" 200 133763 "-" "Mozilla/5.0 (Windows NT 10.0; Win64; x64) AppleWebKit/537.36 (KHTML, like Gecko) Chrome/122.0.0.0 Safari/537.36 Edg/122.0.0.0"
144.217.233.242 - - [24/Mar/2026:18:04:17 -0400] "GET /img/gallery12.jpg HTTP/1.1" 200 70655 "-" "Mozilla/5.0 (Windows NT 10.0; Win64; x64) AppleWebKit/537.36 (KHTML, like Gecko) Chrome/122.0.0.0 Safari/537.36 Edg/122.0.0.0"
144.217.233.242 - - [24/Mar/2026:18:04:17 -0400] "GET /img/gallery19.jpg HTTP/1.1" 200 242949 "-" "Mozilla/5.0 (Windows NT 10.0; Win64; x64) AppleWebKit/537.36 (KHTML, like Gecko) Chrome/122.0.0.0 Safari/537.36 Edg/122.0.0.0"
144.217.233.242 - - [24/Mar/2026:18:04:17 -0400] "GET /img/gallery3.jpg HTTP/1.1" 200 232987 "-" "Mozilla/5.0 (Windows NT 10.0; Win64; x64) AppleWebKit/537.36 (KHTML, like Gecko) Chrome/122.0.0.0 Safari/537.36 Edg/122.0.0.0"
144.217.233.242 - - [24/Mar/2026:18:04:17 -0400] "GET /img/gallery18.jpg HTTP/1.1" 200 204543 "-" "Mozilla/5.0 (Windows NT 10.0; Win64; x64) AppleWebKit/537.36 (KHTML, like Gecko) Chrome/122.0.0.0 Safari/537.36 Edg/122.0.0.0"
144.217.233.242 - - [24/Mar/2026:18:04:17 -0400] "GET /img/gallery4.jpg HTTP/1.1" 200 205829 "-" "Mozilla/5.0 (Windows NT 10.0; Win64; x64) AppleWebKit/537.36 (KHTML, like Gecko) Chrome/122.0.0.0 Safari/537.36 Edg/122.0.0.0"
144.217.233.242 - - [24/Mar/2026:18:04:17 -0400] "GET /img/gallery16.jpg HTTP/1.1" 200 272775 "-" "Mozilla/5.0 (Windows NT 10.0; Win64; x64) AppleWebKit/537.36 (KHTML, like Gecko) Chrome/122.0.0.0 Safari/537.36 Edg/122.0.0.0"
144.217.233.242 - - [24/Mar/2026:18:04:17 -0400] "GET /img/gallery2.jpg HTTP/1.1" 200 332285 "-" "Mozilla/5.0 (Windows NT 10.0; Win64; x64) AppleWebKit/537.36 (KHTML, like Gecko) Chrome/122.0.0.0 Safari/537.36 Edg/122.0.0.0"
144.217.233.242 - - [24/Mar/2026:18:04:17 -0400] "GET /img/gallery14.jpg HTTP/1.1" 200 152703 "-" "Mozilla/5.0 (Windows NT 10.0; Win64; x64) AppleWebKit/537.36 (KHTML, like Gecko) Chrome/122.0.0.0 Safari/537.36 Edg/122.0.0.0"
144.217.233.242 - - [24/Mar/2026:18:04:17 -0400] "GET /img/gallery17.jpg HTTP/1.1" 200 292066 "-" "Mozilla/5.0 (Windows NT 10.0; Win64; x64) AppleWebKit/537.36 (KHTML, like Gecko) Chrome/122.0.0.0 Safari/537.36 Edg/122.0.0.0"
144.217.233.242 - - [24/Mar/2026:18:04:17 -0400] "GET /img/gallery20.jpg HTTP/1.1" 200 267030 "-" "Mozilla/5.0 (Windows NT 10.0; Win64; x64) AppleWebKit/537.36 (KHTML, like Gecko) Chrome/122.0.0.0 Safari/537.36 Edg/122.0.0.0"
144.217.233.242 - - [24/Mar/2026:18:04:17 -0400] "GET /img/gallery15.jpg HTTP/1.1" 200 236269 "-" "Mozilla/5.0 (Windows NT 10.0; Win64; x64) AppleWebKit/537.36 (KHTML, like Gecko) Chrome/122.0.0.0 Safari/537.36 Edg/122.0.0.0"
144.217.233.242 - - [24/Mar/2026:18:04:17 -0400] "GET /img/gallery13.jpg HTTP/1.1" 200 277797 "-" "Mozilla/5.0 (Windows NT 10.0; Win64; x64) AppleWebKit/537.36 (KHTML, like Gecko) Chrome/122.0.0.0 Safari/537.36 Edg/122.0.0.0"
217.72.200.163 - - [24/Mar/2026:18:05:52 -0400] "GET /js/vendor/ HTTP/1.1" 200 0 "-" "Mozilla/5.0 (Windows NT 10.0; WOW64; rv:68.0) Gecko/20100101 Firefox/68.0"
217.72.200.163 - - [24/Mar/2026:18:23:01 -0400] "GET /js/vendor/ HTTP/1.1" 200 0 "-" "Mozilla/5.0 (Windows NT 10.0; WOW64; rv:68.0) Gecko/20100101 Firefox/68.0"
217.72.194.142 - - [24/Mar/2026:18:41:04 -0400] "GET /js/vendor/ HTTP/1.1" 200 0 "-" "Mozilla/5.0 (Windows NT 10.0; WOW64; rv:68.0) Gecko/20100101 Firefox/68.0"
217.72.200.163 - - [24/Mar/2026:18:59:03 -0400] "GET /js/vendor/ HTTP/1.1" 200 0 "-" "Mozilla/5.0 (Windows NT 10.0; WOW64; rv:68.0) Gecko/20100101 Firefox/68.0"
104.210.140.138 - - [24/Mar/2026:18:59:41 -0400] "GET /robots.txt HTTP/1.1" 404 1251 "-" "Mozilla/5.0 (Macintosh; Intel Mac OS X 10_15_7) AppleWebKit/537.36 (KHTML, like Gecko) Chrome/131.0.0.0 Safari/537.36; compatible; OAI-SearchBot/1.0; +https://openai.com/searchbot"
217.72.200.163 - - [24/Mar/2026:19:16:16 -0400] "GET /js/vendor/ HTTP/1.1" 200 0 "-" "Mozilla/5.0 (Windows NT 10.0; WOW64; rv:68.0) Gecko/20100101 Firefox/68.0"
217.72.194.142 - - [24/Mar/2026:19:34:06 -0400] "GET /js/vendor/ HTTP/1.1" 200 0 "-" "Mozilla/5.0 (Windows NT 10.0; WOW64; rv:68.0) Gecko/20100101 Firefox/68.0"
43.153.27.244 - - [24/Mar/2026:19:43:03 -0400] "GET / HTTP/1.1" 301 795 "http://cozynestapartments.in" "Mozilla/5.0 (iPhone; CPU iPhone OS 13_2_3 like Mac OS X) AppleWebKit/605.1.15 (KHTML, like Gecko) Version/13.0.3 Mobile/15E148 Safari/604.1"
43.153.27.244 - - [24/Mar/2026:19:43:05 -0400] "GET / HTTP/1.1" 200 3436 "https://cozynestapartments.in/" "Mozilla/5.0 (iPhone; CPU iPhone OS 13_2_3 like Mac OS X) AppleWebKit/605.1.15 (KHTML, like Gecko) Version/13.0.3 Mobile/15E148 Safari/604.1"
217.72.200.163 - - [24/Mar/2026:19:51:40 -0400] "GET /js/vendor/ HTTP/1.1" 200 0 "-" "Mozilla/5.0 (Windows NT 10.0; WOW64; rv:68.0) Gecko/20100101 Firefox/68.0"
45.227.253.162 - - [24/Mar/2026:19:54:11 -0400] "GET / HTTP/1.1" 301 795 "-" "Mozilla/5.0 (Macintosh; Intel Mac OS X 10_15_7) AppleWebKit/537.36 (KHTML, like Gecko) Chrome/120.0.0.0 Safari/537.36"
45.227.253.162 - - [24/Mar/2026:19:54:12 -0400] "GET / HTTP/1.1" 200 3436 "-" "Mozilla/5.0 (Macintosh; Intel Mac OS X 10_15_7) AppleWebKit/537.36 (KHTML, like Gecko) Chrome/120.0.0.0 Safari/537.36"
217.72.194.142 - - [24/Mar/2026:20:08:57 -0400] "GET /js/vendor/ HTTP/1.1" 200 0 "-" "Mozilla/5.0 (Windows NT 10.0; WOW64; rv:68.0) Gecko/20100101 Firefox/68.0"
45.227.253.162 - - [24/Mar/2026:20:12:59 -0400] "GET /js/gmap3.min.js HTTP/1.1" 301 795 "-" "Mozilla/5.0 (Macintosh; Intel Mac OS X 10_15_7) AppleWebKit/537.36 (KHTML, like Gecko) Chrome/120.0.0.0 Safari/537.36"
45.227.253.162 - - [24/Mar/2026:20:12:59 -0400] "POST /.well-known/pki-validation/webdb_record_add.php HTTP/1.1" 200 52 "-" "Mozilla/5.0 (Macintosh; Intel Mac OS X 10_15_7) AppleWebKit/537.36 (KHTML, like Gecko) Chrome/120.0.0.0 Safari/537.36"
45.227.253.162 - - [24/Mar/2026:20:13:00 -0400] "GET /js/gmap3.min.js HTTP/1.1" 200 11951 "-" "Mozilla/5.0 (Macintosh; Intel Mac OS X 10_15_7) AppleWebKit/537.36 (KHTML, like Gecko) Chrome/120.0.0.0 Safari/537.36"
45.227.253.162 - - [24/Mar/2026:20:13:01 -0400] "POST /.well-known/pki-validation/webdb_record_add.php HTTP/1.1" 200 46 "-" "Mozilla/5.0 (Macintosh; Intel Mac OS X 10_15_7) AppleWebKit/537.36 (KHTML, like Gecko) Chrome/120.0.0.0 Safari/537.36"
217.72.194.142 - - [24/Mar/2026:20:26:22 -0400] "GET /js/vendor/ HTTP/1.1" 200 0 "-" "Mozilla/5.0 (Windows NT 10.0; WOW64; rv:68.0) Gecko/20100101 Firefox/68.0"
217.72.200.163 - - [24/Mar/2026:20:44:09 -0400] "GET /js/vendor/ HTTP/1.1" 200 0 "-" "Mozilla/5.0 (Windows NT 10.0; WOW64; rv:68.0) Gecko/20100101 Firefox/68.0"
185.223.152.100 - - [24/Mar/2026:20:49:18 -0400] "GET /wp-login.php HTTP/1.1" 301 795 "-" "Mozilla/5.0"
185.223.152.100 - - [24/Mar/2026:20:49:18 -0400] "GET /wp-admin/ HTTP/1.1" 301 795 "-" "Mozilla/5.0"
217.72.200.163 - - [24/Mar/2026:21:01:44 -0400] "GET /js/vendor/ HTTP/1.1" 200 0 "-" "Mozilla/5.0 (Windows NT 10.0; WOW64; rv:68.0) Gecko/20100101 Firefox/68.0"
1.37.67.134 - - [24/Mar/2026:21:02:03 -0400] "GET /js/vendor/ HTTP/1.1" 200 0 "https://www.google.com/" "Mozilla/5.0 (Windows NT 10.0; Win64; x64) AppleWebKit/537.36 (KHTML, like Gecko) Chrome/146.0.0.0 Safari/537.36"
1.37.67.134 - - [24/Mar/2026:21:02:05 -0400] "GET /favicon.ico HTTP/1.1" 404 1251 "https://www.cozynestapartments.in/js/vendor/" "Mozilla/5.0 (Windows NT 10.0; Win64; x64) AppleWebKit/537.36 (KHTML, like Gecko) Chrome/146.0.0.0 Safari/537.36"
54.224.218.158 - - [24/Mar/2026:21:02:09 -0400] "GET /js/vendor/ HTTP/1.1" 200 0 "-" "Mozilla/5.0 (X11; Linux x86_64) AppleWebKit/537.36 (KHTML, like Gecko) Chrome/124.0.0.0 Safari/537.36"
54.224.218.158 - - [24/Mar/2026:21:02:10 -0400] "GET /favicon.ico HTTP/1.1" 404 1251 "https://www.cozynestapartments.in/js/vendor/" "Mozilla/5.0 (X11; Linux x86_64) AppleWebKit/537.36 (KHTML, like Gecko) Chrome/124.0.0.0 Safari/537.36"
54.224.218.158 - - [24/Mar/2026:21:02:12 -0400] "GET /favicon.ico HTTP/1.1" 404 1251 "-" "Mozilla/5.0 (X11; Linux x86_64) AppleWebKit/537.36 (KHTML, like Gecko) Chrome/124.0.0.0 Safari/537.36"
172.253.234.145 - - [24/Mar/2026:21:02:31 -0400] "GET /js/ HTTP/1.1" 301 795 "https://www.google.com/" "Mozilla/5.0 (Windows NT 10.0; Win64; x64) AppleWebKit/537.36 (KHTML, like Gecko) Chrome/145.0.0.0 Safari/537.36"
172.253.234.214 - - [24/Mar/2026:21:02:31 -0400] "GET /js HTTP/1.1" 301 795 "https://www.google.com/" "Mozilla/5.0 (Windows NT 10.0; Win64; x64) AppleWebKit/537.36 (KHTML, like Gecko) Chrome/131.0.0.0 Safari/537.36"
172.253.234.145 - - [24/Mar/2026:21:02:31 -0400] "GET /js/vendor/ HTTP/1.1" 301 795 "https://www.google.com/" "Mozilla/5.0 (Windows NT 10.0; Win64; x64) AppleWebKit/537.36 (KHTML, like Gecko) Chrome/145.0.0.0 Safari/537.36"
172.253.234.145 - - [24/Mar/2026:21:02:31 -0400] "GET /js HTTP/1.1" 301 795 "https://www.google.com/" "Mozilla/5.0 (Windows NT 10.0; Win64; x64) AppleWebKit/537.36 (KHTML, like Gecko) Chrome/131.0.0.0 Safari/537.36"
172.217.36.191 - - [24/Mar/2026:21:02:31 -0400] "GET /js/vendor HTTP/1.1" 301 795 "https://www.google.com/" "Mozilla/5.0 (Windows NT 10.0; Win64; x64) AppleWebKit/537.36 (KHTML, like Gecko) Chrome/145.0.0.0 Safari/537.36"
172.253.234.145 - - [24/Mar/2026:21:02:31 -0400] "GET / HTTP/1.1" 301 795 "https://www.google.com/" "Mozilla/5.0 (Windows NT 10.0; Win64; x64) AppleWebKit/537.36 (KHTML, like Gecko) Chrome/131.0.0.0 Safari/537.36"
172.253.234.214 - - [24/Mar/2026:21:02:31 -0400] "GET /js HTTP/1.1" 301 795 "https://www.google.com/" "Mozilla/5.0 (Windows NT 10.0; Win64; x64) AppleWebKit/537.36 (KHTML, like Gecko) Chrome/145.0.0.0 Safari/537.36"
172.253.234.147 - - [24/Mar/2026:21:02:31 -0400] "GET /js HTTP/1.1" 301 795 "https://www.google.com/" "Mozilla/5.0 (Windows NT 10.0; Win64; x64) AppleWebKit/537.36 (KHTML, like Gecko) Chrome/131.0.0.0 Safari/537.36"
172.253.234.147 - - [24/Mar/2026:21:02:31 -0400] "GET / HTTP/1.1" 301 795 "https://www.google.com/" "Mozilla/5.0 (Windows NT 10.0; Win64; x64) AppleWebKit/537.36 (KHTML, like Gecko) Chrome/145.0.0.0 Safari/537.36"
172.253.234.146 - - [24/Mar/2026:21:02:31 -0400] "GET /js/vendor HTTP/1.1" 301 795 "https://www.google.com/" "Mozilla/5.0 (Windows NT 10.0; Win64; x64) AppleWebKit/537.36 (KHTML, like Gecko) Chrome/145.0.0.0 Safari/537.36"
74.125.114.4 - - [24/Mar/2026:21:02:31 -0400] "GET / HTTP/1.1" 200 2965 "https://www.google.com/" "Mozilla/5.0 (Windows NT 10.0; Win64; x64) AppleWebKit/537.36 (KHTML, like Gecko) Chrome/145.0.0.0 Safari/537.36"
172.217.36.116 - - [24/Mar/2026:21:02:31 -0400] "GET / HTTP/1.1" 200 2965 "https://www.google.com/" "Mozilla/5.0 (Windows NT 10.0; Win64; x64) AppleWebKit/537.36 (KHTML, like Gecko) Chrome/144.0.0.0 Safari/537.36"
172.217.36.116 - - [24/Mar/2026:21:02:32 -0400] "GET /css/bootstrap.min.css HTTP/1.1" 200 18282 "https://www.cozynestapartments.in/" "Mozilla/5.0 (Windows NT 10.0; Win64; x64) AppleWebKit/537.36 (KHTML, like Gecko) Chrome/144.0.0.0 Safari/537.36"
172.217.36.116 - - [24/Mar/2026:21:02:32 -0400] "GET /css/font-awesome.min.css HTTP/1.1" 200 6665 "https://www.cozynestapartments.in/" "Mozilla/5.0 (Windows NT 10.0; Win64; x64) AppleWebKit/537.36 (KHTML, like Gecko) Chrome/144.0.0.0 Safari/537.36"
172.217.36.116 - - [24/Mar/2026:21:02:32 -0400] "GET /css/typing.css HTTP/1.1" 200 2619 "https://www.cozynestapartments.in/" "Mozilla/5.0 (Windows NT 10.0; Win64; x64) AppleWebKit/537.36 (KHTML, like Gecko) Chrome/144.0.0.0 Safari/537.36"
172.217.36.116 - - [24/Mar/2026:21:02:32 -0400] "GET /css/owl.carousel.min.css HTTP/1.1" 200 789 "https://www.cozynestapartments.in/" "Mozilla/5.0 (Windows NT 10.0; Win64; x64) AppleWebKit/537.36 (KHTML, like Gecko) Chrome/144.0.0.0 Safari/537.36"
172.217.36.116 - - [24/Mar/2026:21:02:32 -0400] "GET /css/vegas.min.css HTTP/1.1" 200 1169 "https://www.cozynestapartments.in/" "Mozilla/5.0 (Windows NT 10.0; Win64; x64) AppleWebKit/537.36 (KHTML, like Gecko) Chrome/144.0.0.0 Safari/537.36"
172.217.36.116 - - [24/Mar/2026:21:02:32 -0400] "GET /css/lightbox.min.css HTTP/1.1" 200 792 "https://www.cozynestapartments.in/" "Mozilla/5.0 (Windows NT 10.0; Win64; x64) AppleWebKit/537.36 (KHTML, like Gecko) Chrome/144.0.0.0 Safari/537.36"
172.217.36.116 - - [24/Mar/2026:21:02:32 -0400] "GET /css/normalize.css HTTP/1.1" 200 3870 "https://www.cozynestapartments.in/" "Mozilla/5.0 (Windows NT 10.0; Win64; x64) AppleWebKit/537.36 (KHTML, like Gecko) Chrome/144.0.0.0 Safari/537.36"
74.125.114.4 - - [24/Mar/2026:21:02:32 -0400] "GET /css/bootstrap.min.css HTTP/1.1" 200 18282 "https://www.cozynestapartments.in/" "Mozilla/5.0 (Windows NT 10.0; Win64; x64) AppleWebKit/537.36 (KHTML, like Gecko) Chrome/145.0.0.0 Safari/537.36"
74.125.114.4 - - [24/Mar/2026:21:02:32 -0400] "GET /css/font-awesome.min.css HTTP/1.1" 200 6665 "https://www.cozynestapartments.in/" "Mozilla/5.0 (Windows NT 10.0; Win64; x64) AppleWebKit/537.36 (KHTML, like Gecko) Chrome/145.0.0.0 Safari/537.36"
74.125.114.4 - - [24/Mar/2026:21:02:32 -0400] "GET /css/owl.carousel.min.css HTTP/1.1" 200 789 "https://www.cozynestapartments.in/" "Mozilla/5.0 (Windows NT 10.0; Win64; x64) AppleWebKit/537.36 (KHTML, like Gecko) Chrome/145.0.0.0 Safari/537.36"
172.217.36.116 - - [24/Mar/2026:21:02:32 -0400] "GET /css/responsive.css HTTP/1.1" 200 1969 "https://www.cozynestapartments.in/" "Mozilla/5.0 (Windows NT 10.0; Win64; x64) AppleWebKit/537.36 (KHTML, like Gecko) Chrome/144.0.0.0 Safari/537.36"
172.217.36.116 - - [24/Mar/2026:21:02:32 -0400] "GET /css/animate.css HTTP/1.1" 200 2770 "https://www.cozynestapartments.in/" "Mozilla/5.0 (Windows NT 10.0; Win64; x64) AppleWebKit/537.36 (KHTML, like Gecko) Chrome/144.0.0.0 Safari/537.36"
172.217.36.116 - - [24/Mar/2026:21:02:32 -0400] "GET /img/cozy-nest-logo.png HTTP/1.1" 200 8880 "https://www.cozynestapartments.in/" "Mozilla/5.0 (Windows NT 10.0; Win64; x64) AppleWebKit/537.36 (KHTML, like Gecko) Chrome/144.0.0.0 Safari/537.36"
172.217.36.116 - - [24/Mar/2026:21:02:32 -0400] "GET /img/Serviced-Apartments.png HTTP/1.1" 200 246968 "https://www.cozynestapartments.in/" "Mozilla/5.0 (Windows NT 10.0; Win64; x64) AppleWebKit/537.36 (KHTML, like Gecko) Chrome/144.0.0.0 Safari/537.36"
172.217.36.116 - - [24/Mar/2026:21:02:32 -0400] "GET /css/main.css HTTP/1.1" 200 5977 "https://www.cozynestapartments.in/" "Mozilla/5.0 (Windows NT 10.0; Win64; x64) AppleWebKit/537.36 (KHTML, like Gecko) Chrome/144.0.0.0 Safari/537.36"
172.217.36.116 - - [24/Mar/2026:21:02:32 -0400] "GET /css/hover.css HTTP/1.1" 200 7788 "https://www.cozynestapartments.in/" "Mozilla/5.0 (Windows NT 10.0; Win64; x64) AppleWebKit/537.36 (KHTML, like Gecko) Chrome/144.0.0.0 Safari/537.36"
74.125.114.4 - - [24/Mar/2026:21:02:32 -0400] "GET /css/animate.css HTTP/1.1" 200 2770 "https://www.cozynestapartments.in/" "Mozilla/5.0 (Windows NT 10.0; Win64; x64) AppleWebKit/537.36 (KHTML, like Gecko) Chrome/145.0.0.0 Safari/537.36"
74.125.114.4 - - [24/Mar/2026:21:02:32 -0400] "GET /css/vegas.min.css HTTP/1.1" 200 1169 "https://www.cozynestapartments.in/" "Mozilla/5.0 (Windows NT 10.0; Win64; x64) AppleWebKit/537.36 (KHTML, like Gecko) Chrome/145.0.0.0 Safari/537.36"
74.125.114.4 - - [24/Mar/2026:21:02:32 -0400] "GET /css/hover.css HTTP/1.1" 200 7788 "https://www.cozynestapartments.in/" "Mozilla/5.0 (Windows NT 10.0; Win64; x64) AppleWebKit/537.36 (KHTML, like Gecko) Chrome/145.0.0.0 Safari/537.36"
74.125.114.4 - - [24/Mar/2026:21:02:32 -0400] "GET /css/typing.css HTTP/1.1" 200 2619 "https://www.cozynestapartments.in/" "Mozilla/5.0 (Windows NT 10.0; Win64; x64) AppleWebKit/537.36 (KHTML, like Gecko) Chrome/145.0.0.0 Safari/537.36"
74.125.114.4 - - [24/Mar/2026:21:02:32 -0400] "GET /css/lightbox.min.css HTTP/1.1" 200 792 "https://www.cozynestapartments.in/" "Mozilla/5.0 (Windows NT 10.0; Win64; x64) AppleWebKit/537.36 (KHTML, like Gecko) Chrome/145.0.0.0 Safari/537.36"
74.125.114.4 - - [24/Mar/2026:21:02:32 -0400] "GET /css/normalize.css HTTP/1.1" 200 3870 "https://www.cozynestapartments.in/" "Mozilla/5.0 (Windows NT 10.0; Win64; x64) AppleWebKit/537.36 (KHTML, like Gecko) Chrome/145.0.0.0 Safari/537.36"
74.125.114.4 - - [24/Mar/2026:21:02:32 -0400] "GET /css/main.css HTTP/1.1" 200 5977 "https://www.cozynestapartments.in/" "Mozilla/5.0 (Windows NT 10.0; Win64; x64) AppleWebKit/537.36 (KHTML, like Gecko) Chrome/145.0.0.0 Safari/537.36"
74.125.114.4 - - [24/Mar/2026:21:02:32 -0400] "GET /css/responsive.css HTTP/1.1" 200 1969 "https://www.cozynestapartments.in/" "Mozilla/5.0 (Windows NT 10.0; Win64; x64) AppleWebKit/537.36 (KHTML, like Gecko) Chrome/145.0.0.0 Safari/537.36"
74.125.114.4 - - [24/Mar/2026:21:02:32 -0400] "GET /img/cozy-nest-logo.png HTTP/1.1" 200 8880 "https://www.cozynestapartments.in/" "Mozilla/5.0 (Windows NT 10.0; Win64; x64) AppleWebKit/537.36 (KHTML, like Gecko) Chrome/145.0.0.0 Safari/537.36"
74.125.114.4 - - [24/Mar/2026:21:02:32 -0400] "GET /img/Serviced-Apartments.png HTTP/1.1" 200 246968 "https://www.cozynestapartments.in/" "Mozilla/5.0 (Windows NT 10.0; Win64; x64) AppleWebKit/537.36 (KHTML, like Gecko) Chrome/145.0.0.0 Safari/537.36"
172.217.36.116 - - [24/Mar/2026:21:02:32 -0400] "GET /img/about-us.jpg HTTP/1.1" 200 196133 "https://www.cozynestapartments.in/" "Mozilla/5.0 (Windows NT 10.0; Win64; x64) AppleWebKit/537.36 (KHTML, like Gecko) Chrome/144.0.0.0 Safari/537.36"
172.217.36.116 - - [24/Mar/2026:21:02:32 -0400] "GET /img/room-service.png HTTP/1.1" 200 2311 "https://www.cozynestapartments.in/" "Mozilla/5.0 (Windows NT 10.0; Win64; x64) AppleWebKit/537.36 (KHTML, like Gecko) Chrome/144.0.0.0 Safari/537.36"
172.217.36.116 - - [24/Mar/2026:21:02:32 -0400] "GET /img/house-keeping.png HTTP/1.1" 200 2568 "https://www.cozynestapartments.in/" "Mozilla/5.0 (Windows NT 10.0; Win64; x64) AppleWebKit/537.36 (KHTML, like Gecko) Chrome/144.0.0.0 Safari/537.36"
74.125.114.4 - - [24/Mar/2026:21:02:32 -0400] "GET /img/about-us.jpg HTTP/1.1" 200 196133 "https://www.cozynestapartments.in/" "Mozilla/5.0 (Windows NT 10.0; Win64; x64) AppleWebKit/537.36 (KHTML, like Gecko) Chrome/145.0.0.0 Safari/537.36"
74.125.114.4 - - [24/Mar/2026:21:02:32 -0400] "GET /img/room-service.png HTTP/1.1" 200 2311 "https://www.cozynestapartments.in/" "Mozilla/5.0 (Windows NT 10.0; Win64; x64) AppleWebKit/537.36 (KHTML, like Gecko) Chrome/145.0.0.0 Safari/537.36"
74.125.114.4 - - [24/Mar/2026:21:02:32 -0400] "GET /img/house-keeping.png HTTP/1.1" 200 2568 "https://www.cozynestapartments.in/" "Mozilla/5.0 (Windows NT 10.0; Win64; x64) AppleWebKit/537.36 (KHTML, like Gecko) Chrome/145.0.0.0 Safari/537.36"
74.125.114.4 - - [24/Mar/2026:21:02:32 -0400] "GET /js/vendor/modernizr-3.5.0.min.js HTTP/1.1" 200 3395 "https://www.cozynestapartments.in/" "Mozilla/5.0 (Windows NT 10.0; Win64; x64) AppleWebKit/537.36 (KHTML, like Gecko) Chrome/145.0.0.0 Safari/537.36"
172.217.36.116 - - [24/Mar/2026:21:02:32 -0400] "GET /js/vendor/modernizr-3.5.0.min.js HTTP/1.1" 200 3395 "https://www.cozynestapartments.in/" "Mozilla/5.0 (Windows NT 10.0; Win64; x64) AppleWebKit/537.36 (KHTML, like Gecko) Chrome/144.0.0.0 Safari/537.36"
74.125.114.4 - - [24/Mar/2026:21:02:32 -0400] "GET /js/vegas.min.js HTTP/1.1" 200 2951 "https://www.cozynestapartments.in/" "Mozilla/5.0 (Windows NT 10.0; Win64; x64) AppleWebKit/537.36 (KHTML, like Gecko) Chrome/145.0.0.0 Safari/537.36"
74.125.114.4 - - [24/Mar/2026:21:02:32 -0400] "GET /js/jquery.waypoints.min.js HTTP/1.1" 200 2592 "https://www.cozynestapartments.in/" "Mozilla/5.0 (Windows NT 10.0; Win64; x64) AppleWebKit/537.36 (KHTML, like Gecko) Chrome/145.0.0.0 Safari/537.36"
74.125.114.4 - - [24/Mar/2026:21:02:32 -0400] "GET /js/typing.js HTTP/1.1" 200 1397 "https://www.cozynestapartments.in/" "Mozilla/5.0 (Windows NT 10.0; Win64; x64) AppleWebKit/537.36 (KHTML, like Gecko) Chrome/145.0.0.0 Safari/537.36"
74.125.114.4 - - [24/Mar/2026:21:02:32 -0400] "GET /js/owl.carousel.min.js HTTP/1.1" 200 10649 "https://www.cozynestapartments.in/" "Mozilla/5.0 (Windows NT 10.0; Win64; x64) AppleWebKit/537.36 (KHTML, like Gecko) Chrome/145.0.0.0 Safari/537.36"
74.125.114.4 - - [24/Mar/2026:21:02:32 -0400] "GET /js/vendor/jquery-3.2.1.min.js HTTP/1.1" 200 29485 "https://www.cozynestapartments.in/" "Mozilla/5.0 (Windows NT 10.0; Win64; x64) AppleWebKit/537.36 (KHTML, like Gecko) Chrome/145.0.0.0 Safari/537.36"
74.125.114.4 - - [24/Mar/2026:21:02:32 -0400] "GET /js/bootstrap.min.js HTTP/1.1" 200 9515 "https://www.cozynestapartments.in/" "Mozilla/5.0 (Windows NT 10.0; Win64; x64) AppleWebKit/537.36 (KHTML, like Gecko) Chrome/145.0.0.0 Safari/537.36"
172.217.36.116 - - [24/Mar/2026:21:02:32 -0400] "GET /js/vendor/jquery-3.2.1.min.js HTTP/1.1" 200 29485 "https://www.cozynestapartments.in/" "Mozilla/5.0 (Windows NT 10.0; Win64; x64) AppleWebKit/537.36 (KHTML, like Gecko) Chrome/144.0.0.0 Safari/537.36"
172.217.36.116 - - [24/Mar/2026:21:02:32 -0400] "GET /js/bootstrap.min.js HTTP/1.1" 200 9515 "https://www.cozynestapartments.in/" "Mozilla/5.0 (Windows NT 10.0; Win64; x64) AppleWebKit/537.36 (KHTML, like Gecko) Chrome/144.0.0.0 Safari/537.36"
172.217.36.116 - - [24/Mar/2026:21:02:32 -0400] "GET /js/owl.carousel.min.js HTTP/1.1" 200 10649 "https://www.cozynestapartments.in/" "Mozilla/5.0 (Windows NT 10.0; Win64; x64) AppleWebKit/537.36 (KHTML, like Gecko) Chrome/144.0.0.0 Safari/537.36"
172.217.36.116 - - [24/Mar/2026:21:02:32 -0400] "GET /js/vegas.min.js HTTP/1.1" 200 2951 "https://www.cozynestapartments.in/" "Mozilla/5.0 (Windows NT 10.0; Win64; x64) AppleWebKit/537.36 (KHTML, like Gecko) Chrome/144.0.0.0 Safari/537.36"
172.217.36.116 - - [24/Mar/2026:21:02:32 -0400] "GET /js/typing.js HTTP/1.1" 200 1397 "https://www.cozynestapartments.in/" "Mozilla/5.0 (Windows NT 10.0; Win64; x64) AppleWebKit/537.36 (KHTML, like Gecko) Chrome/144.0.0.0 Safari/537.36"
172.217.36.116 - - [24/Mar/2026:21:02:32 -0400] "GET /js/jquery.waypoints.min.js HTTP/1.1" 200 2592 "https://www.cozynestapartments.in/" "Mozilla/5.0 (Windows NT 10.0; Win64; x64) AppleWebKit/537.36 (KHTML, like Gecko) Chrome/144.0.0.0 Safari/537.36"
74.125.114.4 - - [24/Mar/2026:21:02:32 -0400] "GET /js/jarallax.min.js HTTP/1.1" 200 3945 "https://www.cozynestapartments.in/" "Mozilla/5.0 (Windows NT 10.0; Win64; x64) AppleWebKit/537.36 (KHTML, like Gecko) Chrome/145.0.0.0 Safari/537.36"
172.217.36.116 - - [24/Mar/2026:21:02:32 -0400] "GET /js/lightbox.min.js HTTP/1.1" 200 2720 "https://www.cozynestapartments.in/" "Mozilla/5.0 (Windows NT 10.0; Win64; x64) AppleWebKit/537.36 (KHTML, like Gecko) Chrome/144.0.0.0 Safari/537.36"
172.217.36.116 - - [24/Mar/2026:21:02:32 -0400] "GET /js/isotope.min.js HTTP/1.1" 200 9596 "https://www.cozynestapartments.in/" "Mozilla/5.0 (Windows NT 10.0; Win64; x64) AppleWebKit/537.36 (KHTML, like Gecko) Chrome/144.0.0.0 Safari/537.36"
172.217.36.116 - - [24/Mar/2026:21:02:32 -0400] "GET /js/circle-progress.js HTTP/1.1" 200 4258 "https://www.cozynestapartments.in/" "Mozilla/5.0 (Windows NT 10.0; Win64; x64) AppleWebKit/537.36 (KHTML, like Gecko) Chrome/144.0.0.0 Safari/537.36"
172.217.36.116 - - [24/Mar/2026:21:02:32 -0400] "GET /js/plugins.js HTTP/1.1" 200 336 "https://www.cozynestapartments.in/" "Mozilla/5.0 (Windows NT 10.0; Win64; x64) AppleWebKit/537.36 (KHTML, like Gecko) Chrome/144.0.0.0 Safari/537.36"
172.217.36.116 - - [24/Mar/2026:21:02:32 -0400] "GET /js/jarallax.min.js HTTP/1.1" 200 3945 "https://www.cozynestapartments.in/" "Mozilla/5.0 (Windows NT 10.0; Win64; x64) AppleWebKit/537.36 (KHTML, like Gecko) Chrome/144.0.0.0 Safari/537.36"
172.217.36.116 - - [24/Mar/2026:21:02:32 -0400] "GET /img/food.png HTTP/1.1" 200 2086 "https://www.cozynestapartments.in/" "Mozilla/5.0 (Windows NT 10.0; Win64; x64) AppleWebKit/537.36 (KHTML, like Gecko) Chrome/144.0.0.0 Safari/537.36"
172.217.36.116 - - [24/Mar/2026:21:02:32 -0400] "GET /img/gallery12.jpg HTTP/1.1" 200 70655 "https://www.cozynestapartments.in/" "Mozilla/5.0 (Windows NT 10.0; Win64; x64) AppleWebKit/537.36 (KHTML, like Gecko) Chrome/144.0.0.0 Safari/537.36"
172.217.36.116 - - [24/Mar/2026:21:02:32 -0400] "GET /js/jquery.scrollUp.min.js HTTP/1.1" 200 853 "https://www.cozynestapartments.in/" "Mozilla/5.0 (Windows NT 10.0; Win64; x64) AppleWebKit/537.36 (KHTML, like Gecko) Chrome/144.0.0.0 Safari/537.36"
172.217.36.116 - - [24/Mar/2026:21:02:32 -0400] "GET /img/gallery11.jpg HTTP/1.1" 200 132279 "https://www.cozynestapartments.in/" "Mozilla/5.0 (Windows NT 10.0; Win64; x64) AppleWebKit/537.36 (KHTML, like Gecko) Chrome/144.0.0.0 Safari/537.36"
172.217.36.116 - - [24/Mar/2026:21:02:32 -0400] "GET /img/gallery10.jpg HTTP/1.1" 200 123149 "https://www.cozynestapartments.in/" "Mozilla/5.0 (Windows NT 10.0; Win64; x64) AppleWebKit/537.36 (KHTML, like Gecko) Chrome/144.0.0.0 Safari/537.36"
172.217.36.116 - - [24/Mar/2026:21:02:32 -0400] "GET /js/main.js HTTP/1.1" 200 2154 "https://www.cozynestapartments.in/" "Mozilla/5.0 (Windows NT 10.0; Win64; x64) AppleWebKit/537.36 (KHTML, like Gecko) Chrome/144.0.0.0 Safari/537.36"
172.217.36.116 - - [24/Mar/2026:21:02:32 -0400] "GET /img/gallery1.jpg HTTP/1.1" 200 225999 "https://www.cozynestapartments.in/" "Mozilla/5.0 (Windows NT 10.0; Win64; x64) AppleWebKit/537.36 (KHTML, like Gecko) Chrome/144.0.0.0 Safari/537.36"
172.217.36.116 - - [24/Mar/2026:21:02:32 -0400] "GET /img/gallery4.jpg HTTP/1.1" 200 205829 "https://www.cozynestapartments.in/" "Mozilla/5.0 (Windows NT 10.0; Win64; x64) AppleWebKit/537.36 (KHTML, like Gecko) Chrome/144.0.0.0 Safari/537.36"
172.217.36.116 - - [24/Mar/2026:21:02:32 -0400] "GET /img/gallery9.jpg HTTP/1.1" 200 84399 "https://www.cozynestapartments.in/" "Mozilla/5.0 (Windows NT 10.0; Win64; x64) AppleWebKit/537.36 (KHTML, like Gecko) Chrome/144.0.0.0 Safari/537.36"
172.217.36.116 - - [24/Mar/2026:21:02:32 -0400] "GET /img/gallery7.jpg HTTP/1.1" 200 208769 "https://www.cozynestapartments.in/" "Mozilla/5.0 (Windows NT 10.0; Win64; x64) AppleWebKit/537.36 (KHTML, like Gecko) Chrome/144.0.0.0 Safari/537.36"
172.217.36.116 - - [24/Mar/2026:21:02:32 -0400] "GET /img/gallery6.jpg HTTP/1.1" 200 133763 "https://www.cozynestapartments.in/" "Mozilla/5.0 (Windows NT 10.0; Win64; x64) AppleWebKit/537.36 (KHTML, like Gecko) Chrome/144.0.0.0 Safari/537.36"
172.217.36.116 - - [24/Mar/2026:21:02:32 -0400] "GET /img/gallery8.jpg HTTP/1.1" 200 145854 "https://www.cozynestapartments.in/" "Mozilla/5.0 (Windows NT 10.0; Win64; x64) AppleWebKit/537.36 (KHTML, like Gecko) Chrome/144.0.0.0 Safari/537.36"
172.217.36.116 - - [24/Mar/2026:21:02:32 -0400] "GET /img/gallery5.jpg HTTP/1.1" 200 200645 "https://www.cozynestapartments.in/" "Mozilla/5.0 (Windows NT 10.0; Win64; x64) AppleWebKit/537.36 (KHTML, like Gecko) Chrome/144.0.0.0 Safari/537.36"
172.217.36.116 - - [24/Mar/2026:21:02:32 -0400] "GET /img/gallery19.jpg HTTP/1.1" 200 242949 "https://www.cozynestapartments.in/" "Mozilla/5.0 (Windows NT 10.0; Win64; x64) AppleWebKit/537.36 (KHTML, like Gecko) Chrome/144.0.0.0 Safari/537.36"
172.217.36.116 - - [24/Mar/2026:21:02:32 -0400] "GET /img/gallery14.jpg HTTP/1.1" 200 152703 "https://www.cozynestapartments.in/" "Mozilla/5.0 (Windows NT 10.0; Win64; x64) AppleWebKit/537.36 (KHTML, like Gecko) Chrome/144.0.0.0 Safari/537.36"
172.217.36.116 - - [24/Mar/2026:21:02:32 -0400] "GET /img/gallery3.jpg HTTP/1.1" 200 232987 "https://www.cozynestapartments.in/" "Mozilla/5.0 (Windows NT 10.0; Win64; x64) AppleWebKit/537.36 (KHTML, like Gecko) Chrome/144.0.0.0 Safari/537.36"
172.217.36.116 - - [24/Mar/2026:21:02:32 -0400] "GET /img/gallery15.jpg HTTP/1.1" 200 236269 "https://www.cozynestapartments.in/" "Mozilla/5.0 (Windows NT 10.0; Win64; x64) AppleWebKit/537.36 (KHTML, like Gecko) Chrome/144.0.0.0 Safari/537.36"
172.217.36.116 - - [24/Mar/2026:21:02:32 -0400] "GET /img/gallery18.jpg HTTP/1.1" 200 204543 "https://www.cozynestapartments.in/" "Mozilla/5.0 (Windows NT 10.0; Win64; x64) AppleWebKit/537.36 (KHTML, like Gecko) Chrome/144.0.0.0 Safari/537.36"
172.217.36.116 - - [24/Mar/2026:21:02:32 -0400] "GET /img/laundry.png HTTP/1.1" 200 2661 "https://www.cozynestapartments.in/" "Mozilla/5.0 (Windows NT 10.0; Win64; x64) AppleWebKit/537.36 (KHTML, like Gecko) Chrome/144.0.0.0 Safari/537.36"
74.125.114.4 - - [24/Mar/2026:21:02:32 -0400] "GET /js/lightbox.min.js HTTP/1.1" 200 2720 "https://www.cozynestapartments.in/" "Mozilla/5.0 (Windows NT 10.0; Win64; x64) AppleWebKit/537.36 (KHTML, like Gecko) Chrome/145.0.0.0 Safari/537.36"
74.125.114.4 - - [24/Mar/2026:21:02:32 -0400] "GET /js/gmap3.min.js HTTP/1.1" 200 10824 "https://www.cozynestapartments.in/" "Mozilla/5.0 (Windows NT 10.0; Win64; x64) AppleWebKit/537.36 (KHTML, like Gecko) Chrome/145.0.0.0 Safari/537.36"
74.125.114.4 - - [24/Mar/2026:21:02:32 -0400] "GET /js/jquery.scrollUp.min.js HTTP/1.1" 200 853 "https://www.cozynestapartments.in/" "Mozilla/5.0 (Windows NT 10.0; Win64; x64) AppleWebKit/537.36 (KHTML, like Gecko) Chrome/145.0.0.0 Safari/537.36"
74.125.114.4 - - [24/Mar/2026:21:02:32 -0400] "GET /js/plugins.js HTTP/1.1" 200 336 "https://www.cozynestapartments.in/" "Mozilla/5.0 (Windows NT 10.0; Win64; x64) AppleWebKit/537.36 (KHTML, like Gecko) Chrome/145.0.0.0 Safari/537.36"
74.125.114.4 - - [24/Mar/2026:21:02:32 -0400] "GET /js/main.js HTTP/1.1" 200 2154 "https://www.cozynestapartments.in/" "Mozilla/5.0 (Windows NT 10.0; Win64; x64) AppleWebKit/537.36 (KHTML, like Gecko) Chrome/145.0.0.0 Safari/537.36"
74.125.114.4 - - [24/Mar/2026:21:02:32 -0400] "GET /img/laundry.png HTTP/1.1" 200 2661 "https://www.cozynestapartments.in/" "Mozilla/5.0 (Windows NT 10.0; Win64; x64) AppleWebKit/537.36 (KHTML, like Gecko) Chrome/145.0.0.0 Safari/537.36"
74.125.114.4 - - [24/Mar/2026:21:02:32 -0400] "GET /img/food.png HTTP/1.1" 200 2086 "https://www.cozynestapartments.in/" "Mozilla/5.0 (Windows NT 10.0; Win64; x64) AppleWebKit/537.36 (KHTML, like Gecko) Chrome/145.0.0.0 Safari/537.36"
74.125.114.4 - - [24/Mar/2026:21:02:32 -0400] "GET /img/gallery12.jpg HTTP/1.1" 200 70655 "https://www.cozynestapartments.in/" "Mozilla/5.0 (Windows NT 10.0; Win64; x64) AppleWebKit/537.36 (KHTML, like Gecko) Chrome/145.0.0.0 Safari/537.36"
74.125.114.4 - - [24/Mar/2026:21:02:32 -0400] "GET /img/gallery10.jpg HTTP/1.1" 200 123149 "https://www.cozynestapartments.in/" "Mozilla/5.0 (Windows NT 10.0; Win64; x64) AppleWebKit/537.36 (KHTML, like Gecko) Chrome/145.0.0.0 Safari/537.36"
74.125.114.4 - - [24/Mar/2026:21:02:32 -0400] "GET /img/gallery11.jpg HTTP/1.1" 200 132279 "https://www.cozynestapartments.in/" "Mozilla/5.0 (Windows NT 10.0; Win64; x64) AppleWebKit/537.36 (KHTML, like Gecko) Chrome/145.0.0.0 Safari/537.36"
74.125.114.4 - - [24/Mar/2026:21:02:32 -0400] "GET /js/circle-progress.js HTTP/1.1" 200 4258 "https://www.cozynestapartments.in/" "Mozilla/5.0 (Windows NT 10.0; Win64; x64) AppleWebKit/537.36 (KHTML, like Gecko) Chrome/145.0.0.0 Safari/537.36"
74.125.114.4 - - [24/Mar/2026:21:02:32 -0400] "GET /js/isotope.min.js HTTP/1.1" 200 9596 "https://www.cozynestapartments.in/" "Mozilla/5.0 (Windows NT 10.0; Win64; x64) AppleWebKit/537.36 (KHTML, like Gecko) Chrome/145.0.0.0 Safari/537.36"
172.217.36.116 - - [24/Mar/2026:21:02:32 -0400] "GET /js/gmap3.min.js HTTP/1.1" 200 10824 "https://www.cozynestapartments.in/" "Mozilla/5.0 (Windows NT 10.0; Win64; x64) AppleWebKit/537.36 (KHTML, like Gecko) Chrome/144.0.0.0 Safari/537.36"
74.125.114.4 - - [24/Mar/2026:21:02:32 -0400] "GET /img/gallery9.jpg HTTP/1.1" 200 84399 "https://www.cozynestapartments.in/" "Mozilla/5.0 (Windows NT 10.0; Win64; x64) AppleWebKit/537.36 (KHTML, like Gecko) Chrome/145.0.0.0 Safari/537.36"
74.125.114.4 - - [24/Mar/2026:21:02:32 -0400] "GET /img/gallery1.jpg HTTP/1.1" 200 225999 "https://www.cozynestapartments.in/" "Mozilla/5.0 (Windows NT 10.0; Win64; x64) AppleWebKit/537.36 (KHTML, like Gecko) Chrome/145.0.0.0 Safari/537.36"
74.125.114.4 - - [24/Mar/2026:21:02:32 -0400] "GET /img/gallery2.jpg HTTP/1.1" 200 332285 "https://www.cozynestapartments.in/" "Mozilla/5.0 (Windows NT 10.0; Win64; x64) AppleWebKit/537.36 (KHTML, like Gecko) Chrome/145.0.0.0 Safari/537.36"
74.125.114.4 - - [24/Mar/2026:21:02:32 -0400] "GET /img/gallery3.jpg HTTP/1.1" 200 232987 "https://www.cozynestapartments.in/" "Mozilla/5.0 (Windows NT 10.0; Win64; x64) AppleWebKit/537.36 (KHTML, like Gecko) Chrome/145.0.0.0 Safari/537.36"
74.125.114.4 - - [24/Mar/2026:21:02:32 -0400] "GET /img/gallery4.jpg HTTP/1.1" 200 205829 "https://www.cozynestapartments.in/" "Mozilla/5.0 (Windows NT 10.0; Win64; x64) AppleWebKit/537.36 (KHTML, like Gecko) Chrome/145.0.0.0 Safari/537.36"
74.125.114.4 - - [24/Mar/2026:21:02:32 -0400] "GET /img/gallery5.jpg HTTP/1.1" 200 200645 "https://www.cozynestapartments.in/" "Mozilla/5.0 (Windows NT 10.0; Win64; x64) AppleWebKit/537.36 (KHTML, like Gecko) Chrome/145.0.0.0 Safari/537.36"
74.125.114.4 - - [24/Mar/2026:21:02:32 -0400] "GET /img/gallery6.jpg HTTP/1.1" 200 133763 "https://www.cozynestapartments.in/" "Mozilla/5.0 (Windows NT 10.0; Win64; x64) AppleWebKit/537.36 (KHTML, like Gecko) Chrome/145.0.0.0 Safari/537.36"
74.125.114.4 - - [24/Mar/2026:21:02:32 -0400] "GET /img/gallery7.jpg HTTP/1.1" 200 208769 "https://www.cozynestapartments.in/" "Mozilla/5.0 (Windows NT 10.0; Win64; x64) AppleWebKit/537.36 (KHTML, like Gecko) Chrome/145.0.0.0 Safari/537.36"
74.125.114.4 - - [24/Mar/2026:21:02:32 -0400] "GET /img/gallery8.jpg HTTP/1.1" 200 145854 "https://www.cozynestapartments.in/" "Mozilla/5.0 (Windows NT 10.0; Win64; x64) AppleWebKit/537.36 (KHTML, like Gecko) Chrome/145.0.0.0 Safari/537.36"
74.125.114.4 - - [24/Mar/2026:21:02:32 -0400] "GET /img/gallery17.jpg HTTP/1.1" 200 292066 "https://www.cozynestapartments.in/" "Mozilla/5.0 (Windows NT 10.0; Win64; x64) AppleWebKit/537.36 (KHTML, like Gecko) Chrome/145.0.0.0 Safari/537.36"
74.125.114.4 - - [24/Mar/2026:21:02:32 -0400] "GET /img/gallery18.jpg HTTP/1.1" 200 204543 "https://www.cozynestapartments.in/" "Mozilla/5.0 (Windows NT 10.0; Win64; x64) AppleWebKit/537.36 (KHTML, like Gecko) Chrome/145.0.0.0 Safari/537.36"
74.125.114.4 - - [24/Mar/2026:21:02:32 -0400] "GET /img/gallery19.jpg HTTP/1.1" 200 242949 "https://www.cozynestapartments.in/" "Mozilla/5.0 (Windows NT 10.0; Win64; x64) AppleWebKit/537.36 (KHTML, like Gecko) Chrome/145.0.0.0 Safari/537.36"
74.125.114.4 - - [24/Mar/2026:21:02:32 -0400] "GET /img/gallery20.jpg HTTP/1.1" 200 267030 "https://www.cozynestapartments.in/" "Mozilla/5.0 (Windows NT 10.0; Win64; x64) AppleWebKit/537.36 (KHTML, like Gecko) Chrome/145.0.0.0 Safari/537.36"
74.125.114.4 - - [24/Mar/2026:21:02:32 -0400] "GET /img/gallery13.jpg HTTP/1.1" 200 277797 "https://www.cozynestapartments.in/" "Mozilla/5.0 (Windows NT 10.0; Win64; x64) AppleWebKit/537.36 (KHTML, like Gecko) Chrome/145.0.0.0 Safari/537.36"
74.125.114.4 - - [24/Mar/2026:21:02:32 -0400] "GET /img/gallery14.jpg HTTP/1.1" 200 152703 "https://www.cozynestapartments.in/" "Mozilla/5.0 (Windows NT 10.0; Win64; x64) AppleWebKit/537.36 (KHTML, like Gecko) Chrome/145.0.0.0 Safari/537.36"
74.125.114.4 - - [24/Mar/2026:21:02:32 -0400] "GET /img/gallery15.jpg HTTP/1.1" 200 236269 "https://www.cozynestapartments.in/" "Mozilla/5.0 (Windows NT 10.0; Win64; x64) AppleWebKit/537.36 (KHTML, like Gecko) Chrome/145.0.0.0 Safari/537.36"
74.125.114.4 - - [24/Mar/2026:21:02:32 -0400] "GET /img/gallery16.jpg HTTP/1.1" 200 272775 "https://www.cozynestapartments.in/" "Mozilla/5.0 (Windows NT 10.0; Win64; x64) AppleWebKit/537.36 (KHTML, like Gecko) Chrome/145.0.0.0 Safari/537.36"
172.217.36.116 - - [24/Mar/2026:21:02:32 -0400] "GET /img/gallery2.jpg HTTP/1.1" 200 332285 "https://www.cozynestapartments.in/" "Mozilla/5.0 (Windows NT 10.0; Win64; x64) AppleWebKit/537.36 (KHTML, like Gecko) Chrome/144.0.0.0 Safari/537.36"
172.217.36.116 - - [24/Mar/2026:21:02:32 -0400] "GET /img/gallery13.jpg HTTP/1.1" 200 277797 "https://www.cozynestapartments.in/" "Mozilla/5.0 (Windows NT 10.0; Win64; x64) AppleWebKit/537.36 (KHTML, like Gecko) Chrome/144.0.0.0 Safari/537.36"
172.217.36.116 - - [24/Mar/2026:21:02:32 -0400] "GET /img/gallery20.jpg HTTP/1.1" 200 267030 "https://www.cozynestapartments.in/" "Mozilla/5.0 (Windows NT 10.0; Win64; x64) AppleWebKit/537.36 (KHTML, like Gecko) Chrome/144.0.0.0 Safari/537.36"
172.217.36.116 - - [24/Mar/2026:21:02:32 -0400] "GET /img/gallery17.jpg HTTP/1.1" 200 292066 "https://www.cozynestapartments.in/" "Mozilla/5.0 (Windows NT 10.0; Win64; x64) AppleWebKit/537.36 (KHTML, like Gecko) Chrome/144.0.0.0 Safari/537.36"
172.217.36.116 - - [24/Mar/2026:21:02:32 -0400] "GET /img/gallery16.jpg HTTP/1.1" 200 272775 "https://www.cozynestapartments.in/" "Mozilla/5.0 (Windows NT 10.0; Win64; x64) AppleWebKit/537.36 (KHTML, like Gecko) Chrome/144.0.0.0 Safari/537.36"
216.16.41.101 - - [24/Mar/2026:21:02:32 -0400] "GET /js/vendor HTTP/1.1" 301 795 "https://www.google.com/" "Mozilla/5.0 (Windows NT 10.0; Win64; x64) AppleWebKit/537.36 (KHTML, like Gecko) Chrome/145.0.0.0 Safari/537.36"
74.125.114.4 - - [24/Mar/2026:21:02:32 -0400] "GET /img/slide.jpg HTTP/1.1" 200 161838 "https://www.cozynestapartments.in/css/main.css" "Mozilla/5.0 (Windows NT 10.0; Win64; x64) AppleWebKit/537.36 (KHTML, like Gecko) Chrome/145.0.0.0 Safari/537.36"
74.125.114.4 - - [24/Mar/2026:21:02:32 -0400] "GET /img/facilities-bg.jpg HTTP/1.1" 200 115947 "https://www.cozynestapartments.in/css/main.css" "Mozilla/5.0 (Windows NT 10.0; Win64; x64) AppleWebKit/537.36 (KHTML, like Gecko) Chrome/145.0.0.0 Safari/537.36"
74.125.114.4 - - [24/Mar/2026:21:02:32 -0400] "GET /fonts/fontawesome-webfont3e6e.woff2?v=4.7.0 HTTP/1.1" 200 77160 "https://www.cozynestapartments.in/css/font-awesome.min.css" "Mozilla/5.0 (Windows NT 10.0; Win64; x64) AppleWebKit/537.36 (KHTML, like Gecko) Chrome/145.0.0.0 Safari/537.36"
172.217.36.116 - - [24/Mar/2026:21:02:32 -0400] "GET /img/slide.jpg HTTP/1.1" 200 161838 "https://www.cozynestapartments.in/css/main.css" "Mozilla/5.0 (Windows NT 10.0; Win64; x64) AppleWebKit/537.36 (KHTML, like Gecko) Chrome/144.0.0.0 Safari/537.36"
172.217.36.116 - - [24/Mar/2026:21:02:32 -0400] "GET /img/facilities-bg.jpg HTTP/1.1" 200 115947 "https://www.cozynestapartments.in/css/main.css" "Mozilla/5.0 (Windows NT 10.0; Win64; x64) AppleWebKit/537.36 (KHTML, like Gecko) Chrome/144.0.0.0 Safari/537.36"
172.217.36.116 - - [24/Mar/2026:21:02:32 -0400] "GET /fonts/fontawesome-webfont3e6e.woff2?v=4.7.0 HTTP/1.1" 200 77160 "https://www.cozynestapartments.in/css/font-awesome.min.css" "Mozilla/5.0 (Windows NT 10.0; Win64; x64) AppleWebKit/537.36 (KHTML, like Gecko) Chrome/144.0.0.0 Safari/537.36"
172.217.36.114 - - [24/Mar/2026:21:02:31 -0400] "GET / HTTP/1.1" 200 2965 "https://www.google.com/" "Mozilla/5.0 (Windows NT 10.0; Win64; x64) AppleWebKit/537.36 (KHTML, like Gecko) Chrome/131.0.0.0 Safari/537.36"
172.217.36.114 - - [24/Mar/2026:21:02:32 -0400] "GET /css/bootstrap.min.css HTTP/1.1" 200 18282 "https://www.cozynestapartments.in/" "Mozilla/5.0 (Windows NT 10.0; Win64; x64) AppleWebKit/537.36 (KHTML, like Gecko) Chrome/131.0.0.0 Safari/537.36"
172.217.36.114 - - [24/Mar/2026:21:02:32 -0400] "GET /css/font-awesome.min.css HTTP/1.1" 200 6665 "https://www.cozynestapartments.in/" "Mozilla/5.0 (Windows NT 10.0; Win64; x64) AppleWebKit/537.36 (KHTML, like Gecko) Chrome/131.0.0.0 Safari/537.36"
172.217.36.114 - - [24/Mar/2026:21:02:32 -0400] "GET /css/owl.carousel.min.css HTTP/1.1" 200 789 "https://www.cozynestapartments.in/" "Mozilla/5.0 (Windows NT 10.0; Win64; x64) AppleWebKit/537.36 (KHTML, like Gecko) Chrome/131.0.0.0 Safari/537.36"
172.217.36.114 - - [24/Mar/2026:21:02:32 -0400] "GET /css/animate.css HTTP/1.1" 200 2770 "https://www.cozynestapartments.in/" "Mozilla/5.0 (Windows NT 10.0; Win64; x64) AppleWebKit/537.36 (KHTML, like Gecko) Chrome/131.0.0.0 Safari/537.36"
172.217.36.114 - - [24/Mar/2026:21:02:32 -0400] "GET /css/vegas.min.css HTTP/1.1" 200 1169 "https://www.cozynestapartments.in/" "Mozilla/5.0 (Windows NT 10.0; Win64; x64) AppleWebKit/537.36 (KHTML, like Gecko) Chrome/131.0.0.0 Safari/537.36"
172.217.36.114 - - [24/Mar/2026:21:02:32 -0400] "GET /css/hover.css HTTP/1.1" 200 7788 "https://www.cozynestapartments.in/" "Mozilla/5.0 (Windows NT 10.0; Win64; x64) AppleWebKit/537.36 (KHTML, like Gecko) Chrome/131.0.0.0 Safari/537.36"
172.217.36.114 - - [24/Mar/2026:21:02:32 -0400] "GET /css/typing.css HTTP/1.1" 200 2619 "https://www.cozynestapartments.in/" "Mozilla/5.0 (Windows NT 10.0; Win64; x64) AppleWebKit/537.36 (KHTML, like Gecko) Chrome/131.0.0.0 Safari/537.36"
172.217.36.114 - - [24/Mar/2026:21:02:32 -0400] "GET /css/lightbox.min.css HTTP/1.1" 200 792 "https://www.cozynestapartments.in/" "Mozilla/5.0 (Windows NT 10.0; Win64; x64) AppleWebKit/537.36 (KHTML, like Gecko) Chrome/131.0.0.0 Safari/537.36"
172.217.36.114 - - [24/Mar/2026:21:02:32 -0400] "GET /css/normalize.css HTTP/1.1" 200 3870 "https://www.cozynestapartments.in/" "Mozilla/5.0 (Windows NT 10.0; Win64; x64) AppleWebKit/537.36 (KHTML, like Gecko) Chrome/131.0.0.0 Safari/537.36"
172.217.36.114 - - [24/Mar/2026:21:02:32 -0400] "GET /css/main.css HTTP/1.1" 200 5977 "https://www.cozynestapartments.in/" "Mozilla/5.0 (Windows NT 10.0; Win64; x64) AppleWebKit/537.36 (KHTML, like Gecko) Chrome/131.0.0.0 Safari/537.36"
172.217.36.114 - - [24/Mar/2026:21:02:32 -0400] "GET /css/responsive.css HTTP/1.1" 200 1969 "https://www.cozynestapartments.in/" "Mozilla/5.0 (Windows NT 10.0; Win64; x64) AppleWebKit/537.36 (KHTML, like Gecko) Chrome/131.0.0.0 Safari/537.36"
172.217.36.114 - - [24/Mar/2026:21:02:32 -0400] "GET /img/cozy-nest-logo.png HTTP/1.1" 200 8880 "https://www.cozynestapartments.in/" "Mozilla/5.0 (Windows NT 10.0; Win64; x64) AppleWebKit/537.36 (KHTML, like Gecko) Chrome/131.0.0.0 Safari/537.36"
172.217.36.114 - - [24/Mar/2026:21:02:32 -0400] "GET /img/Serviced-Apartments.png HTTP/1.1" 200 246968 "https://www.cozynestapartments.in/" "Mozilla/5.0 (Windows NT 10.0; Win64; x64) AppleWebKit/537.36 (KHTML, like Gecko) Chrome/131.0.0.0 Safari/537.36"
172.217.36.114 - - [24/Mar/2026:21:02:32 -0400] "GET /img/about-us.jpg HTTP/1.1" 200 196133 "https://www.cozynestapartments.in/" "Mozilla/5.0 (Windows NT 10.0; Win64; x64) AppleWebKit/537.36 (KHTML, like Gecko) Chrome/131.0.0.0 Safari/537.36"
172.217.36.114 - - [24/Mar/2026:21:02:32 -0400] "GET /img/room-service.png HTTP/1.1" 200 2311 "https://www.cozynestapartments.in/" "Mozilla/5.0 (Windows NT 10.0; Win64; x64) AppleWebKit/537.36 (KHTML, like Gecko) Chrome/131.0.0.0 Safari/537.36"
172.217.36.114 - - [24/Mar/2026:21:02:32 -0400] "GET /img/house-keeping.png HTTP/1.1" 200 2568 "https://www.cozynestapartments.in/" "Mozilla/5.0 (Windows NT 10.0; Win64; x64) AppleWebKit/537.36 (KHTML, like Gecko) Chrome/131.0.0.0 Safari/537.36"
172.217.36.114 - - [24/Mar/2026:21:02:32 -0400] "GET /js/vendor/modernizr-3.5.0.min.js HTTP/1.1" 200 3395 "https://www.cozynestapartments.in/" "Mozilla/5.0 (Windows NT 10.0; Win64; x64) AppleWebKit/537.36 (KHTML, like Gecko) Chrome/131.0.0.0 Safari/537.36"
172.217.36.114 - - [24/Mar/2026:21:02:32 -0400] "GET /js/vendor/jquery-3.2.1.min.js HTTP/1.1" 200 29485 "https://www.cozynestapartments.in/" "Mozilla/5.0 (Windows NT 10.0; Win64; x64) AppleWebKit/537.36 (KHTML, like Gecko) Chrome/131.0.0.0 Safari/537.36"
172.217.36.114 - - [24/Mar/2026:21:02:32 -0400] "GET /js/bootstrap.min.js HTTP/1.1" 200 9515 "https://www.cozynestapartments.in/" "Mozilla/5.0 (Windows NT 10.0; Win64; x64) AppleWebKit/537.36 (KHTML, like Gecko) Chrome/131.0.0.0 Safari/537.36"
172.217.36.114 - - [24/Mar/2026:21:02:32 -0400] "GET /js/owl.carousel.min.js HTTP/1.1" 200 10649 "https://www.cozynestapartments.in/" "Mozilla/5.0 (Windows NT 10.0; Win64; x64) AppleWebKit/537.36 (KHTML, like Gecko) Chrome/131.0.0.0 Safari/537.36"
172.217.36.114 - - [24/Mar/2026:21:02:32 -0400] "GET /js/vegas.min.js HTTP/1.1" 200 2951 "https://www.cozynestapartments.in/" "Mozilla/5.0 (Windows NT 10.0; Win64; x64) AppleWebKit/537.36 (KHTML, like Gecko) Chrome/131.0.0.0 Safari/537.36"
172.217.36.114 - - [24/Mar/2026:21:02:32 -0400] "GET /js/typing.js HTTP/1.1" 200 1397 "https://www.cozynestapartments.in/" "Mozilla/5.0 (Windows NT 10.0; Win64; x64) AppleWebKit/537.36 (KHTML, like Gecko) Chrome/131.0.0.0 Safari/537.36"
172.217.36.114 - - [24/Mar/2026:21:02:32 -0400] "GET /js/jquery.waypoints.min.js HTTP/1.1" 200 2592 "https://www.cozynestapartments.in/" "Mozilla/5.0 (Windows NT 10.0; Win64; x64) AppleWebKit/537.36 (KHTML, like Gecko) Chrome/131.0.0.0 Safari/537.36"
172.217.36.114 - - [24/Mar/2026:21:02:32 -0400] "GET /js/circle-progress.js HTTP/1.1" 200 4258 "https://www.cozynestapartments.in/" "Mozilla/5.0 (Windows NT 10.0; Win64; x64) AppleWebKit/537.36 (KHTML, like Gecko) Chrome/131.0.0.0 Safari/537.36"
172.217.36.114 - - [24/Mar/2026:21:02:32 -0400] "GET /js/isotope.min.js HTTP/1.1" 200 9596 "https://www.cozynestapartments.in/" "Mozilla/5.0 (Windows NT 10.0; Win64; x64) AppleWebKit/537.36 (KHTML, like Gecko) Chrome/131.0.0.0 Safari/537.36"
172.217.36.114 - - [24/Mar/2026:21:02:32 -0400] "GET /js/jarallax.min.js HTTP/1.1" 200 3945 "https://www.cozynestapartments.in/" "Mozilla/5.0 (Windows NT 10.0; Win64; x64) AppleWebKit/537.36 (KHTML, like Gecko) Chrome/131.0.0.0 Safari/537.36"
172.217.36.114 - - [24/Mar/2026:21:02:32 -0400] "GET /js/lightbox.min.js HTTP/1.1" 200 2720 "https://www.cozynestapartments.in/" "Mozilla/5.0 (Windows NT 10.0; Win64; x64) AppleWebKit/537.36 (KHTML, like Gecko) Chrome/131.0.0.0 Safari/537.36"
172.217.36.114 - - [24/Mar/2026:21:02:32 -0400] "GET /js/gmap3.min.js HTTP/1.1" 200 10824 "https://www.cozynestapartments.in/" "Mozilla/5.0 (Windows NT 10.0; Win64; x64) AppleWebKit/537.36 (KHTML, like Gecko) Chrome/131.0.0.0 Safari/537.36"
172.217.36.114 - - [24/Mar/2026:21:02:32 -0400] "GET /js/jquery.scrollUp.min.js HTTP/1.1" 200 853 "https://www.cozynestapartments.in/" "Mozilla/5.0 (Windows NT 10.0; Win64; x64) AppleWebKit/537.36 (KHTML, like Gecko) Chrome/131.0.0.0 Safari/537.36"
172.217.36.114 - - [24/Mar/2026:21:02:32 -0400] "GET /js/plugins.js HTTP/1.1" 200 336 "https://www.cozynestapartments.in/" "Mozilla/5.0 (Windows NT 10.0; Win64; x64) AppleWebKit/537.36 (KHTML, like Gecko) Chrome/131.0.0.0 Safari/537.36"
172.217.36.114 - - [24/Mar/2026:21:02:32 -0400] "GET /js/main.js HTTP/1.1" 200 2154 "https://www.cozynestapartments.in/" "Mozilla/5.0 (Windows NT 10.0; Win64; x64) AppleWebKit/537.36 (KHTML, like Gecko) Chrome/131.0.0.0 Safari/537.36"
172.217.36.114 - - [24/Mar/2026:21:02:32 -0400] "GET /img/laundry.png HTTP/1.1" 200 2661 "https://www.cozynestapartments.in/" "Mozilla/5.0 (Windows NT 10.0; Win64; x64) AppleWebKit/537.36 (KHTML, like Gecko) Chrome/131.0.0.0 Safari/537.36"
172.217.36.114 - - [24/Mar/2026:21:02:32 -0400] "GET /img/food.png HTTP/1.1" 200 2086 "https://www.cozynestapartments.in/" "Mozilla/5.0 (Windows NT 10.0; Win64; x64) AppleWebKit/537.36 (KHTML, like Gecko) Chrome/131.0.0.0 Safari/537.36"
172.217.36.114 - - [24/Mar/2026:21:02:32 -0400] "GET /img/gallery12.jpg HTTP/1.1" 200 70655 "https://www.cozynestapartments.in/" "Mozilla/5.0 (Windows NT 10.0; Win64; x64) AppleWebKit/537.36 (KHTML, like Gecko) Chrome/131.0.0.0 Safari/537.36"
172.217.36.114 - - [24/Mar/2026:21:02:32 -0400] "GET /img/gallery10.jpg HTTP/1.1" 200 123149 "https://www.cozynestapartments.in/" "Mozilla/5.0 (Windows NT 10.0; Win64; x64) AppleWebKit/537.36 (KHTML, like Gecko) Chrome/131.0.0.0 Safari/537.36"
