whoami7 - Manager
:
/
home
/
analuakl
/
access-logs
/
Upload File:
files >> /home/analuakl/access-logs/pitterpatterplay.com.adiobrandsolutions.com-ssl_log
20.6.131.235 - - [24/Mar/2026:08:12:04 -0400] "GET /wp-includes/class-wp-token-map.php HTTP/1.1" 200 0 "binance.com" "Mozilla/5.0 (Windows NT 10.0; Win64; x64) AppleWebKit/537.36 (KHTML, like Gecko) Chrome/90.0.4430.85 Safari/537.36"
20.6.131.235 - - [24/Mar/2026:08:12:13 -0400] "GET /wp-includes/class-wp-url-pattern-prefixer.php HTTP/1.1" 200 0 "binance.com" "Mozilla/5.0 (Windows NT 10.0; Win64; x64) AppleWebKit/537.36 (KHTML, like Gecko) Chrome/90.0.4430.85 Safari/537.36"
20.6.131.235 - - [24/Mar/2026:08:12:23 -0400] "GET /wp-includes/class-wpdb.php HTTP/1.1" 200 0 "binance.com" "Mozilla/5.0 (Windows NT 10.0; Win64; x64) AppleWebKit/537.36 (KHTML, like Gecko) Chrome/90.0.4430.85 Safari/537.36"
20.6.131.235 - - [24/Mar/2026:08:12:31 -0400] "GET /wp-includes/compat-utf8.php HTTP/1.1" 200 0 "binance.com" "Mozilla/5.0 (Windows NT 10.0; Win64; x64) AppleWebKit/537.36 (KHTML, like Gecko) Chrome/90.0.4430.85 Safari/537.36"
20.6.131.235 - - [24/Mar/2026:08:12:39 -0400] "GET /wp-includes/cron-boolean.php HTTP/1.1" 200 0 "binance.com" "Mozilla/5.0 (Windows NT 10.0; Win64; x64) AppleWebKit/537.36 (KHTML, like Gecko) Chrome/90.0.4430.85 Safari/537.36"
66.249.68.1 - - [24/Mar/2026:08:12:43 -0400] "GET /?products/201669383 HTTP/1.1" 301 141 "-" "Mozilla/5.0 (Linux; Android 6.0.1; Nexus 5X Build/MMB29P) AppleWebKit/537.36 (KHTML, like Gecko) Chrome/146.0.7680.153 Mobile Safari/537.36 (compatible; Googlebot/2.1; +http://www.google.com/bot.html)"
66.249.68.1 - - [24/Mar/2026:08:12:44 -0400] "GET /?products/325817062 HTTP/1.1" 301 141 "-" "Mozilla/5.0 (Linux; Android 6.0.1; Nexus 5X Build/MMB29P) AppleWebKit/537.36 (KHTML, like Gecko) Chrome/146.0.7680.153 Mobile Safari/537.36 (compatible; Googlebot/2.1; +http://www.google.com/bot.html)"
66.249.68.1 - - [24/Mar/2026:08:12:45 -0400] "GET /?products/1751426 HTTP/1.1" 301 141 "-" "Mozilla/5.0 (Linux; Android 6.0.1; Nexus 5X Build/MMB29P) AppleWebKit/537.36 (KHTML, like Gecko) Chrome/146.0.7680.153 Mobile Safari/537.36 (compatible; Googlebot/2.1; +http://www.google.com/bot.html)"
66.249.68.1 - - [24/Mar/2026:08:12:44 -0400] "GET /?products/14580850 HTTP/1.1" 301 141 "-" "Mozilla/5.0 (Linux; Android 6.0.1; Nexus 5X Build/MMB29P) AppleWebKit/537.36 (KHTML, like Gecko) Chrome/146.0.7680.153 Mobile Safari/537.36 (compatible; Googlebot/2.1; +http://www.google.com/bot.html)"
66.249.68.1 - - [24/Mar/2026:08:12:49 -0400] "GET /?products/6938389 HTTP/1.1" 301 141 "-" "Mozilla/5.0 (Linux; Android 6.0.1; Nexus 5X Build/MMB29P) AppleWebKit/537.36 (KHTML, like Gecko) Chrome/146.0.7680.153 Mobile Safari/537.36 (compatible; Googlebot/2.1; +http://www.google.com/bot.html)"
66.249.68.1 - - [24/Mar/2026:08:12:49 -0400] "GET /?products/336033161 HTTP/1.1" 301 141 "-" "Mozilla/5.0 (Linux; Android 6.0.1; Nexus 5X Build/MMB29P) AppleWebKit/537.36 (KHTML, like Gecko) Chrome/146.0.7680.153 Mobile Safari/537.36 (compatible; Googlebot/2.1; +http://www.google.com/bot.html)"
20.6.131.235 - - [24/Mar/2026:08:12:52 -0400] "GET /wp-includes/fonts.php HTTP/1.1" 200 0 "binance.com" "Mozilla/5.0 (Windows NT 10.0; Win64; x64) AppleWebKit/537.36 (KHTML, like Gecko) Chrome/90.0.4430.85 Safari/537.36"
66.249.68.1 - - [24/Mar/2026:08:12:50 -0400] "GET /?products%2F86049979 HTTP/1.1" 200 14681 "-" "Mozilla/5.0 (Linux; Android 6.0.1; Nexus 5X Build/MMB29P) AppleWebKit/537.36 (KHTML, like Gecko) Chrome/146.0.7680.153 Mobile Safari/537.36 (compatible; Googlebot/2.1; +http://www.google.com/bot.html)"
66.249.68.1 - - [24/Mar/2026:08:12:50 -0400] "GET /?products/1040543 HTTP/1.1" 301 141 "-" "Mozilla/5.0 (Linux; Android 6.0.1; Nexus 5X Build/MMB29P) AppleWebKit/537.36 (KHTML, like Gecko) Chrome/146.0.7680.153 Mobile Safari/537.36 (compatible; Googlebot/2.1; +http://www.google.com/bot.html)"
66.249.68.1 - - [24/Mar/2026:08:12:50 -0400] "GET /?products/1099838 HTTP/1.1" 301 141 "-" "Mozilla/5.0 (Linux; Android 6.0.1; Nexus 5X Build/MMB29P) AppleWebKit/537.36 (KHTML, like Gecko) Chrome/146.0.7680.153 Mobile Safari/537.36 (compatible; Googlebot/2.1; +http://www.google.com/bot.html)"
66.249.68.1 - - [24/Mar/2026:08:12:53 -0400] "GET /?products/3820171 HTTP/1.1" 301 141 "-" "Mozilla/5.0 (Linux; Android 6.0.1; Nexus 5X Build/MMB29P) AppleWebKit/537.36 (KHTML, like Gecko) Chrome/146.0.7680.153 Mobile Safari/537.36 (compatible; Googlebot/2.1; +http://www.google.com/bot.html)"
20.6.131.235 - - [24/Mar/2026:08:13:00 -0400] "GET /wp-includes/global-styles-and-settings.php HTTP/1.1" 200 0 "binance.com" "Mozilla/5.0 (Windows NT 10.0; Win64; x64) AppleWebKit/537.36 (KHTML, like Gecko) Chrome/90.0.4430.85 Safari/537.36"
66.249.68.1 - - [24/Mar/2026:08:12:54 -0400] "GET /?products%2F201669383 HTTP/1.1" 200 14681 "-" "Mozilla/5.0 (Linux; Android 6.0.1; Nexus 5X Build/MMB29P) AppleWebKit/537.36 (KHTML, like Gecko) Chrome/146.0.7680.153 Mobile Safari/537.36 (compatible; Googlebot/2.1; +http://www.google.com/bot.html)"
66.249.68.1 - - [24/Mar/2026:08:12:57 -0400] "GET /?products%2F1751426 HTTP/1.1" 200 14683 "-" "Mozilla/5.0 (Linux; Android 6.0.1; Nexus 5X Build/MMB29P) AppleWebKit/537.36 (KHTML, like Gecko) Chrome/146.0.7680.153 Mobile Safari/537.36 (compatible; Googlebot/2.1; +http://www.google.com/bot.html)"
66.249.68.1 - - [24/Mar/2026:08:12:50 -0400] "GET /?products%2F64479990 HTTP/1.1" 200 14681 "-" "Mozilla/5.0 (Linux; Android 6.0.1; Nexus 5X Build/MMB29P) AppleWebKit/537.36 (KHTML, like Gecko) Chrome/146.0.7680.153 Mobile Safari/537.36 (compatible; Googlebot/2.1; +http://www.google.com/bot.html)"
66.249.68.1 - - [24/Mar/2026:08:12:54 -0400] "GET /?products%2F325817062 HTTP/1.1" 200 14681 "-" "Mozilla/5.0 (Linux; Android 6.0.1; Nexus 5X Build/MMB29P) AppleWebKit/537.36 (KHTML, like Gecko) Chrome/146.0.7680.153 Mobile Safari/537.36 (compatible; Googlebot/2.1; +http://www.google.com/bot.html)"
66.249.68.2 - - [24/Mar/2026:08:13:01 -0400] "GET /?products%2F14580850 HTTP/1.1" 200 14681 "-" "Mozilla/5.0 (Linux; Android 6.0.1; Nexus 5X Build/MMB29P) AppleWebKit/537.36 (KHTML, like Gecko) Chrome/146.0.7680.153 Mobile Safari/537.36 (compatible; Googlebot/2.1; +http://www.google.com/bot.html)"
20.6.131.235 - - [24/Mar/2026:08:13:09 -0400] "GET /wp-includes/https-detection.php HTTP/1.1" 200 0 "binance.com" "Mozilla/5.0 (Windows NT 10.0; Win64; x64) AppleWebKit/537.36 (KHTML, like Gecko) Chrome/90.0.4430.85 Safari/537.36"
66.249.68.2 - - [24/Mar/2026:08:13:03 -0400] "GET /?products%2F336033161 HTTP/1.1" 200 14683 "-" "Mozilla/5.0 (Linux; Android 6.0.1; Nexus 5X Build/MMB29P) AppleWebKit/537.36 (KHTML, like Gecko) Chrome/146.0.7680.153 Mobile Safari/537.36 (compatible; Googlebot/2.1; +http://www.google.com/bot.html)"
66.249.68.1 - - [24/Mar/2026:08:13:05 -0400] "GET /?products/9319223 HTTP/1.1" 301 141 "-" "Mozilla/5.0 (Linux; Android 6.0.1; Nexus 5X Build/MMB29P) AppleWebKit/537.36 (KHTML, like Gecko) Chrome/146.0.7680.153 Mobile Safari/537.36 (compatible; Googlebot/2.1; +http://www.google.com/bot.html)"
66.249.68.2 - - [24/Mar/2026:08:13:06 -0400] "GET /?products%2F1040543 HTTP/1.1" 200 14683 "-" "Mozilla/5.0 (Linux; Android 6.0.1; Nexus 5X Build/MMB29P) AppleWebKit/537.36 (KHTML, like Gecko) Chrome/146.0.7680.153 Mobile Safari/537.36 (compatible; Googlebot/2.1; +http://www.google.com/bot.html)"
66.249.68.1 - - [24/Mar/2026:08:13:02 -0400] "GET /?products%2F6938389 HTTP/1.1" 200 14743 "-" "Mozilla/5.0 (Linux; Android 6.0.1; Nexus 5X Build/MMB29P) AppleWebKit/537.36 (KHTML, like Gecko) Chrome/146.0.7680.153 Mobile Safari/537.36 (compatible; Googlebot/2.1; +http://www.google.com/bot.html)"
66.249.68.1 - - [24/Mar/2026:08:13:11 -0400] "GET /?products%2F3820171 HTTP/1.1" 200 14681 "-" "Mozilla/5.0 (Linux; Android 6.0.1; Nexus 5X Build/MMB29P) AppleWebKit/537.36 (KHTML, like Gecko) Chrome/146.0.7680.153 Mobile Safari/537.36 (compatible; Googlebot/2.1; +http://www.google.com/bot.html)"
66.249.68.1 - - [24/Mar/2026:08:13:14 -0400] "GET /?products/421379084 HTTP/1.1" 301 141 "-" "Mozilla/5.0 (Linux; Android 6.0.1; Nexus 5X Build/MMB29P) AppleWebKit/537.36 (KHTML, like Gecko) Chrome/146.0.7680.153 Mobile Safari/537.36 (compatible; Googlebot/2.1; +http://www.google.com/bot.html)"
66.249.68.1 - - [24/Mar/2026:08:13:15 -0400] "GET /?products/442069224 HTTP/1.1" 301 141 "-" "Mozilla/5.0 (Linux; Android 6.0.1; Nexus 5X Build/MMB29P) AppleWebKit/537.36 (KHTML, like Gecko) Chrome/146.0.7680.153 Mobile Safari/537.36 (compatible; Googlebot/2.1; +http://www.google.com/bot.html)"
66.249.68.1 - - [24/Mar/2026:08:13:11 -0400] "GET /?products%2F1099838 HTTP/1.1" 200 14681 "-" "Mozilla/5.0 (Linux; Android 6.0.1; Nexus 5X Build/MMB29P) AppleWebKit/537.36 (KHTML, like Gecko) Chrome/146.0.7680.153 Mobile Safari/537.36 (compatible; Googlebot/2.1; +http://www.google.com/bot.html)"
66.249.68.1 - - [24/Mar/2026:08:13:17 -0400] "GET /?products/9887134 HTTP/1.1" 301 141 "-" "Mozilla/5.0 (Linux; Android 6.0.1; Nexus 5X Build/MMB29P) AppleWebKit/537.36 (KHTML, like Gecko) Chrome/146.0.7680.153 Mobile Safari/537.36 (compatible; Googlebot/2.1; +http://www.google.com/bot.html)"
66.249.68.1 - - [24/Mar/2026:08:13:18 -0400] "GET /?products/16946385 HTTP/1.1" 301 141 "-" "Mozilla/5.0 (Linux; Android 6.0.1; Nexus 5X Build/MMB29P) AppleWebKit/537.36 (KHTML, like Gecko) Chrome/146.0.7680.153 Mobile Safari/537.36 (compatible; Googlebot/2.1; +http://www.google.com/bot.html)"
66.249.68.1 - - [24/Mar/2026:08:13:18 -0400] "GET /?products/93267917 HTTP/1.1" 301 141 "-" "Mozilla/5.0 (Linux; Android 6.0.1; Nexus 5X Build/MMB29P) AppleWebKit/537.36 (KHTML, like Gecko) Chrome/146.0.7680.153 Mobile Safari/537.36 (compatible; Googlebot/2.1; +http://www.google.com/bot.html)"
66.249.68.1 - - [24/Mar/2026:08:13:18 -0400] "GET /?products%2F421379084 HTTP/1.1" 200 14681 "-" "Mozilla/5.0 (Linux; Android 6.0.1; Nexus 5X Build/MMB29P) AppleWebKit/537.36 (KHTML, like Gecko) Chrome/146.0.7680.153 Mobile Safari/537.36 (compatible; Googlebot/2.1; +http://www.google.com/bot.html)"
66.249.68.1 - - [24/Mar/2026:08:13:18 -0400] "GET /?products%2F9887134 HTTP/1.1" 200 14681 "-" "Mozilla/5.0 (Linux; Android 6.0.1; Nexus 5X Build/MMB29P) AppleWebKit/537.36 (KHTML, like Gecko) Chrome/146.0.7680.153 Mobile Safari/537.36 (compatible; Googlebot/2.1; +http://www.google.com/bot.html)"
66.249.68.1 - - [24/Mar/2026:08:13:18 -0400] "GET /?products%2F442069224 HTTP/1.1" 200 14681 "-" "Mozilla/5.0 (Linux; Android 6.0.1; Nexus 5X Build/MMB29P) AppleWebKit/537.36 (KHTML, like Gecko) Chrome/146.0.7680.153 Mobile Safari/537.36 (compatible; Googlebot/2.1; +http://www.google.com/bot.html)"
20.6.131.235 - - [24/Mar/2026:08:13:19 -0400] "GET /wp-includes/https-migration.php HTTP/1.1" 200 0 "binance.com" "Mozilla/5.0 (Windows NT 10.0; Win64; x64) AppleWebKit/537.36 (KHTML, like Gecko) Chrome/90.0.4430.85 Safari/537.36"
66.249.68.1 - - [24/Mar/2026:08:13:19 -0400] "GET /?products%2F16946385 HTTP/1.1" 200 14683 "-" "Mozilla/5.0 (Linux; Android 6.0.1; Nexus 5X Build/MMB29P) AppleWebKit/537.36 (KHTML, like Gecko) Chrome/146.0.7680.153 Mobile Safari/537.36 (compatible; Googlebot/2.1; +http://www.google.com/bot.html)"
66.249.68.1 - - [24/Mar/2026:08:13:20 -0400] "GET /?products%2F93267917 HTTP/1.1" 200 14681 "-" "Mozilla/5.0 (Linux; Android 6.0.1; Nexus 5X Build/MMB29P) AppleWebKit/537.36 (KHTML, like Gecko) Chrome/146.0.7680.153 Mobile Safari/537.36 (compatible; Googlebot/2.1; +http://www.google.com/bot.html)"
17.246.15.107 - - [24/Mar/2026:08:13:20 -0400] "GET /2026/01/27/guide-expert-des-bonus-de-casino-en-ligne-les-4/ HTTP/1.1" 200 18457 "-" "Mozilla/5.0 (Macintosh; Intel Mac OS X 10_15_7) AppleWebKit/605.1.15 (KHTML, like Gecko) Version/17.4 Safari/605.1.15 (Applebot/0.1; +http://www.apple.com/go/applebot)"
20.6.131.235 - - [24/Mar/2026:08:13:29 -0400] "GET /wp-includes/robots-template.php HTTP/1.1" 200 0 "binance.com" "Mozilla/5.0 (Windows NT 10.0; Win64; x64) AppleWebKit/537.36 (KHTML, like Gecko) Chrome/90.0.4430.85 Safari/537.36"
20.6.131.235 - - [24/Mar/2026:08:13:41 -0400] "GET /wp-includes/script-modules.php HTTP/1.1" 200 0 "binance.com" "Mozilla/5.0 (Windows NT 10.0; Win64; x64) AppleWebKit/537.36 (KHTML, like Gecko) Chrome/90.0.4430.85 Safari/537.36"
20.6.131.235 - - [24/Mar/2026:08:13:53 -0400] "GET /wp-includes/speculative-loading.php HTTP/1.1" 200 0 "binance.com" "Mozilla/5.0 (Windows NT 10.0; Win64; x64) AppleWebKit/537.36 (KHTML, like Gecko) Chrome/90.0.4430.85 Safari/537.36"
20.6.131.235 - - [24/Mar/2026:08:14:05 -0400] "GET /wp-includes/style-engine.php HTTP/1.1" 200 0 "binance.com" "Mozilla/5.0 (Windows NT 10.0; Win64; x64) AppleWebKit/537.36 (KHTML, like Gecko) Chrome/90.0.4430.85 Safari/537.36"
20.6.131.235 - - [24/Mar/2026:08:14:18 -0400] "GET /wp-includes/template-canvas.php HTTP/1.1" 200 210 "binance.com" "Mozilla/5.0 (Windows NT 10.0; Win64; x64) AppleWebKit/537.36 (KHTML, like Gecko) Chrome/90.0.4430.85 Safari/537.36"
20.6.131.235 - - [24/Mar/2026:08:14:31 -0400] "GET /wp-includes/template-class.php HTTP/1.1" 200 0 "binance.com" "Mozilla/5.0 (Windows NT 10.0; Win64; x64) AppleWebKit/537.36 (KHTML, like Gecko) Chrome/90.0.4430.85 Safari/537.36"
20.6.131.235 - - [24/Mar/2026:08:14:53 -0400] "GET /wp-includes/theme-previews.php HTTP/1.1" 200 0 "binance.com" "Mozilla/5.0 (Windows NT 10.0; Win64; x64) AppleWebKit/537.36 (KHTML, like Gecko) Chrome/90.0.4430.85 Safari/537.36"
20.6.131.235 - - [24/Mar/2026:08:15:02 -0400] "GET /wp-includes/theme-templates.php HTTP/1.1" 200 0 "binance.com" "Mozilla/5.0 (Windows NT 10.0; Win64; x64) AppleWebKit/537.36 (KHTML, like Gecko) Chrome/90.0.4430.85 Safari/537.36"
66.249.68.3 - - [24/Mar/2026:08:15:06 -0400] "GET /comment.php?d=89970577319878 HTTP/1.1" 200 5 "-" "Mozilla/5.0 (Linux; Android 6.0.1; Nexus 5X Build/MMB29P) AppleWebKit/537.36 (KHTML, like Gecko) Chrome/145.0.7632.159 Mobile Safari/537.36 (compatible; Googlebot/2.1; +http://www.google.com/bot.html)"
66.249.68.3 - - [24/Mar/2026:08:15:06 -0400] "GET /comment.php?d=48592262896012 HTTP/1.1" 200 5 "-" "Mozilla/5.0 (Linux; Android 6.0.1; Nexus 5X Build/MMB29P) AppleWebKit/537.36 (KHTML, like Gecko) Chrome/145.0.7632.159 Mobile Safari/537.36 (compatible; Googlebot/2.1; +http://www.google.com/bot.html)"
20.6.131.235 - - [24/Mar/2026:08:15:11 -0400] "GET /wp-includes/utf8.php HTTP/1.1" 200 204 "binance.com" "Mozilla/5.0 (Windows NT 10.0; Win64; x64) AppleWebKit/537.36 (KHTML, like Gecko) Chrome/90.0.4430.85 Safari/537.36"
20.6.131.235 - - [24/Mar/2026:08:15:23 -0400] "GET /wp-includes/ID3/ HTTP/1.1" 200 1679 "binance.com" "Mozilla/5.0 (Windows NT 10.0; Win64; x64) AppleWebKit/537.36 (KHTML, like Gecko) Chrome/90.0.4430.85 Safari/537.36"
66.249.68.1 - - [24/Mar/2026:08:15:26 -0400] "GET /comment.php?d=63721248935472 HTTP/1.1" 200 5 "-" "Mozilla/5.0 (Linux; Android 6.0.1; Nexus 5X Build/MMB29P) AppleWebKit/537.36 (KHTML, like Gecko) Chrome/145.0.7632.159 Mobile Safari/537.36 (compatible; Googlebot/2.1; +http://www.google.com/bot.html)"
20.6.131.235 - - [24/Mar/2026:08:15:33 -0400] "GET /wp-includes/ID3/ HTTP/1.1" 200 1679 "binance.com" "Mozilla/5.0 (Windows NT 10.0; Win64; x64) AppleWebKit/537.36 (KHTML, like Gecko) Chrome/90.0.4430.85 Safari/537.36"
20.6.131.235 - - [24/Mar/2026:08:15:40 -0400] "GET /wp-includes/IXR/ HTTP/1.1" 200 1463 "binance.com" "Mozilla/5.0 (Windows NT 10.0; Win64; x64) AppleWebKit/537.36 (KHTML, like Gecko) Chrome/90.0.4430.85 Safari/537.36"
20.6.131.235 - - [24/Mar/2026:08:16:05 -0400] "GET /wp-includes/IXR/ HTTP/1.1" 200 1463 "binance.com" "Mozilla/5.0 (Windows NT 10.0; Win64; x64) AppleWebKit/537.36 (KHTML, like Gecko) Chrome/90.0.4430.85 Safari/537.36"
20.6.131.235 - - [24/Mar/2026:08:16:24 -0400] "GET /wp-includes/PHPMailer/ HTTP/1.1" 200 1383 "binance.com" "Mozilla/5.0 (Windows NT 10.0; Win64; x64) AppleWebKit/537.36 (KHTML, like Gecko) Chrome/90.0.4430.85 Safari/537.36"
20.6.131.235 - - [24/Mar/2026:08:16:33 -0400] "GET /wp-includes/PHPMailer/ HTTP/1.1" 200 1383 "binance.com" "Mozilla/5.0 (Windows NT 10.0; Win64; x64) AppleWebKit/537.36 (KHTML, like Gecko) Chrome/90.0.4430.85 Safari/537.36"
115.45.40.223 - - [24/Mar/2026:08:16:36 -0400] "GET /robots.txt HTTP/1.1" 200 74 "-" "Mozilla/5.0 (Windows NT 10.0; WOW64) AppleWebKit/537.36 (KHTML, like Gecko) Chrome/89.0.3703.69 Safari/537.36 QIHU 360EE"
20.6.131.235 - - [24/Mar/2026:08:16:40 -0400] "GET /wp-includes/PHPMailer/DSNConfigurator.php HTTP/1.1" 200 0 "binance.com" "Mozilla/5.0 (Windows NT 10.0; Win64; x64) AppleWebKit/537.36 (KHTML, like Gecko) Chrome/90.0.4430.85 Safari/537.36"
20.6.131.235 - - [24/Mar/2026:08:16:56 -0400] "GET /wp-includes/PHPMailer/OAuth.php HTTP/1.1" 200 213 "binance.com" "Mozilla/5.0 (Windows NT 10.0; Win64; x64) AppleWebKit/537.36 (KHTML, like Gecko) Chrome/90.0.4430.85 Safari/537.36"
20.6.131.235 - - [24/Mar/2026:08:17:18 -0400] "GET /wp-includes/PHPMailer/OAuthTokenProvider.php HTTP/1.1" 200 0 "binance.com" "Mozilla/5.0 (Windows NT 10.0; Win64; x64) AppleWebKit/537.36 (KHTML, like Gecko) Chrome/90.0.4430.85 Safari/537.36"
20.6.131.235 - - [24/Mar/2026:08:17:27 -0400] "GET /wp-includes/PHPMailer/POP3.php HTTP/1.1" 200 0 "binance.com" "Mozilla/5.0 (Windows NT 10.0; Win64; x64) AppleWebKit/537.36 (KHTML, like Gecko) Chrome/90.0.4430.85 Safari/537.36"
20.6.131.235 - - [24/Mar/2026:08:17:35 -0400] "GET /wp-includes/Text/ HTTP/1.1" 200 875 "binance.com" "Mozilla/5.0 (Windows NT 10.0; Win64; x64) AppleWebKit/537.36 (KHTML, like Gecko) Chrome/90.0.4430.85 Safari/537.36"
20.6.131.235 - - [24/Mar/2026:08:17:42 -0400] "GET /wp-includes/Text/ HTTP/1.1" 200 875 "binance.com" "Mozilla/5.0 (Windows NT 10.0; Win64; x64) AppleWebKit/537.36 (KHTML, like Gecko) Chrome/90.0.4430.85 Safari/537.36"
20.6.131.235 - - [24/Mar/2026:08:17:49 -0400] "GET /wp-includes/Text/Diff/ HTTP/1.1" 200 864 "binance.com" "Mozilla/5.0 (Windows NT 10.0; Win64; x64) AppleWebKit/537.36 (KHTML, like Gecko) Chrome/90.0.4430.85 Safari/537.36"
20.6.131.235 - - [24/Mar/2026:08:17:59 -0400] "GET /wp-includes/Text/Diff/ HTTP/1.1" 200 864 "binance.com" "Mozilla/5.0 (Windows NT 10.0; Win64; x64) AppleWebKit/537.36 (KHTML, like Gecko) Chrome/90.0.4430.85 Safari/537.36"
110.249.201.169 - - [24/Mar/2026:08:18:01 -0400] "GET /robots.txt HTTP/1.1" 200 74 "-" "Mozilla/5.0 (Linux; Android 5.0) AppleWebKit/537.36 (KHTML, like Gecko) Mobile Safari/537.36 (compatible; Bytespider; https://zhanzhang.toutiao.com/)"
20.6.131.235 - - [24/Mar/2026:08:18:17 -0400] "GET /wp-includes/Text/Diff/Engine/ HTTP/1.1" 200 880 "binance.com" "Mozilla/5.0 (Windows NT 10.0; Win64; x64) AppleWebKit/537.36 (KHTML, like Gecko) Chrome/90.0.4430.85 Safari/537.36"
20.6.131.235 - - [24/Mar/2026:08:18:25 -0400] "GET /wp-includes/Text/Diff/Engine/ HTTP/1.1" 200 880 "binance.com" "Mozilla/5.0 (Windows NT 10.0; Win64; x64) AppleWebKit/537.36 (KHTML, like Gecko) Chrome/90.0.4430.85 Safari/537.36"
20.6.131.235 - - [24/Mar/2026:08:18:30 -0400] "GET /wp-includes/Text/Diff/Renderer/ HTTP/1.1" 200 785 "binance.com" "Mozilla/5.0 (Windows NT 10.0; Win64; x64) AppleWebKit/537.36 (KHTML, like Gecko) Chrome/90.0.4430.85 Safari/537.36"
20.6.131.235 - - [24/Mar/2026:08:18:38 -0400] "GET /wp-includes/Text/Diff/Renderer/ HTTP/1.1" 200 785 "binance.com" "Mozilla/5.0 (Windows NT 10.0; Win64; x64) AppleWebKit/537.36 (KHTML, like Gecko) Chrome/90.0.4430.85 Safari/537.36"
66.249.68.1 - - [24/Mar/2026:08:18:46 -0400] "GET /comment.php?d=77553381826543 HTTP/1.1" 200 5 "-" "Mozilla/5.0 (Linux; Android 6.0.1; Nexus 5X Build/MMB29P) AppleWebKit/537.36 (KHTML, like Gecko) Chrome/145.0.7632.159 Mobile Safari/537.36 (compatible; Googlebot/2.1; +http://www.google.com/bot.html)"
20.6.131.235 - - [24/Mar/2026:08:18:47 -0400] "GET /wp-includes/blocks/ HTTP/1.1" 200 22 "binance.com" "Mozilla/5.0 (Windows NT 10.0; Win64; x64) AppleWebKit/537.36 (KHTML, like Gecko) Chrome/90.0.4430.85 Safari/537.36"
66.249.68.2 - - [24/Mar/2026:08:19:06 -0400] "GET /comment.php?d=33062492683632 HTTP/1.1" 200 5 "-" "Mozilla/5.0 (Linux; Android 6.0.1; Nexus 5X Build/MMB29P) AppleWebKit/537.36 (KHTML, like Gecko) Chrome/145.0.7632.159 Mobile Safari/537.36 (compatible; Googlebot/2.1; +http://www.google.com/bot.html)"
20.6.131.235 - - [24/Mar/2026:08:19:08 -0400] "GET /wp-includes/pomo/ HTTP/1.1" 200 1297 "binance.com" "Mozilla/5.0 (Windows NT 10.0; Win64; x64) AppleWebKit/537.36 (KHTML, like Gecko) Chrome/90.0.4430.85 Safari/537.36"
20.6.131.235 - - [24/Mar/2026:08:19:18 -0400] "GET /wp-includes/pomo/ HTTP/1.1" 200 1297 "binance.com" "Mozilla/5.0 (Windows NT 10.0; Win64; x64) AppleWebKit/537.36 (KHTML, like Gecko) Chrome/90.0.4430.85 Safari/537.36"
20.6.131.235 - - [24/Mar/2026:08:19:28 -0400] "GET /wp-includes/sitemaps/ HTTP/1.1" 200 1346 "binance.com" "Mozilla/5.0 (Windows NT 10.0; Win64; x64) AppleWebKit/537.36 (KHTML, like Gecko) Chrome/90.0.4430.85 Safari/537.36"
20.6.131.235 - - [24/Mar/2026:08:19:34 -0400] "GET /wp-includes/sitemaps/ HTTP/1.1" 200 1346 "binance.com" "Mozilla/5.0 (Windows NT 10.0; Win64; x64) AppleWebKit/537.36 (KHTML, like Gecko) Chrome/90.0.4430.85 Safari/537.36"
52.167.144.59 - - [24/Mar/2026:08:19:37 -0400] "GET /robots.txt HTTP/1.1" 200 74 "-" "Mozilla/5.0 AppleWebKit/537.36 (KHTML, like Gecko; compatible; bingbot/2.0; +http://www.bing.com/bingbot.htm) Chrome/116.0.1938.76 Safari/537.36"
52.167.144.59 - - [24/Mar/2026:08:19:37 -0400] "GET /robots.txt HTTP/1.1" 200 74 "-" "Mozilla/5.0 AppleWebKit/537.36 (KHTML, like Gecko; compatible; bingbot/2.0; +http://www.bing.com/bingbot.htm) Chrome/116.0.1938.76 Safari/537.36"
20.6.131.235 - - [24/Mar/2026:08:19:41 -0400] "GET /wp-includes/sitemaps/providers/ HTTP/1.1" 200 954 "binance.com" "Mozilla/5.0 (Windows NT 10.0; Win64; x64) AppleWebKit/537.36 (KHTML, like Gecko) Chrome/90.0.4430.85 Safari/537.36"
117.84.29.134 - - [24/Mar/2026:08:19:41 -0400] "GET /wp-content/uploads/2023/10/play-mats-pink.jpg HTTP/1.1" 200 52050 "https://pitterpatterplay.com/wp-content/uploads/2023/10/play-mats-pink.jpg" "Mozilla/5.0 (Windows NT 10.0; Win64; x64) AppleWebKit/537.36 (KHTML, like Gecko) Chrome/68.0.3440.75 Safari/537.36"
20.6.131.235 - - [24/Mar/2026:08:19:48 -0400] "GET /wp-includes/sitemaps/providers/ HTTP/1.1" 200 954 "binance.com" "Mozilla/5.0 (Windows NT 10.0; Win64; x64) AppleWebKit/537.36 (KHTML, like Gecko) Chrome/90.0.4430.85 Safari/537.36"
51.68.111.205 - - [24/Mar/2026:08:19:49 -0400] "GET /robots.txt HTTP/1.1" 200 74 "-" "Mozilla/5.0 (compatible; MJ12bot/v2.0.5; http://mj12bot.com/)"
52.167.144.195 - - [24/Mar/2026:08:19:49 -0400] "GET /wp-content/uploads/2020/05/p7-img-5-600x438.jpg HTTP/1.1" 200 38352 "-" "Mozilla/5.0 AppleWebKit/537.36 (KHTML, like Gecko; compatible; bingbot/2.0; +http://www.bing.com/bingbot.htm) Chrome/116.0.1938.76 Safari/537.36"
66.249.68.1 - - [24/Mar/2026:08:19:45 -0400] "GET /products/466006198 HTTP/1.1" 404 10817 "-" "Mozilla/5.0 (Linux; Android 6.0.1; Nexus 5X Build/MMB29P) AppleWebKit/537.36 (KHTML, like Gecko) Chrome/145.0.7632.159 Mobile Safari/537.36 (compatible; Googlebot/2.1; +http://www.google.com/bot.html)"
20.6.131.235 - - [24/Mar/2026:08:19:53 -0400] "GET /wp-includes/widgets/ HTTP/1.1" 200 1812 "binance.com" "Mozilla/5.0 (Windows NT 10.0; Win64; x64) AppleWebKit/537.36 (KHTML, like Gecko) Chrome/90.0.4430.85 Safari/537.36"
51.68.111.205 - - [24/Mar/2026:08:19:49 -0400] "GET / HTTP/1.1" 200 14681 "-" "Mozilla/5.0 (compatible; MJ12bot/v2.0.5; http://mj12bot.com/)"
51.68.111.205 - - [24/Mar/2026:08:19:57 -0400] "GET /robots.txt HTTP/1.1" 200 74 "-" "Mozilla/5.0 (compatible; MJ12bot/v2.0.5; http://mj12bot.com/)"
51.68.111.205 - - [24/Mar/2026:08:19:57 -0400] "GET / HTTP/1.1" 301 141 "-" "Mozilla/5.0 (compatible; MJ12bot/v2.0.5; http://mj12bot.com/)"
47.128.53.211 - - [24/Mar/2026:08:19:59 -0400] "GET /event/halloween-party-4/ HTTP/1.1" 301 120 "-" "Mozilla/5.0 (compatible; Bytespider; spider-feedback@bytedance.com) AppleWebKit/537.36 (KHTML, like Gecko) Chrome/70.0.0.0 Safari/537.36"
51.68.111.205 - - [24/Mar/2026:08:19:59 -0400] "GET / HTTP/1.1" 200 14683 "-" "Mozilla/5.0 (compatible; MJ12bot/v2.0.5; http://mj12bot.com/)"
47.128.53.211 - - [24/Mar/2026:08:20:03 -0400] "GET /event/halloween-party-4/ HTTP/1.1" 404 10768 "-" "Mozilla/5.0 (compatible; Bytespider; spider-feedback@bytedance.com) AppleWebKit/537.36 (KHTML, like Gecko) Chrome/70.0.0.0 Safari/537.36"
20.6.131.235 - - [24/Mar/2026:08:20:11 -0400] "GET /wp-includes/widgets/ HTTP/1.1" 200 1812 "binance.com" "Mozilla/5.0 (Windows NT 10.0; Win64; x64) AppleWebKit/537.36 (KHTML, like Gecko) Chrome/90.0.4430.85 Safari/537.36"
51.68.111.205 - - [24/Mar/2026:08:20:08 -0400] "GET / HTTP/1.1" 301 141 "-" "Mozilla/5.0 (compatible; MJ12bot/v2.0.5; http://mj12bot.com/)"
51.68.111.205 - - [24/Mar/2026:08:20:13 -0400] "GET / HTTP/1.1" 200 14681 "-" "Mozilla/5.0 (compatible; MJ12bot/v2.0.5; http://mj12bot.com/)"
20.6.131.235 - - [24/Mar/2026:08:20:25 -0400] "GET /wp-includes/widgets/class-wp-widget-block.php HTTP/1.1" 200 200 "binance.com" "Mozilla/5.0 (Windows NT 10.0; Win64; x64) AppleWebKit/537.36 (KHTML, like Gecko) Chrome/90.0.4430.85 Safari/537.36"
66.249.79.131 - - [24/Mar/2026:08:20:24 -0400] "GET /?products/71155928 HTTP/1.1" 301 141 "-" "Mozilla/5.0 (Linux; Android 6.0.1; Nexus 5X Build/MMB29P) AppleWebKit/537.36 (KHTML, like Gecko) Chrome/145.0.7632.159 Mobile Safari/537.36 (compatible; Googlebot/2.1; +http://www.google.com/bot.html)"
66.249.68.3 - - [24/Mar/2026:08:20:27 -0400] "GET /?products%2F71155928 HTTP/1.1" 200 14681 "-" "Mozilla/5.0 (Linux; Android 6.0.1; Nexus 5X Build/MMB29P) AppleWebKit/537.36 (KHTML, like Gecko) Chrome/145.0.7632.159 Mobile Safari/537.36 (compatible; Googlebot/2.1; +http://www.google.com/bot.html)"
66.249.68.1 - - [24/Mar/2026:08:20:36 -0400] "GET /wp-content/themes/playroom/assets/plugins/swiper/swiper.min.css?ver=6.9.4 HTTP/1.1" 200 3818 "https://pitterpatterplay.com/?products%2F71155928" "Mozilla/5.0 (Linux; Android 6.0.1; Nexus 5X Build/MMB29P) AppleWebKit/537.36 (KHTML, like Gecko) Chrome/145.0.7632.159 Mobile Safari/537.36 (compatible; Googlebot/2.1; +http://www.google.com/bot.html)"
20.6.131.235 - - [24/Mar/2026:08:20:35 -0400] "GET /wp-includes/css/ HTTP/1.1" 200 2261 "binance.com" "Mozilla/5.0 (Windows NT 10.0; Win64; x64) AppleWebKit/537.36 (KHTML, like Gecko) Chrome/90.0.4430.85 Safari/537.36"
20.6.131.235 - - [24/Mar/2026:08:20:43 -0400] "GET /wp-includes/css/dist/ HTTP/1.1" 200 1436 "binance.com" "Mozilla/5.0 (Windows NT 10.0; Win64; x64) AppleWebKit/537.36 (KHTML, like Gecko) Chrome/90.0.4430.85 Safari/537.36"
20.6.131.235 - - [24/Mar/2026:08:20:52 -0400] "GET /wp-includes/fonts/ HTTP/1.1" 200 1453 "binance.com" "Mozilla/5.0 (Windows NT 10.0; Win64; x64) AppleWebKit/537.36 (KHTML, like Gecko) Chrome/90.0.4430.85 Safari/537.36"
20.6.131.235 - - [24/Mar/2026:08:21:01 -0400] "GET /wp-includes/fonts/ HTTP/1.1" 200 1453 "binance.com" "Mozilla/5.0 (Windows NT 10.0; Win64; x64) AppleWebKit/537.36 (KHTML, like Gecko) Chrome/90.0.4430.85 Safari/537.36"
20.6.131.235 - - [24/Mar/2026:08:21:08 -0400] "GET /wp-includes/fonts/class-wp-font-collection.php HTTP/1.1" 200 0 "binance.com" "Mozilla/5.0 (Windows NT 10.0; Win64; x64) AppleWebKit/537.36 (KHTML, like Gecko) Chrome/90.0.4430.85 Safari/537.36"
20.6.131.235 - - [24/Mar/2026:08:21:17 -0400] "GET /wp-includes/fonts/class-wp-font-face-resolver.php HTTP/1.1" 200 0 "binance.com" "Mozilla/5.0 (Windows NT 10.0; Win64; x64) AppleWebKit/537.36 (KHTML, like Gecko) Chrome/90.0.4430.85 Safari/537.36"
20.6.131.235 - - [24/Mar/2026:08:21:23 -0400] "GET /wp-includes/fonts/class-wp-font-face.php HTTP/1.1" 200 0 "binance.com" "Mozilla/5.0 (Windows NT 10.0; Win64; x64) AppleWebKit/537.36 (KHTML, like Gecko) Chrome/90.0.4430.85 Safari/537.36"
43.157.181.189 - - [24/Mar/2026:08:21:19 -0400] "GET / HTTP/1.1" 200 15935 "http://pitterpatterplay.com" "Mozilla/5.0 (iPhone; CPU iPhone OS 13_2_3 like Mac OS X) AppleWebKit/605.1.15 (KHTML, like Gecko) Version/13.0.3 Mobile/15E148 Safari/604.1"
20.6.131.235 - - [24/Mar/2026:08:21:34 -0400] "GET /wp-includes/fonts/class-wp-font-library.php HTTP/1.1" 200 0 "binance.com" "Mozilla/5.0 (Windows NT 10.0; Win64; x64) AppleWebKit/537.36 (KHTML, like Gecko) Chrome/90.0.4430.85 Safari/537.36"
20.6.131.235 - - [24/Mar/2026:08:21:44 -0400] "GET /wp-includes/fonts/class-wp-font-utils.php HTTP/1.1" 200 0 "binance.com" "Mozilla/5.0 (Windows NT 10.0; Win64; x64) AppleWebKit/537.36 (KHTML, like Gecko) Chrome/90.0.4430.85 Safari/537.36"
66.249.68.3 - - [24/Mar/2026:08:21:49 -0400] "GET /content.php?a=15117960037082 HTTP/1.1" 200 5 "-" "Mozilla/5.0 (Linux; Android 6.0.1; Nexus 5X Build/MMB29P) AppleWebKit/537.36 (KHTML, like Gecko) Chrome/145.0.7632.159 Mobile Safari/537.36 (compatible; Googlebot/2.1; +http://www.google.com/bot.html)"
66.249.68.3 - - [24/Mar/2026:08:21:50 -0400] "GET /comment.php?d=49180536096779 HTTP/1.1" 200 5 "-" "Mozilla/5.0 (Linux; Android 6.0.1; Nexus 5X Build/MMB29P) AppleWebKit/537.36 (KHTML, like Gecko) Chrome/145.0.7632.159 Mobile Safari/537.36 (compatible; Googlebot/2.1; +http://www.google.com/bot.html)"
20.6.131.235 - - [24/Mar/2026:08:21:50 -0400] "GET /wp-includes/images/ HTTP/1.1" 200 2010 "binance.com" "Mozilla/5.0 (Windows NT 10.0; Win64; x64) AppleWebKit/537.36 (KHTML, like Gecko) Chrome/90.0.4430.85 Safari/537.36"
20.6.131.235 - - [24/Mar/2026:08:21:56 -0400] "GET /wp-includes/images/crystal/ HTTP/1.1" 200 1407 "binance.com" "Mozilla/5.0 (Windows NT 10.0; Win64; x64) AppleWebKit/537.36 (KHTML, like Gecko) Chrome/90.0.4430.85 Safari/537.36"
20.6.131.235 - - [24/Mar/2026:08:22:02 -0400] "GET /wp-includes/images/media/ HTTP/1.1" 200 1475 "binance.com" "Mozilla/5.0 (Windows NT 10.0; Win64; x64) AppleWebKit/537.36 (KHTML, like Gecko) Chrome/90.0.4430.85 Safari/537.36"
66.249.68.2 - - [24/Mar/2026:08:21:58 -0400] "GET /products/232052565 HTTP/1.1" 404 10822 "-" "Mozilla/5.0 (Linux; Android 6.0.1; Nexus 5X Build/MMB29P) AppleWebKit/537.36 (KHTML, like Gecko) Chrome/145.0.7632.159 Mobile Safari/537.36 (compatible; Googlebot/2.1; +http://www.google.com/bot.html)"
66.249.68.1 - - [24/Mar/2026:08:22:10 -0400] "GET /comment.php?d=24217749481525 HTTP/1.1" 200 5 "-" "Mozilla/5.0 (Linux; Android 6.0.1; Nexus 5X Build/MMB29P) AppleWebKit/537.36 (KHTML, like Gecko) Chrome/145.0.7632.159 Mobile Safari/537.36 (compatible; Googlebot/2.1; +http://www.google.com/bot.html)"
114.119.153.138 - - [24/Mar/2026:08:22:17 -0400] "GET /page/2/?post_type=tribe_events&eventDisplay=day&tribe_events_cat=party&eventDate=2023-10-08 HTTP/1.1" 301 24 "https://www.pitterpatterplay.com/page/2/?post_type=tribe_events&eventDisplay=day&tribe_events_cat=party&eventDate=2023-10-07" "Mozilla/5.0 (Linux; Android 7.0;) AppleWebKit/537.36 (KHTML, like Gecko) Mobile Safari/537.36 (compatible; PetalBot;+https://webmaster.petalsearch.com/site/petalbot)"
20.6.131.235 - - [24/Mar/2026:08:22:20 -0400] "GET /wp-includes/images/smilies/ HTTP/1.1" 200 1669 "binance.com" "Mozilla/5.0 (Windows NT 10.0; Win64; x64) AppleWebKit/537.36 (KHTML, like Gecko) Chrome/90.0.4430.85 Safari/537.36"
114.119.153.138 - - [24/Mar/2026:08:22:23 -0400] "GET /page/2/?post_type=tribe_events&eventDisplay=day&tribe_events_cat=party&eventDate=2023-10-08 HTTP/1.1" 200 15961 "https://www.pitterpatterplay.com/page/2/?post_type=tribe_events&eventDisplay=day&tribe_events_cat=party&eventDate=2023-10-07" "Mozilla/5.0 (Linux; Android 7.0;) AppleWebKit/537.36 (KHTML, like Gecko) Mobile Safari/537.36 (compatible; PetalBot;+https://webmaster.petalsearch.com/site/petalbot)"
20.6.131.235 - - [24/Mar/2026:08:22:31 -0400] "GET /wp-includes/images/wlw/ HTTP/1.1" 404 11426 "binance.com" "Mozilla/5.0 (Windows NT 10.0; Win64; x64) AppleWebKit/537.36 (KHTML, like Gecko) Chrome/90.0.4430.85 Safari/537.36"
17.246.19.180 - - [24/Mar/2026:08:22:39 -0400] "GET /wp-includes/js/jquery/jquery-migrate.min.js?ver=3.4.1 HTTP/1.1" 200 8716 "https://pitterpatterplay.com/2026/01/27/guide-expert-des-bonus-de-casino-en-ligne-les-4/" "Mozilla/5.0 (Macintosh; Intel Mac OS X 10_15_7) AppleWebKit/605.1.15 (KHTML, like Gecko) Version/17.4 Safari/605.1.15 (Applebot/0.1; +http://www.apple.com/go/applebot)"
17.246.23.67 - - [24/Mar/2026:08:22:45 -0400] "GET /wp-content/plugins/ultimate-events/assets/js/captcha-loader.js?ver=2.0.0 HTTP/1.1" 200 33461 "https://pitterpatterplay.com/2026/01/27/guide-expert-des-bonus-de-casino-en-ligne-les-4/" "Mozilla/5.0 (Macintosh; Intel Mac OS X 10_15_7) AppleWebKit/605.1.15 (KHTML, like Gecko) Version/17.4 Safari/605.1.15 (Applebot/0.1; +http://www.apple.com/go/applebot)"
20.6.131.235 - - [24/Mar/2026:08:22:44 -0400] "GET /wp-includes/js/%20 HTTP/1.1" 301 24 "binance.com" "Mozilla/5.0 (Windows NT 10.0; Win64; x64) AppleWebKit/537.36 (KHTML, like Gecko) Chrome/90.0.4430.85 Safari/537.36"
17.246.19.42 - - [24/Mar/2026:08:22:49 -0400] "GET /wp-content/themes/playroom/assets/plugins/waitforimages/jquery.waitforimages.js?ver=6.9.4 HTTP/1.1" 200 4331 "https://pitterpatterplay.com/2026/01/27/guide-expert-des-bonus-de-casino-en-ligne-les-4/" "Mozilla/5.0 (Macintosh; Intel Mac OS X 10_15_7) AppleWebKit/605.1.15 (KHTML, like Gecko) Version/17.4 Safari/605.1.15 (Applebot/0.1; +http://www.apple.com/go/applebot)"
20.6.131.235 - - [24/Mar/2026:08:22:47 -0400] "GET /wp-includes/js/ HTTP/1.1" 200 4576 "binance.com" "Mozilla/5.0 (Windows NT 10.0; Win64; x64) AppleWebKit/537.36 (KHTML, like Gecko) Chrome/90.0.4430.85 Safari/537.36"
17.246.19.87 - - [24/Mar/2026:08:22:52 -0400] "GET /wp-content/themes/playroom/assets/js/main.min.js?ver=6.9.4 HTTP/1.1" 200 10427 "https://pitterpatterplay.com/2026/01/27/guide-expert-des-bonus-de-casino-en-ligne-les-4/" "Mozilla/5.0 (Macintosh; Intel Mac OS X 10_15_7) AppleWebKit/605.1.15 (KHTML, like Gecko) Version/17.4 Safari/605.1.15 (Applebot/0.1; +http://www.apple.com/go/applebot)"
66.249.68.2 - - [24/Mar/2026:08:22:54 -0400] "GET /comment.php?d=33653952254120 HTTP/1.1" 200 5 "-" "Mozilla/5.0 (Linux; Android 6.0.1; Nexus 5X Build/MMB29P) AppleWebKit/537.36 (KHTML, like Gecko) Chrome/145.0.7632.159 Mobile Safari/537.36 (compatible; Googlebot/2.1; +http://www.google.com/bot.html)"
20.6.131.235 - - [24/Mar/2026:08:22:59 -0400] "GET /wp-includes/js/codemirror/ HTTP/1.1" 200 1349 "binance.com" "Mozilla/5.0 (Windows NT 10.0; Win64; x64) AppleWebKit/537.36 (KHTML, like Gecko) Chrome/90.0.4430.85 Safari/537.36"
20.6.131.235 - - [24/Mar/2026:08:23:10 -0400] "GET /wp-includes/js/plupload/ HTTP/1.1" 200 1398 "binance.com" "Mozilla/5.0 (Windows NT 10.0; Win64; x64) AppleWebKit/537.36 (KHTML, like Gecko) Chrome/90.0.4430.85 Safari/537.36"
20.6.131.235 - - [24/Mar/2026:08:23:19 -0400] "GET /.well-known/ HTTP/1.1" 200 760 "binance.com" "Mozilla/5.0 (Windows NT 10.0; Win64; x64) AppleWebKit/537.36 (KHTML, like Gecko) Chrome/90.0.4430.85 Safari/537.36"
66.249.68.3 - - [24/Mar/2026:08:24:28 -0400] "GET /comment.php?d=13684309515740 HTTP/1.1" 200 5 "-" "Mozilla/5.0 (Linux; Android 6.0.1; Nexus 5X Build/MMB29P) AppleWebKit/537.36 (KHTML, like Gecko) Chrome/145.0.7632.159 Mobile Safari/537.36 (compatible; Googlebot/2.1; +http://www.google.com/bot.html)"
14.166.18.101 - - [24/Mar/2026:08:25:17 -0400] "GET /contact-us/ HTTP/1.1" 200 14599 "-" "Mozilla/5.0 (Windows NT 6.0) AppleWebKit/535.2 (KHTML, like Gecko) Chrome/15.0.874.120 Safari/535.2"
142.44.228.215 - - [24/Mar/2026:08:25:56 -0400] "GET /sitemap.xml HTTP/1.1" 301 141 "-" "Mozilla/5.0 (compatible; AhrefsBot/7.0; +http://ahrefs.com/robot/)"
142.44.228.215 - - [24/Mar/2026:08:26:03 -0400] "GET /wp-sitemap.xml HTTP/1.1" 200 316 "-" "Mozilla/5.0 (compatible; AhrefsBot/7.0; +http://ahrefs.com/robot/)"
66.249.68.1 - - [24/Mar/2026:08:26:18 -0400] "GET /comment.php?d=58008577980930 HTTP/1.1" 200 5 "-" "Mozilla/5.0 (Linux; Android 6.0.1; Nexus 5X Build/MMB29P) AppleWebKit/537.36 (KHTML, like Gecko) Chrome/145.0.7632.159 Mobile Safari/537.36 (compatible; Googlebot/2.1; +http://www.google.com/bot.html)"
66.249.68.3 - - [24/Mar/2026:08:26:20 -0400] "GET /products/243704333 HTTP/1.1" 404 10817 "-" "Mozilla/5.0 (Linux; Android 6.0.1; Nexus 5X Build/MMB29P) AppleWebKit/537.36 (KHTML, like Gecko) Chrome/145.0.7632.159 Mobile Safari/537.36 (compatible; Googlebot/2.1; +http://www.google.com/bot.html)"
77.232.38.106 - - [24/Mar/2026:08:26:38 -0400] "GET /2026/01/23/top-betting-account-sign-up-offers-explained/ HTTP/1.1" 200 14521 "-" "Mozilla/5.0 (X11; Fedora; Linux x86_64; rv:114.0) Gecko/20100101 Firefox/114.0"
66.249.68.1 - - [24/Mar/2026:08:27:07 -0400] "GET /content.php?a=69925078101589 HTTP/1.1" 200 5 "-" "Mozilla/5.0 (Linux; Android 6.0.1; Nexus 5X Build/MMB29P) AppleWebKit/537.36 (KHTML, like Gecko) Chrome/145.0.7632.159 Mobile Safari/537.36 (compatible; Googlebot/2.1; +http://www.google.com/bot.html)"
66.249.68.1 - - [24/Mar/2026:08:29:27 -0400] "GET /comment.php?d=74038011924926 HTTP/1.1" 200 5 "-" "Mozilla/5.0 (Linux; Android 6.0.1; Nexus 5X Build/MMB29P) AppleWebKit/537.36 (KHTML, like Gecko) Chrome/145.0.7632.159 Mobile Safari/537.36 (compatible; Googlebot/2.1; +http://www.google.com/bot.html)"
66.249.68.2 - - [24/Mar/2026:08:29:45 -0400] "GET /?products/43964382 HTTP/1.1" 301 141 "-" "Mozilla/5.0 (Linux; Android 6.0.1; Nexus 5X Build/MMB29P) AppleWebKit/537.36 (KHTML, like Gecko) Chrome/146.0.7680.153 Mobile Safari/537.36 (compatible; Googlebot/2.1; +http://www.google.com/bot.html)"
66.249.68.2 - - [24/Mar/2026:08:29:46 -0400] "GET /?products%2F7710962 HTTP/1.1" 200 14681 "-" "Mozilla/5.0 (Linux; Android 6.0.1; Nexus 5X Build/MMB29P) AppleWebKit/537.36 (KHTML, like Gecko) Chrome/146.0.7680.153 Mobile Safari/537.36 (compatible; Googlebot/2.1; +http://www.google.com/bot.html)"
66.249.68.1 - - [24/Mar/2026:08:29:47 -0400] "GET /?products%2F9319223 HTTP/1.1" 200 14681 "-" "Mozilla/5.0 (Linux; Android 6.0.1; Nexus 5X Build/MMB29P) AppleWebKit/537.36 (KHTML, like Gecko) Chrome/146.0.7680.153 Mobile Safari/537.36 (compatible; Googlebot/2.1; +http://www.google.com/bot.html)"
66.249.68.3 - - [24/Mar/2026:08:29:37 -0400] "GET /products/6986067 HTTP/1.1" 404 10832 "-" "Mozilla/5.0 (Linux; Android 6.0.1; Nexus 5X Build/MMB29P) AppleWebKit/537.36 (KHTML, like Gecko) Chrome/145.0.7632.159 Mobile Safari/537.36 (compatible; Googlebot/2.1; +http://www.google.com/bot.html)"
66.249.68.1 - - [24/Mar/2026:08:30:20 -0400] "GET /comment.php?d=82369721039016 HTTP/1.1" 200 5 "-" "Mozilla/5.0 (Linux; Android 6.0.1; Nexus 5X Build/MMB29P) AppleWebKit/537.36 (KHTML, like Gecko) Chrome/145.0.7632.159 Mobile Safari/537.36 (compatible; Googlebot/2.1; +http://www.google.com/bot.html)"
66.249.68.1 - - [24/Mar/2026:08:30:24 -0400] "GET /?products%2F43964382 HTTP/1.1" 200 14681 "-" "Mozilla/5.0 (Linux; Android 6.0.1; Nexus 5X Build/MMB29P) AppleWebKit/537.36 (KHTML, like Gecko) Chrome/146.0.7680.153 Mobile Safari/537.36 (compatible; Googlebot/2.1; +http://www.google.com/bot.html)"
66.249.68.3 - - [24/Mar/2026:08:31:16 -0400] "GET /comment.php?d=29273228447878 HTTP/1.1" 200 5 "-" "Mozilla/5.0 (Linux; Android 6.0.1; Nexus 5X Build/MMB29P) AppleWebKit/537.36 (KHTML, like Gecko) Chrome/145.0.7632.159 Mobile Safari/537.36 (compatible; Googlebot/2.1; +http://www.google.com/bot.html)"
66.249.68.2 - - [24/Mar/2026:08:32:27 -0400] "GET /comment.php?d=22462489508549 HTTP/1.1" 200 5 "-" "Mozilla/5.0 (Linux; Android 6.0.1; Nexus 5X Build/MMB29P) AppleWebKit/537.36 (KHTML, like Gecko) Chrome/145.0.7632.159 Mobile Safari/537.36 (compatible; Googlebot/2.1; +http://www.google.com/bot.html)"
66.249.68.1 - - [24/Mar/2026:08:35:31 -0400] "GET /comment.php?d=15430623553334 HTTP/1.1" 200 5 "-" "Mozilla/5.0 (Linux; Android 6.0.1; Nexus 5X Build/MMB29P) AppleWebKit/537.36 (KHTML, like Gecko) Chrome/145.0.7632.159 Mobile Safari/537.36 (compatible; Googlebot/2.1; +http://www.google.com/bot.html)"
66.249.68.3 - - [24/Mar/2026:08:35:31 -0400] "GET /comment.php?d=95419752965439 HTTP/1.1" 200 5 "-" "Mozilla/5.0 (Linux; Android 6.0.1; Nexus 5X Build/MMB29P) AppleWebKit/537.36 (KHTML, like Gecko) Chrome/145.0.7632.159 Mobile Safari/537.36 (compatible; Googlebot/2.1; +http://www.google.com/bot.html)"
66.249.68.2 - - [24/Mar/2026:08:37:46 -0400] "GET /comment.php?d=79613065985500 HTTP/1.1" 200 5 "-" "Mozilla/5.0 (Linux; Android 6.0.1; Nexus 5X Build/MMB29P) AppleWebKit/537.36 (KHTML, like Gecko) Chrome/145.0.7632.159 Mobile Safari/537.36 (compatible; Googlebot/2.1; +http://www.google.com/bot.html)"
66.249.68.1 - - [24/Mar/2026:08:40:01 -0400] "GET /comment.php?d=47102209116432 HTTP/1.1" 200 5 "-" "Mozilla/5.0 (Linux; Android 6.0.1; Nexus 5X Build/MMB29P) AppleWebKit/537.36 (KHTML, like Gecko) Chrome/145.0.7632.159 Mobile Safari/537.36 (compatible; Googlebot/2.1; +http://www.google.com/bot.html)"
66.249.68.1 - - [24/Mar/2026:08:40:34 -0400] "GET /comment.php?d=20059060282955 HTTP/1.1" 200 5 "-" "Mozilla/5.0 (Linux; Android 6.0.1; Nexus 5X Build/MMB29P) AppleWebKit/537.36 (KHTML, like Gecko) Chrome/145.0.7632.159 Mobile Safari/537.36 (compatible; Googlebot/2.1; +http://www.google.com/bot.html)"
66.249.68.1 - - [24/Mar/2026:08:43:22 -0400] "GET /comment.php?d=16101457537307 HTTP/1.1" 200 5 "-" "Mozilla/5.0 (Linux; Android 6.0.1; Nexus 5X Build/MMB29P) AppleWebKit/537.36 (KHTML, like Gecko) Chrome/145.0.7632.159 Mobile Safari/537.36 (compatible; Googlebot/2.1; +http://www.google.com/bot.html)"
66.249.68.1 - - [24/Mar/2026:08:43:45 -0400] "GET /comment.php?d=75408815343643 HTTP/1.1" 200 5 "-" "Mozilla/5.0 (Linux; Android 6.0.1; Nexus 5X Build/MMB29P) AppleWebKit/537.36 (KHTML, like Gecko) Chrome/145.0.7632.159 Mobile Safari/537.36 (compatible; Googlebot/2.1; +http://www.google.com/bot.html)"
66.249.68.3 - - [24/Mar/2026:08:45:11 -0400] "GET /comment.php?d=54877066564796 HTTP/1.1" 200 5 "-" "Mozilla/5.0 (Linux; Android 6.0.1; Nexus 5X Build/MMB29P) AppleWebKit/537.36 (KHTML, like Gecko) Chrome/145.0.7632.159 Mobile Safari/537.36 (compatible; Googlebot/2.1; +http://www.google.com/bot.html)"
172.245.60.250 - - [24/Mar/2026:08:46:43 -0400] "GET /2026/01/23/top-betting-account-sign-up-offers-explained/ HTTP/1.1" 200 14447 "https://pitterpatterplay.com/" "Mozilla/5.0 (X11; Linux x86_64) AppleWebKit/537.36 (KHTML, like Gecko) Chrome/114.0.0.0 Safari/537.36 OPR/89.0.4447.51"
172.245.60.250 - - [24/Mar/2026:08:46:54 -0400] "GET /wp-content/plugins/ultimate-events/assets/css/captcha-styles.css?ver=2.0.0 HTTP/1.1" 200 1112 "https://pitterpatterplay.com/2026/01/23/top-betting-account-sign-up-offers-explained/" "Mozilla/5.0 (Windows NT 10.0; Win64; x64) AppleWebKit/537.36 (KHTML, like Gecko) Chrome/143.0.0.0 Safari/537.36"
172.245.60.250 - - [24/Mar/2026:08:46:55 -0400] "GET /wp-content/themes/playroom/assets/plugins/swiper/swiper.min.css?ver=6.9.4 HTTP/1.1" 200 3818 "https://pitterpatterplay.com/2026/01/23/top-betting-account-sign-up-offers-explained/" "Mozilla/5.0 (Windows NT 10.0; Win64; x64) AppleWebKit/537.36 (KHTML, like Gecko) Chrome/143.0.0.0 Safari/537.36"
172.245.60.250 - - [24/Mar/2026:08:46:55 -0400] "GET /wp-content/themes/playroom/assets/plugins/magnific-popup/magnific-popup.css?ver=6.9.4 HTTP/1.1" 200 1657 "https://pitterpatterplay.com/2026/01/23/top-betting-account-sign-up-offers-explained/" "Mozilla/5.0 (Windows NT 10.0; Win64; x64) AppleWebKit/537.36 (KHTML, like Gecko) Chrome/143.0.0.0 Safari/537.36"
172.245.60.250 - - [24/Mar/2026:08:46:55 -0400] "GET /wp-content/themes/playroom/assets/css/main.min.css?ver=6.9.4 HTTP/1.1" 200 31857 "https://pitterpatterplay.com/2026/01/23/top-betting-account-sign-up-offers-explained/" "Mozilla/5.0 (Windows NT 10.0; Win64; x64) AppleWebKit/537.36 (KHTML, like Gecko) Chrome/143.0.0.0 Safari/537.36"
172.245.60.250 - - [24/Mar/2026:08:46:56 -0400] "GET /wp-content/themes/playroom/style.css?ver=6.9.4 HTTP/1.1" 200 304 "https://pitterpatterplay.com/2026/01/23/top-betting-account-sign-up-offers-explained/" "Mozilla/5.0 (Windows NT 10.0; Win64; x64) AppleWebKit/537.36 (KHTML, like Gecko) Chrome/143.0.0.0 Safari/537.36"
172.245.60.250 - - [24/Mar/2026:08:46:56 -0400] "GET /2026/01/23/top-betting-account-sign-up-offers-explained/ HTTP/1.1" 200 14447 "https://pitterpatterplay.com/2026/01/23/top-betting-account-sign-up-offers-explained/" "Mozilla/5.0 (X11; Linux x86_64) AppleWebKit/537.36 (KHTML, like Gecko) Chrome/114.0.0.0 Safari/537.36 OPR/89.0.4447.51"
66.249.68.3 - - [24/Mar/2026:08:47:40 -0400] "GET /products/215092791 HTTP/1.1" 404 10822 "-" "Mozilla/5.0 (Linux; Android 6.0.1; Nexus 5X Build/MMB29P) AppleWebKit/537.36 (KHTML, like Gecko) Chrome/145.0.7632.159 Mobile Safari/537.36 (compatible; Googlebot/2.1; +http://www.google.com/bot.html)"
66.249.68.3 - - [24/Mar/2026:08:48:09 -0400] "GET /comment.php?d=28717723133085 HTTP/1.1" 200 5 "-" "Mozilla/5.0 (Linux; Android 6.0.1; Nexus 5X Build/MMB29P) AppleWebKit/537.36 (KHTML, like Gecko) Chrome/145.0.7632.159 Mobile Safari/537.36 (compatible; Googlebot/2.1; +http://www.google.com/bot.html)"
66.249.68.1 - - [24/Mar/2026:08:48:46 -0400] "GET /comment.php?d=54265671100506 HTTP/1.1" 200 5 "-" "Mozilla/5.0 (Linux; Android 6.0.1; Nexus 5X Build/MMB29P) AppleWebKit/537.36 (KHTML, like Gecko) Chrome/145.0.7632.159 Mobile Safari/537.36 (compatible; Googlebot/2.1; +http://www.google.com/bot.html)"
20.203.144.43 - - [24/Mar/2026:08:49:32 -0400] "GET /wp-content/plugins/hellopress/wp_filemanager.php HTTP/1.1" 404 34299 "-" "-"
20.203.144.43 - - [24/Mar/2026:08:49:43 -0400] "GET /gptsh.php HTTP/1.1" 404 34299 "-" "-"
20.203.144.43 - - [24/Mar/2026:08:49:48 -0400] "GET /xocx.php HTTP/1.1" 404 34299 "-" "-"
20.203.144.43 - - [24/Mar/2026:08:49:56 -0400] "GET /zample.php HTTP/1.1" 404 34299 "-" "-"
20.203.144.43 - - [24/Mar/2026:08:50:01 -0400] "GET /read.php HTTP/1.1" 404 34299 "-" "-"
20.203.144.43 - - [24/Mar/2026:08:50:10 -0400] "GET /wp-kd4xalrg7m.php HTTP/1.1" 404 34299 "-" "-"
20.203.144.43 - - [24/Mar/2026:08:50:17 -0400] "GET /hplfuns.php HTTP/1.1" 404 34299 "-" "-"
20.203.144.43 - - [24/Mar/2026:08:50:28 -0400] "GET /xa.php HTTP/1.1" 404 34299 "-" "-"
20.203.144.43 - - [24/Mar/2026:08:50:35 -0400] "GET /100.php HTTP/1.1" 404 34299 "-" "-"
20.203.144.43 - - [24/Mar/2026:08:50:45 -0400] "GET /1998.php HTTP/1.1" 404 34299 "-" "-"
20.203.144.43 - - [24/Mar/2026:08:50:48 -0400] "GET /wp-mter.php HTTP/1.1" 404 34299 "-" "-"
20.203.144.43 - - [24/Mar/2026:08:50:49 -0400] "GET /inege.php HTTP/1.1" 404 34299 "-" "-"
20.203.144.43 - - [24/Mar/2026:08:50:51 -0400] "GET /19.php HTTP/1.1" 404 34299 "-" "-"
20.203.144.43 - - [24/Mar/2026:08:50:56 -0400] "GET /fe5.php HTTP/1.1" 404 34299 "-" "-"
20.203.144.43 - - [24/Mar/2026:08:51:03 -0400] "GET /file61.php HTTP/1.1" 404 34299 "-" "-"
20.203.144.43 - - [24/Mar/2026:08:51:05 -0400] "GET /uuu.php HTTP/1.1" 404 34299 "-" "-"
20.203.144.43 - - [24/Mar/2026:08:51:15 -0400] "GET /settings.php HTTP/1.1" 404 34299 "-" "-"
20.203.144.43 - - [24/Mar/2026:08:51:23 -0400] "GET /sf.php HTTP/1.1" 404 34299 "-" "-"
20.203.144.43 - - [24/Mar/2026:08:51:30 -0400] "GET /eee.php HTTP/1.1" 404 34299 "-" "-"
66.249.68.1 - - [24/Mar/2026:08:51:40 -0400] "GET /comment.php?d=15891010688253 HTTP/1.1" 200 5 "-" "Mozilla/5.0 (Linux; Android 6.0.1; Nexus 5X Build/MMB29P) AppleWebKit/537.36 (KHTML, like Gecko) Chrome/145.0.7632.159 Mobile Safari/537.36 (compatible; Googlebot/2.1; +http://www.google.com/bot.html)"
20.203.144.43 - - [24/Mar/2026:08:51:38 -0400] "GET /no1.php HTTP/1.1" 404 34299 "-" "-"
20.203.144.43 - - [24/Mar/2026:08:51:46 -0400] "GET /w2025.php HTTP/1.1" 404 34299 "-" "-"
20.203.144.43 - - [24/Mar/2026:08:51:49 -0400] "GET /swallowable.php HTTP/1.1" 404 34299 "-" "-"
20.203.144.43 - - [24/Mar/2026:08:51:50 -0400] "GET /fvvff.php HTTP/1.1" 404 34299 "-" "-"
20.203.144.43 - - [24/Mar/2026:08:51:51 -0400] "GET /a2.php HTTP/1.1" 404 34299 "-" "-"
20.203.144.43 - - [24/Mar/2026:08:51:51 -0400] "GET /sty.php HTTP/1.1" 404 34299 "-" "-"
20.203.144.43 - - [24/Mar/2026:08:51:52 -0400] "GET /path.php HTTP/1.1" 404 34299 "-" "-"
20.203.144.43 - - [24/Mar/2026:08:51:53 -0400] "GET /txets.php HTTP/1.1" 404 34299 "-" "-"
20.203.144.43 - - [24/Mar/2026:08:51:53 -0400] "GET /edit.php HTTP/1.1" 404 34299 "-" "-"
20.203.144.43 - - [24/Mar/2026:08:51:54 -0400] "GET /ioxi-o.php HTTP/1.1" 404 34299 "-" "-"
20.203.144.43 - - [24/Mar/2026:08:51:55 -0400] "GET /wp-content/admin.php HTTP/1.1" 404 34299 "-" "-"
20.203.144.43 - - [24/Mar/2026:08:51:55 -0400] "GET /66.php HTTP/1.1" 404 34299 "-" "-"
20.203.144.43 - - [24/Mar/2026:08:51:56 -0400] "GET /a5.php HTTP/1.1" 404 34299 "-" "-"
20.203.144.43 - - [24/Mar/2026:08:51:56 -0400] "GET /xmlrpc.php HTTP/1.1" 405 45 "-" "-"
20.203.144.43 - - [24/Mar/2026:08:51:57 -0400] "GET /ol.php HTTP/1.1" 404 34299 "-" "-"
20.203.144.43 - - [24/Mar/2026:08:51:58 -0400] "GET /f6.php HTTP/1.1" 404 34299 "-" "-"
20.203.144.43 - - [24/Mar/2026:08:51:58 -0400] "GET /inputs.php HTTP/1.1" 404 34299 "-" "-"
20.203.144.43 - - [24/Mar/2026:08:51:59 -0400] "GET /style.php HTTP/1.1" 404 34299 "-" "-"
20.203.144.43 - - [24/Mar/2026:08:52:00 -0400] "GET /bgymj.php HTTP/1.1" 404 34299 "-" "-"
20.203.144.43 - - [24/Mar/2026:08:52:00 -0400] "GET /aa.php HTTP/1.1" 404 34299 "-" "-"
20.203.144.43 - - [24/Mar/2026:08:52:01 -0400] "GET /1.php HTTP/1.1" 404 34299 "-" "-"
20.203.144.43 - - [24/Mar/2026:08:52:02 -0400] "GET /av.php HTTP/1.1" 404 34299 "-" "-"
20.203.144.43 - - [24/Mar/2026:08:52:02 -0400] "GET /wp-admin/css/bolt.php HTTP/1.1" 404 30159 "-" "-"
20.203.144.43 - - [24/Mar/2026:08:52:03 -0400] "GET /file59.php HTTP/1.1" 404 34299 "-" "-"
20.203.144.43 - - [24/Mar/2026:08:52:04 -0400] "GET /bless5.php HTTP/1.1" 404 34299 "-" "-"
20.203.144.43 - - [24/Mar/2026:08:52:04 -0400] "GET /wp-act.php HTTP/1.1" 404 34299 "-" "-"
20.203.144.43 - - [24/Mar/2026:08:52:05 -0400] "GET /xqq.php HTTP/1.1" 404 34299 "-" "-"
20.203.144.43 - - [24/Mar/2026:08:52:05 -0400] "GET /plss3.php HTTP/1.1" 404 34299 "-" "-"
20.203.144.43 - - [24/Mar/2026:08:52:06 -0400] "GET /aaa.php?p= HTTP/1.1" 301 276 "-" "-"
20.203.144.43 - - [24/Mar/2026:08:52:06 -0400] "GET /aaa.php HTTP/1.1" 404 34299 "-" "-"
20.203.144.43 - - [24/Mar/2026:08:52:07 -0400] "GET /classwithtostring.php?p= HTTP/1.1" 301 276 "-" "-"
20.203.144.43 - - [24/Mar/2026:08:52:08 -0400] "GET /classwithtostring.php HTTP/1.1" 404 34299 "-" "-"
20.203.144.43 - - [24/Mar/2026:08:52:08 -0400] "GET /wp-content/themes/index.php HTTP/1.1" 200 0 "-" "-"
