47.128.53.249 - - [25/Mar/2026:06:51:55 -0400] "GET /wp-content/uploads/2023/10/border-bottom-600x31.png HTTP/1.1" 206 500 "https://pitterpatterplay.com/" "Mozilla/5.0 (Linux; Android 5.0) AppleWebKit/537.36 (KHTML, like Gecko) Mobile Safari/537.36 (compatible; Bytespider; spider-feedback@bytedance.com)"
47.128.53.249 - - [25/Mar/2026:06:51:55 -0400] "GET /wp-content/uploads/2023/10/playland.png HTTP/1.1" 206 500 "https://pitterpatterplay.com/" "Mozilla/5.0 (Linux; Android 5.0) AppleWebKit/537.36 (KHTML, like Gecko) Mobile Safari/537.36 (compatible; Bytespider; spider-feedback@bytedance.com)"
47.128.53.239 - - [25/Mar/2026:06:55:42 -0400] "GET /wp-includes/block-bindings/term-data.php HTTP/1.1" 200 189 "-" "Mozilla/5.0 (Linux; Android 5.0) AppleWebKit/537.36 (KHTML, like Gecko) Mobile Safari/537.36 (compatible; Bytespider; spider-feedback@bytedance.com)"
47.128.53.246 - - [25/Mar/2026:06:59:46 -0400] "GET /wp-includes/revision.php HTTP/1.1" 200 0 "-" "Mozilla/5.0 (Linux; Android 5.0) AppleWebKit/537.36 (KHTML, like Gecko) Mobile Safari/537.36 (compatible; Bytespider; spider-feedback@bytedance.com)"
66.249.68.3 - - [25/Mar/2026:07:00:30 -0400] "GET /content.php?a=92437607906847 HTTP/1.1" 200 5 "-" "Mozilla/5.0 (Linux; Android 6.0.1; Nexus 5X Build/MMB29P) AppleWebKit/537.36 (KHTML, like Gecko) Chrome/146.0.7680.153 Mobile Safari/537.36 (compatible; Googlebot/2.1; +http://www.google.com/bot.html)"
66.249.68.3 - - [25/Mar/2026:07:01:21 -0400] "GET /comment.php?d=58686331444097 HTTP/1.1" 200 5 "-" "Mozilla/5.0 (Linux; Android 6.0.1; Nexus 5X Build/MMB29P) AppleWebKit/537.36 (KHTML, like Gecko) Chrome/146.0.7680.153 Mobile Safari/537.36 (compatible; Googlebot/2.1; +http://www.google.com/bot.html)"
47.128.53.4 - - [25/Mar/2026:07:03:44 -0400] "GET /wp-cron.php HTTP/1.1" 404 10768 "-" "Mozilla/5.0 (Linux; Android 5.0) AppleWebKit/537.36 (KHTML, like Gecko) Mobile Safari/537.36 (compatible; Bytespider; spider-feedback@bytedance.com)"
66.249.68.3 - - [25/Mar/2026:07:06:26 -0400] "GET /comment.php?d=79852004363436 HTTP/1.1" 200 5 "-" "Mozilla/5.0 (Linux; Android 6.0.1; Nexus 5X Build/MMB29P) AppleWebKit/537.36 (KHTML, like Gecko) Chrome/146.0.7680.153 Mobile Safari/537.36 (compatible; Googlebot/2.1; +http://www.google.com/bot.html)"
66.249.68.2 - - [25/Mar/2026:07:06:31 -0400] "GET /content.php?a=56009052972423 HTTP/1.1" 200 5 "-" "Mozilla/5.0 (Linux; Android 6.0.1; Nexus 5X Build/MMB29P) AppleWebKit/537.36 (KHTML, like Gecko) Chrome/146.0.7680.153 Mobile Safari/537.36 (compatible; Googlebot/2.1; +http://www.google.com/bot.html)"
47.128.53.50 - - [25/Mar/2026:07:07:44 -0400] "GET /wp-includes/ID3/module.audio.ac3.php HTTP/1.1" 200 0 "-" "Mozilla/5.0 (Linux; Android 5.0) AppleWebKit/537.36 (KHTML, like Gecko) Mobile Safari/537.36 (compatible; Bytespider; spider-feedback@bytedance.com)"
66.249.68.3 - - [25/Mar/2026:07:07:48 -0400] "GET /comment.php?d=6515430704798 HTTP/1.1" 200 5 "-" "Mozilla/5.0 (Linux; Android 6.0.1; Nexus 5X Build/MMB29P) AppleWebKit/537.36 (KHTML, like Gecko) Chrome/146.0.7680.153 Mobile Safari/537.36 (compatible; Googlebot/2.1; +http://www.google.com/bot.html)"
66.249.68.3 - - [25/Mar/2026:07:07:48 -0400] "GET /products/30129661 HTTP/1.1" 404 10833 "-" "Mozilla/5.0 (Linux; Android 6.0.1; Nexus 5X Build/MMB29P) AppleWebKit/537.36 (KHTML, like Gecko) Chrome/146.0.7680.153 Mobile Safari/537.36 (compatible; Googlebot/2.1; +http://www.google.com/bot.html)"
66.249.68.2 - - [25/Mar/2026:07:08:15 -0400] "GET /comment.php?d=26810332293953 HTTP/1.1" 200 5 "-" "Mozilla/5.0 (Linux; Android 6.0.1; Nexus 5X Build/MMB29P) AppleWebKit/537.36 (KHTML, like Gecko) Chrome/146.0.7680.153 Mobile Safari/537.36 (compatible; Googlebot/2.1; +http://www.google.com/bot.html)"
51.161.65.119 - - [25/Mar/2026:07:11:06 -0400] "GET /page/5/?post_type=tribe_events&eventDisplay=day&eventDate=2025-07-29 HTTP/1.1" 200 14705 "-" "Mozilla/5.0 (compatible; AhrefsBot/7.0; +http://ahrefs.com/robot/)"
66.249.68.3 - - [25/Mar/2026:07:11:35 -0400] "GET /content.php?a=64558733968999 HTTP/1.1" 200 5 "-" "Mozilla/5.0 (Linux; Android 6.0.1; Nexus 5X Build/MMB29P) AppleWebKit/537.36 (KHTML, like Gecko) Chrome/146.0.7680.153 Mobile Safari/537.36 (compatible; Googlebot/2.1; +http://www.google.com/bot.html)"
47.128.53.32 - - [25/Mar/2026:07:11:45 -0400] "GET /wp-content/ HTTP/1.1" 200 0 "-" "Mozilla/5.0 (Linux; Android 5.0) AppleWebKit/537.36 (KHTML, like Gecko) Mobile Safari/537.36 (compatible; Bytespider; spider-feedback@bytedance.com)"
66.249.68.3 - - [25/Mar/2026:07:12:01 -0400] "GET /products/5721872 HTTP/1.1" 404 10833 "-" "Mozilla/5.0 (Linux; Android 6.0.1; Nexus 5X Build/MMB29P) AppleWebKit/537.36 (KHTML, like Gecko) Chrome/146.0.7680.153 Mobile Safari/537.36 (compatible; Googlebot/2.1; +http://www.google.com/bot.html)"
66.249.68.2 - - [25/Mar/2026:07:15:06 -0400] "GET /products/30261415 HTTP/1.1" 404 10822 "-" "Mozilla/5.0 (Linux; Android 6.0.1; Nexus 5X Build/MMB29P) AppleWebKit/537.36 (KHTML, like Gecko) Chrome/146.0.7680.153 Mobile Safari/537.36 (compatible; Googlebot/2.1; +http://www.google.com/bot.html)"
66.249.68.2 - - [25/Mar/2026:07:15:38 -0400] "GET /comment.php?d=58529479996765 HTTP/1.1" 200 5 "-" "Mozilla/5.0 (Linux; Android 6.0.1; Nexus 5X Build/MMB29P) AppleWebKit/537.36 (KHTML, like Gecko) Chrome/146.0.7680.153 Mobile Safari/537.36 (compatible; Googlebot/2.1; +http://www.google.com/bot.html)"
47.128.53.204 - - [25/Mar/2026:07:15:46 -0400] "GET /event/halloween-party-6/ HTTP/1.1" 301 120 "-" "Mozilla/5.0 (compatible; Bytespider; spider-feedback@bytedance.com) AppleWebKit/537.36 (KHTML, like Gecko) Chrome/70.0.0.0 Safari/537.36"
66.249.68.1 - - [25/Mar/2026:07:16:04 -0400] "GET /content.php?a=82653690556149 HTTP/1.1" 200 5 "-" "Mozilla/5.0 (Linux; Android 6.0.1; Nexus 5X Build/MMB29P) AppleWebKit/537.36 (KHTML, like Gecko) Chrome/146.0.7680.153 Mobile Safari/537.36 (compatible; Googlebot/2.1; +http://www.google.com/bot.html)"
47.128.53.204 - - [25/Mar/2026:07:15:53 -0400] "GET /event/halloween-party-6/ HTTP/1.1" 404 10770 "-" "Mozilla/5.0 (compatible; Bytespider; spider-feedback@bytedance.com) AppleWebKit/537.36 (KHTML, like Gecko) Chrome/70.0.0.0 Safari/537.36"
114.119.136.24 - - [25/Mar/2026:07:18:36 -0400] "GET /page/2?post_type=tribe_events&eventDisplay=day&tribe_events_cat=party&eventDate=2024-12-09 HTTP/1.1" 301 140 "-" "Mozilla/5.0 (Linux; Android 7.0;) AppleWebKit/537.36 (KHTML, like Gecko) Mobile Safari/537.36 (compatible; PetalBot;+https://webmaster.petalsearch.com/site/petalbot)"
114.119.136.24 - - [25/Mar/2026:07:18:43 -0400] "GET /page/2/?post_type=tribe_events&eventDisplay=day&tribe_events_cat=party&eventDate=2024-12-09 HTTP/1.1" 200 0 "-" "Mozilla/5.0 (Linux; Android 7.0;) AppleWebKit/537.36 (KHTML, like Gecko) Mobile Safari/537.36 (compatible; PetalBot;+https://webmaster.petalsearch.com/site/petalbot)"
47.128.53.223 - - [25/Mar/2026:07:19:46 -0400] "GET /2020/06/05/come-with-us-and-have-more-fun/ HTTP/1.1" 301 120 "-" "Mozilla/5.0 (compatible; Bytespider; spider-feedback@bytedance.com) AppleWebKit/537.36 (KHTML, like Gecko) Chrome/70.0.0.0 Safari/537.36"
66.249.68.3 - - [25/Mar/2026:07:20:06 -0400] "GET /comment.php?d=32027221563715 HTTP/1.1" 200 5 "-" "Mozilla/5.0 (Linux; Android 6.0.1; Nexus 5X Build/MMB29P) AppleWebKit/537.36 (KHTML, like Gecko) Chrome/146.0.7680.153 Mobile Safari/537.36 (compatible; Googlebot/2.1; +http://www.google.com/bot.html)"
47.128.53.223 - - [25/Mar/2026:07:19:59 -0400] "GET /2020/06/05/come-with-us-and-have-more-fun/ HTTP/1.1" 200 16192 "-" "Mozilla/5.0 (compatible; Bytespider; spider-feedback@bytedance.com) AppleWebKit/537.36 (KHTML, like Gecko) Chrome/70.0.0.0 Safari/537.36"
66.249.68.1 - - [25/Mar/2026:07:20:34 -0400] "GET /products/50254058 HTTP/1.1" 404 10818 "-" "Mozilla/5.0 (Linux; Android 6.0.1; Nexus 5X Build/MMB29P) AppleWebKit/537.36 (KHTML, like Gecko) Chrome/146.0.7680.153 Mobile Safari/537.36 (compatible; Googlebot/2.1; +http://www.google.com/bot.html)"
148.113.128.185 - - [25/Mar/2026:07:20:59 -0400] "GET /page/5/?post_type=tribe_events&eventDisplay=day&eventDate=2025-03-21 HTTP/1.1" 200 14704 "-" "Mozilla/5.0 (compatible; AhrefsBot/7.0; +http://ahrefs.com/robot/)"
66.249.68.1 - - [25/Mar/2026:07:23:42 -0400] "GET /?products/7072012 HTTP/1.1" 301 141 "-" "Mozilla/5.0 (Linux; Android 6.0.1; Nexus 5X Build/MMB29P) AppleWebKit/537.36 (KHTML, like Gecko) Chrome/146.0.7680.153 Mobile Safari/537.36 (compatible; Googlebot/2.1; +http://www.google.com/bot.html)"
47.128.53.231 - - [25/Mar/2026:07:23:47 -0400] "GET /tag/boy/ HTTP/1.1" 301 120 "-" "Mozilla/5.0 (compatible; Bytespider; spider-feedback@bytedance.com) AppleWebKit/537.36 (KHTML, like Gecko) Chrome/70.0.0.0 Safari/537.36"
66.249.68.2 - - [25/Mar/2026:07:23:50 -0400] "GET /?products%2F7072012 HTTP/1.1" 200 14684 "-" "Mozilla/5.0 (Linux; Android 6.0.1; Nexus 5X Build/MMB29P) AppleWebKit/537.36 (KHTML, like Gecko) Chrome/146.0.7680.153 Mobile Safari/537.36 (compatible; Googlebot/2.1; +http://www.google.com/bot.html)"
66.249.68.1 - - [25/Mar/2026:07:23:57 -0400] "GET /content.php?a=25353841060347 HTTP/1.1" 200 5 "-" "Mozilla/5.0 (Linux; Android 6.0.1; Nexus 5X Build/MMB29P) AppleWebKit/537.36 (KHTML, like Gecko) Chrome/146.0.7680.153 Mobile Safari/537.36 (compatible; Googlebot/2.1; +http://www.google.com/bot.html)"
66.249.68.1 - - [25/Mar/2026:07:23:57 -0400] "GET /comment.php?d=33982611477903 HTTP/1.1" 200 5 "-" "Mozilla/5.0 (Linux; Android 6.0.1; Nexus 5X Build/MMB29P) AppleWebKit/537.36 (KHTML, like Gecko) Chrome/146.0.7680.153 Mobile Safari/537.36 (compatible; Googlebot/2.1; +http://www.google.com/bot.html)"
47.128.53.231 - - [25/Mar/2026:07:23:55 -0400] "GET /tag/boy/ HTTP/1.1" 200 10736 "-" "Mozilla/5.0 (compatible; Bytespider; spider-feedback@bytedance.com) AppleWebKit/537.36 (KHTML, like Gecko) Chrome/70.0.0.0 Safari/537.36"
216.244.66.237 - - [25/Mar/2026:07:25:04 -0400] "GET /robots.txt HTTP/1.1" 200 74 "-" "Mozilla/5.0 (compatible; DotBot/1.2; +https://opensiteexplorer.org/dotbot; help@moz.com)"
66.249.68.1 - - [25/Mar/2026:07:25:29 -0400] "GET /products/298593546 HTTP/1.1" 404 10833 "-" "Mozilla/5.0 (Linux; Android 6.0.1; Nexus 5X Build/MMB29P) AppleWebKit/537.36 (KHTML, like Gecko) Chrome/146.0.7680.153 Mobile Safari/537.36 (compatible; Googlebot/2.1; +http://www.google.com/bot.html)"
66.249.68.1 - - [25/Mar/2026:07:27:17 -0400] "GET /comment.php?d=25297088425142 HTTP/1.1" 200 5 "-" "Mozilla/5.0 (Linux; Android 6.0.1; Nexus 5X Build/MMB29P) AppleWebKit/537.36 (KHTML, like Gecko) Chrome/146.0.7680.153 Mobile Safari/537.36 (compatible; Googlebot/2.1; +http://www.google.com/bot.html)"
66.249.68.2 - - [25/Mar/2026:07:27:16 -0400] "GET /comment.php?d=64414055660743 HTTP/1.1" 200 5 "-" "Mozilla/5.0 (Linux; Android 6.0.1; Nexus 5X Build/MMB29P) AppleWebKit/537.36 (KHTML, like Gecko) Chrome/146.0.7680.153 Mobile Safari/537.36 (compatible; Googlebot/2.1; +http://www.google.com/bot.html)"
66.249.68.1 - - [25/Mar/2026:07:27:19 -0400] "GET /products/28523870 HTTP/1.1" 404 10822 "-" "Mozilla/5.0 (Linux; Android 6.0.1; Nexus 5X Build/MMB29P) AppleWebKit/537.36 (KHTML, like Gecko) Chrome/146.0.7680.153 Mobile Safari/537.36 (compatible; Googlebot/2.1; +http://www.google.com/bot.html)"
47.128.53.55 - - [25/Mar/2026:07:27:47 -0400] "GET /2020/05/25/make-their-dreams-come-to-life/ HTTP/1.1" 301 120 "-" "Mozilla/5.0 (compatible; Bytespider; spider-feedback@bytedance.com) AppleWebKit/537.36 (KHTML, like Gecko) Chrome/70.0.0.0 Safari/537.36"
47.128.53.55 - - [25/Mar/2026:07:27:56 -0400] "GET /2020/05/25/make-their-dreams-come-to-life/ HTTP/1.1" 200 16172 "-" "Mozilla/5.0 (compatible; Bytespider; spider-feedback@bytedance.com) AppleWebKit/537.36 (KHTML, like Gecko) Chrome/70.0.0.0 Safari/537.36"
47.128.53.55 - - [25/Mar/2026:07:28:04 -0400] "GET /wp-content/uploads/2020/05/blog-title-img-1.jpg HTTP/1.1" 206 500 "https://pitterpatterplay.com/2020/05/25/make-their-dreams-come-to-life/" "Mozilla/5.0 (compatible; Bytespider; spider-feedback@bytedance.com) AppleWebKit/537.36 (KHTML, like Gecko) Chrome/70.0.0.0 Safari/537.36"
47.128.53.55 - - [25/Mar/2026:07:28:05 -0400] "GET /wp-content/uploads/2020/05/blog-title-img-1.jpg HTTP/1.1" 200 99625 "https://pitterpatterplay.com/2020/05/25/make-their-dreams-come-to-life/" "Mozilla/5.0 (compatible; Bytespider; spider-feedback@bytedance.com) AppleWebKit/537.36 (KHTML, like Gecko) Chrome/70.0.0.0 Safari/537.36"
66.249.68.1 - - [25/Mar/2026:07:30:00 -0400] "GET /products/46741980 HTTP/1.1" 404 10818 "-" "Mozilla/5.0 (Linux; Android 6.0.1; Nexus 5X Build/MMB29P) AppleWebKit/537.36 (KHTML, like Gecko) Chrome/146.0.7680.153 Mobile Safari/537.36 (compatible; Googlebot/2.1; +http://www.google.com/bot.html)"
142.44.228.172 - - [25/Mar/2026:07:30:40 -0400] "GET /page/3/?post_type=tribe_events&eventDisplay=day&eventDate=2025-12-30 HTTP/1.1" 200 14704 "-" "Mozilla/5.0 (compatible; AhrefsBot/7.0; +http://ahrefs.com/robot/)"
216.244.66.237 - - [25/Mar/2026:07:31:01 -0400] "GET /2020/ HTTP/1.1" 200 66654 "-" "Mozilla/5.0 (compatible; DotBot/1.2; +https://opensiteexplorer.org/dotbot; help@moz.com)"
47.128.53.36 - - [25/Mar/2026:07:31:47 -0400] "GET /category/parents/ HTTP/1.1" 301 120 "-" "Mozilla/5.0 (compatible; Bytespider; spider-feedback@bytedance.com) AppleWebKit/537.36 (KHTML, like Gecko) Chrome/70.0.0.0 Safari/537.36"
47.128.53.36 - - [25/Mar/2026:07:31:50 -0400] "GET /category/parents/ HTTP/1.1" 200 15217 "-" "Mozilla/5.0 (compatible; Bytespider; spider-feedback@bytedance.com) AppleWebKit/537.36 (KHTML, like Gecko) Chrome/70.0.0.0 Safari/537.36"
47.128.53.36 - - [25/Mar/2026:07:31:52 -0400] "GET /wp-content/uploads/2020/05/blog-img-1.jpg HTTP/1.1" 206 500 "https://pitterpatterplay.com/category/parents/" "Mozilla/5.0 (compatible; Bytespider; spider-feedback@bytedance.com) AppleWebKit/537.36 (KHTML, like Gecko) Chrome/70.0.0.0 Safari/537.36"
47.128.53.36 - - [25/Mar/2026:07:31:52 -0400] "GET /wp-content/uploads/2020/05/blog-audio-single-img1-1.jpg HTTP/1.1" 206 500 "https://pitterpatterplay.com/category/parents/" "Mozilla/5.0 (compatible; Bytespider; spider-feedback@bytedance.com) AppleWebKit/537.36 (KHTML, like Gecko) Chrome/70.0.0.0 Safari/537.36"
47.128.53.36 - - [25/Mar/2026:07:31:52 -0400] "GET /wp-content/uploads/2020/05/blog-img-1.jpg HTTP/1.1" 200 72737 "https://pitterpatterplay.com/category/parents/" "Mozilla/5.0 (compatible; Bytespider; spider-feedback@bytedance.com) AppleWebKit/537.36 (KHTML, like Gecko) Chrome/70.0.0.0 Safari/537.36"
47.128.53.36 - - [25/Mar/2026:07:31:53 -0400] "GET /wp-content/uploads/2020/05/blog-audio-single-img1-1.jpg HTTP/1.1" 200 91948 "https://pitterpatterplay.com/category/parents/" "Mozilla/5.0 (compatible; Bytespider; spider-feedback@bytedance.com) AppleWebKit/537.36 (KHTML, like Gecko) Chrome/70.0.0.0 Safari/537.36"
47.128.53.36 - - [25/Mar/2026:07:31:53 -0400] "GET /category/parents/PLAYROOM_CORE_URL_PATH/assets/img/left-arrow-pattern.jpg HTTP/1.1" 404 34027 "https://pitterpatterplay.com/category/parents/" "Mozilla/5.0 (compatible; Bytespider; spider-feedback@bytedance.com) AppleWebKit/537.36 (KHTML, like Gecko) Chrome/70.0.0.0 Safari/537.36"
47.128.53.36 - - [25/Mar/2026:07:31:54 -0400] "GET /category/parents/PLAYROOM_CORE_URL_PATH/assets/img/right-arrow-pattern.jpg HTTP/1.1" 404 34027 "https://pitterpatterplay.com/category/parents/" "Mozilla/5.0 (compatible; Bytespider; spider-feedback@bytedance.com) AppleWebKit/537.36 (KHTML, like Gecko) Chrome/70.0.0.0 Safari/537.36"
66.249.68.2 - - [25/Mar/2026:07:32:55 -0400] "GET /comment.php?d=90892453513564 HTTP/1.1" 200 5 "-" "Mozilla/5.0 (Linux; Android 6.0.1; Nexus 5X Build/MMB29P) AppleWebKit/537.36 (KHTML, like Gecko) Chrome/146.0.7680.153 Mobile Safari/537.36 (compatible; Googlebot/2.1; +http://www.google.com/bot.html)"
66.249.68.3 - - [25/Mar/2026:07:35:24 -0400] "GET /products/9111698 HTTP/1.1" 404 10818 "-" "Mozilla/5.0 (Linux; Android 6.0.1; Nexus 5X Build/MMB29P) AppleWebKit/537.36 (KHTML, like Gecko) Chrome/146.0.7680.153 Mobile Safari/537.36 (compatible; Googlebot/2.1; +http://www.google.com/bot.html)"
3.216.210.239 - - [25/Mar/2026:07:35:55 -0400] "GET /robots.txt HTTP/1.1" 200 74 "-" "Mozilla/5.0 (Macintosh; Intel Mac OS X 10_10_1) AppleWebKit/600.2.5 (KHTML, like Gecko) Version/8.0.2 Safari/600.2.5 (Gort)"
54.39.136.78 - - [25/Mar/2026:07:35:58 -0400] "GET /page/4/?post_type=tribe_events&eventDisplay=day&eventDate=2024-12-11 HTTP/1.1" 200 14704 "-" "Mozilla/5.0 (compatible; AhrefsBot/7.0; +http://ahrefs.com/robot/)"
66.249.68.2 - - [25/Mar/2026:07:40:13 -0400] "GET /comment.php?d=51953028722119 HTTP/1.1" 200 5 "-" "Mozilla/5.0 (Linux; Android 6.0.1; Nexus 5X Build/MMB29P) AppleWebKit/537.36 (KHTML, like Gecko) Chrome/146.0.7680.153 Mobile Safari/537.36 (compatible; Googlebot/2.1; +http://www.google.com/bot.html)"
54.39.210.184 - - [25/Mar/2026:07:42:12 -0400] "GET /sitemap.xml HTTP/1.1" 200 0 "-" "Mozilla/5.0 (compatible; AhrefsBot/7.0; +http://ahrefs.com/robot/)"
66.249.68.1 - - [25/Mar/2026:07:42:56 -0400] "GET /content.php?a=25558335842331 HTTP/1.1" 200 5 "-" "Mozilla/5.0 (Linux; Android 6.0.1; Nexus 5X Build/MMB29P) AppleWebKit/537.36 (KHTML, like Gecko) Chrome/146.0.7680.153 Mobile Safari/537.36 (compatible; Googlebot/2.1; +http://www.google.com/bot.html)"
66.249.68.3 - - [25/Mar/2026:07:42:56 -0400] "GET /comment.php?d=33462059651478 HTTP/1.1" 200 5 "-" "Mozilla/5.0 (Linux; Android 6.0.1; Nexus 5X Build/MMB29P) AppleWebKit/537.36 (KHTML, like Gecko) Chrome/146.0.7680.153 Mobile Safari/537.36 (compatible; Googlebot/2.1; +http://www.google.com/bot.html)"
66.249.68.3 - - [25/Mar/2026:07:42:56 -0400] "GET /products/522448747 HTTP/1.1" 404 10818 "-" "Mozilla/5.0 (Linux; Android 6.0.1; Nexus 5X Build/MMB29P) AppleWebKit/537.36 (KHTML, like Gecko) Chrome/146.0.7680.153 Mobile Safari/537.36 (compatible; Googlebot/2.1; +http://www.google.com/bot.html)"
66.249.68.1 - - [25/Mar/2026:07:43:17 -0400] "GET /comment.php?d=4925604526049 HTTP/1.1" 200 5 "-" "Mozilla/5.0 (Linux; Android 6.0.1; Nexus 5X Build/MMB29P) AppleWebKit/537.36 (KHTML, like Gecko) Chrome/146.0.7680.153 Mobile Safari/537.36 (compatible; Googlebot/2.1; +http://www.google.com/bot.html)"
66.249.68.1 - - [25/Mar/2026:07:44:09 -0400] "GET /products/556945567 HTTP/1.1" 404 10822 "-" "Mozilla/5.0 (Linux; Android 6.0.1; Nexus 5X Build/MMB29P) AppleWebKit/537.36 (KHTML, like Gecko) Chrome/146.0.7680.153 Mobile Safari/537.36 (compatible; Googlebot/2.1; +http://www.google.com/bot.html)"
66.249.68.2 - - [25/Mar/2026:07:44:47 -0400] "GET /comment.php?d=96702980868384 HTTP/1.1" 200 5 "-" "Mozilla/5.0 (Linux; Android 6.0.1; Nexus 5X Build/MMB29P) AppleWebKit/537.36 (KHTML, like Gecko) Chrome/146.0.7680.153 Mobile Safari/537.36 (compatible; Googlebot/2.1; +http://www.google.com/bot.html)"
66.249.68.1 - - [25/Mar/2026:07:44:47 -0400] "GET /content.php?a=54431703897961 HTTP/1.1" 200 5 "-" "Mozilla/5.0 (Linux; Android 6.0.1; Nexus 5X Build/MMB29P) AppleWebKit/537.36 (KHTML, like Gecko) Chrome/146.0.7680.153 Mobile Safari/537.36 (compatible; Googlebot/2.1; +http://www.google.com/bot.html)"
66.249.68.2 - - [25/Mar/2026:07:45:49 -0400] "GET /products/489620413 HTTP/1.1" 404 10795 "-" "Mozilla/5.0 (Linux; Android 6.0.1; Nexus 5X Build/MMB29P) AppleWebKit/537.36 (KHTML, like Gecko) Chrome/146.0.7680.153 Mobile Safari/537.36 (compatible; Googlebot/2.1; +http://www.google.com/bot.html)"
66.249.68.1 - - [25/Mar/2026:07:46:34 -0400] "GET /products/373328046 HTTP/1.1" 404 10818 "-" "Mozilla/5.0 (Linux; Android 6.0.1; Nexus 5X Build/MMB29P) AppleWebKit/537.36 (KHTML, like Gecko) Chrome/146.0.7680.153 Mobile Safari/537.36 (compatible; Googlebot/2.1; +http://www.google.com/bot.html)"
66.249.68.3 - - [25/Mar/2026:07:47:56 -0400] "GET /?products/439996545 HTTP/1.1" 301 141 "-" "Mozilla/5.0 (Linux; Android 6.0.1; Nexus 5X Build/MMB29P) AppleWebKit/537.36 (KHTML, like Gecko) Chrome/146.0.7680.153 Mobile Safari/537.36 (compatible; Googlebot/2.1; +http://www.google.com/bot.html)"
66.249.68.2 - - [25/Mar/2026:07:48:02 -0400] "GET /?products%2F439996545 HTTP/1.1" 200 14682 "-" "Mozilla/5.0 (Linux; Android 6.0.1; Nexus 5X Build/MMB29P) AppleWebKit/537.36 (KHTML, like Gecko) Chrome/146.0.7680.153 Mobile Safari/537.36 (compatible; Googlebot/2.1; +http://www.google.com/bot.html)"
54.39.0.128 - - [25/Mar/2026:07:47:58 -0400] "GET /events/category/outdoor/list/?tribe-bar-date=2025-12-29 HTTP/1.1" 301 141 "-" "Mozilla/5.0 (compatible; AhrefsBot/7.0; +http://ahrefs.com/robot/)"
66.249.68.1 - - [25/Mar/2026:07:48:28 -0400] "GET /comment.php?d=39105391237381 HTTP/1.1" 200 5 "-" "Mozilla/5.0 (Linux; Android 6.0.1; Nexus 5X Build/MMB29P) AppleWebKit/537.36 (KHTML, like Gecko) Chrome/146.0.7680.153 Mobile Safari/537.36 (compatible; Googlebot/2.1; +http://www.google.com/bot.html)"
Copyright ©2021 || Defacer Indonesia