66.249.68.1 - - [24/Mar/2026:21:46:02 -0400] "GET /?products/297609678 HTTP/1.1" 301 141 "-" "Mozilla/5.0 (Linux; Android 6.0.1; Nexus 5X Build/MMB29P) AppleWebKit/537.36 (KHTML, like Gecko) Chrome/146.0.7680.153 Mobile Safari/537.36 (compatible; Googlebot/2.1; +http://www.google.com/bot.html)"
66.249.68.1 - - [24/Mar/2026:21:46:10 -0400] "GET /content.php?a=85445171752064 HTTP/1.1" 200 5 "-" "Mozilla/5.0 (Linux; Android 6.0.1; Nexus 5X Build/MMB29P) AppleWebKit/537.36 (KHTML, like Gecko) Chrome/146.0.7680.153 Mobile Safari/537.36 (compatible; Googlebot/2.1; +http://www.google.com/bot.html)"
66.249.68.1 - - [24/Mar/2026:21:46:12 -0400] "GET /content.php?a=26756600783677 HTTP/1.1" 200 5 "-" "Mozilla/5.0 (Linux; Android 6.0.1; Nexus 5X Build/MMB29P) AppleWebKit/537.36 (KHTML, like Gecko) Chrome/146.0.7680.153 Mobile Safari/537.36 (compatible; Googlebot/2.1; +http://www.google.com/bot.html)"
66.249.68.1 - - [24/Mar/2026:21:46:11 -0400] "GET /?products%2F297609678 HTTP/1.1" 200 14682 "-" "Mozilla/5.0 (Linux; Android 6.0.1; Nexus 5X Build/MMB29P) AppleWebKit/537.36 (KHTML, like Gecko) Chrome/146.0.7680.153 Mobile Safari/537.36 (compatible; Googlebot/2.1; +http://www.google.com/bot.html)"
66.249.68.1 - - [24/Mar/2026:21:46:14 -0400] "GET /content.php?a=75396780707159 HTTP/1.1" 200 5 "-" "Mozilla/5.0 (Linux; Android 6.0.1; Nexus 5X Build/MMB29P) AppleWebKit/537.36 (KHTML, like Gecko) Chrome/146.0.7680.153 Mobile Safari/537.36 (compatible; Googlebot/2.1; +http://www.google.com/bot.html)"
66.249.68.1 - - [24/Mar/2026:21:46:15 -0400] "GET /comment.php?d=13899861162061 HTTP/1.1" 200 5 "-" "Mozilla/5.0 (Linux; Android 6.0.1; Nexus 5X Build/MMB29P) AppleWebKit/537.36 (KHTML, like Gecko) Chrome/146.0.7680.153 Mobile Safari/537.36 (compatible; Googlebot/2.1; +http://www.google.com/bot.html)"
66.249.68.1 - - [24/Mar/2026:21:46:16 -0400] "GET /wp-content/themes/playroom/assets/plugins/magnific-popup/jquery.magnific-popup.min.js?ver=6.9.4 HTTP/1.1" 200 10870 "https://pitterpatterplay.com/?products%2F297609678" "Mozilla/5.0 (Linux; Android 6.0.1; Nexus 5X Build/MMB29P) AppleWebKit/537.36 (KHTML, like Gecko) Chrome/146.0.7680.153 Mobile Safari/537.36 (compatible; Googlebot/2.1; +http://www.google.com/bot.html)"
66.249.68.1 - - [24/Mar/2026:21:46:17 -0400] "GET /comment.php?d=86443245813691 HTTP/1.1" 200 5 "-" "Mozilla/5.0 (Linux; Android 6.0.1; Nexus 5X Build/MMB29P) AppleWebKit/537.36 (KHTML, like Gecko) Chrome/146.0.7680.153 Mobile Safari/537.36 (compatible; Googlebot/2.1; +http://www.google.com/bot.html)"
66.249.68.1 - - [24/Mar/2026:21:46:20 -0400] "GET /comment.php?d=32511841581973 HTTP/1.1" 200 5 "-" "Mozilla/5.0 (Linux; Android 6.0.1; Nexus 5X Build/MMB29P) AppleWebKit/537.36 (KHTML, like Gecko) Chrome/146.0.7680.153 Mobile Safari/537.36 (compatible; Googlebot/2.1; +http://www.google.com/bot.html)"
47.128.53.36 - - [24/Mar/2026:21:46:20 -0400] "GET /wp-includes/deprecated.php HTTP/1.1" 200 0 "-" "Mozilla/5.0 (Linux; Android 5.0) AppleWebKit/537.36 (KHTML, like Gecko) Mobile Safari/537.36 (compatible; Bytespider; spider-feedback@bytedance.com)"
66.249.68.1 - - [24/Mar/2026:21:46:23 -0400] "GET /comment.php?d=71338546162779 HTTP/1.1" 200 5 "-" "Mozilla/5.0 (Linux; Android 6.0.1; Nexus 5X Build/MMB29P) AppleWebKit/537.36 (KHTML, like Gecko) Chrome/146.0.7680.153 Mobile Safari/537.36 (compatible; Googlebot/2.1; +http://www.google.com/bot.html)"
66.249.68.1 - - [24/Mar/2026:21:46:26 -0400] "GET /comment.php?d=64677947982360 HTTP/1.1" 200 5 "-" "Mozilla/5.0 (Linux; Android 6.0.1; Nexus 5X Build/MMB29P) AppleWebKit/537.36 (KHTML, like Gecko) Chrome/146.0.7680.153 Mobile Safari/537.36 (compatible; Googlebot/2.1; +http://www.google.com/bot.html)"
66.249.68.1 - - [24/Mar/2026:21:46:34 -0400] "GET /comment.php?d=57482127279202 HTTP/1.1" 200 5 "-" "Mozilla/5.0 (Linux; Android 6.0.1; Nexus 5X Build/MMB29P) AppleWebKit/537.36 (KHTML, like Gecko) Chrome/146.0.7680.153 Mobile Safari/537.36 (compatible; Googlebot/2.1; +http://www.google.com/bot.html)"
66.249.68.1 - - [24/Mar/2026:21:46:37 -0400] "GET /comment.php?d=16595182436191 HTTP/1.1" 200 5 "-" "Mozilla/5.0 (Linux; Android 6.0.1; Nexus 5X Build/MMB29P) AppleWebKit/537.36 (KHTML, like Gecko) Chrome/146.0.7680.153 Mobile Safari/537.36 (compatible; Googlebot/2.1; +http://www.google.com/bot.html)"
66.249.68.1 - - [24/Mar/2026:21:46:39 -0400] "GET /comment.php?d=7239761057402 HTTP/1.1" 200 5 "-" "Mozilla/5.0 (Linux; Android 6.0.1; Nexus 5X Build/MMB29P) AppleWebKit/537.36 (KHTML, like Gecko) Chrome/146.0.7680.153 Mobile Safari/537.36 (compatible; Googlebot/2.1; +http://www.google.com/bot.html)"
66.249.68.1 - - [24/Mar/2026:21:46:40 -0400] "GET /comment.php?d=66111454414859 HTTP/1.1" 200 5 "-" "Mozilla/5.0 (Linux; Android 6.0.1; Nexus 5X Build/MMB29P) AppleWebKit/537.36 (KHTML, like Gecko) Chrome/146.0.7680.153 Mobile Safari/537.36 (compatible; Googlebot/2.1; +http://www.google.com/bot.html)"
66.249.68.1 - - [24/Mar/2026:21:46:48 -0400] "GET /content.php?a=63349153999811 HTTP/1.1" 200 5 "-" "Mozilla/5.0 (Linux; Android 6.0.1; Nexus 5X Build/MMB29P) AppleWebKit/537.36 (KHTML, like Gecko) Chrome/146.0.7680.153 Mobile Safari/537.36 (compatible; Googlebot/2.1; +http://www.google.com/bot.html)"
66.249.68.1 - - [24/Mar/2026:21:46:52 -0400] "GET /comment.php?d=30892931845095 HTTP/1.1" 200 5 "-" "Mozilla/5.0 (Linux; Android 6.0.1; Nexus 5X Build/MMB29P) AppleWebKit/537.36 (KHTML, like Gecko) Chrome/146.0.7680.153 Mobile Safari/537.36 (compatible; Googlebot/2.1; +http://www.google.com/bot.html)"
66.249.68.1 - - [24/Mar/2026:21:46:53 -0400] "GET /?products/17806774 HTTP/1.1" 301 141 "-" "Mozilla/5.0 (Linux; Android 6.0.1; Nexus 5X Build/MMB29P) AppleWebKit/537.36 (KHTML, like Gecko) Chrome/146.0.7680.153 Mobile Safari/537.36 (compatible; Googlebot/2.1; +http://www.google.com/bot.html)"
66.249.68.1 - - [24/Mar/2026:21:46:56 -0400] "GET /comment.php?d=80857151402598 HTTP/1.1" 200 5 "-" "Mozilla/5.0 (Linux; Android 6.0.1; Nexus 5X Build/MMB29P) AppleWebKit/537.36 (KHTML, like Gecko) Chrome/146.0.7680.153 Mobile Safari/537.36 (compatible; Googlebot/2.1; +http://www.google.com/bot.html)"
66.249.68.1 - - [24/Mar/2026:21:46:58 -0400] "GET /comment.php?d=71532142517242 HTTP/1.1" 200 5 "-" "Mozilla/5.0 (Linux; Android 6.0.1; Nexus 5X Build/MMB29P) AppleWebKit/537.36 (KHTML, like Gecko) Chrome/146.0.7680.153 Mobile Safari/537.36 (compatible; Googlebot/2.1; +http://www.google.com/bot.html)"
66.249.68.1 - - [24/Mar/2026:21:47:01 -0400] "GET /comment.php?d=4001921566690 HTTP/1.1" 200 5 "-" "Mozilla/5.0 (Linux; Android 6.0.1; Nexus 5X Build/MMB29P) AppleWebKit/537.36 (KHTML, like Gecko) Chrome/146.0.7680.153 Mobile Safari/537.36 (compatible; Googlebot/2.1; +http://www.google.com/bot.html)"
66.249.68.1 - - [24/Mar/2026:21:47:04 -0400] "GET /comment.php?d=38902800667490 HTTP/1.1" 200 5 "-" "Mozilla/5.0 (Linux; Android 6.0.1; Nexus 5X Build/MMB29P) AppleWebKit/537.36 (KHTML, like Gecko) Chrome/146.0.7680.153 Mobile Safari/537.36 (compatible; Googlebot/2.1; +http://www.google.com/bot.html)"
66.249.68.1 - - [24/Mar/2026:21:46:58 -0400] "GET /?products%2F17806774 HTTP/1.1" 200 14682 "-" "Mozilla/5.0 (Linux; Android 6.0.1; Nexus 5X Build/MMB29P) AppleWebKit/537.36 (KHTML, like Gecko) Chrome/146.0.7680.153 Mobile Safari/537.36 (compatible; Googlebot/2.1; +http://www.google.com/bot.html)"
66.249.68.1 - - [24/Mar/2026:21:47:11 -0400] "GET /comment.php?d=62162032302412 HTTP/1.1" 200 5 "-" "Mozilla/5.0 (Linux; Android 6.0.1; Nexus 5X Build/MMB29P) AppleWebKit/537.36 (KHTML, like Gecko) Chrome/146.0.7680.153 Mobile Safari/537.36 (compatible; Googlebot/2.1; +http://www.google.com/bot.html)"
66.249.68.1 - - [24/Mar/2026:21:47:14 -0400] "GET /comment.php?d=5950458430874 HTTP/1.1" 200 5 "-" "Mozilla/5.0 (Linux; Android 6.0.1; Nexus 5X Build/MMB29P) AppleWebKit/537.36 (KHTML, like Gecko) Chrome/146.0.7680.153 Mobile Safari/537.36 (compatible; Googlebot/2.1; +http://www.google.com/bot.html)"
66.249.68.1 - - [24/Mar/2026:21:47:20 -0400] "GET /comment.php?d=66144588268964 HTTP/1.1" 200 5 "-" "Mozilla/5.0 (Linux; Android 6.0.1; Nexus 5X Build/MMB29P) AppleWebKit/537.36 (KHTML, like Gecko) Chrome/146.0.7680.153 Mobile Safari/537.36 (compatible; Googlebot/2.1; +http://www.google.com/bot.html)"
66.249.68.1 - - [24/Mar/2026:21:47:23 -0400] "GET /comment.php?d=93041231315667 HTTP/1.1" 200 5 "-" "Mozilla/5.0 (Linux; Android 6.0.1; Nexus 5X Build/MMB29P) AppleWebKit/537.36 (KHTML, like Gecko) Chrome/146.0.7680.153 Mobile Safari/537.36 (compatible; Googlebot/2.1; +http://www.google.com/bot.html)"
66.249.68.1 - - [24/Mar/2026:21:47:28 -0400] "GET /comment.php?d=1154357323108 HTTP/1.1" 200 5 "-" "Mozilla/5.0 (Linux; Android 6.0.1; Nexus 5X Build/MMB29P) AppleWebKit/537.36 (KHTML, like Gecko) Chrome/146.0.7680.153 Mobile Safari/537.36 (compatible; Googlebot/2.1; +http://www.google.com/bot.html)"
66.249.68.1 - - [24/Mar/2026:21:47:30 -0400] "GET /comment.php?d=35228783669703 HTTP/1.1" 200 5 "-" "Mozilla/5.0 (Linux; Android 6.0.1; Nexus 5X Build/MMB29P) AppleWebKit/537.36 (KHTML, like Gecko) Chrome/146.0.7680.153 Mobile Safari/537.36 (compatible; Googlebot/2.1; +http://www.google.com/bot.html)"
66.249.68.1 - - [24/Mar/2026:21:47:26 -0400] "GET /?products/414860175 HTTP/1.1" 301 141 "-" "Mozilla/5.0 (Linux; Android 6.0.1; Nexus 5X Build/MMB29P) AppleWebKit/537.36 (KHTML, like Gecko) Chrome/146.0.7680.153 Mobile Safari/537.36 (compatible; Googlebot/2.1; +http://www.google.com/bot.html)"
66.249.68.1 - - [24/Mar/2026:21:47:33 -0400] "GET /comment.php?d=66191791211520 HTTP/1.1" 200 5 "-" "Mozilla/5.0 (Linux; Android 6.0.1; Nexus 5X Build/MMB29P) AppleWebKit/537.36 (KHTML, like Gecko) Chrome/146.0.7680.153 Mobile Safari/537.36 (compatible; Googlebot/2.1; +http://www.google.com/bot.html)"
66.249.68.1 - - [24/Mar/2026:21:47:35 -0400] "GET /comment.php?d=57889827670962 HTTP/1.1" 200 5 "-" "Mozilla/5.0 (Linux; Android 6.0.1; Nexus 5X Build/MMB29P) AppleWebKit/537.36 (KHTML, like Gecko) Chrome/146.0.7680.153 Mobile Safari/537.36 (compatible; Googlebot/2.1; +http://www.google.com/bot.html)"
66.249.68.1 - - [24/Mar/2026:21:47:32 -0400] "GET /?products%2F414860175 HTTP/1.1" 200 14684 "-" "Mozilla/5.0 (Linux; Android 6.0.1; Nexus 5X Build/MMB29P) AppleWebKit/537.36 (KHTML, like Gecko) Chrome/146.0.7680.153 Mobile Safari/537.36 (compatible; Googlebot/2.1; +http://www.google.com/bot.html)"
66.249.68.1 - - [24/Mar/2026:21:47:45 -0400] "GET /comment.php?d=72304410095398 HTTP/1.1" 200 5 "-" "Mozilla/5.0 (Linux; Android 6.0.1; Nexus 5X Build/MMB29P) AppleWebKit/537.36 (KHTML, like Gecko) Chrome/146.0.7680.153 Mobile Safari/537.36 (compatible; Googlebot/2.1; +http://www.google.com/bot.html)"
66.249.68.1 - - [24/Mar/2026:21:47:50 -0400] "GET /comment.php?d=22432706808032 HTTP/1.1" 200 5 "-" "Mozilla/5.0 (Linux; Android 6.0.1; Nexus 5X Build/MMB29P) AppleWebKit/537.36 (KHTML, like Gecko) Chrome/146.0.7680.153 Mobile Safari/537.36 (compatible; Googlebot/2.1; +http://www.google.com/bot.html)"
66.249.68.1 - - [24/Mar/2026:21:47:57 -0400] "GET /comment.php?d=71944459473157 HTTP/1.1" 200 5 "-" "Mozilla/5.0 (Linux; Android 6.0.1; Nexus 5X Build/MMB29P) AppleWebKit/537.36 (KHTML, like Gecko) Chrome/146.0.7680.153 Mobile Safari/537.36 (compatible; Googlebot/2.1; +http://www.google.com/bot.html)"
66.249.68.1 - - [24/Mar/2026:21:47:59 -0400] "GET /comment.php?d=7443779561669 HTTP/1.1" 200 5 "-" "Mozilla/5.0 (Linux; Android 6.0.1; Nexus 5X Build/MMB29P) AppleWebKit/537.36 (KHTML, like Gecko) Chrome/146.0.7680.153 Mobile Safari/537.36 (compatible; Googlebot/2.1; +http://www.google.com/bot.html)"
66.249.68.1 - - [24/Mar/2026:21:48:01 -0400] "GET /comment.php?d=1819835218608 HTTP/1.1" 200 5 "-" "Mozilla/5.0 (Linux; Android 6.0.1; Nexus 5X Build/MMB29P) AppleWebKit/537.36 (KHTML, like Gecko) Chrome/146.0.7680.153 Mobile Safari/537.36 (compatible; Googlebot/2.1; +http://www.google.com/bot.html)"
66.249.68.1 - - [24/Mar/2026:21:48:05 -0400] "GET /comment.php?d=40705995318515 HTTP/1.1" 200 5 "-" "Mozilla/5.0 (Linux; Android 6.0.1; Nexus 5X Build/MMB29P) AppleWebKit/537.36 (KHTML, like Gecko) Chrome/146.0.7680.153 Mobile Safari/537.36 (compatible; Googlebot/2.1; +http://www.google.com/bot.html)"
66.249.68.1 - - [24/Mar/2026:21:48:07 -0400] "GET /comment.php?d=94267169984189 HTTP/1.1" 200 5 "-" "Mozilla/5.0 (Linux; Android 6.0.1; Nexus 5X Build/MMB29P) AppleWebKit/537.36 (KHTML, like Gecko) Chrome/146.0.7680.153 Mobile Safari/537.36 (compatible; Googlebot/2.1; +http://www.google.com/bot.html)"
66.249.68.1 - - [24/Mar/2026:21:48:10 -0400] "GET /comment.php?d=10823592733104 HTTP/1.1" 200 5 "-" "Mozilla/5.0 (Linux; Android 6.0.1; Nexus 5X Build/MMB29P) AppleWebKit/537.36 (KHTML, like Gecko) Chrome/146.0.7680.153 Mobile Safari/537.36 (compatible; Googlebot/2.1; +http://www.google.com/bot.html)"
66.249.68.1 - - [24/Mar/2026:21:48:13 -0400] "GET /comment.php?d=80799292397577 HTTP/1.1" 200 5 "-" "Mozilla/5.0 (Linux; Android 6.0.1; Nexus 5X Build/MMB29P) AppleWebKit/537.36 (KHTML, like Gecko) Chrome/146.0.7680.153 Mobile Safari/537.36 (compatible; Googlebot/2.1; +http://www.google.com/bot.html)"
66.249.68.1 - - [24/Mar/2026:21:48:16 -0400] "GET /comment.php?d=10138276876471 HTTP/1.1" 200 5 "-" "Mozilla/5.0 (Linux; Android 6.0.1; Nexus 5X Build/MMB29P) AppleWebKit/537.36 (KHTML, like Gecko) Chrome/146.0.7680.153 Mobile Safari/537.36 (compatible; Googlebot/2.1; +http://www.google.com/bot.html)"
66.249.68.1 - - [24/Mar/2026:21:48:22 -0400] "GET /comment.php?d=10654578247377 HTTP/1.1" 200 5 "-" "Mozilla/5.0 (Linux; Android 6.0.1; Nexus 5X Build/MMB29P) AppleWebKit/537.36 (KHTML, like Gecko) Chrome/146.0.7680.153 Mobile Safari/537.36 (compatible; Googlebot/2.1; +http://www.google.com/bot.html)"
66.249.68.1 - - [24/Mar/2026:21:48:31 -0400] "GET /comment.php?d=17817338273340 HTTP/1.1" 200 5 "-" "Mozilla/5.0 (Linux; Android 6.0.1; Nexus 5X Build/MMB29P) AppleWebKit/537.36 (KHTML, like Gecko) Chrome/146.0.7680.153 Mobile Safari/537.36 (compatible; Googlebot/2.1; +http://www.google.com/bot.html)"
66.249.68.2 - - [24/Mar/2026:21:48:36 -0400] "GET /comment.php?d=50052688634680 HTTP/1.1" 200 5 "-" "Mozilla/5.0 (Linux; Android 6.0.1; Nexus 5X Build/MMB29P) AppleWebKit/537.36 (KHTML, like Gecko) Chrome/146.0.7680.153 Mobile Safari/537.36 (compatible; Googlebot/2.1; +http://www.google.com/bot.html)"
66.249.68.1 - - [24/Mar/2026:21:48:39 -0400] "GET /comment.php?d=48901591377791 HTTP/1.1" 200 5 "-" "Mozilla/5.0 (Linux; Android 6.0.1; Nexus 5X Build/MMB29P) AppleWebKit/537.36 (KHTML, like Gecko) Chrome/146.0.7680.153 Mobile Safari/537.36 (compatible; Googlebot/2.1; +http://www.google.com/bot.html)"
66.249.68.1 - - [24/Mar/2026:21:48:42 -0400] "GET /comment.php?d=64050114150720 HTTP/1.1" 200 5 "-" "Mozilla/5.0 (Linux; Android 6.0.1; Nexus 5X Build/MMB29P) AppleWebKit/537.36 (KHTML, like Gecko) Chrome/146.0.7680.153 Mobile Safari/537.36 (compatible; Googlebot/2.1; +http://www.google.com/bot.html)"
66.249.68.1 - - [24/Mar/2026:21:48:45 -0400] "GET /comment.php?d=88831849430042 HTTP/1.1" 200 5 "-" "Mozilla/5.0 (Linux; Android 6.0.1; Nexus 5X Build/MMB29P) AppleWebKit/537.36 (KHTML, like Gecko) Chrome/146.0.7680.153 Mobile Safari/537.36 (compatible; Googlebot/2.1; +http://www.google.com/bot.html)"
66.249.68.1 - - [24/Mar/2026:21:48:56 -0400] "GET /comment.php?d=40479848357056 HTTP/1.1" 200 5 "-" "Mozilla/5.0 (Linux; Android 6.0.1; Nexus 5X Build/MMB29P) AppleWebKit/537.36 (KHTML, like Gecko) Chrome/146.0.7680.153 Mobile Safari/537.36 (compatible; Googlebot/2.1; +http://www.google.com/bot.html)"
66.249.68.1 - - [24/Mar/2026:21:48:58 -0400] "GET /comment.php?d=13914954029758 HTTP/1.1" 200 5 "-" "Mozilla/5.0 (Linux; Android 6.0.1; Nexus 5X Build/MMB29P) AppleWebKit/537.36 (KHTML, like Gecko) Chrome/146.0.7680.153 Mobile Safari/537.36 (compatible; Googlebot/2.1; +http://www.google.com/bot.html)"
66.249.68.1 - - [24/Mar/2026:21:49:02 -0400] "GET /comment.php?d=56488323724610 HTTP/1.1" 200 5 "-" "Mozilla/5.0 (Linux; Android 6.0.1; Nexus 5X Build/MMB29P) AppleWebKit/537.36 (KHTML, like Gecko) Chrome/146.0.7680.153 Mobile Safari/537.36 (compatible; Googlebot/2.1; +http://www.google.com/bot.html)"
15.220.169.114 - - [24/Mar/2026:21:49:05 -0400] "GET /.env HTTP/1.1" 403 1242 "https://duckduckgo.com/" "Mozilla/5.0 (Windows NT 10.0; Win64; x64) AppleWebKit/537.36 (KHTML, like Gecko) Chrome/122.0.6261.69 Safari/537.36"
15.220.169.114 - - [24/Mar/2026:21:49:06 -0400] "GET /.env. HTTP/1.1" 403 1242 "https://www.bing.com/" "Mozilla/5.0 (Linux; Android 14; SM-S918B) AppleWebKit/537.36 (KHTML, like Gecko) Chrome/121.0.6167.101 Mobile Safari/537.36"
15.220.169.114 - - [24/Mar/2026:21:49:07 -0400] "GET /.env/ HTTP/1.1" 403 1242 "https://www.bing.com/search?q=how+to+tie+a+tie&qs=n&first=5" "Mozilla/5.0 (X11; Linux x86_64; rv:123.0) Gecko/20100101 Firefox/123.0"
15.220.169.114 - - [24/Mar/2026:21:49:08 -0400] "GET /.env%20 HTTP/1.1" 403 1242 "https://www.bbc.com/news/science-environment-12345678" "Mozilla/5.0 (X11; Linux x86_64) AppleWebKit/537.36 (KHTML, like Gecko) Chrome/121.0.6167.85 Safari/537.36"
66.249.68.1 - - [24/Mar/2026:21:49:08 -0400] "GET /comment.php?d=18189145365932 HTTP/1.1" 200 5 "-" "Mozilla/5.0 (Linux; Android 6.0.1; Nexus 5X Build/MMB29P) AppleWebKit/537.36 (KHTML, like Gecko) Chrome/146.0.7680.153 Mobile Safari/537.36 (compatible; Googlebot/2.1; +http://www.google.com/bot.html)"
15.220.169.114 - - [24/Mar/2026:21:49:09 -0400] "GET /.env%20 HTTP/1.1" 403 1242 "https://dev.to/search?q=react+hooks+tutorial" "Mozilla/5.0 (Windows NT 10.0; Win64; x64) AppleWebKit/537.36 (KHTML, like Gecko) Chrome/121.0.6167.160 Safari/537.36"
66.249.68.1 - - [24/Mar/2026:21:49:11 -0400] "GET /content.php?a=16419241204782 HTTP/1.1" 200 5 "-" "Mozilla/5.0 (Linux; Android 6.0.1; Nexus 5X Build/MMB29P) AppleWebKit/537.36 (KHTML, like Gecko) Chrome/146.0.7680.153 Mobile Safari/537.36 (compatible; Googlebot/2.1; +http://www.google.com/bot.html)"
66.249.68.1 - - [24/Mar/2026:21:49:13 -0400] "GET /comment.php?d=83589595972384 HTTP/1.1" 200 5 "-" "Mozilla/5.0 (Linux; Android 6.0.1; Nexus 5X Build/MMB29P) AppleWebKit/537.36 (KHTML, like Gecko) Chrome/146.0.7680.153 Mobile Safari/537.36 (compatible; Googlebot/2.1; +http://www.google.com/bot.html)"
15.220.169.114 - - [24/Mar/2026:21:49:09 -0400] "GET / HTTP/1.1" 200 0 "https://search.yahoo.com/search?p=home+decor+ideas&ei=UTF-8" "Mozilla/5.0 (Macintosh; Intel Mac OS X 14_2) AppleWebKit/605.1.15 (KHTML, like Gecko) Version/17.3 Safari/605.1.15"
66.249.68.1 - - [24/Mar/2026:21:49:16 -0400] "GET /comment.php?d=90915043031294 HTTP/1.1" 200 5 "-" "Mozilla/5.0 (Linux; Android 6.0.1; Nexus 5X Build/MMB29P) AppleWebKit/537.36 (KHTML, like Gecko) Chrome/146.0.7680.153 Mobile Safari/537.36 (compatible; Googlebot/2.1; +http://www.google.com/bot.html)"
15.220.169.114 - - [24/Mar/2026:21:49:16 -0400] "GET / HTTP/1.1" 200 0 "https://search.yahoo.com/search?p=home+decor+ideas&ei=UTF-8" "Mozilla/5.0 (Macintosh; Intel Mac OS X 14_2) AppleWebKit/605.1.15 (KHTML, like Gecko) Version/17.3 Safari/605.1.15"
66.249.68.1 - - [24/Mar/2026:21:49:21 -0400] "GET /comment.php?d=30212599158001 HTTP/1.1" 200 5 "-" "Mozilla/5.0 (Linux; Android 6.0.1; Nexus 5X Build/MMB29P) AppleWebKit/537.36 (KHTML, like Gecko) Chrome/146.0.7680.153 Mobile Safari/537.36 (compatible; Googlebot/2.1; +http://www.google.com/bot.html)"
66.249.68.1 - - [24/Mar/2026:21:49:25 -0400] "GET /comment.php?d=9123924990672 HTTP/1.1" 200 5 "-" "Mozilla/5.0 (Linux; Android 6.0.1; Nexus 5X Build/MMB29P) AppleWebKit/537.36 (KHTML, like Gecko) Chrome/146.0.7680.153 Mobile Safari/537.36 (compatible; Googlebot/2.1; +http://www.google.com/bot.html)"
66.249.68.1 - - [24/Mar/2026:21:49:25 -0400] "GET /comment.php?d=3817478378112 HTTP/1.1" 200 5 "-" "Mozilla/5.0 (Linux; Android 6.0.1; Nexus 5X Build/MMB29P) AppleWebKit/537.36 (KHTML, like Gecko) Chrome/146.0.7680.153 Mobile Safari/537.36 (compatible; Googlebot/2.1; +http://www.google.com/bot.html)"
15.220.169.114 - - [24/Mar/2026:21:49:22 -0400] "GET / HTTP/1.1" 200 0 "https://search.yahoo.com/search?p=home+decor+ideas&ei=UTF-8" "Mozilla/5.0 (Macintosh; Intel Mac OS X 14_2) AppleWebKit/605.1.15 (KHTML, like Gecko) Version/17.3 Safari/605.1.15"
66.249.68.1 - - [24/Mar/2026:21:49:29 -0400] "GET /comment.php?d=67982955833214 HTTP/1.1" 200 5 "-" "Mozilla/5.0 (Linux; Android 6.0.1; Nexus 5X Build/MMB29P) AppleWebKit/537.36 (KHTML, like Gecko) Chrome/146.0.7680.153 Mobile Safari/537.36 (compatible; Googlebot/2.1; +http://www.google.com/bot.html)"
66.249.68.1 - - [24/Mar/2026:21:49:29 -0400] "GET /comment.php?d=81961362819115 HTTP/1.1" 200 5 "-" "Mozilla/5.0 (Linux; Android 6.0.1; Nexus 5X Build/MMB29P) AppleWebKit/537.36 (KHTML, like Gecko) Chrome/146.0.7680.153 Mobile Safari/537.36 (compatible; Googlebot/2.1; +http://www.google.com/bot.html)"
66.249.68.1 - - [24/Mar/2026:21:49:32 -0400] "GET /comment.php?d=86012290699549 HTTP/1.1" 200 5 "-" "Mozilla/5.0 (Linux; Android 6.0.1; Nexus 5X Build/MMB29P) AppleWebKit/537.36 (KHTML, like Gecko) Chrome/146.0.7680.153 Mobile Safari/537.36 (compatible; Googlebot/2.1; +http://www.google.com/bot.html)"
15.220.169.114 - - [24/Mar/2026:21:49:28 -0400] "GET / HTTP/1.1" 200 0 "https://search.yahoo.com/search?p=home+decor+ideas&ei=UTF-8" "Mozilla/5.0 (Macintosh; Intel Mac OS X 14_2) AppleWebKit/605.1.15 (KHTML, like Gecko) Version/17.3 Safari/605.1.15"
66.249.68.1 - - [24/Mar/2026:21:49:36 -0400] "GET /comment.php?d=36749252491114 HTTP/1.1" 200 5 "-" "Mozilla/5.0 (Linux; Android 6.0.1; Nexus 5X Build/MMB29P) AppleWebKit/537.36 (KHTML, like Gecko) Chrome/146.0.7680.153 Mobile Safari/537.36 (compatible; Googlebot/2.1; +http://www.google.com/bot.html)"
66.249.68.1 - - [24/Mar/2026:21:49:39 -0400] "GET /content.php?a=95076147959837 HTTP/1.1" 200 5 "-" "Mozilla/5.0 (Linux; Android 6.0.1; Nexus 5X Build/MMB29P) AppleWebKit/537.36 (KHTML, like Gecko) Chrome/146.0.7680.153 Mobile Safari/537.36 (compatible; Googlebot/2.1; +http://www.google.com/bot.html)"
15.220.169.114 - - [24/Mar/2026:21:49:35 -0400] "GET / HTTP/1.1" 200 0 "https://search.yahoo.com/search?p=home+decor+ideas&ei=UTF-8" "Mozilla/5.0 (Macintosh; Intel Mac OS X 14_2) AppleWebKit/605.1.15 (KHTML, like Gecko) Version/17.3 Safari/605.1.15"
66.249.68.1 - - [24/Mar/2026:21:49:41 -0400] "GET /comment.php?d=99491715109368 HTTP/1.1" 200 5 "-" "Mozilla/5.0 (Linux; Android 6.0.1; Nexus 5X Build/MMB29P) AppleWebKit/537.36 (KHTML, like Gecko) Chrome/146.0.7680.153 Mobile Safari/537.36 (compatible; Googlebot/2.1; +http://www.google.com/bot.html)"
66.249.68.1 - - [24/Mar/2026:21:49:41 -0400] "GET /comment.php?d=52712104646250 HTTP/1.1" 200 5 "-" "Mozilla/5.0 (Linux; Android 6.0.1; Nexus 5X Build/MMB29P) AppleWebKit/537.36 (KHTML, like Gecko) Chrome/146.0.7680.153 Mobile Safari/537.36 (compatible; Googlebot/2.1; +http://www.google.com/bot.html)"
15.220.169.114 - - [24/Mar/2026:21:49:42 -0400] "GET /.env.local HTTP/1.1" 403 1242 "https://github.com/" "Mozilla/5.0 (Windows NT 10.0; Win64; x64) AppleWebKit/537.36 (KHTML, like Gecko) Edg/121.0.2277.128 Safari/537.36"
15.220.169.114 - - [24/Mar/2026:21:49:43 -0400] "GET /.env.local. HTTP/1.1" 403 1242 "https://www.walmart.com/search?q=organic+coffee&cat_id=0" "Mozilla/5.0 (Windows NT 10.0; Win64; x64) AppleWebKit/537.36 (KHTML, like Gecko) Chrome/123.0.6312.58 Safari/537.36"
15.220.169.114 - - [24/Mar/2026:21:49:43 -0400] "GET /.env.local/ HTTP/1.1" 403 1242 "https://stackoverflow.com/" "Mozilla/5.0 (Windows NT 10.0; Win64; x64) AppleWebKit/537.36 (KHTML, like Gecko) Edg/122.0.2365.80 Safari/537.36"
66.249.68.1 - - [24/Mar/2026:21:49:44 -0400] "GET /comment.php?d=56572087311225 HTTP/1.1" 200 5 "-" "Mozilla/5.0 (Linux; Android 6.0.1; Nexus 5X Build/MMB29P) AppleWebKit/537.36 (KHTML, like Gecko) Chrome/146.0.7680.153 Mobile Safari/537.36 (compatible; Googlebot/2.1; +http://www.google.com/bot.html)"
15.220.169.114 - - [24/Mar/2026:21:49:45 -0400] "GET /.env.local%20 HTTP/1.1" 403 1242 "https://www.google.com/search?q=weather+new+york&client=firefox-b-d" "Mozilla/5.0 (Linux; Android 14; SM-S918B) AppleWebKit/537.36 (KHTML, like Gecko) Chrome/121.0.6167.101 Mobile Safari/537.36"
15.220.169.114 - - [24/Mar/2026:21:49:46 -0400] "GET /.env.local%20 HTTP/1.1" 403 1242 "https://github.com/search?q=topic%3Acooking-recipes&type=repositories" "Mozilla/5.0 (Windows NT 10.0; Win64; x64) AppleWebKit/537.36 (KHTML, like Gecko) Edg/120.0.2210.144 Safari/537.36"
66.249.68.1 - - [24/Mar/2026:21:49:49 -0400] "GET /comment.php?d=44692901582525 HTTP/1.1" 200 5 "-" "Mozilla/5.0 (Linux; Android 6.0.1; Nexus 5X Build/MMB29P) AppleWebKit/537.36 (KHTML, like Gecko) Chrome/146.0.7680.153 Mobile Safari/537.36 (compatible; Googlebot/2.1; +http://www.google.com/bot.html)"
15.220.169.114 - - [24/Mar/2026:21:49:47 -0400] "GET / HTTP/1.1" 200 14584 "https://stackoverflow.com/search?q=%5Bcss%5D+animation&sort=newest" "Mozilla/5.0 (Windows NT 10.0; Win64; x64) AppleWebKit/537.36 (KHTML, like Gecko) Edg/120.0.2210.144 Safari/537.36"
15.220.169.114 - - [24/Mar/2026:21:49:51 -0400] "GET /.env.production HTTP/1.1" 403 1242 "https://medium.com/" "Mozilla/5.0 (Macintosh; Intel Mac OS X 14_2) AppleWebKit/605.1.15 (KHTML, like Gecko) Version/17.3 Safari/605.1.15"
66.249.68.1 - - [24/Mar/2026:21:49:52 -0400] "GET /comment.php?d=91344554875052 HTTP/1.1" 200 5 "-" "Mozilla/5.0 (Linux; Android 6.0.1; Nexus 5X Build/MMB29P) AppleWebKit/537.36 (KHTML, like Gecko) Chrome/146.0.7680.153 Mobile Safari/537.36 (compatible; Googlebot/2.1; +http://www.google.com/bot.html)"
15.220.169.114 - - [24/Mar/2026:21:49:52 -0400] "GET /.env.production. HTTP/1.1" 403 1242 "https://scholar.google.com/scholar?q=machine+learning+history" "Mozilla/5.0 (Windows NT 10.0; Win64; x64) AppleWebKit/537.36 (KHTML, like Gecko) Chrome/123.0.6312.58 Safari/537.36"
15.220.169.114 - - [24/Mar/2026:21:49:53 -0400] "GET /.env.production/ HTTP/1.1" 403 1242 "https://www.perplexity.ai/search?q=renaissance+art+characteristics" "Mozilla/5.0 (Windows NT 10.0; Win64; x64; rv:122.0) Gecko/20100101 Firefox/122.0"
15.220.169.114 - - [24/Mar/2026:21:49:54 -0400] "GET /.env.production%20 HTTP/1.1" 403 1242 "https://pypi.org/search/?q=data+visualization" "Mozilla/5.0 (X11; Linux x86_64; rv:122.0) Gecko/20100101 Firefox/122.0"
66.249.68.1 - - [24/Mar/2026:21:49:54 -0400] "GET /content.php?a=59231668796751 HTTP/1.1" 200 5 "-" "Mozilla/5.0 (Linux; Android 6.0.1; Nexus 5X Build/MMB29P) AppleWebKit/537.36 (KHTML, like Gecko) Chrome/146.0.7680.153 Mobile Safari/537.36 (compatible; Googlebot/2.1; +http://www.google.com/bot.html)"
15.220.169.114 - - [24/Mar/2026:21:49:55 -0400] "GET /.env.production%20 HTTP/1.1" 403 1242 "https://www.quora.com/search?q=best+books+to+read+2026" "Mozilla/5.0 (Linux; Android 13; Pixel 7 Pro) AppleWebKit/537.36 (KHTML, like Gecko) Chrome/122.0.6261.64 Mobile Safari/537.36"
15.220.169.114 - - [24/Mar/2026:21:49:56 -0400] "GET / HTTP/1.1" 200 14583 "https://www.npmjs.com/search?q=date+formatter" "Mozilla/5.0 (Windows NT 10.0; Win64; x64; rv:121.0) Gecko/20100101 Firefox/121.0"
66.249.68.1 - - [24/Mar/2026:21:49:57 -0400] "GET /content.php?a=28685867282623 HTTP/1.1" 200 5 "-" "Mozilla/5.0 (Linux; Android 6.0.1; Nexus 5X Build/MMB29P) AppleWebKit/537.36 (KHTML, like Gecko) Chrome/146.0.7680.153 Mobile Safari/537.36 (compatible; Googlebot/2.1; +http://www.google.com/bot.html)"
15.220.169.114 - - [24/Mar/2026:21:49:59 -0400] "GET /.env.development HTTP/1.1" 403 1242 "https://www.wikipedia.org/wiki/Main_Page?action=history" "Mozilla/5.0 (Windows NT 10.0; Win64; x64) AppleWebKit/537.36 (KHTML, like Gecko) Chrome/121.0.6167.160 Safari/537.36"
15.220.169.114 - - [24/Mar/2026:21:49:59 -0400] "GET /.env.development. HTTP/1.1" 403 1242 "https://www.google.es/" "Mozilla/5.0 (Windows NT 10.0; Win64; x64) AppleWebKit/537.36 (KHTML, like Gecko) Chrome/120.0.6099.225 Safari/537.36"
15.220.169.114 - - [24/Mar/2026:21:50:00 -0400] "GET /.env.development/ HTTP/1.1" 403 1242 "https://www.nytimes.com/section/technology?action=click&pgtype=Article&state=default" "Mozilla/5.0 (Macintosh; Intel Mac OS X 13_6) AppleWebKit/605.1.15 (KHTML, like Gecko) Version/17.2 Safari/605.1.15"
66.249.68.3 - - [24/Mar/2026:21:50:00 -0400] "GET /content.php?a=57043379128204 HTTP/1.1" 200 5 "-" "Mozilla/5.0 (Linux; Android 6.0.1; Nexus 5X Build/MMB29P) AppleWebKit/537.36 (KHTML, like Gecko) Chrome/146.0.7680.153 Mobile Safari/537.36 (compatible; Googlebot/2.1; +http://www.google.com/bot.html)"
15.220.169.114 - - [24/Mar/2026:21:50:02 -0400] "GET /.env.development%20 HTTP/1.1" 403 1242 "https://www.bing.com/" "Mozilla/5.0 (Windows NT 10.0; Win64; x64) AppleWebKit/537.36 (KHTML, like Gecko) Chrome/123.0.6312.58 Safari/537.36"
15.220.169.114 - - [24/Mar/2026:21:50:03 -0400] "GET /.env.development%20 HTTP/1.1" 403 1242 "https://www.ecosia.org/" "Mozilla/5.0 (Windows NT 10.0; Win64; x64) AppleWebKit/537.36 (KHTML, like Gecko) Chrome/123.0.6312.58 Safari/537.36"
66.249.68.2 - - [24/Mar/2026:21:50:04 -0400] "GET /content.php?a=32652085487465 HTTP/1.1" 200 5 "-" "Mozilla/5.0 (Linux; Android 6.0.1; Nexus 5X Build/MMB29P) AppleWebKit/537.36 (KHTML, like Gecko) Chrome/146.0.7680.153 Mobile Safari/537.36 (compatible; Googlebot/2.1; +http://www.google.com/bot.html)"
66.249.68.1 - - [24/Mar/2026:21:50:04 -0400] "GET /comment.php?d=20364078220862 HTTP/1.1" 200 5 "-" "Mozilla/5.0 (Linux; Android 6.0.1; Nexus 5X Build/MMB29P) AppleWebKit/537.36 (KHTML, like Gecko) Chrome/146.0.7680.153 Mobile Safari/537.36 (compatible; Googlebot/2.1; +http://www.google.com/bot.html)"
66.249.68.1 - - [24/Mar/2026:21:50:06 -0400] "GET /content.php?a=18519285628379 HTTP/1.1" 200 5 "-" "Mozilla/5.0 (Linux; Android 6.0.1; Nexus 5X Build/MMB29P) AppleWebKit/537.36 (KHTML, like Gecko) Chrome/146.0.7680.153 Mobile Safari/537.36 (compatible; Googlebot/2.1; +http://www.google.com/bot.html)"
15.220.169.114 - - [24/Mar/2026:21:50:03 -0400] "GET / HTTP/1.1" 200 14583 "https://www.npmjs.com/search?q=date+formatter" "Mozilla/5.0 (Windows NT 10.0; Win64; x64; rv:122.0) Gecko/20100101 Firefox/122.0"
15.220.169.114 - - [24/Mar/2026:21:50:08 -0400] "GET /.env.staging HTTP/1.1" 403 1242 "https://www.youtube.com/watch?v=abcdEFGHijk&feature=share" "Mozilla/5.0 (Windows NT 10.0; Win64; x64) AppleWebKit/537.36 (KHTML, like Gecko) Chrome/120.0.6099.225 Safari/537.36"
15.220.169.114 - - [24/Mar/2026:21:50:09 -0400] "GET /.env.staging. HTTP/1.1" 403 1242 "https://www.facebook.com/" "Mozilla/5.0 (Macintosh; Intel Mac OS X 14_2) AppleWebKit/605.1.15 (KHTML, like Gecko) Version/17.3 Safari/605.1.15"
66.249.68.2 - - [24/Mar/2026:21:50:09 -0400] "GET /content.php?a=71292262832301 HTTP/1.1" 200 5 "-" "Mozilla/5.0 (Linux; Android 6.0.1; Nexus 5X Build/MMB29P) AppleWebKit/537.36 (KHTML, like Gecko) Chrome/146.0.7680.153 Mobile Safari/537.36 (compatible; Googlebot/2.1; +http://www.google.com/bot.html)"
15.220.169.114 - - [24/Mar/2026:21:50:10 -0400] "GET /.env.staging/ HTTP/1.1" 403 1242 "https://www.qwant.com/" "Mozilla/5.0 (Linux; Android 13; Pixel 7 Pro) AppleWebKit/537.36 (KHTML, like Gecko) Chrome/122.0.6261.64 Mobile Safari/537.36"
15.220.169.114 - - [24/Mar/2026:21:50:12 -0400] "GET /.env.staging%20 HTTP/1.1" 403 1242 "https://www.quora.com/search?q=best+books+to+read+2026" "Mozilla/5.0 (iPad; CPU OS 17_2 like Mac OS X) AppleWebKit/605.1.15 (KHTML, like Gecko) Version/17.2 Mobile/15E148 Safari/604.1"
66.249.68.1 - - [24/Mar/2026:21:50:12 -0400] "GET /content.php?a=88278840211173 HTTP/1.1" 200 5 "-" "Mozilla/5.0 (Linux; Android 6.0.1; Nexus 5X Build/MMB29P) AppleWebKit/537.36 (KHTML, like Gecko) Chrome/146.0.7680.153 Mobile Safari/537.36 (compatible; Googlebot/2.1; +http://www.google.com/bot.html)"
15.220.169.114 - - [24/Mar/2026:21:50:12 -0400] "GET /.env.staging%20 HTTP/1.1" 403 1242 "https://l.facebook.com/" "Mozilla/5.0 (Linux; Android 14; SM-S918B) AppleWebKit/537.36 (KHTML, like Gecko) Chrome/121.0.6167.101 Mobile Safari/537.36"
15.220.169.114 - - [24/Mar/2026:21:50:13 -0400] "GET / HTTP/1.1" 200 14583 "https://www.wikipedia.org/" "Mozilla/5.0 (X11; Linux x86_64; rv:123.0) Gecko/20100101 Firefox/123.0"
66.249.68.1 - - [24/Mar/2026:21:50:15 -0400] "GET /content.php?a=29374792080574 HTTP/1.1" 200 5 "-" "Mozilla/5.0 (Linux; Android 6.0.1; Nexus 5X Build/MMB29P) AppleWebKit/537.36 (KHTML, like Gecko) Chrome/146.0.7680.153 Mobile Safari/537.36 (compatible; Googlebot/2.1; +http://www.google.com/bot.html)"
15.220.169.114 - - [24/Mar/2026:21:50:15 -0400] "GET /.env.test HTTP/1.1" 403 1242 "https://twitter.com/" "Mozilla/5.0 (X11; Linux x86_64) AppleWebKit/537.36 (KHTML, like Gecko) Chrome/121.0.6167.85 Safari/537.36"
15.220.169.114 - - [24/Mar/2026:21:50:16 -0400] "GET /.env.test. HTTP/1.1" 403 1242 "https://stackoverflow.com/search?q=%5Bcss%5D+animation&sort=newest" "Mozilla/5.0 (Windows NT 10.0; Win64; x64; rv:121.0) Gecko/20100101 Firefox/121.0"
15.220.169.114 - - [24/Mar/2026:21:50:17 -0400] "GET /.env.test/ HTTP/1.1" 403 1242 "https://duckduckgo.com/?q=" "Mozilla/5.0 (Windows NT 10.0; Win64; x64) AppleWebKit/537.36 (KHTML, like Gecko) Edg/121.0.2277.128 Safari/537.36"
66.249.68.1 - - [24/Mar/2026:21:50:18 -0400] "GET /comment.php?d=96925364198332 HTTP/1.1" 200 5 "-" "Mozilla/5.0 (Linux; Android 6.0.1; Nexus 5X Build/MMB29P) AppleWebKit/537.36 (KHTML, like Gecko) Chrome/146.0.7680.153 Mobile Safari/537.36 (compatible; Googlebot/2.1; +http://www.google.com/bot.html)"
15.220.169.114 - - [24/Mar/2026:21:50:18 -0400] "GET /.env.test%20 HTTP/1.1" 403 1242 "https://vimeo.com/search?q=short+film+festival" "Mozilla/5.0 (Linux; Android 14; SM-S918B) AppleWebKit/537.36 (KHTML, like Gecko) Chrome/121.0.6167.101 Mobile Safari/537.36"
15.220.169.114 - - [24/Mar/2026:21:50:19 -0400] "GET /.env.test%20 HTTP/1.1" 403 1242 "https://www.imdb.com/search/title/?title_type=feature&year=2025,2026" "Mozilla/5.0 (Windows NT 10.0; Win64; x64) AppleWebKit/537.36 (KHTML, like Gecko) Edg/120.0.2210.144 Safari/537.36"
66.249.68.1 - - [24/Mar/2026:21:50:20 -0400] "GET /comment.php?d=51646503795926 HTTP/1.1" 200 5 "-" "Mozilla/5.0 (Linux; Android 6.0.1; Nexus 5X Build/MMB29P) AppleWebKit/537.36 (KHTML, like Gecko) Chrome/146.0.7680.153 Mobile Safari/537.36 (compatible; Googlebot/2.1; +http://www.google.com/bot.html)"
47.128.53.6 - - [24/Mar/2026:21:50:21 -0400] "GET /wp-includes/block-supports/block-style-variations.php HTTP/1.1" 200 200 "-" "Mozilla/5.0 (Linux; Android 5.0) AppleWebKit/537.36 (KHTML, like Gecko) Mobile Safari/537.36 (compatible; Bytespider; spider-feedback@bytedance.com)"
15.220.169.114 - - [24/Mar/2026:21:50:20 -0400] "GET / HTTP/1.1" 200 14583 "https://www.amazon.com/dp/B08N5WRWNW?ref_=nav_em__k_ods_ha_0_1_1_3" "Mozilla/5.0 (Linux; Android 12; SM-G991B) AppleWebKit/537.36 (KHTML, like Gecko) Chrome/120.0.6099.230 Mobile Safari/537.36"
15.220.169.114 - - [24/Mar/2026:21:50:25 -0400] "GET /.env.backup HTTP/1.1" 403 1242 "https://news.ycombinator.com/item?id=34567890" "Mozilla/5.0 (Windows NT 10.0; Win64; x64; rv:121.0) Gecko/20100101 Firefox/121.0"
15.220.169.114 - - [24/Mar/2026:21:50:26 -0400] "GET /.env.backup. HTTP/1.1" 403 1242 "https://www.wikipedia.org/wiki/Main_Page?action=history" "Mozilla/5.0 (Macintosh; Intel Mac OS X 13_6) AppleWebKit/605.1.15 (KHTML, like Gecko) Version/17.2 Safari/605.1.15"
15.220.169.114 - - [24/Mar/2026:21:50:27 -0400] "GET /.env.backup/ HTTP/1.1" 403 1242 "https://www.google.co.uk/" "Mozilla/5.0 (iPhone; CPU iPhone OS 17_2 like Mac OS X) AppleWebKit/605.1.15 (KHTML, like Gecko) Version/17.2 Mobile/15E148 Safari/604.1"
15.220.169.114 - - [24/Mar/2026:21:50:29 -0400] "GET /.env.backup%20 HTTP/1.1" 403 1242 "https://www.ecosia.org/" "Mozilla/5.0 (Windows NT 10.0; Win64; x64) AppleWebKit/537.36 (KHTML, like Gecko) Edg/121.0.2277.128 Safari/537.36"
66.249.68.1 - - [24/Mar/2026:21:50:28 -0400] "GET /content.php?a=12326476468848 HTTP/1.1" 200 5 "-" "Mozilla/5.0 (Linux; Android 6.0.1; Nexus 5X Build/MMB29P) AppleWebKit/537.36 (KHTML, like Gecko) Chrome/146.0.7680.153 Mobile Safari/537.36 (compatible; Googlebot/2.1; +http://www.google.com/bot.html)"
15.220.169.114 - - [24/Mar/2026:21:50:29 -0400] "GET /.env.backup%20 HTTP/1.1" 403 1242 "https://duckduckgo.com/" "Mozilla/5.0 (Macintosh; Intel Mac OS X 13_6) AppleWebKit/605.1.15 (KHTML, like Gecko) Version/17.2 Safari/605.1.15"
66.249.68.1 - - [24/Mar/2026:21:50:31 -0400] "GET /comment.php?d=46654795213388 HTTP/1.1" 200 5 "-" "Mozilla/5.0 (Linux; Android 6.0.1; Nexus 5X Build/MMB29P) AppleWebKit/537.36 (KHTML, like Gecko) Chrome/146.0.7680.153 Mobile Safari/537.36 (compatible; Googlebot/2.1; +http://www.google.com/bot.html)"
66.249.68.1 - - [24/Mar/2026:21:50:34 -0400] "GET /comment.php?d=73042027588498 HTTP/1.1" 200 5 "-" "Mozilla/5.0 (Linux; Android 6.0.1; Nexus 5X Build/MMB29P) AppleWebKit/537.36 (KHTML, like Gecko) Chrome/146.0.7680.153 Mobile Safari/537.36 (compatible; Googlebot/2.1; +http://www.google.com/bot.html)"
15.220.169.114 - - [24/Mar/2026:21:50:30 -0400] "GET / HTTP/1.1" 200 0 "https://www.amazon.com/dp/B08N5WRWNW?ref_=nav_em__k_ods_ha_0_1_1_3" "Mozilla/5.0 (Windows NT 10.0; Win64; x64) AppleWebKit/537.36 (KHTML, like Gecko) Chrome/123.0.6312.58 Safari/537.36"
66.249.68.1 - - [24/Mar/2026:21:50:38 -0400] "GET /content.php?a=31994446557692 HTTP/1.1" 200 5 "-" "Mozilla/5.0 (Linux; Android 6.0.1; Nexus 5X Build/MMB29P) AppleWebKit/537.36 (KHTML, like Gecko) Chrome/146.0.7680.153 Mobile Safari/537.36 (compatible; Googlebot/2.1; +http://www.google.com/bot.html)"
66.249.68.1 - - [24/Mar/2026:21:50:40 -0400] "GET /content.php?a=77111599115504 HTTP/1.1" 200 5 "-" "Mozilla/5.0 (Linux; Android 6.0.1; Nexus 5X Build/MMB29P) AppleWebKit/537.36 (KHTML, like Gecko) Chrome/146.0.7680.153 Mobile Safari/537.36 (compatible; Googlebot/2.1; +http://www.google.com/bot.html)"
66.249.68.1 - - [24/Mar/2026:21:50:42 -0400] "GET /content.php?a=44139850764281 HTTP/1.1" 200 5 "-" "Mozilla/5.0 (Linux; Android 6.0.1; Nexus 5X Build/MMB29P) AppleWebKit/537.36 (KHTML, like Gecko) Chrome/146.0.7680.153 Mobile Safari/537.36 (compatible; Googlebot/2.1; +http://www.google.com/bot.html)"
15.220.169.114 - - [24/Mar/2026:21:50:37 -0400] "GET / HTTP/1.1" 200 0 "https://www.amazon.com/dp/B08N5WRWNW?ref_=nav_em__k_ods_ha_0_1_1_3" "Mozilla/5.0 (Windows NT 10.0; Win64; x64) AppleWebKit/537.36 (KHTML, like Gecko) Chrome/123.0.6312.58 Safari/537.36"
66.249.68.1 - - [24/Mar/2026:21:50:44 -0400] "GET /comment.php?d=49809665006243 HTTP/1.1" 200 5 "-" "Mozilla/5.0 (Linux; Android 6.0.1; Nexus 5X Build/MMB29P) AppleWebKit/537.36 (KHTML, like Gecko) Chrome/146.0.7680.153 Mobile Safari/537.36 (compatible; Googlebot/2.1; +http://www.google.com/bot.html)"
66.249.68.1 - - [24/Mar/2026:21:50:47 -0400] "GET /comment.php?d=50272585172282 HTTP/1.1" 200 5 "-" "Mozilla/5.0 (Linux; Android 6.0.1; Nexus 5X Build/MMB29P) AppleWebKit/537.36 (KHTML, like Gecko) Chrome/146.0.7680.153 Mobile Safari/537.36 (compatible; Googlebot/2.1; +http://www.google.com/bot.html)"
15.220.169.114 - - [24/Mar/2026:21:50:43 -0400] "GET / HTTP/1.1" 200 0 "https://www.amazon.com/dp/B08N5WRWNW?ref_=nav_em__k_ods_ha_0_1_1_3" "Mozilla/5.0 (Windows NT 10.0; Win64; x64) AppleWebKit/537.36 (KHTML, like Gecko) Chrome/123.0.6312.58 Safari/537.36"
15.220.169.114 - - [24/Mar/2026:21:50:49 -0400] "GET / HTTP/1.1" 200 0 "https://www.amazon.com/dp/B08N5WRWNW?ref_=nav_em__k_ods_ha_0_1_1_3" "Mozilla/5.0 (Windows NT 10.0; Win64; x64) AppleWebKit/537.36 (KHTML, like Gecko) Chrome/123.0.6312.58 Safari/537.36"
66.249.68.1 - - [24/Mar/2026:21:50:55 -0400] "GET /comment.php?d=48154489056973 HTTP/1.1" 200 5 "-" "Mozilla/5.0 (Linux; Android 6.0.1; Nexus 5X Build/MMB29P) AppleWebKit/537.36 (KHTML, like Gecko) Chrome/146.0.7680.153 Mobile Safari/537.36 (compatible; Googlebot/2.1; +http://www.google.com/bot.html)"
15.220.169.114 - - [24/Mar/2026:21:50:56 -0400] "GET / HTTP/1.1" 200 0 "https://www.amazon.com/dp/B08N5WRWNW?ref_=nav_em__k_ods_ha_0_1_1_3" "Mozilla/5.0 (Windows NT 10.0; Win64; x64) AppleWebKit/537.36 (KHTML, like Gecko) Chrome/123.0.6312.58 Safari/537.36"
66.249.68.1 - - [24/Mar/2026:21:51:01 -0400] "GET /comment.php?d=88056428683687 HTTP/1.1" 200 5 "-" "Mozilla/5.0 (Linux; Android 6.0.1; Nexus 5X Build/MMB29P) AppleWebKit/537.36 (KHTML, like Gecko) Chrome/146.0.7680.153 Mobile Safari/537.36 (compatible; Googlebot/2.1; +http://www.google.com/bot.html)"
15.220.169.114 - - [24/Mar/2026:21:51:03 -0400] "GET /.env.old HTTP/1.1" 403 1242 "https://github.com/search?q=topic%3Acooking-recipes&type=repositories" "Mozilla/5.0 (Windows NT 10.0; Win64; x64; rv:122.0) Gecko/20100101 Firefox/122.0"
15.220.169.114 - - [24/Mar/2026:21:51:03 -0400] "GET /.env.old. HTTP/1.1" 403 1242 "https://twitter.com/CookingBlog/status/9876543210?ref_src=twsrc%5Etfw" "Mozilla/5.0 (Windows NT 10.0; Win64; x64) AppleWebKit/537.36 (KHTML, like Gecko) Edg/122.0.2365.80 Safari/537.36"
15.220.169.114 - - [24/Mar/2026:21:51:04 -0400] "GET /.env.old/ HTTP/1.1" 403 1242 "https://www.facebook.com/sharer/sharer.php?u=https%3A%2F%2Ftravelblog.com" "Mozilla/5.0 (Windows NT 10.0; Win64; x64) AppleWebKit/537.36 (KHTML, like Gecko) Chrome/122.0.6261.69 Safari/537.36"
66.249.68.1 - - [24/Mar/2026:21:51:04 -0400] "GET /comment.php?d=9864858078020 HTTP/1.1" 200 5 "-" "Mozilla/5.0 (Linux; Android 6.0.1; Nexus 5X Build/MMB29P) AppleWebKit/537.36 (KHTML, like Gecko) Chrome/146.0.7680.153 Mobile Safari/537.36 (compatible; Googlebot/2.1; +http://www.google.com/bot.html)"
15.220.169.114 - - [24/Mar/2026:21:51:06 -0400] "GET /.env.old%20 HTTP/1.1" 403 1242 "https://www.quora.com/search?q=best+books+to+read+2026" "Mozilla/5.0 (Windows NT 10.0; Win64; x64) AppleWebKit/537.36 (KHTML, like Gecko) Edg/120.0.2210.144 Safari/537.36"
15.220.169.114 - - [24/Mar/2026:21:51:07 -0400] "GET /.env.old%20 HTTP/1.1" 403 1242 "https://www.facebook.com/" "Mozilla/5.0 (Linux; Android 14; SM-S918B) AppleWebKit/537.36 (KHTML, like Gecko) Chrome/121.0.6167.101 Mobile Safari/537.36"
66.249.68.3 - - [24/Mar/2026:21:51:10 -0400] "GET /content.php?a=91660886991545 HTTP/1.1" 200 5 "-" "Mozilla/5.0 (Linux; Android 6.0.1; Nexus 5X Build/MMB29P) AppleWebKit/537.36 (KHTML, like Gecko) Chrome/146.0.7680.153 Mobile Safari/537.36 (compatible; Googlebot/2.1; +http://www.google.com/bot.html)"
66.249.68.1 - - [24/Mar/2026:21:51:14 -0400] "GET /comment.php?d=86820023724920 HTTP/1.1" 200 5 "-" "Mozilla/5.0 (Linux; Android 6.0.1; Nexus 5X Build/MMB29P) AppleWebKit/537.36 (KHTML, like Gecko) Chrome/146.0.7680.153 Mobile Safari/537.36 (compatible; Googlebot/2.1; +http://www.google.com/bot.html)"
66.249.68.3 - - [24/Mar/2026:21:51:16 -0400] "GET /comment.php?d=10809394264125 HTTP/1.1" 200 5 "-" "Mozilla/5.0 (Linux; Android 6.0.1; Nexus 5X Build/MMB29P) AppleWebKit/537.36 (KHTML, like Gecko) Chrome/146.0.7680.153 Mobile Safari/537.36 (compatible; Googlebot/2.1; +http://www.google.com/bot.html)"
15.220.169.114 - - [24/Mar/2026:21:51:07 -0400] "GET / HTTP/1.1" 200 14584 "https://search.yahoo.com/search?p=learn+spanish+online+free&fr=yfp-t" "Mozilla/5.0 (Macintosh; Intel Mac OS X 14_2) AppleWebKit/605.1.15 (KHTML, like Gecko) Version/17.3 Safari/605.1.15"
66.249.68.1 - - [24/Mar/2026:21:51:23 -0400] "GET /comment.php?d=5381286992394 HTTP/1.1" 200 5 "-" "Mozilla/5.0 (Linux; Android 6.0.1; Nexus 5X Build/MMB29P) AppleWebKit/537.36 (KHTML, like Gecko) Chrome/146.0.7680.153 Mobile Safari/537.36 (compatible; Googlebot/2.1; +http://www.google.com/bot.html)"
66.249.68.2 - - [24/Mar/2026:21:51:26 -0400] "GET /comment.php?d=22663773629280 HTTP/1.1" 200 5 "-" "Mozilla/5.0 (Linux; Android 6.0.1; Nexus 5X Build/MMB29P) AppleWebKit/537.36 (KHTML, like Gecko) Chrome/146.0.7680.153 Mobile Safari/537.36 (compatible; Googlebot/2.1; +http://www.google.com/bot.html)"
66.249.68.1 - - [24/Mar/2026:21:51:27 -0400] "GET /comment.php?d=93570430371471 HTTP/1.1" 200 5 "-" "Mozilla/5.0 (Linux; Android 6.0.1; Nexus 5X Build/MMB29P) AppleWebKit/537.36 (KHTML, like Gecko) Chrome/146.0.7680.153 Mobile Safari/537.36 (compatible; Googlebot/2.1; +http://www.google.com/bot.html)"
66.249.68.1 - - [24/Mar/2026:21:51:26 -0400] "GET /comment.php?d=19244882271161 HTTP/1.1" 200 5 "-" "Mozilla/5.0 (Linux; Android 6.0.1; Nexus 5X Build/MMB29P) AppleWebKit/537.36 (KHTML, like Gecko) Chrome/146.0.7680.153 Mobile Safari/537.36 (compatible; Googlebot/2.1; +http://www.google.com/bot.html)"
66.249.68.3 - - [24/Mar/2026:21:51:32 -0400] "GET /comment.php?d=49800665678907 HTTP/1.1" 200 5 "-" "Mozilla/5.0 (Linux; Android 6.0.1; Nexus 5X Build/MMB29P) AppleWebKit/537.36 (KHTML, like Gecko) Chrome/146.0.7680.153 Mobile Safari/537.36 (compatible; Googlebot/2.1; +http://www.google.com/bot.html)"
66.249.68.1 - - [24/Mar/2026:21:51:36 -0400] "GET /comment.php?d=89779828991797 HTTP/1.1" 200 5 "-" "Mozilla/5.0 (Linux; Android 6.0.1; Nexus 5X Build/MMB29P) AppleWebKit/537.36 (KHTML, like Gecko) Chrome/146.0.7680.153 Mobile Safari/537.36 (compatible; Googlebot/2.1; +http://www.google.com/bot.html)"
148.72.173.193 - - [24/Mar/2026:21:51:43 -0400] "POST /wp-login.php HTTP/1.1" 200 5871 "-" "Mozilla/5.0"
148.72.173.193 - - [24/Mar/2026:21:51:43 -0400] "POST /wp-login.php HTTP/1.1" 200 5916 "-" "Mozilla/5.0"
106.54.62.156 - - [24/Mar/2026:21:52:11 -0400] "GET / HTTP/1.1" 200 15935 "http://pitterpatterplay.com" "Mozilla/5.0 (iPhone; CPU iPhone OS 13_2_3 like Mac OS X) AppleWebKit/605.1.15 (KHTML, like Gecko) Version/13.0.3 Mobile/15E148 Safari/604.1"
52.167.144.204 - - [24/Mar/2026:21:52:50 -0400] "GET /wp-content/uploads/2020/05/blog-content-img-6-1-300x237.jpg HTTP/1.1" 200 13213 "-" "Mozilla/5.0 AppleWebKit/537.36 (KHTML, like Gecko; compatible; bingbot/2.0; +http://www.bing.com/bingbot.htm) Chrome/116.0.1938.76 Safari/537.36"
40.69.66.178 - - [24/Mar/2026:21:53:07 -0400] "GET /wp-content/plugins/hellopress/wp_filemanager.php HTTP/1.1" 404 34299 "-" "-"
66.249.68.2 - - [24/Mar/2026:21:53:17 -0400] "GET /comment.php?d=81935072214032 HTTP/1.1" 200 5 "-" "Mozilla/5.0 (Linux; Android 6.0.1; Nexus 5X Build/MMB29P) AppleWebKit/537.36 (KHTML, like Gecko) Chrome/146.0.7680.153 Mobile Safari/537.36 (compatible; Googlebot/2.1; +http://www.google.com/bot.html)"
40.69.66.178 - - [24/Mar/2026:21:53:14 -0400] "GET /tx22.php HTTP/1.1" 404 34299 "-" "-"
40.69.66.178 - - [24/Mar/2026:21:53:20 -0400] "GET /blurbs.php HTTP/1.1" 404 34299 "-" "-"
40.69.66.178 - - [24/Mar/2026:21:53:24 -0400] "GET /fw/34.php HTTP/1.1" 404 34299 "-" "-"
40.69.66.178 - - [24/Mar/2026:21:53:30 -0400] "GET /fw/faiyy.php HTTP/1.1" 404 34299 "-" "-"
40.69.66.178 - - [24/Mar/2026:21:53:36 -0400] "GET /lfm.php HTTP/1.1" 404 34299 "-" "-"
40.69.66.178 - - [24/Mar/2026:21:53:45 -0400] "GET /abca.php HTTP/1.1" 404 34299 "-" "-"
40.69.66.178 - - [24/Mar/2026:21:53:55 -0400] "GET /h2.php HTTP/1.1" 404 34299 "-" "-"
40.69.66.178 - - [24/Mar/2026:21:54:00 -0400] "GET /ddd.php HTTP/1.1" 404 34299 "-" "-"
40.69.66.178 - - [24/Mar/2026:21:54:08 -0400] "GET /xl2024.php HTTP/1.1" 404 34299 "-" "-"
40.69.66.178 - - [24/Mar/2026:21:54:16 -0400] "GET /fgd.php HTTP/1.1" 404 34299 "-" "-"
40.69.66.178 - - [24/Mar/2026:21:54:23 -0400] "GET /AAAA.php HTTP/1.1" 404 34299 "-" "-"
40.69.66.178 - - [24/Mar/2026:21:54:30 -0400] "GET /fde.php HTTP/1.1" 404 34299 "-" "-"
40.69.66.178 - - [24/Mar/2026:21:54:38 -0400] "GET /mjde.php HTTP/1.1" 404 34299 "-" "-"
40.69.66.178 - - [24/Mar/2026:21:54:42 -0400] "GET /gin.php HTTP/1.1" 404 34299 "-" "-"
40.69.66.178 - - [24/Mar/2026:21:54:49 -0400] "GET /ta.php HTTP/1.1" 404 34299 "-" "-"
40.69.66.178 - - [24/Mar/2026:21:54:57 -0400] "GET /yawa.php HTTP/1.1" 404 34299 "-" "-"
40.69.66.178 - - [24/Mar/2026:21:55:05 -0400] "GET /bays.php HTTP/1.1" 404 34299 "-" "-"
40.69.66.178 - - [24/Mar/2026:21:55:14 -0400] "GET /x0rg.php HTTP/1.1" 404 34299 "-" "-"
40.69.66.178 - - [24/Mar/2026:21:55:22 -0400] "GET /dk.php HTTP/1.1" 404 34299 "-" "-"
40.69.66.178 - - [24/Mar/2026:21:55:26 -0400] "GET /az.php HTTP/1.1" 404 34299 "-" "-"
66.249.68.3 - - [24/Mar/2026:21:55:38 -0400] "GET /comment.php?d=75700817925504 HTTP/1.1" 200 5 "-" "Mozilla/5.0 (Linux; Android 6.0.1; Nexus 5X Build/MMB29P) AppleWebKit/537.36 (KHTML, like Gecko) Chrome/146.0.7680.153 Mobile Safari/537.36 (compatible; Googlebot/2.1; +http://www.google.com/bot.html)"
147.92.53.217 - - [24/Mar/2026:21:56:11 -0400] "GET /2026/01/23/top-betting-account-sign-up-offers-explained/ HTTP/1.1" 200 14445 "https://pitterpatterplay.com/" "Mozilla/5.0 (Macintosh; Intel Mac OS X 12_5) AppleWebKit/537.36 (KHTML, like Gecko) Chrome/114.0.0.0 Safari/537.36 Edg/114.0.1264.71"
147.92.53.217 - - [24/Mar/2026:21:56:15 -0400] "GET /wp-login.php?action=register HTTP/1.1" 302 7 "https://pitterpatterplay.com/2026/01/23/top-betting-account-sign-up-offers-explained/" "Mozilla/5.0 (Windows NT 6.3; Win64; x64) AppleWebKit/537.36 (KHTML, like Gecko) Chrome/103.0.0.0 Safari/537.36"
147.92.53.217 - - [24/Mar/2026:21:56:16 -0400] "GET /wp-login.php?registration=disabled HTTP/1.1" 200 1912 "https://pitterpatterplay.com/wp-login.php?action=register" "Mozilla/5.0 (Windows NT 6.3; Win64; x64) AppleWebKit/537.36 (KHTML, like Gecko) Chrome/103.0.0.0 Safari/537.36"
17.241.75.68 - - [24/Mar/2026:21:56:38 -0400] "GET /wp-content/uploads/2026/01/mini_machines-a-sous-classiques-vs-modernes-guide_1.jpeg HTTP/1.1" 200 108151 "-" "Mozilla/5.0 (Macintosh; Intel Mac OS X 10_15_7) AppleWebKit/605.1.15 (KHTML, like Gecko) Version/17.4 Safari/605.1.15 (Applebot/0.1; +http://www.apple.com/go/applebot)"
66.249.68.2 - - [24/Mar/2026:21:58:10 -0400] "GET /comment.php?d=66991401280448 HTTP/1.1" 200 5 "-" "Mozilla/5.0 (Linux; Android 6.0.1; Nexus 5X Build/MMB29P) AppleWebKit/537.36 (KHTML, like Gecko) Chrome/146.0.7680.153 Mobile Safari/537.36 (compatible; Googlebot/2.1; +http://www.google.com/bot.html)"
66.249.68.3 - - [24/Mar/2026:22:00:19 -0400] "GET /comment.php?d=96037937008427 HTTP/1.1" 200 5 "-" "Mozilla/5.0 (Linux; Android 6.0.1; Nexus 5X Build/MMB29P) AppleWebKit/537.36 (KHTML, like Gecko) Chrome/146.0.7680.153 Mobile Safari/537.36 (compatible; Googlebot/2.1; +http://www.google.com/bot.html)"
77.74.177.114 - - [24/Mar/2026:22:02:13 -0400] "GET / HTTP/1.1" 200 16050 "-" "Mozilla/5.0 (Linux; arm_64; Android 12; CPH2205) AppleWebKit/537.36 (KHTML, like Gecko) Chrome/110.0.0.0 YaBrowser/23.3.3.86.00 SA/3 Mobile Safari/537.36"
