66.249.68.3 - - [24/Mar/2026:23:23:18 -0400] "GET /comment.php?d=14019523442849 HTTP/1.1" 200 5 "-" "Mozilla/5.0 (Linux; Android 6.0.1; Nexus 5X Build/MMB29P) AppleWebKit/537.36 (KHTML, like Gecko) Chrome/146.0.7680.153 Mobile Safari/537.36 (compatible; Googlebot/2.1; +http://www.google.com/bot.html)"
45.66.208.59 - - [24/Mar/2026:23:23:16 -0400] "GET /wp-login.php?action=register HTTP/1.1" 302 7 "https://pitterpatterplay.com/2026/01/23/top-betting-account-sign-up-offers-explained/" "Mozilla/5.0 (Windows NT 6.3; Win64; x64) AppleWebKit/537.36 (KHTML, like Gecko) Chrome/103.0.0.0 Safari/537.36"
13.223.141.79 - - [24/Mar/2026:23:23:30 -0400] "GET /robots.txt HTTP/1.1" 200 74 "-" "Mozilla/5.0 (Macintosh; Intel Mac OS X 10_10_1) AppleWebKit/600.2.5 (KHTML, like Gecko) Version/8.0.2 Safari/600.2.5 (Gort)"
45.66.208.59 - - [24/Mar/2026:23:23:27 -0400] "GET /wp-login.php?registration=disabled HTTP/1.1" 200 1912 "https://pitterpatterplay.com/wp-login.php?action=register" "Mozilla/5.0 (Windows NT 6.3; Win64; x64) AppleWebKit/537.36 (KHTML, like Gecko) Chrome/103.0.0.0 Safari/537.36"
66.249.79.132 - - [24/Mar/2026:23:24:11 -0400] "GET /?products/87563533 HTTP/1.1" 301 141 "-" "Mozilla/5.0 (Linux; Android 6.0.1; Nexus 5X Build/MMB29P) AppleWebKit/537.36 (KHTML, like Gecko) Chrome/146.0.7680.153 Mobile Safari/537.36 (compatible; Googlebot/2.1; +http://www.google.com/bot.html)"
66.249.68.3 - - [24/Mar/2026:23:24:19 -0400] "GET /?products%2F87563533 HTTP/1.1" 200 14684 "-" "Mozilla/5.0 (Linux; Android 6.0.1; Nexus 5X Build/MMB29P) AppleWebKit/537.36 (KHTML, like Gecko) Chrome/146.0.7680.153 Mobile Safari/537.36 (compatible; Googlebot/2.1; +http://www.google.com/bot.html)"
66.249.79.132 - - [24/Mar/2026:23:24:42 -0400] "GET /?products/466150204 HTTP/1.1" 301 141 "-" "Mozilla/5.0 (Linux; Android 6.0.1; Nexus 5X Build/MMB29P) AppleWebKit/537.36 (KHTML, like Gecko) Chrome/146.0.7680.153 Mobile Safari/537.36 (compatible; Googlebot/2.1; +http://www.google.com/bot.html)"
66.249.68.1 - - [24/Mar/2026:23:24:57 -0400] "GET /content.php?a=95996732601405 HTTP/1.1" 200 5 "-" "Mozilla/5.0 (Linux; Android 6.0.1; Nexus 5X Build/MMB29P) AppleWebKit/537.36 (KHTML, like Gecko) Chrome/146.0.7680.153 Mobile Safari/537.36 (compatible; Googlebot/2.1; +http://www.google.com/bot.html)"
66.249.68.2 - - [24/Mar/2026:23:24:52 -0400] "GET /?products%2F466150204 HTTP/1.1" 200 14682 "-" "Mozilla/5.0 (Linux; Android 6.0.1; Nexus 5X Build/MMB29P) AppleWebKit/537.36 (KHTML, like Gecko) Chrome/146.0.7680.153 Mobile Safari/537.36 (compatible; Googlebot/2.1; +http://www.google.com/bot.html)"
66.249.68.1 - - [24/Mar/2026:23:25:36 -0400] "GET /content.php?a=23519398871205 HTTP/1.1" 200 5 "-" "Mozilla/5.0 (Linux; Android 6.0.1; Nexus 5X Build/MMB29P) AppleWebKit/537.36 (KHTML, like Gecko) Chrome/146.0.7680.153 Mobile Safari/537.36 (compatible; Googlebot/2.1; +http://www.google.com/bot.html)"
66.249.79.133 - - [24/Mar/2026:23:25:24 -0400] "GET /?products/3643461 HTTP/1.1" 301 141 "-" "Mozilla/5.0 (Linux; Android 6.0.1; Nexus 5X Build/MMB29P) AppleWebKit/537.36 (KHTML, like Gecko) Chrome/146.0.7680.153 Mobile Safari/537.36 (compatible; Googlebot/2.1; +http://www.google.com/bot.html)"
66.249.68.1 - - [24/Mar/2026:23:25:41 -0400] "GET /?products%2F3643461 HTTP/1.1" 200 14682 "-" "Mozilla/5.0 (Linux; Android 6.0.1; Nexus 5X Build/MMB29P) AppleWebKit/537.36 (KHTML, like Gecko) Chrome/146.0.7680.153 Mobile Safari/537.36 (compatible; Googlebot/2.1; +http://www.google.com/bot.html)"
66.249.68.3 - - [24/Mar/2026:23:26:28 -0400] "GET /comment.php?d=47123690694937 HTTP/1.1" 200 5 "-" "Mozilla/5.0 (Linux; Android 6.0.1; Nexus 5X Build/MMB29P) AppleWebKit/537.36 (KHTML, like Gecko) Chrome/146.0.7680.153 Mobile Safari/537.36 (compatible; Googlebot/2.1; +http://www.google.com/bot.html)"
66.249.68.1 - - [24/Mar/2026:23:27:57 -0400] "GET /comment.php?d=12861945263880 HTTP/1.1" 200 5 "-" "Mozilla/5.0 (Linux; Android 6.0.1; Nexus 5X Build/MMB29P) AppleWebKit/537.36 (KHTML, like Gecko) Chrome/146.0.7680.153 Mobile Safari/537.36 (compatible; Googlebot/2.1; +http://www.google.com/bot.html)"
66.249.68.1 - - [24/Mar/2026:23:28:49 -0400] "GET /products/279469456 HTTP/1.1" 404 10822 "-" "Mozilla/5.0 (Linux; Android 6.0.1; Nexus 5X Build/MMB29P) AppleWebKit/537.36 (KHTML, like Gecko) Chrome/146.0.7680.153 Mobile Safari/537.36 (compatible; Googlebot/2.1; +http://www.google.com/bot.html)"
66.249.68.2 - - [24/Mar/2026:23:29:38 -0400] "GET /comment.php?d=4597746331997 HTTP/1.1" 200 5 "-" "Mozilla/5.0 (Linux; Android 6.0.1; Nexus 5X Build/MMB29P) AppleWebKit/537.36 (KHTML, like Gecko) Chrome/146.0.7680.153 Mobile Safari/537.36 (compatible; Googlebot/2.1; +http://www.google.com/bot.html)"
66.249.68.1 - - [24/Mar/2026:23:30:29 -0400] "GET /comment.php?d=83172019363393 HTTP/1.1" 200 5 "-" "Mozilla/5.0 (Linux; Android 6.0.1; Nexus 5X Build/MMB29P) AppleWebKit/537.36 (KHTML, like Gecko) Chrome/146.0.7680.153 Mobile Safari/537.36 (compatible; Googlebot/2.1; +http://www.google.com/bot.html)"
66.249.68.3 - - [24/Mar/2026:23:32:38 -0400] "GET /content.php?a=77636405972083 HTTP/1.1" 200 5 "-" "Mozilla/5.0 (Linux; Android 6.0.1; Nexus 5X Build/MMB29P) AppleWebKit/537.36 (KHTML, like Gecko) Chrome/146.0.7680.153 Mobile Safari/537.36 (compatible; Googlebot/2.1; +http://www.google.com/bot.html)"
66.249.68.1 - - [24/Mar/2026:23:32:43 -0400] "GET /comment.php?d=94135540628397 HTTP/1.1" 200 5 "-" "Mozilla/5.0 (Linux; Android 6.0.1; Nexus 5X Build/MMB29P) AppleWebKit/537.36 (KHTML, like Gecko) Chrome/146.0.7680.153 Mobile Safari/537.36 (compatible; Googlebot/2.1; +http://www.google.com/bot.html)"
66.249.68.2 - - [24/Mar/2026:23:33:30 -0400] "GET /comment.php?d=62596002348032 HTTP/1.1" 200 5 "-" "Mozilla/5.0 (Linux; Android 6.0.1; Nexus 5X Build/MMB29P) AppleWebKit/537.36 (KHTML, like Gecko) Chrome/146.0.7680.153 Mobile Safari/537.36 (compatible; Googlebot/2.1; +http://www.google.com/bot.html)"
51.68.111.205 - - [24/Mar/2026:23:33:57 -0400] "GET /robots.txt HTTP/1.1" 200 74 "-" "Mozilla/5.0 (compatible; MJ12bot/v2.0.5; http://mj12bot.com/)"
51.68.111.205 - - [24/Mar/2026:23:33:57 -0400] "GET / HTTP/1.1" 200 0 "-" "Mozilla/5.0 (compatible; MJ12bot/v2.0.5; http://mj12bot.com/)"
66.249.68.3 - - [24/Mar/2026:23:34:36 -0400] "GET /comment.php?d=31127543496213 HTTP/1.1" 200 5 "-" "Mozilla/5.0 (Linux; Android 6.0.1; Nexus 5X Build/MMB29P) AppleWebKit/537.36 (KHTML, like Gecko) Chrome/146.0.7680.153 Mobile Safari/537.36 (compatible; Googlebot/2.1; +http://www.google.com/bot.html)"
66.249.68.2 - - [24/Mar/2026:23:35:10 -0400] "GET /comment.php?d=31758928845413 HTTP/1.1" 200 5 "-" "Mozilla/5.0 (Linux; Android 6.0.1; Nexus 5X Build/MMB29P) AppleWebKit/537.36 (KHTML, like Gecko) Chrome/146.0.7680.153 Mobile Safari/537.36 (compatible; Googlebot/2.1; +http://www.google.com/bot.html)"
66.249.79.132 - - [24/Mar/2026:23:35:25 -0400] "GET /?products/415097110 HTTP/1.1" 301 141 "-" "Mozilla/5.0 (Linux; Android 6.0.1; Nexus 5X Build/MMB29P) AppleWebKit/537.36 (KHTML, like Gecko) Chrome/146.0.7680.153 Mobile Safari/537.36 (compatible; Googlebot/2.1; +http://www.google.com/bot.html)"
66.249.68.2 - - [24/Mar/2026:23:35:36 -0400] "GET /?products%2F415097110 HTTP/1.1" 200 14682 "-" "Mozilla/5.0 (Linux; Android 6.0.1; Nexus 5X Build/MMB29P) AppleWebKit/537.36 (KHTML, like Gecko) Chrome/146.0.7680.153 Mobile Safari/537.36 (compatible; Googlebot/2.1; +http://www.google.com/bot.html)"
66.249.68.2 - - [24/Mar/2026:23:36:32 -0400] "GET /comment.php?d=50276003785001 HTTP/1.1" 200 5 "-" "Mozilla/5.0 (Linux; Android 6.0.1; Nexus 5X Build/MMB29P) AppleWebKit/537.36 (KHTML, like Gecko) Chrome/146.0.7680.153 Mobile Safari/537.36 (compatible; Googlebot/2.1; +http://www.google.com/bot.html)"
66.249.68.2 - - [24/Mar/2026:23:36:46 -0400] "GET /content.php?a=51454792833301 HTTP/1.1" 200 5 "-" "Mozilla/5.0 (Linux; Android 6.0.1; Nexus 5X Build/MMB29P) AppleWebKit/537.36 (KHTML, like Gecko) Chrome/146.0.7680.153 Mobile Safari/537.36 (compatible; Googlebot/2.1; +http://www.google.com/bot.html)"
66.249.68.1 - - [24/Mar/2026:23:36:47 -0400] "GET /comment.php?d=43949105056155 HTTP/1.1" 200 5 "-" "Mozilla/5.0 (Linux; Android 6.0.1; Nexus 5X Build/MMB29P) AppleWebKit/537.36 (KHTML, like Gecko) Chrome/146.0.7680.153 Mobile Safari/537.36 (compatible; Googlebot/2.1; +http://www.google.com/bot.html)"
66.249.68.2 - - [24/Mar/2026:23:37:30 -0400] "GET /content.php?a=55097453679778 HTTP/1.1" 200 5 "-" "Mozilla/5.0 (Linux; Android 6.0.1; Nexus 5X Build/MMB29P) AppleWebKit/537.36 (KHTML, like Gecko) Chrome/146.0.7680.153 Mobile Safari/537.36 (compatible; Googlebot/2.1; +http://www.google.com/bot.html)"
66.249.68.3 - - [24/Mar/2026:23:39:14 -0400] "GET /comment.php?d=46278313435886 HTTP/1.1" 200 5 "-" "Mozilla/5.0 (Linux; Android 6.0.1; Nexus 5X Build/MMB29P) AppleWebKit/537.36 (KHTML, like Gecko) Chrome/146.0.7680.153 Mobile Safari/537.36 (compatible; Googlebot/2.1; +http://www.google.com/bot.html)"
66.249.68.1 - - [24/Mar/2026:23:39:53 -0400] "GET /comment.php?d=95623647736336 HTTP/1.1" 200 5 "-" "Mozilla/5.0 (Linux; Android 6.0.1; Nexus 5X Build/MMB29P) AppleWebKit/537.36 (KHTML, like Gecko) Chrome/146.0.7680.153 Mobile Safari/537.36 (compatible; Googlebot/2.1; +http://www.google.com/bot.html)"
66.249.68.2 - - [24/Mar/2026:23:39:54 -0400] "GET /content.php?a=98086315887561 HTTP/1.1" 200 5 "-" "Mozilla/5.0 (Linux; Android 6.0.1; Nexus 5X Build/MMB29P) AppleWebKit/537.36 (KHTML, like Gecko) Chrome/146.0.7680.153 Mobile Safari/537.36 (compatible; Googlebot/2.1; +http://www.google.com/bot.html)"
66.249.68.1 - - [24/Mar/2026:23:40:32 -0400] "GET /content.php?a=65540514770237 HTTP/1.1" 200 5 "-" "Mozilla/5.0 (Linux; Android 6.0.1; Nexus 5X Build/MMB29P) AppleWebKit/537.36 (KHTML, like Gecko) Chrome/146.0.7680.153 Mobile Safari/537.36 (compatible; Googlebot/2.1; +http://www.google.com/bot.html)"
16.147.192.31 - - [24/Mar/2026:23:40:37 -0400] "GET / HTTP/1.1" 200 0 "-" "Mozilla/5.0 (Macintosh; Intel Mac OS X 10_15_7) AppleWebKit/537.36 (KHTML, like Gecko) Chrome/134.0.0.0 Safari/537.36"
16.147.192.31 - - [24/Mar/2026:23:40:44 -0400] "GET / HTTP/1.1" 200 0 "-" "Mozilla/5.0 (Macintosh; Intel Mac OS X 10_15_7) AppleWebKit/537.36 (KHTML, like Gecko) Chrome/134.0.0.0 Safari/537.36"
16.147.192.31 - - [24/Mar/2026:23:40:50 -0400] "GET / HTTP/1.1" 301 136 "-" "Mozilla/5.0 (Macintosh; Intel Mac OS X 10_15_7) AppleWebKit/537.36 (KHTML, like Gecko) Chrome/134.0.0.0 Safari/537.36"
16.147.192.31 - - [24/Mar/2026:23:40:54 -0400] "GET / HTTP/1.1" 200 0 "https://www.pitterpatterplay.com/" "Mozilla/5.0 (Macintosh; Intel Mac OS X 10_15_7) AppleWebKit/537.36 (KHTML, like Gecko) Chrome/134.0.0.0 Safari/537.36"
16.147.192.31 - - [24/Mar/2026:23:41:00 -0400] "GET / HTTP/1.1" 301 136 "-" "Mozilla/5.0 (Macintosh; Intel Mac OS X 10_15_7) AppleWebKit/537.36 (KHTML, like Gecko) Chrome/134.0.0.0 Safari/537.36"
16.147.192.31 - - [24/Mar/2026:23:41:05 -0400] "GET / HTTP/1.1" 200 0 "https://www.pitterpatterplay.com/" "Mozilla/5.0 (Macintosh; Intel Mac OS X 10_15_7) AppleWebKit/537.36 (KHTML, like Gecko) Chrome/134.0.0.0 Safari/537.36"
16.147.192.31 - - [24/Mar/2026:23:41:10 -0400] "GET / HTTP/1.1" 200 0 "http://pitterpatterplay.com/" "Mozilla/5.0 (Macintosh; Intel Mac OS X 10_15_7) AppleWebKit/537.36 (KHTML, like Gecko) Chrome/134.0.0.0 Safari/537.36"
16.147.192.31 - - [24/Mar/2026:23:41:16 -0400] "GET / HTTP/1.1" 200 57690 "http://pitterpatterplay.com/" "Mozilla/5.0 (Macintosh; Intel Mac OS X 10_15_7) AppleWebKit/537.36 (KHTML, like Gecko) Chrome/134.0.0.0 Safari/537.36"
47.128.53.209 - - [24/Mar/2026:23:41:27 -0400] "GET /wp-includes/ms-settings.php HTTP/1.1" 200 6 "-" "Mozilla/5.0 (Linux; Android 5.0) AppleWebKit/537.36 (KHTML, like Gecko) Mobile Safari/537.36 (compatible; Bytespider; spider-feedback@bytedance.com)"
47.128.53.27 - - [24/Mar/2026:23:41:27 -0400] "GET /wp-includes/block-patterns.php HTTP/1.1" 200 185 "-" "Mozilla/5.0 (Linux; Android 5.0) AppleWebKit/537.36 (KHTML, like Gecko) Mobile Safari/537.36 (compatible; Bytespider; spider-feedback@bytedance.com)"
15.235.27.246 - - [24/Mar/2026:23:41:20 -0400] "GET / HTTP/1.1" 200 14684 "-" "Mozilla/5.0 (compatible; AhrefsBot/7.0; +http://ahrefs.com/robot/)"
168.100.149.188 - - [24/Mar/2026:23:41:30 -0400] "GET /robots.txt HTTP/1.1" 200 74 "-" "Mozilla/5.0 (compatible; AhrefsBot/7.0; +http://ahrefs.com/robot/)"
202.8.40.37 - - [24/Mar/2026:23:41:30 -0400] "GET /wp-content/plugins/ultimate-events/assets/js/captcha-loader.js?ver=2.0.0 HTTP/1.1" 200 26958 "https://pitterpatterplay.com/" "Mozilla/5.0 (compatible; AhrefsBot/7.0; +http://ahrefs.com/robot/)"
66.249.68.2 - - [24/Mar/2026:23:41:56 -0400] "GET /comment.php?d=98595437700859 HTTP/1.1" 200 5 "-" "Mozilla/5.0 (Linux; Android 6.0.1; Nexus 5X Build/MMB29P) AppleWebKit/537.36 (KHTML, like Gecko) Chrome/146.0.7680.153 Mobile Safari/537.36 (compatible; Googlebot/2.1; +http://www.google.com/bot.html)"
66.249.68.2 - - [24/Mar/2026:23:42:22 -0400] "GET /comment.php?d=86076748932203 HTTP/1.1" 200 5 "-" "Mozilla/5.0 (Linux; Android 6.0.1; Nexus 5X Build/MMB29P) AppleWebKit/537.36 (KHTML, like Gecko) Chrome/146.0.7680.153 Mobile Safari/537.36 (compatible; Googlebot/2.1; +http://www.google.com/bot.html)"
66.249.68.1 - - [24/Mar/2026:23:42:49 -0400] "GET /comment.php?d=98163271437621 HTTP/1.1" 200 5 "-" "Mozilla/5.0 (Linux; Android 6.0.1; Nexus 5X Build/MMB29P) AppleWebKit/537.36 (KHTML, like Gecko) Chrome/146.0.7680.153 Mobile Safari/537.36 (compatible; Googlebot/2.1; +http://www.google.com/bot.html)"
114.119.153.138 - - [24/Mar/2026:23:43:28 -0400] "GET /page/2/?post_type=tribe_events&eventDisplay=day&tribe_events_cat=party&eventDate=2024-05-12 HTTP/1.1" 301 24 "https://www.pitterpatterplay.com/page/2/?post_type=tribe_events&eventDisplay=day&tribe_events_cat=party&eventDate=2024-05-11" "Mozilla/5.0 (Linux; Android 7.0;) AppleWebKit/537.36 (KHTML, like Gecko) Mobile Safari/537.36 (compatible; PetalBot;+https://webmaster.petalsearch.com/site/petalbot)"
114.119.153.138 - - [24/Mar/2026:23:43:38 -0400] "GET /page/2/?post_type=tribe_events&eventDisplay=day&tribe_events_cat=party&eventDate=2024-05-12 HTTP/1.1" 200 0 "https://www.pitterpatterplay.com/page/2/?post_type=tribe_events&eventDisplay=day&tribe_events_cat=party&eventDate=2024-05-11" "Mozilla/5.0 (Linux; Android 7.0;) AppleWebKit/537.36 (KHTML, like Gecko) Mobile Safari/537.36 (compatible; PetalBot;+https://webmaster.petalsearch.com/site/petalbot)"
66.249.68.1 - - [24/Mar/2026:23:43:44 -0400] "GET /comment.php?d=70486319072811 HTTP/1.1" 200 5 "-" "Mozilla/5.0 (Linux; Android 6.0.1; Nexus 5X Build/MMB29P) AppleWebKit/537.36 (KHTML, like Gecko) Chrome/146.0.7680.153 Mobile Safari/537.36 (compatible; Googlebot/2.1; +http://www.google.com/bot.html)"
66.249.68.3 - - [24/Mar/2026:23:44:44 -0400] "GET /comment.php?d=26776355587628 HTTP/1.1" 200 5 "-" "Mozilla/5.0 (Linux; Android 6.0.1; Nexus 5X Build/MMB29P) AppleWebKit/537.36 (KHTML, like Gecko) Chrome/146.0.7680.153 Mobile Safari/537.36 (compatible; Googlebot/2.1; +http://www.google.com/bot.html)"
66.249.68.2 - - [24/Mar/2026:23:44:44 -0400] "GET /comment.php?d=61630791559895 HTTP/1.1" 200 5 "-" "Mozilla/5.0 (Linux; Android 6.0.1; Nexus 5X Build/MMB29P) AppleWebKit/537.36 (KHTML, like Gecko) Chrome/146.0.7680.153 Mobile Safari/537.36 (compatible; Googlebot/2.1; +http://www.google.com/bot.html)"
66.249.68.3 - - [24/Mar/2026:23:44:44 -0400] "GET /products/1339580 HTTP/1.1" 404 10818 "-" "Mozilla/5.0 (Linux; Android 6.0.1; Nexus 5X Build/MMB29P) AppleWebKit/537.36 (KHTML, like Gecko) Chrome/146.0.7680.153 Mobile Safari/537.36 (compatible; Googlebot/2.1; +http://www.google.com/bot.html)"
66.249.68.1 - - [24/Mar/2026:23:46:30 -0400] "GET /?products/87190004 HTTP/1.1" 301 141 "-" "Mozilla/5.0 (Linux; Android 6.0.1; Nexus 5X Build/MMB29P) AppleWebKit/537.36 (KHTML, like Gecko) Chrome/146.0.7680.153 Mobile Safari/537.36 (compatible; Googlebot/2.1; +http://www.google.com/bot.html)"
66.249.68.2 - - [24/Mar/2026:23:46:36 -0400] "GET /?products%2F87190004 HTTP/1.1" 200 14682 "-" "Mozilla/5.0 (Linux; Android 6.0.1; Nexus 5X Build/MMB29P) AppleWebKit/537.36 (KHTML, like Gecko) Chrome/146.0.7680.153 Mobile Safari/537.36 (compatible; Googlebot/2.1; +http://www.google.com/bot.html)"
52.167.144.59 - - [24/Mar/2026:23:46:46 -0400] "GET /robots.txt HTTP/1.1" 200 74 "-" "Mozilla/5.0 AppleWebKit/537.36 (KHTML, like Gecko; compatible; bingbot/2.0; +http://www.bing.com/bingbot.htm) Chrome/116.0.1938.76 Safari/537.36"
52.167.144.59 - - [24/Mar/2026:23:46:46 -0400] "GET /robots.txt HTTP/1.1" 200 74 "-" "Mozilla/5.0 AppleWebKit/537.36 (KHTML, like Gecko; compatible; bingbot/2.0; +http://www.bing.com/bingbot.htm) Chrome/116.0.1938.76 Safari/537.36"
66.249.68.1 - - [24/Mar/2026:23:46:58 -0400] "GET /comment.php?d=76747702813978 HTTP/1.1" 200 5 "-" "Mozilla/5.0 (Linux; Android 6.0.1; Nexus 5X Build/MMB29P) AppleWebKit/537.36 (KHTML, like Gecko) Chrome/146.0.7680.153 Mobile Safari/537.36 (compatible; Googlebot/2.1; +http://www.google.com/bot.html)"
66.249.68.1 - - [24/Mar/2026:23:47:03 -0400] "GET /content.php?a=61882279311373 HTTP/1.1" 200 5 "-" "Mozilla/5.0 (Linux; Android 6.0.1; Nexus 5X Build/MMB29P) AppleWebKit/537.36 (KHTML, like Gecko) Chrome/146.0.7680.153 Mobile Safari/537.36 (compatible; Googlebot/2.1; +http://www.google.com/bot.html)"
40.77.167.55 - - [24/Mar/2026:23:47:15 -0400] "GET /grid-home/ HTTP/1.1" 200 14204 "-" "Mozilla/5.0 AppleWebKit/537.36 (KHTML, like Gecko; compatible; bingbot/2.0; +http://www.bing.com/bingbot.htm) Chrome/116.0.1938.76 Safari/537.36"
66.249.68.1 - - [24/Mar/2026:23:47:34 -0400] "GET /comment.php?d=91134347751183 HTTP/1.1" 200 5 "-" "Mozilla/5.0 (Linux; Android 6.0.1; Nexus 5X Build/MMB29P) AppleWebKit/537.36 (KHTML, like Gecko) Chrome/146.0.7680.153 Mobile Safari/537.36 (compatible; Googlebot/2.1; +http://www.google.com/bot.html)"
66.249.68.2 - - [24/Mar/2026:23:49:04 -0400] "GET /comment.php?d=82204934211423 HTTP/1.1" 200 5 "-" "Mozilla/5.0 (Linux; Android 6.0.1; Nexus 5X Build/MMB29P) AppleWebKit/537.36 (KHTML, like Gecko) Chrome/146.0.7680.153 Mobile Safari/537.36 (compatible; Googlebot/2.1; +http://www.google.com/bot.html)"
66.249.68.2 - - [24/Mar/2026:23:49:21 -0400] "GET /comment.php?d=58644428894046 HTTP/1.1" 200 5 "-" "Mozilla/5.0 (Linux; Android 6.0.1; Nexus 5X Build/MMB29P) AppleWebKit/537.36 (KHTML, like Gecko) Chrome/146.0.7680.153 Mobile Safari/537.36 (compatible; Googlebot/2.1; +http://www.google.com/bot.html)"
47.128.53.51 - - [24/Mar/2026:23:49:25 -0400] "GET /wp-includes/Requests/src/Exception/error_log HTTP/1.1" 403 1242 "-" "Mozilla/5.0 (Linux; Android 5.0) AppleWebKit/537.36 (KHTML, like Gecko) Mobile Safari/537.36 (compatible; Bytespider; spider-feedback@bytedance.com)"
66.249.68.1 - - [24/Mar/2026:23:49:04 -0400] "GET /products/4051877 HTTP/1.1" 404 10833 "-" "Mozilla/5.0 (Linux; Android 6.0.1; Nexus 5X Build/MMB29P) AppleWebKit/537.36 (KHTML, like Gecko) Chrome/146.0.7680.153 Mobile Safari/537.36 (compatible; Googlebot/2.1; +http://www.google.com/bot.html)"
66.249.68.2 - - [24/Mar/2026:23:51:38 -0400] "GET /comment.php?d=25725238958751 HTTP/1.1" 200 5 "-" "Mozilla/5.0 (Linux; Android 6.0.1; Nexus 5X Build/MMB29P) AppleWebKit/537.36 (KHTML, like Gecko) Chrome/146.0.7680.153 Mobile Safari/537.36 (compatible; Googlebot/2.1; +http://www.google.com/bot.html)"
66.249.68.1 - - [24/Mar/2026:23:51:47 -0400] "GET /comment.php?d=22233365746715 HTTP/1.1" 200 5 "-" "Mozilla/5.0 (Linux; Android 6.0.1; Nexus 5X Build/MMB29P) AppleWebKit/537.36 (KHTML, like Gecko) Chrome/146.0.7680.153 Mobile Safari/537.36 (compatible; Googlebot/2.1; +http://www.google.com/bot.html)"
66.249.68.1 - - [24/Mar/2026:23:52:55 -0400] "GET /comment.php?d=78017974327436 HTTP/1.1" 200 5 "-" "Mozilla/5.0 (Linux; Android 6.0.1; Nexus 5X Build/MMB29P) AppleWebKit/537.36 (KHTML, like Gecko) Chrome/146.0.7680.153 Mobile Safari/537.36 (compatible; Googlebot/2.1; +http://www.google.com/bot.html)"
47.128.53.21 - - [24/Mar/2026:23:53:26 -0400] "GET /wp-includes/block-bindings/pattern-overrides.php HTTP/1.1" 200 197 "-" "Mozilla/5.0 (Linux; Android 5.0) AppleWebKit/537.36 (KHTML, like Gecko) Mobile Safari/537.36 (compatible; Bytespider; spider-feedback@bytedance.com)"
45.227.253.162 - - [24/Mar/2026:23:54:15 -0400] "GET / HTTP/1.1" 301 140 "-" "Mozilla/5.0 (Macintosh; Intel Mac OS X 10_15_7) AppleWebKit/537.36 (KHTML, like Gecko) Chrome/120.0.0.0 Safari/537.36"
45.227.253.162 - - [24/Mar/2026:23:54:41 -0400] "GET / HTTP/1.1" 200 16027 "-" "Mozilla/5.0 (Macintosh; Intel Mac OS X 10_15_7) AppleWebKit/537.36 (KHTML, like Gecko) Chrome/120.0.0.0 Safari/537.36"
77.95.172.11 - - [24/Mar/2026:23:55:02 -0400] "GET / HTTP/1.1" 301 140 "-" "Mozilla/5.0 (Macintosh; Intel Mac OS X 10_15_7) AppleWebKit/537.36 (KHTML, like Gecko) Chrome/120.0.0.0 Safari/537.36"
77.95.172.11 - - [24/Mar/2026:23:55:08 -0400] "GET / HTTP/1.1" 200 16027 "-" "Mozilla/5.0 (Macintosh; Intel Mac OS X 10_15_7) AppleWebKit/537.36 (KHTML, like Gecko) Chrome/120.0.0.0 Safari/537.36"
3.221.244.28 - - [24/Mar/2026:23:57:30 -0400] "GET /wp-json/wp/v2/categories/21 HTTP/1.1" 200 0 "-" "Mozilla/5.0 AppleWebKit/537.36 (KHTML, like Gecko; compatible; Amazonbot/0.1; +https://developer.amazon.com/support/amazonbot) Chrome/119.0.6045.214 Safari/537.36"
98.83.94.113 - - [25/Mar/2026:00:01:54 -0400] "GET /category/public/feed/ HTTP/1.1" 200 0 "-" "Mozilla/5.0 AppleWebKit/537.36 (KHTML, like Gecko; compatible; Amazonbot/0.1; +https://developer.amazon.com/support/amazonbot) Chrome/119.0.6045.214 Safari/537.36"
66.249.68.3 - - [25/Mar/2026:00:02:20 -0400] "GET /content.php?a=62736468493656 HTTP/1.1" 200 5 "-" "Mozilla/5.0 (Linux; Android 6.0.1; Nexus 5X Build/MMB29P) AppleWebKit/537.36 (KHTML, like Gecko) Chrome/146.0.7680.153 Mobile Safari/537.36 (compatible; Googlebot/2.1; +http://www.google.com/bot.html)"
52.203.142.86 - - [25/Mar/2026:00:03:55 -0400] "HEAD /category/public/feed/ HTTP/1.1" 200 0 "-" "Mozilla/5.0 AppleWebKit/605.1.15 (KHTML, like Gecko) Chrome/139.0.0.0 Safari/605.1.15"
66.249.68.2 - - [25/Mar/2026:00:06:20 -0400] "GET /products/1764297 HTTP/1.1" 404 10818 "-" "Mozilla/5.0 (Linux; Android 6.0.1; Nexus 5X Build/MMB29P) AppleWebKit/537.36 (KHTML, like Gecko) Chrome/146.0.7680.153 Mobile Safari/537.36 (compatible; Googlebot/2.1; +http://www.google.com/bot.html)"
66.249.68.2 - - [25/Mar/2026:00:07:29 -0400] "GET /content.php?a=92308080765864 HTTP/1.1" 200 5 "-" "Mozilla/5.0 (Linux; Android 6.0.1; Nexus 5X Build/MMB29P) AppleWebKit/537.36 (KHTML, like Gecko) Chrome/146.0.7680.153 Mobile Safari/537.36 (compatible; Googlebot/2.1; +http://www.google.com/bot.html)"
114.119.147.248 - - [25/Mar/2026:00:08:35 -0400] "GET /robots.txt HTTP/1.1" 200 74 "-" "Mozilla/5.0 (compatible;PetalBot;+https://webmaster.petalsearch.com/site/petalbot)"
43.156.156.96 - - [25/Mar/2026:00:09:03 -0400] "GET / HTTP/1.1" 301 24 "http://www.pitterpatterplay.com" "Mozilla/5.0 (iPhone; CPU iPhone OS 13_2_3 like Mac OS X) AppleWebKit/605.1.15 (KHTML, like Gecko) Version/13.0.3 Mobile/15E148 Safari/604.1"
43.156.156.96 - - [25/Mar/2026:00:09:11 -0400] "GET / HTTP/1.1" 200 15942 "https://www.pitterpatterplay.com/" "Mozilla/5.0 (iPhone; CPU iPhone OS 13_2_3 like Mac OS X) AppleWebKit/605.1.15 (KHTML, like Gecko) Version/13.0.3 Mobile/15E148 Safari/604.1"
66.249.68.3 - - [25/Mar/2026:00:09:55 -0400] "GET /comment.php?d=22913536092127 HTTP/1.1" 200 5 "-" "Mozilla/5.0 (Linux; Android 6.0.1; Nexus 5X Build/MMB29P) AppleWebKit/537.36 (KHTML, like Gecko) Chrome/146.0.7680.153 Mobile Safari/537.36 (compatible; Googlebot/2.1; +http://www.google.com/bot.html)"
66.249.68.2 - - [25/Mar/2026:00:10:30 -0400] "GET /content.php?a=13241342071826 HTTP/1.1" 200 5 "-" "Mozilla/5.0 (Linux; Android 6.0.1; Nexus 5X Build/MMB29P) AppleWebKit/537.36 (KHTML, like Gecko) Chrome/146.0.7680.153 Mobile Safari/537.36 (compatible; Googlebot/2.1; +http://www.google.com/bot.html)"
47.128.53.211 - - [25/Mar/2026:00:11:52 -0400] "GET /wp-includes/sodium_compat/lib/stream-xchacha20.php HTTP/1.1" 200 0 "-" "Mozilla/5.0 (Linux; Android 5.0) AppleWebKit/537.36 (KHTML, like Gecko) Mobile Safari/537.36 (compatible; Bytespider; spider-feedback@bytedance.com)"
148.72.173.193 - - [25/Mar/2026:00:11:50 -0400] "POST /wp-login.php HTTP/1.1" 200 5871 "-" "Mozilla/5.0"
148.72.173.193 - - [25/Mar/2026:00:11:50 -0400] "POST /wp-login.php HTTP/1.1" 200 5916 "-" "Mozilla/5.0"
66.249.68.1 - - [25/Mar/2026:00:12:07 -0400] "GET /?products/3129876 HTTP/1.1" 301 141 "-" "Mozilla/5.0 (Linux; Android 6.0.1; Nexus 5X Build/MMB29P) AppleWebKit/537.36 (KHTML, like Gecko) Chrome/146.0.7680.153 Mobile Safari/537.36 (compatible; Googlebot/2.1; +http://www.google.com/bot.html)"
66.249.68.1 - - [25/Mar/2026:00:12:11 -0400] "GET /?products%2F3129876 HTTP/1.1" 200 14682 "-" "Mozilla/5.0 (Linux; Android 6.0.1; Nexus 5X Build/MMB29P) AppleWebKit/537.36 (KHTML, like Gecko) Chrome/146.0.7680.153 Mobile Safari/537.36 (compatible; Googlebot/2.1; +http://www.google.com/bot.html)"
66.249.68.3 - - [25/Mar/2026:00:13:16 -0400] "GET /comment.php?d=94887682837722 HTTP/1.1" 200 5 "-" "Mozilla/5.0 (Linux; Android 6.0.1; Nexus 5X Build/MMB29P) AppleWebKit/537.36 (KHTML, like Gecko) Chrome/146.0.7680.153 Mobile Safari/537.36 (compatible; Googlebot/2.1; +http://www.google.com/bot.html)"
66.249.68.2 - - [25/Mar/2026:00:13:29 -0400] "GET /comment.php?d=90608184921958 HTTP/1.1" 200 5 "-" "Mozilla/5.0 (Linux; Android 6.0.1; Nexus 5X Build/MMB29P) AppleWebKit/537.36 (KHTML, like Gecko) Chrome/146.0.7680.153 Mobile Safari/537.36 (compatible; Googlebot/2.1; +http://www.google.com/bot.html)"
66.249.68.1 - - [25/Mar/2026:00:13:30 -0400] "GET /products/57681729 HTTP/1.1" 404 10833 "-" "Mozilla/5.0 (Linux; Android 6.0.1; Nexus 5X Build/MMB29P) AppleWebKit/537.36 (KHTML, like Gecko) Chrome/146.0.7680.153 Mobile Safari/537.36 (compatible; Googlebot/2.1; +http://www.google.com/bot.html)"
114.119.153.138 - - [25/Mar/2026:00:14:54 -0400] "GET /page/2/?post_type=tribe_events&eventDisplay=day&tribe_events_cat=party&eventDate=2024-05-08 HTTP/1.1" 301 24 "https://www.pitterpatterplay.com/page/2/?post_type=tribe_events&eventDisplay=day&tribe_events_cat=party&eventDate=2024-05-09" "Mozilla/5.0 (Linux; Android 7.0;) AppleWebKit/537.36 (KHTML, like Gecko) Mobile Safari/537.36 (compatible; PetalBot;+https://webmaster.petalsearch.com/site/petalbot)"
114.119.153.138 - - [25/Mar/2026:00:15:02 -0400] "GET /page/2/?post_type=tribe_events&eventDisplay=day&tribe_events_cat=party&eventDate=2024-05-08 HTTP/1.1" 200 0 "https://www.pitterpatterplay.com/page/2/?post_type=tribe_events&eventDisplay=day&tribe_events_cat=party&eventDate=2024-05-09" "Mozilla/5.0 (Linux; Android 7.0;) AppleWebKit/537.36 (KHTML, like Gecko) Mobile Safari/537.36 (compatible; PetalBot;+https://webmaster.petalsearch.com/site/petalbot)"
66.249.68.1 - - [25/Mar/2026:00:15:35 -0400] "GET /comment.php?d=19330825496728 HTTP/1.1" 200 5 "-" "Mozilla/5.0 (Linux; Android 6.0.1; Nexus 5X Build/MMB29P) AppleWebKit/537.36 (KHTML, like Gecko) Chrome/146.0.7680.153 Mobile Safari/537.36 (compatible; Googlebot/2.1; +http://www.google.com/bot.html)"
47.128.53.205 - - [25/Mar/2026:00:15:50 -0400] "GET /wp-includes/ms-deprecated.php HTTP/1.1" 200 0 "-" "Mozilla/5.0 (Linux; Android 5.0) AppleWebKit/537.36 (KHTML, like Gecko) Mobile Safari/537.36 (compatible; Bytespider; spider-feedback@bytedance.com)"
66.249.68.1 - - [25/Mar/2026:00:16:01 -0400] "GET /comment.php?d=33771979645597 HTTP/1.1" 200 5 "-" "Mozilla/5.0 (Linux; Android 6.0.1; Nexus 5X Build/MMB29P) AppleWebKit/537.36 (KHTML, like Gecko) Chrome/146.0.7680.153 Mobile Safari/537.36 (compatible; Googlebot/2.1; +http://www.google.com/bot.html)"
66.249.68.2 - - [25/Mar/2026:00:17:04 -0400] "GET /?products/96323803 HTTP/1.1" 301 141 "-" "Mozilla/5.0 (Linux; Android 6.0.1; Nexus 5X Build/MMB29P) AppleWebKit/537.36 (KHTML, like Gecko) Chrome/146.0.7680.153 Mobile Safari/537.36 (compatible; Googlebot/2.1; +http://www.google.com/bot.html)"
66.249.68.1 - - [25/Mar/2026:00:17:09 -0400] "GET /?products%2F96323803 HTTP/1.1" 200 14682 "-" "Mozilla/5.0 (Linux; Android 6.0.1; Nexus 5X Build/MMB29P) AppleWebKit/537.36 (KHTML, like Gecko) Chrome/146.0.7680.153 Mobile Safari/537.36 (compatible; Googlebot/2.1; +http://www.google.com/bot.html)"
66.249.68.1 - - [25/Mar/2026:00:17:34 -0400] "GET /comment.php?d=29176069458151 HTTP/1.1" 200 5 "-" "Mozilla/5.0 (Linux; Android 6.0.1; Nexus 5X Build/MMB29P) AppleWebKit/537.36 (KHTML, like Gecko) Chrome/146.0.7680.153 Mobile Safari/537.36 (compatible; Googlebot/2.1; +http://www.google.com/bot.html)"
66.249.68.1 - - [25/Mar/2026:00:17:35 -0400] "GET /comment.php?d=95500628419108 HTTP/1.1" 200 5 "-" "Mozilla/5.0 (Linux; Android 6.0.1; Nexus 5X Build/MMB29P) AppleWebKit/537.36 (KHTML, like Gecko) Chrome/146.0.7680.153 Mobile Safari/537.36 (compatible; Googlebot/2.1; +http://www.google.com/bot.html)"
66.249.68.1 - - [25/Mar/2026:00:17:51 -0400] "GET /comment.php?d=75643630271891 HTTP/1.1" 200 5 "-" "Mozilla/5.0 (Linux; Android 6.0.1; Nexus 5X Build/MMB29P) AppleWebKit/537.36 (KHTML, like Gecko) Chrome/146.0.7680.153 Mobile Safari/537.36 (compatible; Googlebot/2.1; +http://www.google.com/bot.html)"
66.249.68.1 - - [25/Mar/2026:00:17:55 -0400] "GET /comment.php?d=92500583404747 HTTP/1.1" 200 5 "-" "Mozilla/5.0 (Linux; Android 6.0.1; Nexus 5X Build/MMB29P) AppleWebKit/537.36 (KHTML, like Gecko) Chrome/146.0.7680.153 Mobile Safari/537.36 (compatible; Googlebot/2.1; +http://www.google.com/bot.html)"
66.249.68.3 - - [25/Mar/2026:00:19:07 -0400] "GET /content.php?a=11154711587142 HTTP/1.1" 200 5 "-" "Mozilla/5.0 (Linux; Android 6.0.1; Nexus 5X Build/MMB29P) AppleWebKit/537.36 (KHTML, like Gecko) Chrome/146.0.7680.153 Mobile Safari/537.36 (compatible; Googlebot/2.1; +http://www.google.com/bot.html)"
47.128.53.57 - - [25/Mar/2026:00:19:51 -0400] "GET /wp-includes/Requests/src/Proxy/Http.php HTTP/1.1" 200 194 "-" "Mozilla/5.0 (Linux; Android 5.0) AppleWebKit/537.36 (KHTML, like Gecko) Mobile Safari/537.36 (compatible; Bytespider; spider-feedback@bytedance.com)"
66.249.68.1 - - [25/Mar/2026:00:20:25 -0400] "GET /content.php?a=29062541989397 HTTP/1.1" 200 5 "-" "Mozilla/5.0 (Linux; Android 6.0.1; Nexus 5X Build/MMB29P) AppleWebKit/537.36 (KHTML, like Gecko) Chrome/146.0.7680.153 Mobile Safari/537.36 (compatible; Googlebot/2.1; +http://www.google.com/bot.html)"
66.249.68.1 - - [25/Mar/2026:00:20:25 -0400] "GET /comment.php?d=16962707705691 HTTP/1.1" 200 5 "-" "Mozilla/5.0 (Linux; Android 6.0.1; Nexus 5X Build/MMB29P) AppleWebKit/537.36 (KHTML, like Gecko) Chrome/146.0.7680.153 Mobile Safari/537.36 (compatible; Googlebot/2.1; +http://www.google.com/bot.html)"
66.249.68.2 - - [25/Mar/2026:00:20:49 -0400] "GET /comment.php?d=96346070464742 HTTP/1.1" 200 5 "-" "Mozilla/5.0 (Linux; Android 6.0.1; Nexus 5X Build/MMB29P) AppleWebKit/537.36 (KHTML, like Gecko) Chrome/146.0.7680.153 Mobile Safari/537.36 (compatible; Googlebot/2.1; +http://www.google.com/bot.html)"
152.163.2.202 - - [25/Mar/2026:00:22:49 -0400] "GET /wp-content/uploads/2020/06/h3-blog-img-3.jpg HTTP/1.1" 200 96623 "-" "Mozilla/5.0 (compatible; crawler)"
66.249.68.1 - - [25/Mar/2026:00:22:48 -0400] "GET /comment.php?d=5209066837508 HTTP/1.1" 200 5 "-" "Mozilla/5.0 (Linux; Android 6.0.1; Nexus 5X Build/MMB29P) AppleWebKit/537.36 (KHTML, like Gecko) Chrome/146.0.7680.153 Mobile Safari/537.36 (compatible; Googlebot/2.1; +http://www.google.com/bot.html)"
66.249.68.3 - - [25/Mar/2026:00:24:28 -0400] "GET /comment.php?d=9801390937301 HTTP/1.1" 200 5 "-" "Mozilla/5.0 (Linux; Android 6.0.1; Nexus 5X Build/MMB29P) AppleWebKit/537.36 (KHTML, like Gecko) Chrome/146.0.7680.153 Mobile Safari/537.36 (compatible; Googlebot/2.1; +http://www.google.com/bot.html)"
47.128.53.239 - - [25/Mar/2026:00:23:51 -0400] "GET /wp-login.php?registration=disabled HTTP/1.1" 200 1912 "-" "Mozilla/5.0 (Linux; Android 5.0) AppleWebKit/537.36 (KHTML, like Gecko) Mobile Safari/537.36 (compatible; Bytespider; spider-feedback@bytedance.com)"
66.249.79.131 - - [25/Mar/2026:00:24:28 -0400] "GET /?products/412953327 HTTP/1.1" 301 141 "-" "Mozilla/5.0 (Linux; Android 6.0.1; Nexus 5X Build/MMB29P) AppleWebKit/537.36 (KHTML, like Gecko) Chrome/146.0.7680.153 Mobile Safari/537.36 (compatible; Googlebot/2.1; +http://www.google.com/bot.html)"
66.249.68.2 - - [25/Mar/2026:00:24:37 -0400] "GET /?products%2F412953327 HTTP/1.1" 200 14684 "-" "Mozilla/5.0 (Linux; Android 6.0.1; Nexus 5X Build/MMB29P) AppleWebKit/537.36 (KHTML, like Gecko) Chrome/146.0.7680.153 Mobile Safari/537.36 (compatible; Googlebot/2.1; +http://www.google.com/bot.html)"
131.108.19.226 - - [25/Mar/2026:00:24:47 -0400] "GET /2026/01/23/top-betting-account-sign-up-offers-explained/ HTTP/1.1" 200 14445 "https://pitterpatterplay.com/" "Mozilla/5.0 (Windows NT 10.0; WOW64) AppleWebKit/537.36 (KHTML, like Gecko) Chrome/114.0.0.0 Safari/537.36"
66.249.68.1 - - [25/Mar/2026:00:25:07 -0400] "GET /comment.php?d=48695043312214 HTTP/1.1" 200 5 "-" "Mozilla/5.0 (Linux; Android 6.0.1; Nexus 5X Build/MMB29P) AppleWebKit/537.36 (KHTML, like Gecko) Chrome/146.0.7680.153 Mobile Safari/537.36 (compatible; Googlebot/2.1; +http://www.google.com/bot.html)"
66.249.68.2 - - [25/Mar/2026:00:25:08 -0400] "GET /content.php?a=38635985167072 HTTP/1.1" 200 5 "-" "Mozilla/5.0 (Linux; Android 6.0.1; Nexus 5X Build/MMB29P) AppleWebKit/537.36 (KHTML, like Gecko) Chrome/146.0.7680.153 Mobile Safari/537.36 (compatible; Googlebot/2.1; +http://www.google.com/bot.html)"
66.249.68.2 - - [25/Mar/2026:00:25:32 -0400] "GET /content.php?a=91990058336602 HTTP/1.1" 200 5 "-" "Mozilla/5.0 (Linux; Android 6.0.1; Nexus 5X Build/MMB29P) AppleWebKit/537.36 (KHTML, like Gecko) Chrome/146.0.7680.153 Mobile Safari/537.36 (compatible; Googlebot/2.1; +http://www.google.com/bot.html)"
66.249.68.1 - - [25/Mar/2026:00:27:29 -0400] "GET /comment.php?d=56921147695114 HTTP/1.1" 200 5 "-" "Mozilla/5.0 (Linux; Android 6.0.1; Nexus 5X Build/MMB29P) AppleWebKit/537.36 (KHTML, like Gecko) Chrome/146.0.7680.153 Mobile Safari/537.36 (compatible; Googlebot/2.1; +http://www.google.com/bot.html)"
66.249.68.1 - - [25/Mar/2026:00:27:29 -0400] "GET /comment.php?d=10916191370110 HTTP/1.1" 200 5 "-" "Mozilla/5.0 (Linux; Android 6.0.1; Nexus 5X Build/MMB29P) AppleWebKit/537.36 (KHTML, like Gecko) Chrome/146.0.7680.153 Mobile Safari/537.36 (compatible; Googlebot/2.1; +http://www.google.com/bot.html)"
66.249.68.3 - - [25/Mar/2026:00:29:26 -0400] "GET /comment.php?d=13725412990849 HTTP/1.1" 200 5 "-" "Mozilla/5.0 (Linux; Android 6.0.1; Nexus 5X Build/MMB29P) AppleWebKit/537.36 (KHTML, like Gecko) Chrome/146.0.7680.153 Mobile Safari/537.36 (compatible; Googlebot/2.1; +http://www.google.com/bot.html)"
66.249.68.2 - - [25/Mar/2026:00:29:53 -0400] "GET /comment.php?d=91310282453485 HTTP/1.1" 200 5 "-" "Mozilla/5.0 (Linux; Android 6.0.1; Nexus 5X Build/MMB29P) AppleWebKit/537.36 (KHTML, like Gecko) Chrome/146.0.7680.153 Mobile Safari/537.36 (compatible; Googlebot/2.1; +http://www.google.com/bot.html)"
66.249.68.1 - - [25/Mar/2026:00:29:52 -0400] "GET /comment.php?d=55975242489863 HTTP/1.1" 200 5 "-" "Mozilla/5.0 (Linux; Android 6.0.1; Nexus 5X Build/MMB29P) AppleWebKit/537.36 (KHTML, like Gecko) Chrome/146.0.7680.153 Mobile Safari/537.36 (compatible; Googlebot/2.1; +http://www.google.com/bot.html)"
66.249.68.2 - - [25/Mar/2026:00:29:53 -0400] "GET /comment.php?d=57788388102301 HTTP/1.1" 200 5 "-" "Mozilla/5.0 (Linux; Android 6.0.1; Nexus 5X Build/MMB29P) AppleWebKit/537.36 (KHTML, like Gecko) Chrome/146.0.7680.153 Mobile Safari/537.36 (compatible; Googlebot/2.1; +http://www.google.com/bot.html)"
66.249.68.1 - - [25/Mar/2026:00:29:53 -0400] "GET /products/483412461 HTTP/1.1" 404 10822 "-" "Mozilla/5.0 (Linux; Android 6.0.1; Nexus 5X Build/MMB29P) AppleWebKit/537.36 (KHTML, like Gecko) Chrome/146.0.7680.153 Mobile Safari/537.36 (compatible; Googlebot/2.1; +http://www.google.com/bot.html)"
66.249.68.1 - - [25/Mar/2026:00:32:02 -0400] "GET /comment.php?d=14047048985333 HTTP/1.1" 200 5 "-" "Mozilla/5.0 (Linux; Android 6.0.1; Nexus 5X Build/MMB29P) AppleWebKit/537.36 (KHTML, like Gecko) Chrome/146.0.7680.153 Mobile Safari/537.36 (compatible; Googlebot/2.1; +http://www.google.com/bot.html)"
66.249.68.3 - - [25/Mar/2026:00:32:03 -0400] "GET /comment.php?d=12291094587673 HTTP/1.1" 200 5 "-" "Mozilla/5.0 (Linux; Android 6.0.1; Nexus 5X Build/MMB29P) AppleWebKit/537.36 (KHTML, like Gecko) Chrome/146.0.7680.153 Mobile Safari/537.36 (compatible; Googlebot/2.1; +http://www.google.com/bot.html)"
66.249.68.2 - - [25/Mar/2026:00:32:15 -0400] "GET /content.php?a=48234258719436 HTTP/1.1" 200 5 "-" "Mozilla/5.0 (Linux; Android 6.0.1; Nexus 5X Build/MMB29P) AppleWebKit/537.36 (KHTML, like Gecko) Chrome/146.0.7680.153 Mobile Safari/537.36 (compatible; Googlebot/2.1; +http://www.google.com/bot.html)"
15.181.145.26 - - [25/Mar/2026:00:34:13 -0400] "GET /contact-us/ HTTP/1.1" 200 13363 "-" "Mozilla/5.0 (X11; Fedora; Linux x86_64; rv:114.0) Gecko/20100101 Firefox/114.0"
15.181.145.26 - - [25/Mar/2026:00:34:34 -0400] "POST /wp-admin/admin-ajax.php HTTP/1.1" 400 8 "https://pitterpatterplay.com/contact-us/" "Mozilla/5.0 (X11; Fedora; Linux x86_64; rv:114.0) Gecko/20100101 Firefox/114.0"
66.249.66.68 - - [25/Mar/2026:00:34:37 -0400] "GET /comment.php?d=25767199641982 HTTP/1.1" 200 5 "-" "Mozilla/5.0 (Linux; Android 6.0.1; Nexus 5X Build/MMB29P) AppleWebKit/537.36 (KHTML, like Gecko) Chrome/146.0.7680.153 Mobile Safari/537.36 (compatible; Googlebot/2.1; +http://www.google.com/bot.html)"
66.249.68.1 - - [25/Mar/2026:00:34:37 -0400] "GET /comment.php?d=47566653106898 HTTP/1.1" 200 5 "-" "Mozilla/5.0 (Linux; Android 6.0.1; Nexus 5X Build/MMB29P) AppleWebKit/537.36 (KHTML, like Gecko) Chrome/146.0.7680.153 Mobile Safari/537.36 (compatible; Googlebot/2.1; +http://www.google.com/bot.html)"
47.128.53.22 - - [25/Mar/2026:00:34:39 -0400] "GET /wp-includes/rest-api/endpoints/class-wp-rest-sidebars-controller.php HTTP/1.1" 200 215 "-" "Mozilla/5.0 (Linux; Android 5.0) AppleWebKit/537.36 (KHTML, like Gecko) Mobile Safari/537.36 (compatible; Bytespider; spider-feedback@bytedance.com)"
66.249.68.2 - - [25/Mar/2026:00:34:50 -0400] "GET /content.php?a=1533377776745 HTTP/1.1" 200 5 "-" "Mozilla/5.0 (Linux; Android 6.0.1; Nexus 5X Build/MMB29P) AppleWebKit/537.36 (KHTML, like Gecko) Chrome/146.0.7680.153 Mobile Safari/537.36 (compatible; Googlebot/2.1; +http://www.google.com/bot.html)"
66.249.68.2 - - [25/Mar/2026:00:35:37 -0400] "GET /?products/560411247 HTTP/1.1" 301 141 "-" "Mozilla/5.0 (Linux; Android 6.0.1; Nexus 5X Build/MMB29P) AppleWebKit/537.36 (KHTML, like Gecko) Chrome/146.0.7680.153 Mobile Safari/537.36 (compatible; Googlebot/2.1; +http://www.google.com/bot.html)"
66.249.68.2 - - [25/Mar/2026:00:35:43 -0400] "GET /?products%2F560411247 HTTP/1.1" 200 14682 "-" "Mozilla/5.0 (Linux; Android 6.0.1; Nexus 5X Build/MMB29P) AppleWebKit/537.36 (KHTML, like Gecko) Chrome/146.0.7680.153 Mobile Safari/537.36 (compatible; Googlebot/2.1; +http://www.google.com/bot.html)"
66.249.68.1 - - [25/Mar/2026:00:36:06 -0400] "GET /content.php?a=80916320439090 HTTP/1.1" 200 5 "-" "Mozilla/5.0 (Linux; Android 6.0.1; Nexus 5X Build/MMB29P) AppleWebKit/537.36 (KHTML, like Gecko) Chrome/146.0.7680.153 Mobile Safari/537.36 (compatible; Googlebot/2.1; +http://www.google.com/bot.html)"
66.249.68.1 - - [25/Mar/2026:00:36:53 -0400] "GET /content.php?a=9507620980101 HTTP/1.1" 200 5 "-" "Mozilla/5.0 (Linux; Android 6.0.1; Nexus 5X Build/MMB29P) AppleWebKit/537.36 (KHTML, like Gecko) Chrome/146.0.7680.153 Mobile Safari/537.36 (compatible; Googlebot/2.1; +http://www.google.com/bot.html)"
66.249.68.1 - - [25/Mar/2026:00:36:58 -0400] "GET /comment.php?d=97310086367433 HTTP/1.1" 200 5 "-" "Mozilla/5.0 (Linux; Android 6.0.1; Nexus 5X Build/MMB29P) AppleWebKit/537.36 (KHTML, like Gecko) Chrome/146.0.7680.153 Mobile Safari/537.36 (compatible; Googlebot/2.1; +http://www.google.com/bot.html)"
66.249.68.2 - - [25/Mar/2026:00:39:04 -0400] "GET /comment.php?d=98529813025077 HTTP/1.1" 200 5 "-" "Mozilla/5.0 (Linux; Android 6.0.1; Nexus 5X Build/MMB29P) AppleWebKit/537.36 (KHTML, like Gecko) Chrome/146.0.7680.153 Mobile Safari/537.36 (compatible; Googlebot/2.1; +http://www.google.com/bot.html)"
66.249.68.1 - - [25/Mar/2026:00:39:08 -0400] "GET /content.php?a=57696563214734 HTTP/1.1" 200 5 "-" "Mozilla/5.0 (Linux; Android 6.0.1; Nexus 5X Build/MMB29P) AppleWebKit/537.36 (KHTML, like Gecko) Chrome/146.0.7680.153 Mobile Safari/537.36 (compatible; Googlebot/2.1; +http://www.google.com/bot.html)"
66.249.68.2 - - [25/Mar/2026:00:39:21 -0400] "GET /comment.php?d=39120758165185 HTTP/1.1" 200 5 "-" "Mozilla/5.0 (Linux; Android 6.0.1; Nexus 5X Build/MMB29P) AppleWebKit/537.36 (KHTML, like Gecko) Chrome/146.0.7680.153 Mobile Safari/537.36 (compatible; Googlebot/2.1; +http://www.google.com/bot.html)"
66.249.68.1 - - [25/Mar/2026:00:39:43 -0400] "GET /content.php?a=73672676789065 HTTP/1.1" 200 5 "-" "Mozilla/5.0 (Linux; Android 6.0.1; Nexus 5X Build/MMB29P) AppleWebKit/537.36 (KHTML, like Gecko) Chrome/146.0.7680.153 Mobile Safari/537.36 (compatible; Googlebot/2.1; +http://www.google.com/bot.html)"
47.128.53.251 - - [25/Mar/2026:00:40:05 -0400] "GET /2020/05/27/how-to-always-keep-them-safe/ HTTP/1.1" 200 16854 "-" "Mozilla/5.0 (compatible; Bytespider; spider-feedback@bytedance.com) AppleWebKit/537.36 (KHTML, like Gecko) Chrome/70.0.0.0 Safari/537.36"
47.128.53.251 - - [25/Mar/2026:00:40:44 -0400] "GET /wp-content/uploads/2020/05/blog-img-4-1.jpg HTTP/1.1" 206 500 "https://pitterpatterplay.com/2020/05/27/how-to-always-keep-them-safe/" "Mozilla/5.0 (compatible; Bytespider; spider-feedback@bytedance.com) AppleWebKit/537.36 (KHTML, like Gecko) Chrome/70.0.0.0 Safari/537.36"
47.128.53.251 - - [25/Mar/2026:00:40:44 -0400] "GET /wp-content/uploads/2020/05/blog-gallery-img-3-1.jpg HTTP/1.1" 206 500 "https://pitterpatterplay.com/2020/05/27/how-to-always-keep-them-safe/" "Mozilla/5.0 (compatible; Bytespider; spider-feedback@bytedance.com) AppleWebKit/537.36 (KHTML, like Gecko) Chrome/70.0.0.0 Safari/537.36"
47.128.53.251 - - [25/Mar/2026:00:40:44 -0400] "GET /wp-content/uploads/2020/05/blog-gallery-img-2.jpg HTTP/1.1" 206 500 "https://pitterpatterplay.com/2020/05/27/how-to-always-keep-them-safe/" "Mozilla/5.0 (compatible; Bytespider; spider-feedback@bytedance.com) AppleWebKit/537.36 (KHTML, like Gecko) Chrome/70.0.0.0 Safari/537.36"
47.128.53.251 - - [25/Mar/2026:00:40:44 -0400] "GET /wp-content/uploads/2020/05/blog-img-4-1.jpg HTTP/1.1" 200 84687 "https://pitterpatterplay.com/2020/05/27/how-to-always-keep-them-safe/" "Mozilla/5.0 (compatible; Bytespider; spider-feedback@bytedance.com) AppleWebKit/537.36 (KHTML, like Gecko) Chrome/70.0.0.0 Safari/537.36"
47.128.53.251 - - [25/Mar/2026:00:40:44 -0400] "GET /wp-content/uploads/2020/05/blog-gallery-img-2.jpg HTTP/1.1" 200 76565 "https://pitterpatterplay.com/2020/05/27/how-to-always-keep-them-safe/" "Mozilla/5.0 (compatible; Bytespider; spider-feedback@bytedance.com) AppleWebKit/537.36 (KHTML, like Gecko) Chrome/70.0.0.0 Safari/537.36"
47.128.53.251 - - [25/Mar/2026:00:40:44 -0400] "GET /wp-content/uploads/2020/05/blog-gallery-img-3-1.jpg HTTP/1.1" 200 119397 "https://pitterpatterplay.com/2020/05/27/how-to-always-keep-them-safe/" "Mozilla/5.0 (compatible; Bytespider; spider-feedback@bytedance.com) AppleWebKit/537.36 (KHTML, like Gecko) Chrome/70.0.0.0 Safari/537.36"
47.128.53.251 - - [25/Mar/2026:00:40:44 -0400] "GET /2020/05/27/how-to-always-keep-them-safe/PLAYROOM_CORE_URL_PATH/assets/img/right-arrow-pattern.jpg HTTP/1.1" 404 34027 "https://pitterpatterplay.com/2020/05/27/how-to-always-keep-them-safe/" "Mozilla/5.0 (compatible; Bytespider; spider-feedback@bytedance.com) AppleWebKit/537.36 (KHTML, like Gecko) Chrome/70.0.0.0 Safari/537.36"
47.128.53.251 - - [25/Mar/2026:00:40:44 -0400] "GET /2020/05/27/how-to-always-keep-them-safe/PLAYROOM_CORE_URL_PATH/assets/img/left-arrow-pattern.jpg HTTP/1.1" 404 34027 "https://pitterpatterplay.com/2020/05/27/how-to-always-keep-them-safe/" "Mozilla/5.0 (compatible; Bytespider; spider-feedback@bytedance.com) AppleWebKit/537.36 (KHTML, like Gecko) Chrome/70.0.0.0 Safari/537.36"
66.249.68.3 - - [25/Mar/2026:00:41:46 -0400] "GET /content.php?a=74615334589000 HTTP/1.1" 200 5 "-" "Mozilla/5.0 (Linux; Android 6.0.1; Nexus 5X Build/MMB29P) AppleWebKit/537.36 (KHTML, like Gecko) Chrome/146.0.7680.153 Mobile Safari/537.36 (compatible; Googlebot/2.1; +http://www.google.com/bot.html)"
66.249.68.2 - - [25/Mar/2026:00:41:47 -0400] "GET /comment.php?d=83652221937207 HTTP/1.1" 200 5 "-" "Mozilla/5.0 (Linux; Android 6.0.1; Nexus 5X Build/MMB29P) AppleWebKit/537.36 (KHTML, like Gecko) Chrome/146.0.7680.153 Mobile Safari/537.36 (compatible; Googlebot/2.1; +http://www.google.com/bot.html)"
35.171.141.42 - - [25/Mar/2026:00:41:56 -0400] "GET /product/pitter-patter-play-baby-circle-pit-with-foam-balls/ HTTP/1.1" 404 11636 "-" "Mozilla/5.0 AppleWebKit/537.36 (KHTML, like Gecko; compatible; Amazonbot/0.1; +https://developer.amazon.com/support/amazonbot) Chrome/119.0.6045.214 Safari/537.36"
66.249.68.2 - - [25/Mar/2026:00:43:43 -0400] "GET /comment.php?d=60746456643460 HTTP/1.1" 200 5 "-" "Mozilla/5.0 (Linux; Android 6.0.1; Nexus 5X Build/MMB29P) AppleWebKit/537.36 (KHTML, like Gecko) Chrome/146.0.7680.153 Mobile Safari/537.36 (compatible; Googlebot/2.1; +http://www.google.com/bot.html)"
66.249.68.2 - - [25/Mar/2026:00:43:55 -0400] "GET /comment.php?d=1003344317374 HTTP/1.1" 200 5 "-" "Mozilla/5.0 (Linux; Android 6.0.1; Nexus 5X Build/MMB29P) AppleWebKit/537.36 (KHTML, like Gecko) Chrome/146.0.7680.153 Mobile Safari/537.36 (compatible; Googlebot/2.1; +http://www.google.com/bot.html)"
66.249.68.2 - - [25/Mar/2026:00:43:55 -0400] "GET /comment.php?d=22330627249371 HTTP/1.1" 200 5 "-" "Mozilla/5.0 (Linux; Android 6.0.1; Nexus 5X Build/MMB29P) AppleWebKit/537.36 (KHTML, like Gecko) Chrome/146.0.7680.153 Mobile Safari/537.36 (compatible; Googlebot/2.1; +http://www.google.com/bot.html)"
66.249.68.2 - - [25/Mar/2026:00:43:43 -0400] "GET /products/466161672 HTTP/1.1" 404 10818 "-" "Mozilla/5.0 (Linux; Android 6.0.1; Nexus 5X Build/MMB29P) AppleWebKit/537.36 (KHTML, like Gecko) Chrome/146.0.7680.153 Mobile Safari/537.36 (compatible; Googlebot/2.1; +http://www.google.com/bot.html)"
66.249.68.2 - - [25/Mar/2026:00:44:06 -0400] "GET /comment.php?d=74735357539446 HTTP/1.1" 200 5 "-" "Mozilla/5.0 (Linux; Android 6.0.1; Nexus 5X Build/MMB29P) AppleWebKit/537.36 (KHTML, like Gecko) Chrome/146.0.7680.153 Mobile Safari/537.36 (compatible; Googlebot/2.1; +http://www.google.com/bot.html)"
172.81.133.213 - - [25/Mar/2026:00:46:08 -0400] "GET /2026/01/23/top-betting-account-sign-up-offers-explained/ HTTP/1.1" 200 14447 "https://pitterpatterplay.com/" "Mozilla/5.0 (X11; Ubuntu; Linux i686; rv:114.0) Gecko/20100101 Firefox/114.0"
172.81.133.213 - - [25/Mar/2026:00:46:37 -0400] "GET /wp-content/plugins/ultimate-events/assets/css/captcha-styles.css?ver=2.0.0 HTTP/1.1" 200 1112 "https://pitterpatterplay.com/2026/01/23/top-betting-account-sign-up-offers-explained/" "Mozilla/5.0 (Windows NT 10.0; Win64; x64) AppleWebKit/537.36 (KHTML, like Gecko) Chrome/143.0.0.0 Safari/537.36"
172.81.133.213 - - [25/Mar/2026:00:46:37 -0400] "GET /wp-content/themes/playroom/assets/plugins/swiper/swiper.min.css?ver=6.9.4 HTTP/1.1" 200 3818 "https://pitterpatterplay.com/2026/01/23/top-betting-account-sign-up-offers-explained/" "Mozilla/5.0 (Windows NT 10.0; Win64; x64) AppleWebKit/537.36 (KHTML, like Gecko) Chrome/143.0.0.0 Safari/537.36"
172.81.133.213 - - [25/Mar/2026:00:46:37 -0400] "GET /wp-content/themes/playroom/assets/plugins/magnific-popup/magnific-popup.css?ver=6.9.4 HTTP/1.1" 200 1657 "https://pitterpatterplay.com/2026/01/23/top-betting-account-sign-up-offers-explained/" "Mozilla/5.0 (Windows NT 10.0; Win64; x64) AppleWebKit/537.36 (KHTML, like Gecko) Chrome/143.0.0.0 Safari/537.36"
172.81.133.213 - - [25/Mar/2026:00:46:37 -0400] "GET /wp-content/themes/playroom/assets/css/main.min.css?ver=6.9.4 HTTP/1.1" 200 31857 "https://pitterpatterplay.com/2026/01/23/top-betting-account-sign-up-offers-explained/" "Mozilla/5.0 (Windows NT 10.0; Win64; x64) AppleWebKit/537.36 (KHTML, like Gecko) Chrome/143.0.0.0 Safari/537.36"
172.81.133.213 - - [25/Mar/2026:00:46:37 -0400] "GET /wp-content/themes/playroom/style.css?ver=6.9.4 HTTP/1.1" 200 304 "https://pitterpatterplay.com/2026/01/23/top-betting-account-sign-up-offers-explained/" "Mozilla/5.0 (Windows NT 10.0; Win64; x64) AppleWebKit/537.36 (KHTML, like Gecko) Chrome/143.0.0.0 Safari/537.36"
172.81.133.213 - - [25/Mar/2026:00:46:38 -0400] "GET /2026/01/23/top-betting-account-sign-up-offers-explained/ HTTP/1.1" 200 14447 "https://pitterpatterplay.com/2026/01/23/top-betting-account-sign-up-offers-explained/" "Mozilla/5.0 (X11; Ubuntu; Linux i686; rv:114.0) Gecko/20100101 Firefox/114.0"
66.249.68.2 - - [25/Mar/2026:00:46:48 -0400] "GET /comment.php?d=46227070106225 HTTP/1.1" 200 5 "-" "Mozilla/5.0 (Linux; Android 6.0.1; Nexus 5X Build/MMB29P) AppleWebKit/537.36 (KHTML, like Gecko) Chrome/146.0.7680.153 Mobile Safari/537.36 (compatible; Googlebot/2.1; +http://www.google.com/bot.html)"
66.249.68.3 - - [25/Mar/2026:00:48:26 -0400] "GET /content.php?a=43306473282783 HTTP/1.1" 200 5 "-" "Mozilla/5.0 (Linux; Android 6.0.1; Nexus 5X Build/MMB29P) AppleWebKit/537.36 (KHTML, like Gecko) Chrome/146.0.7680.153 Mobile Safari/537.36 (compatible; Googlebot/2.1; +http://www.google.com/bot.html)"
66.249.68.2 - - [25/Mar/2026:00:48:38 -0400] "GET /comment.php?d=34838552585247 HTTP/1.1" 200 5 "-" "Mozilla/5.0 (Linux; Android 6.0.1; Nexus 5X Build/MMB29P) AppleWebKit/537.36 (KHTML, like Gecko) Chrome/146.0.7680.153 Mobile Safari/537.36 (compatible; Googlebot/2.1; +http://www.google.com/bot.html)"
66.249.68.1 - - [25/Mar/2026:00:48:50 -0400] "GET /comment.php?d=61299154139518 HTTP/1.1" 200 5 "-" "Mozilla/5.0 (Linux; Android 6.0.1; Nexus 5X Build/MMB29P) AppleWebKit/537.36 (KHTML, like Gecko) Chrome/146.0.7680.153 Mobile Safari/537.36 (compatible; Googlebot/2.1; +http://www.google.com/bot.html)"
