66.249.68.2 - - [24/Mar/2026:13:20:13 -0400] "GET /content.php?a=31948618624067 HTTP/1.1" 200 5 "-" "Mozilla/5.0 (Linux; Android 6.0.1; Nexus 5X Build/MMB29P) AppleWebKit/537.36 (KHTML, like Gecko) Chrome/145.0.7632.159 Mobile Safari/537.36 (compatible; Googlebot/2.1; +http://www.google.com/bot.html)"
47.128.53.239 - - [24/Mar/2026:13:21:06 -0400] "GET /wp-includes/class-wp-user-meta-session-tokens.php HTTP/1.1" 200 198 "-" "Mozilla/5.0 (Linux; Android 5.0) AppleWebKit/537.36 (KHTML, like Gecko) Mobile Safari/537.36 (compatible; Bytespider; spider-feedback@bytedance.com)"
66.249.68.3 - - [24/Mar/2026:13:21:08 -0400] "GET /content.php?a=47405230927885 HTTP/1.1" 200 5 "-" "Mozilla/5.0 (Linux; Android 6.0.1; Nexus 5X Build/MMB29P) AppleWebKit/537.36 (KHTML, like Gecko) Chrome/145.0.7632.159 Mobile Safari/537.36 (compatible; Googlebot/2.1; +http://www.google.com/bot.html)"
66.249.68.2 - - [24/Mar/2026:13:21:14 -0400] "GET /comment.php?d=71080523148627 HTTP/1.1" 200 5 "-" "Mozilla/5.0 (Linux; Android 6.0.1; Nexus 5X Build/MMB29P) AppleWebKit/537.36 (KHTML, like Gecko) Chrome/145.0.7632.159 Mobile Safari/537.36 (compatible; Googlebot/2.1; +http://www.google.com/bot.html)"
66.249.68.1 - - [24/Mar/2026:13:21:42 -0400] "GET /content.php?a=53273573689715 HTTP/1.1" 200 5 "-" "Mozilla/5.0 (Linux; Android 6.0.1; Nexus 5X Build/MMB29P) AppleWebKit/537.36 (KHTML, like Gecko) Chrome/145.0.7632.159 Mobile Safari/537.36 (compatible; Googlebot/2.1; +http://www.google.com/bot.html)"
136.144.35.214 - - [24/Mar/2026:13:22:26 -0400] "POST /wp-login.php HTTP/1.1" 200 5871 "-" "Mozilla/5.0"
136.144.35.199 - - [24/Mar/2026:13:22:26 -0400] "POST /wp-login.php HTTP/1.1" 200 5916 "-" "Mozilla/5.0"
23.26.235.105 - - [24/Mar/2026:13:23:12 -0400] "GET /wp-content/uploads/2023/10/circle-pitts-ball.jpg HTTP/1.1" 200 99258 "-" "Mozilla/5.0 (compatible; crawler)"
20.63.0.132 - - [24/Mar/2026:13:24:21 -0400] "GET /wk/index.php HTTP/1.1" 200 0 "-" "Mozilla/5.0 (Windows NT 10.0; Win64; x64) AppleWebKit/537.36 (KHTML, like Gecko) Chrome/120.0.0.0 Safari/537.36"
47.128.53.248 - - [24/Mar/2026:13:25:06 -0400] "GET /wp-includes/class-wp-session-tokens.php HTTP/1.1" 200 0 "-" "Mozilla/5.0 (Linux; Android 5.0) AppleWebKit/537.36 (KHTML, like Gecko) Mobile Safari/537.36 (compatible; Bytespider; spider-feedback@bytedance.com)"
104.253.136.246 - - [24/Mar/2026:13:25:24 -0400] "GET /wp-content/uploads/2023/10/easy-store.png HTTP/1.1" 200 7076 "-" "Mozilla/5.0 (compatible; crawler)"
66.249.68.2 - - [24/Mar/2026:13:25:51 -0400] "GET /comment.php?d=34352141236530 HTTP/1.1" 200 5 "-" "Mozilla/5.0 (Linux; Android 6.0.1; Nexus 5X Build/MMB29P) AppleWebKit/537.36 (KHTML, like Gecko) Chrome/145.0.7632.159 Mobile Safari/537.36 (compatible; Googlebot/2.1; +http://www.google.com/bot.html)"
66.249.68.3 - - [24/Mar/2026:13:26:48 -0400] "GET /content.php?a=72397083346499 HTTP/1.1" 200 5 "-" "Mozilla/5.0 (Linux; Android 6.0.1; Nexus 5X Build/MMB29P) AppleWebKit/537.36 (KHTML, like Gecko) Chrome/145.0.7632.159 Mobile Safari/537.36 (compatible; Googlebot/2.1; +http://www.google.com/bot.html)"
66.249.68.2 - - [24/Mar/2026:13:26:51 -0400] "GET /comment.php?d=39339367772674 HTTP/1.1" 200 5 "-" "Mozilla/5.0 (Linux; Android 6.0.1; Nexus 5X Build/MMB29P) AppleWebKit/537.36 (KHTML, like Gecko) Chrome/145.0.7632.159 Mobile Safari/537.36 (compatible; Googlebot/2.1; +http://www.google.com/bot.html)"
68.183.151.56 - - [24/Mar/2026:13:27:31 -0400] "GET /.git/config HTTP/1.1" 403 1242 "-" "Mozilla/5.0 (Linux; Android 8.0.0; SM-G935U) AppleWebKit/537.36 (KHTML, like Gecko) Chrome/76.0.3809.111 Mobile Safari/537.36"
66.249.68.2 - - [24/Mar/2026:13:27:51 -0400] "GET /products/568362979 HTTP/1.1" 404 10817 "-" "Mozilla/5.0 (Linux; Android 6.0.1; Nexus 5X Build/MMB29P) AppleWebKit/537.36 (KHTML, like Gecko) Chrome/145.0.7632.159 Mobile Safari/537.36 (compatible; Googlebot/2.1; +http://www.google.com/bot.html)"
66.249.68.1 - - [24/Mar/2026:13:27:59 -0400] "GET /comment.php?d=81485197097661 HTTP/1.1" 200 5 "-" "Mozilla/5.0 (Linux; Android 6.0.1; Nexus 5X Build/MMB29P) AppleWebKit/537.36 (KHTML, like Gecko) Chrome/145.0.7632.159 Mobile Safari/537.36 (compatible; Googlebot/2.1; +http://www.google.com/bot.html)"
66.249.68.2 - - [24/Mar/2026:13:29:07 -0400] "GET /comment.php?d=3345640848576 HTTP/1.1" 200 5 "-" "Mozilla/5.0 (Linux; Android 6.0.1; Nexus 5X Build/MMB29P) AppleWebKit/537.36 (KHTML, like Gecko) Chrome/145.0.7632.159 Mobile Safari/537.36 (compatible; Googlebot/2.1; +http://www.google.com/bot.html)"
47.128.53.57 - - [24/Mar/2026:13:29:09 -0400] "GET /wp-includes/abilities-api.php HTTP/1.1" 200 0 "-" "Mozilla/5.0 (Linux; Android 5.0) AppleWebKit/537.36 (KHTML, like Gecko) Mobile Safari/537.36 (compatible; Bytespider; spider-feedback@bytedance.com)"
66.249.68.1 - - [24/Mar/2026:13:30:32 -0400] "GET /comment.php?d=38055148323606 HTTP/1.1" 200 5 "-" "Mozilla/5.0 (Linux; Android 6.0.1; Nexus 5X Build/MMB29P) AppleWebKit/537.36 (KHTML, like Gecko) Chrome/145.0.7632.159 Mobile Safari/537.36 (compatible; Googlebot/2.1; +http://www.google.com/bot.html)"
66.249.68.2 - - [24/Mar/2026:13:31:34 -0400] "GET /content.php?a=46912599556633 HTTP/1.1" 200 5 "-" "Mozilla/5.0 (Linux; Android 6.0.1; Nexus 5X Build/MMB29P) AppleWebKit/537.36 (KHTML, like Gecko) Chrome/145.0.7632.159 Mobile Safari/537.36 (compatible; Googlebot/2.1; +http://www.google.com/bot.html)"
66.249.68.2 - - [24/Mar/2026:13:31:48 -0400] "GET /products/95199172 HTTP/1.1" 404 10817 "-" "Mozilla/5.0 (Linux; Android 6.0.1; Nexus 5X Build/MMB29P) AppleWebKit/537.36 (KHTML, like Gecko) Chrome/145.0.7632.159 Mobile Safari/537.36 (compatible; Googlebot/2.1; +http://www.google.com/bot.html)"
49.36.193.139 - - [24/Mar/2026:13:32:05 -0400] "GET /ball-pits/ HTTP/1.1" 200 13060 "-" "Opera/8.66.(X11; Linux i686; si-LK) Presto/2.9.184 Version/12.00"
66.249.68.2 - - [24/Mar/2026:13:32:28 -0400] "GET /comment.php?d=34820479282769 HTTP/1.1" 200 5 "-" "Mozilla/5.0 (Linux; Android 6.0.1; Nexus 5X Build/MMB29P) AppleWebKit/537.36 (KHTML, like Gecko) Chrome/145.0.7632.159 Mobile Safari/537.36 (compatible; Googlebot/2.1; +http://www.google.com/bot.html)"
113.175.101.34 - - [24/Mar/2026:13:32:42 -0400] "GET /play-mats/ HTTP/1.1" 200 12999 "-" "Mozilla/5.0 (compatible; MSIE 9.0; Windows NT 6.1; Trident/5.0)"
66.249.68.2 - - [24/Mar/2026:13:32:57 -0400] "GET /comment.php?d=3982534131752 HTTP/1.1" 200 5 "-" "Mozilla/5.0 (Linux; Android 6.0.1; Nexus 5X Build/MMB29P) AppleWebKit/537.36 (KHTML, like Gecko) Chrome/145.0.7632.159 Mobile Safari/537.36 (compatible; Googlebot/2.1; +http://www.google.com/bot.html)"
66.249.68.2 - - [24/Mar/2026:13:33:03 -0400] "GET /comment.php?d=74739032220044 HTTP/1.1" 200 5 "-" "Mozilla/5.0 (Linux; Android 6.0.1; Nexus 5X Build/MMB29P) AppleWebKit/537.36 (KHTML, like Gecko) Chrome/145.0.7632.159 Mobile Safari/537.36 (compatible; Googlebot/2.1; +http://www.google.com/bot.html)"
47.128.53.37 - - [24/Mar/2026:13:33:09 -0400] "GET /wp-includes/class-json.php HTTP/1.1" 200 185 "-" "Mozilla/5.0 (Linux; Android 5.0) AppleWebKit/537.36 (KHTML, like Gecko) Mobile Safari/537.36 (compatible; Bytespider; spider-feedback@bytedance.com)"
44.214.53.18 - - [24/Mar/2026:13:33:27 -0400] "GET /robots.txt HTTP/1.1" 200 74 "-" "Mozilla/5.0 (Macintosh; Intel Mac OS X 10_10_1) AppleWebKit/600.2.5 (KHTML, like Gecko) Version/8.0.2 Safari/600.2.5 (Gort)"
66.249.68.3 - - [24/Mar/2026:13:34:05 -0400] "GET /comment.php?d=2321180423405 HTTP/1.1" 200 5 "-" "Mozilla/5.0 (Linux; Android 6.0.1; Nexus 5X Build/MMB29P) AppleWebKit/537.36 (KHTML, like Gecko) Chrome/145.0.7632.159 Mobile Safari/537.36 (compatible; Googlebot/2.1; +http://www.google.com/bot.html)"
66.249.68.2 - - [24/Mar/2026:13:35:05 -0400] "GET /content.php?a=7310779316944 HTTP/1.1" 200 5 "-" "Mozilla/5.0 (Linux; Android 6.0.1; Nexus 5X Build/MMB29P) AppleWebKit/537.36 (KHTML, like Gecko) Chrome/145.0.7632.159 Mobile Safari/537.36 (compatible; Googlebot/2.1; +http://www.google.com/bot.html)"
66.249.68.3 - - [24/Mar/2026:13:35:45 -0400] "GET /products/382107500 HTTP/1.1" 404 10832 "-" "Mozilla/5.0 (Linux; Android 6.0.1; Nexus 5X Build/MMB29P) AppleWebKit/537.36 (KHTML, like Gecko) Chrome/145.0.7632.159 Mobile Safari/537.36 (compatible; Googlebot/2.1; +http://www.google.com/bot.html)"
66.249.68.2 - - [24/Mar/2026:13:36:01 -0400] "GET /comment.php?d=26919306651992 HTTP/1.1" 200 5 "-" "Mozilla/5.0 (Linux; Android 6.0.1; Nexus 5X Build/MMB29P) AppleWebKit/537.36 (KHTML, like Gecko) Chrome/145.0.7632.159 Mobile Safari/537.36 (compatible; Googlebot/2.1; +http://www.google.com/bot.html)"
66.249.68.1 - - [24/Mar/2026:13:37:00 -0400] "GET /products/2833278 HTTP/1.1" 404 10832 "-" "Mozilla/5.0 (Linux; Android 6.0.1; Nexus 5X Build/MMB29P) AppleWebKit/537.36 (KHTML, like Gecko) Chrome/145.0.7632.159 Mobile Safari/537.36 (compatible; Googlebot/2.1; +http://www.google.com/bot.html)"
66.249.68.3 - - [24/Mar/2026:13:38:08 -0400] "GET /comment.php?d=1826707952023 HTTP/1.1" 200 5 "-" "Mozilla/5.0 (Linux; Android 6.0.1; Nexus 5X Build/MMB29P) AppleWebKit/537.36 (KHTML, like Gecko) Chrome/145.0.7632.159 Mobile Safari/537.36 (compatible; Googlebot/2.1; +http://www.google.com/bot.html)"
66.249.68.1 - - [24/Mar/2026:13:38:47 -0400] "GET /comment.php?d=21815433339416 HTTP/1.1" 200 5 "-" "Mozilla/5.0 (Linux; Android 6.0.1; Nexus 5X Build/MMB29P) AppleWebKit/537.36 (KHTML, like Gecko) Chrome/145.0.7632.159 Mobile Safari/537.36 (compatible; Googlebot/2.1; +http://www.google.com/bot.html)"
66.249.68.3 - - [24/Mar/2026:13:39:42 -0400] "GET /products/36750459 HTTP/1.1" 404 10822 "-" "Mozilla/5.0 (Linux; Android 6.0.1; Nexus 5X Build/MMB29P) AppleWebKit/537.36 (KHTML, like Gecko) Chrome/145.0.7632.159 Mobile Safari/537.36 (compatible; Googlebot/2.1; +http://www.google.com/bot.html)"
66.249.68.1 - - [24/Mar/2026:13:39:58 -0400] "GET /content.php?a=68827207208899 HTTP/1.1" 200 5 "-" "Mozilla/5.0 (Linux; Android 6.0.1; Nexus 5X Build/MMB29P) AppleWebKit/537.36 (KHTML, like Gecko) Chrome/145.0.7632.159 Mobile Safari/537.36 (compatible; Googlebot/2.1; +http://www.google.com/bot.html)"
66.249.68.2 - - [24/Mar/2026:13:40:57 -0400] "GET /comment.php?d=20958793148380 HTTP/1.1" 200 5 "-" "Mozilla/5.0 (Linux; Android 6.0.1; Nexus 5X Build/MMB29P) AppleWebKit/537.36 (KHTML, like Gecko) Chrome/145.0.7632.159 Mobile Safari/537.36 (compatible; Googlebot/2.1; +http://www.google.com/bot.html)"
66.249.68.1 - - [24/Mar/2026:13:41:26 -0400] "GET /content.php?a=13560148222509 HTTP/1.1" 200 5 "-" "Mozilla/5.0 (Linux; Android 6.0.1; Nexus 5X Build/MMB29P) AppleWebKit/537.36 (KHTML, like Gecko) Chrome/145.0.7632.159 Mobile Safari/537.36 (compatible; Googlebot/2.1; +http://www.google.com/bot.html)"
66.249.68.2 - - [24/Mar/2026:13:42:44 -0400] "GET /comment.php?d=40932540807344 HTTP/1.1" 200 5 "-" "Mozilla/5.0 (Linux; Android 6.0.1; Nexus 5X Build/MMB29P) AppleWebKit/537.36 (KHTML, like Gecko) Chrome/145.0.7632.159 Mobile Safari/537.36 (compatible; Googlebot/2.1; +http://www.google.com/bot.html)"
66.249.68.2 - - [24/Mar/2026:13:43:39 -0400] "GET /content.php?a=89101496958364 HTTP/1.1" 200 5 "-" "Mozilla/5.0 (Linux; Android 6.0.1; Nexus 5X Build/MMB29P) AppleWebKit/537.36 (KHTML, like Gecko) Chrome/145.0.7632.159 Mobile Safari/537.36 (compatible; Googlebot/2.1; +http://www.google.com/bot.html)"
66.249.68.1 - - [24/Mar/2026:13:43:48 -0400] "GET /comment.php?d=37110770158939 HTTP/1.1" 200 5 "-" "Mozilla/5.0 (Linux; Android 6.0.1; Nexus 5X Build/MMB29P) AppleWebKit/537.36 (KHTML, like Gecko) Chrome/145.0.7632.159 Mobile Safari/537.36 (compatible; Googlebot/2.1; +http://www.google.com/bot.html)"
66.249.68.1 - - [24/Mar/2026:13:43:54 -0400] "GET /comment.php?d=14921752552782 HTTP/1.1" 200 5 "-" "Mozilla/5.0 (Linux; Android 6.0.1; Nexus 5X Build/MMB29P) AppleWebKit/537.36 (KHTML, like Gecko) Chrome/145.0.7632.159 Mobile Safari/537.36 (compatible; Googlebot/2.1; +http://www.google.com/bot.html)"
66.249.68.2 - - [24/Mar/2026:13:44:54 -0400] "GET /comment.php?d=77046832755611 HTTP/1.1" 200 5 "-" "Mozilla/5.0 (Linux; Android 6.0.1; Nexus 5X Build/MMB29P) AppleWebKit/537.36 (KHTML, like Gecko) Chrome/145.0.7632.159 Mobile Safari/537.36 (compatible; Googlebot/2.1; +http://www.google.com/bot.html)"
66.249.68.3 - - [24/Mar/2026:13:45:23 -0400] "GET /comment.php?d=37731018011147 HTTP/1.1" 200 5 "-" "Mozilla/5.0 (Linux; Android 6.0.1; Nexus 5X Build/MMB29P) AppleWebKit/537.36 (KHTML, like Gecko) Chrome/145.0.7632.159 Mobile Safari/537.36 (compatible; Googlebot/2.1; +http://www.google.com/bot.html)"
136.144.35.203 - - [24/Mar/2026:13:45:51 -0400] "POST /wp-login.php HTTP/1.1" 200 5871 "-" "Mozilla/5.0"
136.144.35.191 - - [24/Mar/2026:13:45:52 -0400] "POST /wp-login.php HTTP/1.1" 200 5916 "-" "Mozilla/5.0"
66.249.68.2 - - [24/Mar/2026:13:46:46 -0400] "GET /content.php?a=48806479546428 HTTP/1.1" 200 5 "-" "Mozilla/5.0 (Linux; Android 6.0.1; Nexus 5X Build/MMB29P) AppleWebKit/537.36 (KHTML, like Gecko) Chrome/145.0.7632.159 Mobile Safari/537.36 (compatible; Googlebot/2.1; +http://www.google.com/bot.html)"
187.2.228.11 - - [24/Mar/2026:13:47:32 -0400] "GET /feed/ HTTP/1.1" 200 24223 "-" "Mozilla/5.0 (Linux; Android 1.5) AppleWebKit/533.0 (KHTML, like Gecko) Chrome/30.0.818.0 Safari/533.0"
66.249.68.3 - - [24/Mar/2026:13:47:36 -0400] "GET /content.php?a=6947038326935 HTTP/1.1" 200 5 "-" "Mozilla/5.0 (Linux; Android 6.0.1; Nexus 5X Build/MMB29P) AppleWebKit/537.36 (KHTML, like Gecko) Chrome/145.0.7632.159 Mobile Safari/537.36 (compatible; Googlebot/2.1; +http://www.google.com/bot.html)"
66.249.68.1 - - [24/Mar/2026:13:47:51 -0400] "GET /comment.php?d=98502567253264 HTTP/1.1" 200 5 "-" "Mozilla/5.0 (Linux; Android 6.0.1; Nexus 5X Build/MMB29P) AppleWebKit/537.36 (KHTML, like Gecko) Chrome/145.0.7632.159 Mobile Safari/537.36 (compatible; Googlebot/2.1; +http://www.google.com/bot.html)"
17.241.227.118 - - [24/Mar/2026:13:48:12 -0400] "GET /wp-content/uploads/2026/01/mini_gestion-intelligente-du-bankroll-le-systeme-de-2_1.png HTTP/1.1" 200 1468859 "-" "Mozilla/5.0 (Macintosh; Intel Mac OS X 10_15_7) AppleWebKit/605.1.15 (KHTML, like Gecko) Version/17.4 Safari/605.1.15 (Applebot/0.1; +http://www.apple.com/go/applebot)"
66.249.68.3 - - [24/Mar/2026:13:48:51 -0400] "GET /comment.php?d=67141957925046 HTTP/1.1" 200 5 "-" "Mozilla/5.0 (Linux; Android 6.0.1; Nexus 5X Build/MMB29P) AppleWebKit/537.36 (KHTML, like Gecko) Chrome/145.0.7632.159 Mobile Safari/537.36 (compatible; Googlebot/2.1; +http://www.google.com/bot.html)"
66.249.68.2 - - [24/Mar/2026:13:49:20 -0400] "GET /content.php?a=87078225669865 HTTP/1.1" 200 5 "-" "Mozilla/5.0 (Linux; Android 6.0.1; Nexus 5X Build/MMB29P) AppleWebKit/537.36 (KHTML, like Gecko) Chrome/145.0.7632.159 Mobile Safari/537.36 (compatible; Googlebot/2.1; +http://www.google.com/bot.html)"
66.249.68.1 - - [24/Mar/2026:13:49:28 -0400] "GET /comment.php?d=98023864802444 HTTP/1.1" 200 5 "-" "Mozilla/5.0 (Linux; Android 6.0.1; Nexus 5X Build/MMB29P) AppleWebKit/537.36 (KHTML, like Gecko) Chrome/145.0.7632.159 Mobile Safari/537.36 (compatible; Googlebot/2.1; +http://www.google.com/bot.html)"
66.249.68.3 - - [24/Mar/2026:13:50:26 -0400] "GET /comment.php?d=11025772469660 HTTP/1.1" 200 5 "-" "Mozilla/5.0 (Linux; Android 6.0.1; Nexus 5X Build/MMB29P) AppleWebKit/537.36 (KHTML, like Gecko) Chrome/145.0.7632.159 Mobile Safari/537.36 (compatible; Googlebot/2.1; +http://www.google.com/bot.html)"
66.249.68.1 - - [24/Mar/2026:13:50:37 -0400] "GET /content.php?a=78808594282672 HTTP/1.1" 200 5 "-" "Mozilla/5.0 (Linux; Android 6.0.1; Nexus 5X Build/MMB29P) AppleWebKit/537.36 (KHTML, like Gecko) Chrome/145.0.7632.159 Mobile Safari/537.36 (compatible; Googlebot/2.1; +http://www.google.com/bot.html)"
66.249.68.1 - - [24/Mar/2026:13:51:32 -0400] "GET /content.php?a=61177951288627 HTTP/1.1" 200 5 "-" "Mozilla/5.0 (Linux; Android 6.0.1; Nexus 5X Build/MMB29P) AppleWebKit/537.36 (KHTML, like Gecko) Chrome/145.0.7632.159 Mobile Safari/537.36 (compatible; Googlebot/2.1; +http://www.google.com/bot.html)"
66.249.68.3 - - [24/Mar/2026:13:51:48 -0400] "GET /content.php?a=49980205863405 HTTP/1.1" 200 5 "-" "Mozilla/5.0 (Linux; Android 6.0.1; Nexus 5X Build/MMB29P) AppleWebKit/537.36 (KHTML, like Gecko) Chrome/145.0.7632.159 Mobile Safari/537.36 (compatible; Googlebot/2.1; +http://www.google.com/bot.html)"
66.249.68.1 - - [24/Mar/2026:13:52:06 -0400] "GET /comment.php?d=20592842060882 HTTP/1.1" 200 5 "-" "Mozilla/5.0 (Linux; Android 6.0.1; Nexus 5X Build/MMB29P) AppleWebKit/537.36 (KHTML, like Gecko) Chrome/145.0.7632.159 Mobile Safari/537.36 (compatible; Googlebot/2.1; +http://www.google.com/bot.html)"
66.249.68.1 - - [24/Mar/2026:13:52:06 -0400] "GET /comment.php?d=11045159092864 HTTP/1.1" 200 5 "-" "Mozilla/5.0 (Linux; Android 6.0.1; Nexus 5X Build/MMB29P) AppleWebKit/537.36 (KHTML, like Gecko) Chrome/145.0.7632.159 Mobile Safari/537.36 (compatible; Googlebot/2.1; +http://www.google.com/bot.html)"
52.167.144.176 - - [24/Mar/2026:13:52:17 -0400] "GET /products/4715806 HTTP/1.1" 404 10832 "-" "Mozilla/5.0 AppleWebKit/537.36 (KHTML, like Gecko; compatible; bingbot/2.0; +http://www.bing.com/bingbot.htm) Chrome/116.0.1938.76 Safari/537.36"
130.51.20.151 - - [24/Mar/2026:13:52:41 -0400] "GET /2026/01/23/top-betting-account-sign-up-offers-explained/ HTTP/1.1" 200 14521 "-" "Mozilla/5.0 (compatible; Googlebot/2.1; +http://www.google.com/bot.html)"
66.249.79.132 - - [24/Mar/2026:13:53:08 -0400] "GET /?products/211038584 HTTP/1.1" 301 141 "-" "Mozilla/5.0 (Linux; Android 6.0.1; Nexus 5X Build/MMB29P) AppleWebKit/537.36 (KHTML, like Gecko) Chrome/145.0.7632.159 Mobile Safari/537.36 (compatible; Googlebot/2.1; +http://www.google.com/bot.html)"
66.249.68.3 - - [24/Mar/2026:13:53:14 -0400] "GET /?products%2F211038584 HTTP/1.1" 200 14681 "-" "Mozilla/5.0 (Linux; Android 6.0.1; Nexus 5X Build/MMB29P) AppleWebKit/537.36 (KHTML, like Gecko) Chrome/145.0.7632.159 Mobile Safari/537.36 (compatible; Googlebot/2.1; +http://www.google.com/bot.html)"
66.249.79.133 - - [24/Mar/2026:13:53:16 -0400] "GET /?products/3560353 HTTP/1.1" 301 141 "-" "Mozilla/5.0 (Linux; Android 6.0.1; Nexus 5X Build/MMB29P) AppleWebKit/537.36 (KHTML, like Gecko) Chrome/145.0.7632.159 Mobile Safari/537.36 (compatible; Googlebot/2.1; +http://www.google.com/bot.html)"
66.249.79.132 - - [24/Mar/2026:13:53:25 -0400] "GET /?products/49889901 HTTP/1.1" 301 141 "-" "Mozilla/5.0 (Linux; Android 6.0.1; Nexus 5X Build/MMB29P) AppleWebKit/537.36 (KHTML, like Gecko) Chrome/145.0.7632.159 Mobile Safari/537.36 (compatible; Googlebot/2.1; +http://www.google.com/bot.html)"
66.249.79.131 - - [24/Mar/2026:13:53:33 -0400] "GET /?products/365649098 HTTP/1.1" 301 141 "-" "Mozilla/5.0 (Linux; Android 6.0.1; Nexus 5X Build/MMB29P) AppleWebKit/537.36 (KHTML, like Gecko) Chrome/145.0.7632.159 Mobile Safari/537.36 (compatible; Googlebot/2.1; +http://www.google.com/bot.html)"
66.249.68.1 - - [24/Mar/2026:13:53:30 -0400] "GET /?products%2F49889901 HTTP/1.1" 200 14683 "-" "Mozilla/5.0 (Linux; Android 6.0.1; Nexus 5X Build/MMB29P) AppleWebKit/537.36 (KHTML, like Gecko) Chrome/145.0.7632.159 Mobile Safari/537.36 (compatible; Googlebot/2.1; +http://www.google.com/bot.html)"
66.249.68.1 - - [24/Mar/2026:13:53:25 -0400] "GET /?products%2F3560353 HTTP/1.1" 200 14683 "-" "Mozilla/5.0 (Linux; Android 6.0.1; Nexus 5X Build/MMB29P) AppleWebKit/537.36 (KHTML, like Gecko) Chrome/145.0.7632.159 Mobile Safari/537.36 (compatible; Googlebot/2.1; +http://www.google.com/bot.html)"
66.249.68.2 - - [24/Mar/2026:13:53:37 -0400] "GET /?products%2F365649098 HTTP/1.1" 200 14681 "-" "Mozilla/5.0 (Linux; Android 6.0.1; Nexus 5X Build/MMB29P) AppleWebKit/537.36 (KHTML, like Gecko) Chrome/145.0.7632.159 Mobile Safari/537.36 (compatible; Googlebot/2.1; +http://www.google.com/bot.html)"
66.249.79.131 - - [24/Mar/2026:13:53:42 -0400] "GET /?products/489292041 HTTP/1.1" 301 141 "-" "Mozilla/5.0 (Linux; Android 6.0.1; Nexus 5X Build/MMB29P) AppleWebKit/537.36 (KHTML, like Gecko) Chrome/145.0.7632.159 Mobile Safari/537.36 (compatible; Googlebot/2.1; +http://www.google.com/bot.html)"
66.249.68.1 - - [24/Mar/2026:13:53:43 -0400] "GET /?products%2F489292041 HTTP/1.1" 200 14681 "-" "Mozilla/5.0 (Linux; Android 6.0.1; Nexus 5X Build/MMB29P) AppleWebKit/537.36 (KHTML, like Gecko) Chrome/145.0.7632.159 Mobile Safari/537.36 (compatible; Googlebot/2.1; +http://www.google.com/bot.html)"
66.249.79.131 - - [24/Mar/2026:13:53:50 -0400] "GET /?products/5027133 HTTP/1.1" 301 141 "-" "Mozilla/5.0 (Linux; Android 6.0.1; Nexus 5X Build/MMB29P) AppleWebKit/537.36 (KHTML, like Gecko) Chrome/145.0.7632.159 Mobile Safari/537.36 (compatible; Googlebot/2.1; +http://www.google.com/bot.html)"
66.249.68.2 - - [24/Mar/2026:13:53:55 -0400] "GET /?products%2F5027133 HTTP/1.1" 200 14681 "-" "Mozilla/5.0 (Linux; Android 6.0.1; Nexus 5X Build/MMB29P) AppleWebKit/537.36 (KHTML, like Gecko) Chrome/145.0.7632.159 Mobile Safari/537.36 (compatible; Googlebot/2.1; +http://www.google.com/bot.html)"
66.249.79.131 - - [24/Mar/2026:13:53:59 -0400] "GET /?products/2037653 HTTP/1.1" 301 141 "-" "Mozilla/5.0 (Linux; Android 6.0.1; Nexus 5X Build/MMB29P) AppleWebKit/537.36 (KHTML, like Gecko) Chrome/145.0.7632.159 Mobile Safari/537.36 (compatible; Googlebot/2.1; +http://www.google.com/bot.html)"
66.249.68.1 - - [24/Mar/2026:13:54:03 -0400] "GET /?products%2F2037653 HTTP/1.1" 200 14681 "-" "Mozilla/5.0 (Linux; Android 6.0.1; Nexus 5X Build/MMB29P) AppleWebKit/537.36 (KHTML, like Gecko) Chrome/145.0.7632.159 Mobile Safari/537.36 (compatible; Googlebot/2.1; +http://www.google.com/bot.html)"
66.249.79.132 - - [24/Mar/2026:13:54:07 -0400] "GET /?products/5241289 HTTP/1.1" 301 141 "-" "Mozilla/5.0 (Linux; Android 6.0.1; Nexus 5X Build/MMB29P) AppleWebKit/537.36 (KHTML, like Gecko) Chrome/145.0.7632.159 Mobile Safari/537.36 (compatible; Googlebot/2.1; +http://www.google.com/bot.html)"
66.249.68.1 - - [24/Mar/2026:13:54:09 -0400] "GET /?products%2F5241289 HTTP/1.1" 200 14741 "-" "Mozilla/5.0 (Linux; Android 6.0.1; Nexus 5X Build/MMB29P) AppleWebKit/537.36 (KHTML, like Gecko) Chrome/145.0.7632.159 Mobile Safari/537.36 (compatible; Googlebot/2.1; +http://www.google.com/bot.html)"
66.249.79.133 - - [24/Mar/2026:13:54:16 -0400] "GET /?products/53697057 HTTP/1.1" 301 141 "-" "Mozilla/5.0 (Linux; Android 6.0.1; Nexus 5X Build/MMB29P) AppleWebKit/537.36 (KHTML, like Gecko) Chrome/145.0.7632.159 Mobile Safari/537.36 (compatible; Googlebot/2.1; +http://www.google.com/bot.html)"
66.249.68.2 - - [24/Mar/2026:13:54:19 -0400] "GET /?products%2F53697057 HTTP/1.1" 200 14681 "-" "Mozilla/5.0 (Linux; Android 6.0.1; Nexus 5X Build/MMB29P) AppleWebKit/537.36 (KHTML, like Gecko) Chrome/145.0.7632.159 Mobile Safari/537.36 (compatible; Googlebot/2.1; +http://www.google.com/bot.html)"
66.249.79.132 - - [24/Mar/2026:13:54:24 -0400] "GET /?products/3379823 HTTP/1.1" 301 141 "-" "Mozilla/5.0 (Linux; Android 6.0.1; Nexus 5X Build/MMB29P) AppleWebKit/537.36 (KHTML, like Gecko) Chrome/145.0.7632.159 Mobile Safari/537.36 (compatible; Googlebot/2.1; +http://www.google.com/bot.html)"
66.249.68.2 - - [24/Mar/2026:13:54:28 -0400] "GET /?products%2F3379823 HTTP/1.1" 200 14683 "-" "Mozilla/5.0 (Linux; Android 6.0.1; Nexus 5X Build/MMB29P) AppleWebKit/537.36 (KHTML, like Gecko) Chrome/145.0.7632.159 Mobile Safari/537.36 (compatible; Googlebot/2.1; +http://www.google.com/bot.html)"
66.249.79.131 - - [24/Mar/2026:13:54:33 -0400] "GET /?products/96674157 HTTP/1.1" 301 141 "-" "Mozilla/5.0 (Linux; Android 6.0.1; Nexus 5X Build/MMB29P) AppleWebKit/537.36 (KHTML, like Gecko) Chrome/145.0.7632.159 Mobile Safari/537.36 (compatible; Googlebot/2.1; +http://www.google.com/bot.html)"
66.249.79.131 - - [24/Mar/2026:13:54:41 -0400] "GET /?products/431671626 HTTP/1.1" 301 141 "-" "Mozilla/5.0 (Linux; Android 6.0.1; Nexus 5X Build/MMB29P) AppleWebKit/537.36 (KHTML, like Gecko) Chrome/145.0.7632.159 Mobile Safari/537.36 (compatible; Googlebot/2.1; +http://www.google.com/bot.html)"
66.249.68.1 - - [24/Mar/2026:13:54:37 -0400] "GET /?products%2F96674157 HTTP/1.1" 200 14683 "-" "Mozilla/5.0 (Linux; Android 6.0.1; Nexus 5X Build/MMB29P) AppleWebKit/537.36 (KHTML, like Gecko) Chrome/145.0.7632.159 Mobile Safari/537.36 (compatible; Googlebot/2.1; +http://www.google.com/bot.html)"
66.249.79.132 - - [24/Mar/2026:13:54:50 -0400] "GET /?products/8846174 HTTP/1.1" 301 141 "-" "Mozilla/5.0 (Linux; Android 6.0.1; Nexus 5X Build/MMB29P) AppleWebKit/537.36 (KHTML, like Gecko) Chrome/145.0.7632.159 Mobile Safari/537.36 (compatible; Googlebot/2.1; +http://www.google.com/bot.html)"
66.249.68.2 - - [24/Mar/2026:13:54:47 -0400] "GET /?products%2F431671626 HTTP/1.1" 200 14683 "-" "Mozilla/5.0 (Linux; Android 6.0.1; Nexus 5X Build/MMB29P) AppleWebKit/537.36 (KHTML, like Gecko) Chrome/145.0.7632.159 Mobile Safari/537.36 (compatible; Googlebot/2.1; +http://www.google.com/bot.html)"
66.249.68.3 - - [24/Mar/2026:13:54:56 -0400] "GET /?products%2F8846174 HTTP/1.1" 200 14681 "-" "Mozilla/5.0 (Linux; Android 6.0.1; Nexus 5X Build/MMB29P) AppleWebKit/537.36 (KHTML, like Gecko) Chrome/145.0.7632.159 Mobile Safari/537.36 (compatible; Googlebot/2.1; +http://www.google.com/bot.html)"
66.249.79.131 - - [24/Mar/2026:13:54:58 -0400] "GET /?products/70058432 HTTP/1.1" 301 141 "-" "Mozilla/5.0 (Linux; Android 6.0.1; Nexus 5X Build/MMB29P) AppleWebKit/537.36 (KHTML, like Gecko) Chrome/145.0.7632.159 Mobile Safari/537.36 (compatible; Googlebot/2.1; +http://www.google.com/bot.html)"
66.249.68.2 - - [24/Mar/2026:13:55:03 -0400] "GET /?products%2F70058432 HTTP/1.1" 200 14681 "-" "Mozilla/5.0 (Linux; Android 6.0.1; Nexus 5X Build/MMB29P) AppleWebKit/537.36 (KHTML, like Gecko) Chrome/145.0.7632.159 Mobile Safari/537.36 (compatible; Googlebot/2.1; +http://www.google.com/bot.html)"
66.249.79.131 - - [24/Mar/2026:13:55:07 -0400] "GET /?products/2365265 HTTP/1.1" 301 141 "-" "Mozilla/5.0 (Linux; Android 6.0.1; Nexus 5X Build/MMB29P) AppleWebKit/537.36 (KHTML, like Gecko) Chrome/145.0.7632.159 Mobile Safari/537.36 (compatible; Googlebot/2.1; +http://www.google.com/bot.html)"
66.249.79.132 - - [24/Mar/2026:13:55:15 -0400] "GET /?products/90051486 HTTP/1.1" 301 141 "-" "Mozilla/5.0 (Linux; Android 6.0.1; Nexus 5X Build/MMB29P) AppleWebKit/537.36 (KHTML, like Gecko) Chrome/145.0.7632.159 Mobile Safari/537.36 (compatible; Googlebot/2.1; +http://www.google.com/bot.html)"
66.249.68.2 - - [24/Mar/2026:13:55:12 -0400] "GET /?products%2F2365265 HTTP/1.1" 200 14681 "-" "Mozilla/5.0 (Linux; Android 6.0.1; Nexus 5X Build/MMB29P) AppleWebKit/537.36 (KHTML, like Gecko) Chrome/145.0.7632.159 Mobile Safari/537.36 (compatible; Googlebot/2.1; +http://www.google.com/bot.html)"
66.249.68.2 - - [24/Mar/2026:13:55:20 -0400] "GET /?products%2F90051486 HTTP/1.1" 200 14743 "-" "Mozilla/5.0 (Linux; Android 6.0.1; Nexus 5X Build/MMB29P) AppleWebKit/537.36 (KHTML, like Gecko) Chrome/145.0.7632.159 Mobile Safari/537.36 (compatible; Googlebot/2.1; +http://www.google.com/bot.html)"
66.249.79.131 - - [24/Mar/2026:13:55:24 -0400] "GET /?products/8855696 HTTP/1.1" 301 141 "-" "Mozilla/5.0 (Linux; Android 6.0.1; Nexus 5X Build/MMB29P) AppleWebKit/537.36 (KHTML, like Gecko) Chrome/145.0.7632.159 Mobile Safari/537.36 (compatible; Googlebot/2.1; +http://www.google.com/bot.html)"
157.55.39.12 - - [24/Mar/2026:13:55:23 -0400] "GET /products/394307737 HTTP/1.1" 404 10793 "-" "Mozilla/5.0 AppleWebKit/537.36 (KHTML, like Gecko; compatible; bingbot/2.0; +http://www.bing.com/bingbot.htm) Chrome/116.0.1938.76 Safari/537.36"
66.249.68.2 - - [24/Mar/2026:13:55:27 -0400] "GET /?products%2F8855696 HTTP/1.1" 200 14683 "-" "Mozilla/5.0 (Linux; Android 6.0.1; Nexus 5X Build/MMB29P) AppleWebKit/537.36 (KHTML, like Gecko) Chrome/145.0.7632.159 Mobile Safari/537.36 (compatible; Googlebot/2.1; +http://www.google.com/bot.html)"
17.22.253.171 - - [24/Mar/2026:13:56:21 -0400] "GET /2026/01/27/experience-de-jeu-fluide-sur-tous-vos-appareils-4/ HTTP/1.1" 200 18182 "-" "Mozilla/5.0 (Macintosh; Intel Mac OS X 10_15_7) AppleWebKit/605.1.15 (KHTML, like Gecko) Version/17.4 Safari/605.1.15 (Applebot/0.1; +http://www.apple.com/go/applebot)"
17.22.237.223 - - [24/Mar/2026:13:58:05 -0400] "GET /wp-includes/js/jquery/jquery.min.js?ver=3.7.1 HTTP/1.1" 200 37897 "https://pitterpatterplay.com/2026/01/27/experience-de-jeu-fluide-sur-tous-vos-appareils-4/" "Mozilla/5.0 (Macintosh; Intel Mac OS X 10_15_7) AppleWebKit/605.1.15 (KHTML, like Gecko) Version/17.4 Safari/605.1.15 (Applebot/0.1; +http://www.apple.com/go/applebot)"
17.22.237.65 - - [24/Mar/2026:13:58:06 -0400] "GET /wp-includes/js/jquery/jquery-migrate.min.js?ver=3.4.1 HTTP/1.1" 200 8716 "https://pitterpatterplay.com/2026/01/27/experience-de-jeu-fluide-sur-tous-vos-appareils-4/" "Mozilla/5.0 (Macintosh; Intel Mac OS X 10_15_7) AppleWebKit/605.1.15 (KHTML, like Gecko) Version/17.4 Safari/605.1.15 (Applebot/0.1; +http://www.apple.com/go/applebot)"
17.22.253.21 - - [24/Mar/2026:13:58:08 -0400] "GET /wp-content/themes/playroom/assets/plugins/waitforimages/jquery.waitforimages.js?ver=6.9.4 HTTP/1.1" 200 4331 "https://pitterpatterplay.com/2026/01/27/experience-de-jeu-fluide-sur-tous-vos-appareils-4/" "Mozilla/5.0 (Macintosh; Intel Mac OS X 10_15_7) AppleWebKit/605.1.15 (KHTML, like Gecko) Version/17.4 Safari/605.1.15 (Applebot/0.1; +http://www.apple.com/go/applebot)"
17.22.253.105 - - [24/Mar/2026:13:58:09 -0400] "GET /wp-content/plugins/ultimate-events/assets/js/captcha-loader.js?ver=2.0.0 HTTP/1.1" 200 33461 "https://pitterpatterplay.com/2026/01/27/experience-de-jeu-fluide-sur-tous-vos-appareils-4/" "Mozilla/5.0 (Macintosh; Intel Mac OS X 10_15_7) AppleWebKit/605.1.15 (KHTML, like Gecko) Version/17.4 Safari/605.1.15 (Applebot/0.1; +http://www.apple.com/go/applebot)"
17.22.253.165 - - [24/Mar/2026:13:58:11 -0400] "GET /wp-content/themes/playroom/assets/plugins/appear/jquery.appear.js?ver=6.9.4 HTTP/1.1" 200 4304 "https://pitterpatterplay.com/2026/01/27/experience-de-jeu-fluide-sur-tous-vos-appareils-4/" "Mozilla/5.0 (Macintosh; Intel Mac OS X 10_15_7) AppleWebKit/605.1.15 (KHTML, like Gecko) Version/17.4 Safari/605.1.15 (Applebot/0.1; +http://www.apple.com/go/applebot)"
17.22.237.173 - - [24/Mar/2026:13:58:12 -0400] "GET /wp-content/themes/playroom/assets/plugins/swiper/swiper.min.js?ver=6.9.4 HTTP/1.1" 200 45922 "https://pitterpatterplay.com/2026/01/27/experience-de-jeu-fluide-sur-tous-vos-appareils-4/" "Mozilla/5.0 (Macintosh; Intel Mac OS X 10_15_7) AppleWebKit/605.1.15 (KHTML, like Gecko) Version/17.4 Safari/605.1.15 (Applebot/0.1; +http://www.apple.com/go/applebot)"
17.22.245.149 - - [24/Mar/2026:13:58:14 -0400] "GET /wp-content/themes/playroom/assets/plugins/magnific-popup/jquery.magnific-popup.min.js?ver=6.9.4 HTTP/1.1" 200 12224 "https://pitterpatterplay.com/2026/01/27/experience-de-jeu-fluide-sur-tous-vos-appareils-4/" "Mozilla/5.0 (Macintosh; Intel Mac OS X 10_15_7) AppleWebKit/605.1.15 (KHTML, like Gecko) Version/17.4 Safari/605.1.15 (Applebot/0.1; +http://www.apple.com/go/applebot)"
17.22.237.65 - - [24/Mar/2026:13:58:15 -0400] "GET /wp-content/themes/playroom/assets/js/main.min.js?ver=6.9.4 HTTP/1.1" 200 10427 "https://pitterpatterplay.com/2026/01/27/experience-de-jeu-fluide-sur-tous-vos-appareils-4/" "Mozilla/5.0 (Macintosh; Intel Mac OS X 10_15_7) AppleWebKit/605.1.15 (KHTML, like Gecko) Version/17.4 Safari/605.1.15 (Applebot/0.1; +http://www.apple.com/go/applebot)"
17.22.253.21 - - [24/Mar/2026:13:58:17 -0400] "GET /wp-includes/js/comment-reply.min.js?ver=6.9.4 HTTP/1.1" 200 4836 "https://pitterpatterplay.com/2026/01/27/experience-de-jeu-fluide-sur-tous-vos-appareils-4/" "Mozilla/5.0 (Macintosh; Intel Mac OS X 10_15_7) AppleWebKit/605.1.15 (KHTML, like Gecko) Version/17.4 Safari/605.1.15 (Applebot/0.1; +http://www.apple.com/go/applebot)"
17.22.253.219 - - [24/Mar/2026:13:58:19 -0400] "GET /wp-includes/js/wp-emoji-release.min.js?ver=6.9.4 HTTP/1.1" 200 9651 "https://pitterpatterplay.com/2026/01/27/experience-de-jeu-fluide-sur-tous-vos-appareils-4/" "Mozilla/5.0 (Macintosh; Intel Mac OS X 10_15_7) AppleWebKit/605.1.15 (KHTML, like Gecko) Version/17.4 Safari/605.1.15 (Applebot/0.1; +http://www.apple.com/go/applebot)"
77.75.77.101 - - [24/Mar/2026:13:58:13 -0400] "GET / HTTP/1.1" 200 16026 "-" "Mozilla/5.0 (compatible; SeznamBot/4.0; +https://o-seznam.cz/napoveda/vyhledavani/en/seznambot-crawler/)"
171.117.236.248 - - [24/Mar/2026:13:58:45 -0400] "GET /wp-content/uploads/2023/10/slider-border.png HTTP/1.1" 200 14073 "-" "Mozilla/5.0 (Windows NT 10.0; Win64; x64) AppleWebKit/537.36 (KHTML, like Gecko) Chrome/68.0.3440.75 Safari/537.36"
66.249.68.2 - - [24/Mar/2026:13:59:35 -0400] "GET /products/543311931 HTTP/1.1" 404 10822 "-" "Mozilla/5.0 (Linux; Android 6.0.1; Nexus 5X Build/MMB29P) AppleWebKit/537.36 (KHTML, like Gecko) Chrome/145.0.7632.159 Mobile Safari/537.36 (compatible; Googlebot/2.1; +http://www.google.com/bot.html)"
47.128.53.46 - - [24/Mar/2026:14:00:56 -0400] "GET /event/rock-climbing-2/ HTTP/1.1" 301 120 "-" "Mozilla/5.0 (compatible; Bytespider; spider-feedback@bytedance.com) AppleWebKit/537.36 (KHTML, like Gecko) Chrome/70.0.0.0 Safari/537.36"
47.128.53.46 - - [24/Mar/2026:14:01:06 -0400] "GET /event/rock-climbing-2/ HTTP/1.1" 404 10752 "-" "Mozilla/5.0 (compatible; Bytespider; spider-feedback@bytedance.com) AppleWebKit/537.36 (KHTML, like Gecko) Chrome/70.0.0.0 Safari/537.36"
66.249.68.2 - - [24/Mar/2026:14:01:14 -0400] "GET /comment.php?d=36720125016509 HTTP/1.1" 200 5 "-" "Mozilla/5.0 (Linux; Android 6.0.1; Nexus 5X Build/MMB29P) AppleWebKit/537.36 (KHTML, like Gecko) Chrome/145.0.7632.159 Mobile Safari/537.36 (compatible; Googlebot/2.1; +http://www.google.com/bot.html)"
66.249.68.3 - - [24/Mar/2026:14:02:22 -0400] "GET /products/94231815 HTTP/1.1" 404 10832 "-" "Mozilla/5.0 (Linux; Android 6.0.1; Nexus 5X Build/MMB29P) AppleWebKit/537.36 (KHTML, like Gecko) Chrome/145.0.7632.159 Mobile Safari/537.36 (compatible; Googlebot/2.1; +http://www.google.com/bot.html)"
66.249.68.3 - - [24/Mar/2026:14:04:46 -0400] "GET /comment.php?d=96352834505677 HTTP/1.1" 200 5 "-" "Mozilla/5.0 (Linux; Android 6.0.1; Nexus 5X Build/MMB29P) AppleWebKit/537.36 (KHTML, like Gecko) Chrome/145.0.7632.159 Mobile Safari/537.36 (compatible; Googlebot/2.1; +http://www.google.com/bot.html)"
43.157.43.147 - - [24/Mar/2026:14:04:50 -0400] "GET / HTTP/1.1" 301 24 "http://www.pitterpatterplay.com" "Mozilla/5.0 (iPhone; CPU iPhone OS 13_2_3 like Mac OS X) AppleWebKit/605.1.15 (KHTML, like Gecko) Version/13.0.3 Mobile/15E148 Safari/604.1"
43.157.43.147 - - [24/Mar/2026:14:04:56 -0400] "GET / HTTP/1.1" 200 15935 "https://www.pitterpatterplay.com/" "Mozilla/5.0 (iPhone; CPU iPhone OS 13_2_3 like Mac OS X) AppleWebKit/605.1.15 (KHTML, like Gecko) Version/13.0.3 Mobile/15E148 Safari/604.1"
96.0.24.240 - - [24/Mar/2026:14:05:44 -0400] "POST /xmlrpc.php HTTP/1.1" 403 1242 "-" "Mozilla/5.0 (Windows NT 10.0; Win64; x64) AppleWebKit/537.36 (KHTML, like Gecko) Chrome/114.0.0.0 Safari/537.36"
96.0.24.240 - - [24/Mar/2026:14:05:45 -0400] "POST /xmlrpc.php HTTP/1.1" 403 1242 "-" "Mozilla/5.0 (Windows NT 10.0; Win64; x64) AppleWebKit/537.36 (KHTML, like Gecko) Chrome/114.0.0.0 Safari/537.36"
66.249.68.1 - - [24/Mar/2026:14:06:46 -0400] "GET /content.php?a=26634099393188 HTTP/1.1" 200 5 "-" "Mozilla/5.0 (Linux; Android 6.0.1; Nexus 5X Build/MMB29P) AppleWebKit/537.36 (KHTML, like Gecko) Chrome/145.0.7632.159 Mobile Safari/537.36 (compatible; Googlebot/2.1; +http://www.google.com/bot.html)"
66.249.79.132 - - [24/Mar/2026:14:07:00 -0400] "GET /?products/3895081 HTTP/1.1" 301 141 "-" "Mozilla/5.0 (Linux; Android 6.0.1; Nexus 5X Build/MMB29P) AppleWebKit/537.36 (KHTML, like Gecko) Chrome/145.0.7632.159 Mobile Safari/537.36 (compatible; Googlebot/2.1; +http://www.google.com/bot.html)"
66.249.68.1 - - [24/Mar/2026:14:07:26 -0400] "GET /?products%2F3895081 HTTP/1.1" 200 14681 "-" "Mozilla/5.0 (Linux; Android 6.0.1; Nexus 5X Build/MMB29P) AppleWebKit/537.36 (KHTML, like Gecko) Chrome/145.0.7632.159 Mobile Safari/537.36 (compatible; Googlebot/2.1; +http://www.google.com/bot.html)"
66.249.68.3 - - [24/Mar/2026:14:08:35 -0400] "GET /comment.php?d=42821356953294 HTTP/1.1" 200 5 "-" "Mozilla/5.0 (Linux; Android 6.0.1; Nexus 5X Build/MMB29P) AppleWebKit/537.36 (KHTML, like Gecko) Chrome/145.0.7632.159 Mobile Safari/537.36 (compatible; Googlebot/2.1; +http://www.google.com/bot.html)"
136.144.35.207 - - [24/Mar/2026:14:08:26 -0400] "POST /wp-login.php HTTP/1.1" 200 5871 "-" "Mozilla/5.0"
136.144.35.214 - - [24/Mar/2026:14:08:26 -0400] "POST /wp-login.php HTTP/1.1" 200 5916 "-" "Mozilla/5.0"
47.128.53.49 - - [24/Mar/2026:14:08:59 -0400] "GET /events/category/toddlers/page/2/?eventDisplay=past HTTP/1.1" 301 120 "-" "Mozilla/5.0 (compatible; Bytespider; spider-feedback@bytedance.com) AppleWebKit/537.36 (KHTML, like Gecko) Chrome/70.0.0.0 Safari/537.36"
47.128.53.49 - - [24/Mar/2026:14:09:06 -0400] "GET /events/category/toddlers/page/2/?eventDisplay=past HTTP/1.1" 404 10744 "-" "Mozilla/5.0 (compatible; Bytespider; spider-feedback@bytedance.com) AppleWebKit/537.36 (KHTML, like Gecko) Chrome/70.0.0.0 Safari/537.36"
45.227.253.162 - - [24/Mar/2026:14:12:03 -0400] "POST /wp-content/themes/playroom/inc/404/templates/404.content.php HTTP/1.1" 200 42 "-" "Mozilla/5.0 (Macintosh; Intel Mac OS X 10_15_7) AppleWebKit/537.36 (KHTML, like Gecko) Chrome/120.0.0.0 Safari/537.36"
45.227.253.162 - - [24/Mar/2026:14:12:05 -0400] "POST /wp-content/themes/playroom/inc/404/templates/404.content.php HTTP/1.1" 200 25 "-" "Mozilla/5.0 (Macintosh; Intel Mac OS X 10_15_7) AppleWebKit/537.36 (KHTML, like Gecko) Chrome/120.0.0.0 Safari/537.36"
47.128.53.24 - - [24/Mar/2026:14:13:00 -0400] "GET /page/2/?eventDate=2022-09-24&eventDisplay=day&post_type=tribe_events HTTP/1.1" 200 14666 "-" "Mozilla/5.0 (compatible; Bytespider; spider-feedback@bytedance.com) AppleWebKit/537.36 (KHTML, like Gecko) Chrome/70.0.0.0 Safari/537.36"
47.128.53.24 - - [24/Mar/2026:14:13:10 -0400] "GET /wp-content/uploads/2023/10/slider-border.png HTTP/1.1" 206 500 "https://pitterpatterplay.com/page/2/?eventDate=2022-09-24&eventDisplay=day&post_type=tribe_events" "Mozilla/5.0 (compatible; Bytespider; spider-feedback@bytedance.com) AppleWebKit/537.36 (KHTML, like Gecko) Chrome/70.0.0.0 Safari/537.36"
47.128.53.24 - - [24/Mar/2026:14:13:10 -0400] "GET /wp-content/uploads/2023/10/play-mats-pink.jpg HTTP/1.1" 206 500 "https://pitterpatterplay.com/page/2/?eventDate=2022-09-24&eventDisplay=day&post_type=tribe_events" "Mozilla/5.0 (compatible; Bytespider; spider-feedback@bytedance.com) AppleWebKit/537.36 (KHTML, like Gecko) Chrome/70.0.0.0 Safari/537.36"
47.128.53.24 - - [24/Mar/2026:14:13:10 -0400] "GET /wp-content/uploads/2023/10/border-bottom.png HTTP/1.1" 206 500 "https://pitterpatterplay.com/page/2/?eventDate=2022-09-24&eventDisplay=day&post_type=tribe_events" "Mozilla/5.0 (compatible; Bytespider; spider-feedback@bytedance.com) AppleWebKit/537.36 (KHTML, like Gecko) Chrome/70.0.0.0 Safari/537.36"
47.128.53.24 - - [24/Mar/2026:14:13:10 -0400] "GET /wp-content/uploads/2023/10/border.jpg HTTP/1.1" 206 500 "https://pitterpatterplay.com/page/2/?eventDate=2022-09-24&eventDisplay=day&post_type=tribe_events" "Mozilla/5.0 (compatible; Bytespider; spider-feedback@bytedance.com) AppleWebKit/537.36 (KHTML, like Gecko) Chrome/70.0.0.0 Safari/537.36"
47.128.53.24 - - [24/Mar/2026:14:13:10 -0400] "GET /wp-content/uploads/2023/10/play-mats.jpg HTTP/1.1" 206 500 "https://pitterpatterplay.com/page/2/?eventDate=2022-09-24&eventDisplay=day&post_type=tribe_events" "Mozilla/5.0 (compatible; Bytespider; spider-feedback@bytedance.com) AppleWebKit/537.36 (KHTML, like Gecko) Chrome/70.0.0.0 Safari/537.36"
47.128.53.24 - - [24/Mar/2026:14:13:10 -0400] "GET /wp-content/uploads/2023/10/play-mats-pink.jpg HTTP/1.1" 200 52050 "https://pitterpatterplay.com/page/2/?eventDate=2022-09-24&eventDisplay=day&post_type=tribe_events" "Mozilla/5.0 (compatible; Bytespider; spider-feedback@bytedance.com) AppleWebKit/537.36 (KHTML, like Gecko) Chrome/70.0.0.0 Safari/537.36"
47.128.53.24 - - [24/Mar/2026:14:13:10 -0400] "GET /wp-content/uploads/2023/10/border.jpg HTTP/1.1" 200 31127 "https://pitterpatterplay.com/page/2/?eventDate=2022-09-24&eventDisplay=day&post_type=tribe_events" "Mozilla/5.0 (compatible; Bytespider; spider-feedback@bytedance.com) AppleWebKit/537.36 (KHTML, like Gecko) Chrome/70.0.0.0 Safari/537.36"
47.128.53.24 - - [24/Mar/2026:14:13:10 -0400] "GET /wp-content/uploads/2023/10/play-mats.jpg HTTP/1.1" 200 85039 "https://pitterpatterplay.com/page/2/?eventDate=2022-09-24&eventDisplay=day&post_type=tribe_events" "Mozilla/5.0 (compatible; Bytespider; spider-feedback@bytedance.com) AppleWebKit/537.36 (KHTML, like Gecko) Chrome/70.0.0.0 Safari/537.36"
66.249.68.2 - - [24/Mar/2026:14:14:46 -0400] "GET /comment.php?d=96352834505677 HTTP/1.1" 200 5 "-" "Mozilla/5.0 (Linux; Android 6.0.1; Nexus 5X Build/MMB29P) AppleWebKit/537.36 (KHTML, like Gecko) Chrome/146.0.7680.153 Mobile Safari/537.36 (compatible; Googlebot/2.1; +http://www.google.com/bot.html)"
66.249.68.3 - - [24/Mar/2026:14:15:23 -0400] "GET /comment.php?d=50545440958045 HTTP/1.1" 200 5 "-" "Mozilla/5.0 (Linux; Android 6.0.1; Nexus 5X Build/MMB29P) AppleWebKit/537.36 (KHTML, like Gecko) Chrome/146.0.7680.153 Mobile Safari/537.36 (compatible; Googlebot/2.1; +http://www.google.com/bot.html)"
66.249.68.2 - - [24/Mar/2026:14:15:29 -0400] "GET /comment.php?d=95548046321071 HTTP/1.1" 200 5 "-" "Mozilla/5.0 (Linux; Android 6.0.1; Nexus 5X Build/MMB29P) AppleWebKit/537.36 (KHTML, like Gecko) Chrome/146.0.7680.153 Mobile Safari/537.36 (compatible; Googlebot/2.1; +http://www.google.com/bot.html)"
66.249.68.2 - - [24/Mar/2026:14:15:29 -0400] "GET /comment.php?d=5263646613314 HTTP/1.1" 200 5 "-" "Mozilla/5.0 (Linux; Android 6.0.1; Nexus 5X Build/MMB29P) AppleWebKit/537.36 (KHTML, like Gecko) Chrome/146.0.7680.153 Mobile Safari/537.36 (compatible; Googlebot/2.1; +http://www.google.com/bot.html)"
66.249.68.2 - - [24/Mar/2026:14:15:29 -0400] "GET /comment.php?d=42821356953294 HTTP/1.1" 200 5 "-" "Mozilla/5.0 (Linux; Android 6.0.1; Nexus 5X Build/MMB29P) AppleWebKit/537.36 (KHTML, like Gecko) Chrome/146.0.7680.153 Mobile Safari/537.36 (compatible; Googlebot/2.1; +http://www.google.com/bot.html)"
66.249.68.1 - - [24/Mar/2026:14:15:29 -0400] "GET /content.php?a=59715313373882 HTTP/1.1" 200 5 "-" "Mozilla/5.0 (Linux; Android 6.0.1; Nexus 5X Build/MMB29P) AppleWebKit/537.36 (KHTML, like Gecko) Chrome/146.0.7680.153 Mobile Safari/537.36 (compatible; Googlebot/2.1; +http://www.google.com/bot.html)"
140.228.21.144 - - [24/Mar/2026:14:15:55 -0400] "GET / HTTP/1.1" 200 0 "-" "-"
66.249.68.3 - - [24/Mar/2026:14:16:45 -0400] "GET /content.php?a=26634099393188 HTTP/1.1" 200 5 "-" "Mozilla/5.0 (Linux; Android 6.0.1; Nexus 5X Build/MMB29P) AppleWebKit/537.36 (KHTML, like Gecko) Chrome/146.0.7680.153 Mobile Safari/537.36 (compatible; Googlebot/2.1; +http://www.google.com/bot.html)"
66.249.68.3 - - [24/Mar/2026:14:17:12 -0400] "GET /comment.php?d=46469790701388 HTTP/1.1" 200 5 "-" "Mozilla/5.0 (Linux; Android 6.0.1; Nexus 5X Build/MMB29P) AppleWebKit/537.36 (KHTML, like Gecko) Chrome/146.0.7680.153 Mobile Safari/537.36 (compatible; Googlebot/2.1; +http://www.google.com/bot.html)"
66.249.79.133 - - [24/Mar/2026:14:20:22 -0400] "GET /?products/80645204 HTTP/1.1" 301 141 "-" "Mozilla/5.0 (Linux; Android 6.0.1; Nexus 5X Build/MMB29P) AppleWebKit/537.36 (KHTML, like Gecko) Chrome/146.0.7680.153 Mobile Safari/537.36 (compatible; Googlebot/2.1; +http://www.google.com/bot.html)"
66.249.68.1 - - [24/Mar/2026:14:20:28 -0400] "GET /?products%2F80645204 HTTP/1.1" 200 14681 "-" "Mozilla/5.0 (Linux; Android 6.0.1; Nexus 5X Build/MMB29P) AppleWebKit/537.36 (KHTML, like Gecko) Chrome/146.0.7680.153 Mobile Safari/537.36 (compatible; Googlebot/2.1; +http://www.google.com/bot.html)"
52.167.144.157 - - [24/Mar/2026:14:20:27 -0400] "GET /products/4225822 HTTP/1.1" 404 10822 "-" "Mozilla/5.0 AppleWebKit/537.36 (KHTML, like Gecko; compatible; bingbot/2.0; +http://www.bing.com/bingbot.htm) Chrome/116.0.1938.76 Safari/537.36"
66.249.68.1 - - [24/Mar/2026:14:22:10 -0400] "GET /robots.txt HTTP/1.1" 200 74 "-" "Mozilla/5.0 (compatible; Googlebot/2.1; +http://www.google.com/bot.html)"
66.249.79.131 - - [24/Mar/2026:14:22:08 -0400] "GET /ads.txt HTTP/1.1" 301 141 "-" "Mozilla/5.0 (compatible; Googlebot/2.1; +http://www.google.com/bot.html)"
66.249.79.133 - - [24/Mar/2026:14:22:09 -0400] "GET /?products/353745315 HTTP/1.1" 301 141 "-" "Mozilla/5.0 (Linux; Android 6.0.1; Nexus 5X Build/MMB29P) AppleWebKit/537.36 (KHTML, like Gecko) Chrome/146.0.7680.153 Mobile Safari/537.36 (compatible; Googlebot/2.1; +http://www.google.com/bot.html)"
66.249.68.2 - - [24/Mar/2026:14:22:08 -0400] "GET /ads.txt HTTP/1.1" 404 10832 "-" "Mozilla/5.0 (compatible; Googlebot/2.1; +http://www.google.com/bot.html)"
66.249.68.1 - - [24/Mar/2026:14:22:34 -0400] "GET /?products%2F353745315 HTTP/1.1" 200 14681 "-" "Mozilla/5.0 (Linux; Android 6.0.1; Nexus 5X Build/MMB29P) AppleWebKit/537.36 (KHTML, like Gecko) Chrome/146.0.7680.153 Mobile Safari/537.36 (compatible; Googlebot/2.1; +http://www.google.com/bot.html)"
66.249.68.1 - - [24/Mar/2026:14:22:34 -0400] "GET /ads.txt HTTP/1.1" 404 10822 "-" "Mozilla/5.0 (compatible; Googlebot/2.1; +http://www.google.com/bot.html)"
79.127.214.195 - - [24/Mar/2026:14:25:09 -0400] "POST /xmlrpc.php HTTP/1.1" 403 1242 "-" "Mozilla/5.0 (Windows NT 10.0; Win64; x64) AppleWebKit/537.36 (KHTML, like Gecko) Chrome/114.0.0.0 Safari/537.36"
79.127.214.195 - - [24/Mar/2026:14:25:10 -0400] "POST /xmlrpc.php HTTP/1.1" 403 1242 "-" "Mozilla/5.0 (Windows NT 10.0; Win64; x64) AppleWebKit/537.36 (KHTML, like Gecko) Chrome/114.0.0.0 Safari/537.36"
66.249.68.3 - - [24/Mar/2026:14:25:43 -0400] "GET /comment.php?d=42685615145373 HTTP/1.1" 200 5 "-" "Mozilla/5.0 (Linux; Android 6.0.1; Nexus 5X Build/MMB29P) AppleWebKit/537.36 (KHTML, like Gecko) Chrome/146.0.7680.153 Mobile Safari/537.36 (compatible; Googlebot/2.1; +http://www.google.com/bot.html)"
66.249.79.131 - - [24/Mar/2026:14:26:32 -0400] "GET /?products/533162815 HTTP/1.1" 301 141 "-" "Mozilla/5.0 (Linux; Android 6.0.1; Nexus 5X Build/MMB29P) AppleWebKit/537.36 (KHTML, like Gecko) Chrome/146.0.7680.153 Mobile Safari/537.36 (compatible; Googlebot/2.1; +http://www.google.com/bot.html)"
66.249.68.2 - - [24/Mar/2026:14:26:37 -0400] "GET /?products%2F533162815 HTTP/1.1" 200 14681 "-" "Mozilla/5.0 (Linux; Android 6.0.1; Nexus 5X Build/MMB29P) AppleWebKit/537.36 (KHTML, like Gecko) Chrome/146.0.7680.153 Mobile Safari/537.36 (compatible; Googlebot/2.1; +http://www.google.com/bot.html)"
66.249.68.1 - - [24/Mar/2026:14:27:20 -0400] "GET /content.php?a=54778768661993 HTTP/1.1" 200 5 "-" "Mozilla/5.0 (Linux; Android 6.0.1; Nexus 5X Build/MMB29P) AppleWebKit/537.36 (KHTML, like Gecko) Chrome/146.0.7680.153 Mobile Safari/537.36 (compatible; Googlebot/2.1; +http://www.google.com/bot.html)"
66.249.68.3 - - [24/Mar/2026:14:27:19 -0400] "GET /content.php?a=7967347838517 HTTP/1.1" 200 5 "-" "Mozilla/5.0 (Linux; Android 6.0.1; Nexus 5X Build/MMB29P) AppleWebKit/537.36 (KHTML, like Gecko) Chrome/146.0.7680.153 Mobile Safari/537.36 (compatible; Googlebot/2.1; +http://www.google.com/bot.html)"
66.249.68.1 - - [24/Mar/2026:14:30:46 -0400] "GET /comment.php?d=5615288451437 HTTP/1.1" 200 5 "-" "Mozilla/5.0 (Linux; Android 6.0.1; Nexus 5X Build/MMB29P) AppleWebKit/537.36 (KHTML, like Gecko) Chrome/146.0.7680.153 Mobile Safari/537.36 (compatible; Googlebot/2.1; +http://www.google.com/bot.html)"
66.249.68.3 - - [24/Mar/2026:14:31:16 -0400] "GET /comment.php?d=17254499342307 HTTP/1.1" 200 5 "-" "Mozilla/5.0 (Linux; Android 6.0.1; Nexus 5X Build/MMB29P) AppleWebKit/537.36 (KHTML, like Gecko) Chrome/146.0.7680.153 Mobile Safari/537.36 (compatible; Googlebot/2.1; +http://www.google.com/bot.html)"
66.249.68.3 - - [24/Mar/2026:14:31:17 -0400] "GET /content.php?a=6006964515893 HTTP/1.1" 200 5 "-" "Mozilla/5.0 (Linux; Android 6.0.1; Nexus 5X Build/MMB29P) AppleWebKit/537.36 (KHTML, like Gecko) Chrome/146.0.7680.153 Mobile Safari/537.36 (compatible; Googlebot/2.1; +http://www.google.com/bot.html)"
66.249.68.3 - - [24/Mar/2026:14:35:14 -0400] "GET /comment.php?d=32585874436177 HTTP/1.1" 200 5 "-" "Mozilla/5.0 (Linux; Android 6.0.1; Nexus 5X Build/MMB29P) AppleWebKit/537.36 (KHTML, like Gecko) Chrome/146.0.7680.153 Mobile Safari/537.36 (compatible; Googlebot/2.1; +http://www.google.com/bot.html)"
66.249.68.1 - - [24/Mar/2026:14:35:13 -0400] "GET /content.php?a=66296547972925 HTTP/1.1" 200 5 "-" "Mozilla/5.0 (Linux; Android 6.0.1; Nexus 5X Build/MMB29P) AppleWebKit/537.36 (KHTML, like Gecko) Chrome/146.0.7680.153 Mobile Safari/537.36 (compatible; Googlebot/2.1; +http://www.google.com/bot.html)"
64.188.91.37 - - [24/Mar/2026:14:38:20 -0400] "POST /wp-json/bricks/v1/render_element HTTP/1.1" 404 390 "-" "Mozilla/5.0 (Windows NT 10.0; Win64; x64) AppleWebKit/537.36 (KHTML, like Gecko) Chrome/120.0.0.0 Safari/537.36"
64.188.91.37 - - [24/Mar/2026:14:38:25 -0400] "GET / HTTP/1.1" 200 16050 "-" "Mozilla/5.0 (Windows NT 10.0; Win64; x64) AppleWebKit/537.36 (KHTML, like Gecko) Chrome/120.0.0.0 Safari/537.36"
66.249.68.2 - - [24/Mar/2026:14:38:28 -0400] "GET /comment.php?d=42595471145661 HTTP/1.1" 200 5 "-" "Mozilla/5.0 (Linux; Android 6.0.1; Nexus 5X Build/MMB29P) AppleWebKit/537.36 (KHTML, like Gecko) Chrome/146.0.7680.153 Mobile Safari/537.36 (compatible; Googlebot/2.1; +http://www.google.com/bot.html)"
66.249.68.2 - - [24/Mar/2026:14:38:28 -0400] "GET /products/249198628 HTTP/1.1" 404 10817 "-" "Mozilla/5.0 (Linux; Android 6.0.1; Nexus 5X Build/MMB29P) AppleWebKit/537.36 (KHTML, like Gecko) Chrome/146.0.7680.153 Mobile Safari/537.36 (compatible; Googlebot/2.1; +http://www.google.com/bot.html)"
64.188.91.37 - - [24/Mar/2026:14:38:29 -0400] "GET /wp-content/themes/bricks/style.css HTTP/1.1" 404 11538 "-" "Mozilla/5.0 (Windows NT 10.0; Win64; x64) AppleWebKit/537.36 (KHTML, like Gecko) Chrome/120.0.0.0 Safari/537.36"
