66.249.68.3 - - [25/Mar/2026:00:50:04 -0400] "GET /content.php?a=1863971872896 HTTP/1.1" 200 5 "-" "Mozilla/5.0 (Linux; Android 6.0.1; Nexus 5X Build/MMB29P) AppleWebKit/537.36 (KHTML, like Gecko) Chrome/146.0.7680.153 Mobile Safari/537.36 (compatible; Googlebot/2.1; +http://www.google.com/bot.html)"
66.249.68.1 - - [25/Mar/2026:00:50:40 -0400] "GET /products/72727026 HTTP/1.1" 404 10833 "-" "Mozilla/5.0 (Linux; Android 6.0.1; Nexus 5X Build/MMB29P) AppleWebKit/537.36 (KHTML, like Gecko) Chrome/146.0.7680.153 Mobile Safari/537.36 (compatible; Googlebot/2.1; +http://www.google.com/bot.html)"
66.249.68.3 - - [25/Mar/2026:00:51:38 -0400] "GET /comment.php?d=75649873114282 HTTP/1.1" 200 5 "-" "Mozilla/5.0 (Linux; Android 6.0.1; Nexus 5X Build/MMB29P) AppleWebKit/537.36 (KHTML, like Gecko) Chrome/146.0.7680.153 Mobile Safari/537.36 (compatible; Googlebot/2.1; +http://www.google.com/bot.html)"
66.249.68.1 - - [25/Mar/2026:00:51:52 -0400] "GET /comment.php?d=55917049630531 HTTP/1.1" 200 5 "-" "Mozilla/5.0 (Linux; Android 6.0.1; Nexus 5X Build/MMB29P) AppleWebKit/537.36 (KHTML, like Gecko) Chrome/146.0.7680.153 Mobile Safari/537.36 (compatible; Googlebot/2.1; +http://www.google.com/bot.html)"
66.249.68.1 - - [25/Mar/2026:00:53:22 -0400] "GET /comment.php?d=14794075246284 HTTP/1.1" 200 5 "-" "Mozilla/5.0 (Linux; Android 6.0.1; Nexus 5X Build/MMB29P) AppleWebKit/537.36 (KHTML, like Gecko) Chrome/146.0.7680.153 Mobile Safari/537.36 (compatible; Googlebot/2.1; +http://www.google.com/bot.html)"
66.249.68.1 - - [25/Mar/2026:00:57:54 -0400] "GET /content.php?a=55871659578669 HTTP/1.1" 200 5 "-" "Mozilla/5.0 (Linux; Android 6.0.1; Nexus 5X Build/MMB29P) AppleWebKit/537.36 (KHTML, like Gecko) Chrome/146.0.7680.153 Mobile Safari/537.36 (compatible; Googlebot/2.1; +http://www.google.com/bot.html)"
112.8.178.71 - - [25/Mar/2026:00:59:08 -0400] "GET /product/pitter-patter-play-baby-square-pit-with-foam-balls?add-to-cart=9408 HTTP/1.1" 404 10752 "-" "Mozilla/5.0 (Macintosh; Intel Mac OS X 10_15_7) AppleWebKit/537.36 (KHTML, like Gecko) Chrome/140.0.0.0 Safari/537.36"
148.72.173.193 - - [25/Mar/2026:01:00:16 -0400] "POST /wp-login.php HTTP/1.1" 200 5871 "-" "Mozilla/5.0"
148.72.173.193 - - [25/Mar/2026:01:00:16 -0400] "POST /wp-login.php HTTP/1.1" 200 5916 "-" "Mozilla/5.0"
47.128.53.53 - - [25/Mar/2026:01:02:05 -0400] "GET /event/halloween-party/ HTTP/1.1" 301 120 "-" "Mozilla/5.0 (compatible; Bytespider; spider-feedback@bytedance.com) AppleWebKit/537.36 (KHTML, like Gecko) Chrome/70.0.0.0 Safari/537.36"
47.128.53.53 - - [25/Mar/2026:01:02:25 -0400] "GET /event/halloween-party/ HTTP/1.1" 404 10746 "-" "Mozilla/5.0 (compatible; Bytespider; spider-feedback@bytedance.com) AppleWebKit/537.36 (KHTML, like Gecko) Chrome/70.0.0.0 Safari/537.36"
66.249.68.2 - - [25/Mar/2026:01:02:47 -0400] "GET /content.php?a=63639575612901 HTTP/1.1" 200 5 "-" "Mozilla/5.0 (Linux; Android 6.0.1; Nexus 5X Build/MMB29P) AppleWebKit/537.36 (KHTML, like Gecko) Chrome/146.0.7680.153 Mobile Safari/537.36 (compatible; Googlebot/2.1; +http://www.google.com/bot.html)"
66.249.68.2 - - [25/Mar/2026:01:03:10 -0400] "GET /comment.php?d=2116330558348 HTTP/1.1" 200 5 "-" "Mozilla/5.0 (Linux; Android 6.0.1; Nexus 5X Build/MMB29P) AppleWebKit/537.36 (KHTML, like Gecko) Chrome/146.0.7680.153 Mobile Safari/537.36 (compatible; Googlebot/2.1; +http://www.google.com/bot.html)"
66.249.68.1 - - [25/Mar/2026:01:03:33 -0400] "GET /content.php?a=28527929325883 HTTP/1.1" 200 5 "-" "Mozilla/5.0 (Linux; Android 6.0.1; Nexus 5X Build/MMB29P) AppleWebKit/537.36 (KHTML, like Gecko) Chrome/146.0.7680.153 Mobile Safari/537.36 (compatible; Googlebot/2.1; +http://www.google.com/bot.html)"
15.235.98.38 - - [25/Mar/2026:01:03:51 -0400] "GET /sitemap.xml HTTP/1.1" 301 141 "-" "Mozilla/5.0 (compatible; AhrefsBot/7.0; +http://ahrefs.com/robot/)"
15.235.98.38 - - [25/Mar/2026:01:03:55 -0400] "GET /wp-sitemap.xml HTTP/1.1" 200 316 "-" "Mozilla/5.0 (compatible; AhrefsBot/7.0; +http://ahrefs.com/robot/)"
66.249.68.1 - - [25/Mar/2026:01:05:02 -0400] "GET /products/5889407 HTTP/1.1" 404 10818 "-" "Mozilla/5.0 (Linux; Android 6.0.1; Nexus 5X Build/MMB29P) AppleWebKit/537.36 (KHTML, like Gecko) Chrome/146.0.7680.153 Mobile Safari/537.36 (compatible; Googlebot/2.1; +http://www.google.com/bot.html)"
34.192.125.239 - - [25/Mar/2026:01:07:02 -0400] "GET /2020/05/27/how-to-always-keep-them-safe/feed/ HTTP/1.1" 200 0 "-" "Mozilla/5.0 AppleWebKit/537.36 (KHTML, like Gecko; compatible; Amazonbot/0.1; +https://developer.amazon.com/support/amazonbot) Chrome/119.0.6045.214 Safari/537.36"
66.249.68.3 - - [25/Mar/2026:01:07:18 -0400] "GET /content.php?a=50224758421027 HTTP/1.1" 200 5 "-" "Mozilla/5.0 (Linux; Android 6.0.1; Nexus 5X Build/MMB29P) AppleWebKit/537.36 (KHTML, like Gecko) Chrome/146.0.7680.153 Mobile Safari/537.36 (compatible; Googlebot/2.1; +http://www.google.com/bot.html)"
66.249.68.3 - - [25/Mar/2026:01:07:18 -0400] "GET /products/2058166 HTTP/1.1" 404 10822 "-" "Mozilla/5.0 (Linux; Android 6.0.1; Nexus 5X Build/MMB29P) AppleWebKit/537.36 (KHTML, like Gecko) Chrome/146.0.7680.153 Mobile Safari/537.36 (compatible; Googlebot/2.1; +http://www.google.com/bot.html)"
66.249.68.2 - - [25/Mar/2026:01:07:27 -0400] "GET /comment.php?d=18158380376237 HTTP/1.1" 200 5 "-" "Mozilla/5.0 (Linux; Android 6.0.1; Nexus 5X Build/MMB29P) AppleWebKit/537.36 (KHTML, like Gecko) Chrome/146.0.7680.153 Mobile Safari/537.36 (compatible; Googlebot/2.1; +http://www.google.com/bot.html)"
66.249.68.2 - - [25/Mar/2026:01:07:28 -0400] "GET /comment.php?d=8633099838942 HTTP/1.1" 200 5 "-" "Mozilla/5.0 (Linux; Android 6.0.1; Nexus 5X Build/MMB29P) AppleWebKit/537.36 (KHTML, like Gecko) Chrome/146.0.7680.153 Mobile Safari/537.36 (compatible; Googlebot/2.1; +http://www.google.com/bot.html)"
66.249.68.3 - - [25/Mar/2026:01:08:33 -0400] "GET /comment.php?d=13285911814822 HTTP/1.1" 200 5 "-" "Mozilla/5.0 (Linux; Android 6.0.1; Nexus 5X Build/MMB29P) AppleWebKit/537.36 (KHTML, like Gecko) Chrome/146.0.7680.153 Mobile Safari/537.36 (compatible; Googlebot/2.1; +http://www.google.com/bot.html)"
44.210.179.106 - - [25/Mar/2026:01:09:11 -0400] "HEAD /2020/05/27/how-to-always-keep-them-safe/feed/ HTTP/1.1" 200 0 "-" "Mozilla/5.0 AppleWebKit/605.1.15 (KHTML, like Gecko) Chrome/139.0.0.0 Safari/605.1.15"
66.249.68.1 - - [25/Mar/2026:01:10:24 -0400] "GET /products/395795849 HTTP/1.1" 404 10818 "-" "Mozilla/5.0 (Linux; Android 6.0.1; Nexus 5X Build/MMB29P) AppleWebKit/537.36 (KHTML, like Gecko) Chrome/146.0.7680.153 Mobile Safari/537.36 (compatible; Googlebot/2.1; +http://www.google.com/bot.html)"
205.185.117.70 - - [25/Mar/2026:01:10:43 -0400] "GET /wp-login.php HTTP/1.1" 200 5452 "-" "Mozilla/5.0 (compatible; MSIE 9.0; Windows NT 6.1; Trident/5.0)"
205.185.117.70 - - [25/Mar/2026:01:10:49 -0400] "POST /wp-login.php HTTP/1.1" 200 5934 "-" "Mozilla/5.0 (compatible; MSIE 9.0; Windows NT 6.1; Trident/5.0)"
66.249.68.1 - - [25/Mar/2026:01:11:36 -0400] "GET /products/260966998 HTTP/1.1" 404 10822 "-" "Mozilla/5.0 (Linux; Android 6.0.1; Nexus 5X Build/MMB29P) AppleWebKit/537.36 (KHTML, like Gecko) Chrome/146.0.7680.153 Mobile Safari/537.36 (compatible; Googlebot/2.1; +http://www.google.com/bot.html)"
66.249.68.3 - - [25/Mar/2026:01:12:12 -0400] "GET /comment.php?d=72237944110374 HTTP/1.1" 200 5 "-" "Mozilla/5.0 (Linux; Android 6.0.1; Nexus 5X Build/MMB29P) AppleWebKit/537.36 (KHTML, like Gecko) Chrome/146.0.7680.153 Mobile Safari/537.36 (compatible; Googlebot/2.1; +http://www.google.com/bot.html)"
17.241.227.159 - - [25/Mar/2026:01:12:49 -0400] "GET /product/pitter-patter-play-baby-pink-play-mats-with-foam-balls/feed/ HTTP/1.1" 200 558 "-" "Mozilla/5.0 (Macintosh; Intel Mac OS X 10_15_7) AppleWebKit/605.1.15 (KHTML, like Gecko) Version/17.4 Safari/605.1.15 (Applebot/0.1; +http://www.apple.com/go/applebot)"
66.249.68.1 - - [25/Mar/2026:01:16:33 -0400] "GET /?products/66372725 HTTP/1.1" 301 141 "-" "Mozilla/5.0 (Linux; Android 6.0.1; Nexus 5X Build/MMB29P) AppleWebKit/537.36 (KHTML, like Gecko) Chrome/146.0.7680.153 Mobile Safari/537.36 (compatible; Googlebot/2.1; +http://www.google.com/bot.html)"
66.249.68.2 - - [25/Mar/2026:01:16:38 -0400] "GET /?products%2F66372725 HTTP/1.1" 200 14682 "-" "Mozilla/5.0 (Linux; Android 6.0.1; Nexus 5X Build/MMB29P) AppleWebKit/537.36 (KHTML, like Gecko) Chrome/146.0.7680.153 Mobile Safari/537.36 (compatible; Googlebot/2.1; +http://www.google.com/bot.html)"
66.249.68.3 - - [25/Mar/2026:01:17:31 -0400] "GET /comment.php?d=8555599092875 HTTP/1.1" 200 5 "-" "Mozilla/5.0 (Linux; Android 6.0.1; Nexus 5X Build/MMB29P) AppleWebKit/537.36 (KHTML, like Gecko) Chrome/146.0.7680.153 Mobile Safari/537.36 (compatible; Googlebot/2.1; +http://www.google.com/bot.html)"
66.249.68.2 - - [25/Mar/2026:01:17:31 -0400] "GET /comment.php?d=34244119996446 HTTP/1.1" 200 5 "-" "Mozilla/5.0 (Linux; Android 6.0.1; Nexus 5X Build/MMB29P) AppleWebKit/537.36 (KHTML, like Gecko) Chrome/146.0.7680.153 Mobile Safari/537.36 (compatible; Googlebot/2.1; +http://www.google.com/bot.html)"
66.249.68.3 - - [25/Mar/2026:01:19:43 -0400] "GET /comment.php?d=94379178967238 HTTP/1.1" 200 5 "-" "Mozilla/5.0 (Linux; Android 6.0.1; Nexus 5X Build/MMB29P) AppleWebKit/537.36 (KHTML, like Gecko) Chrome/146.0.7680.153 Mobile Safari/537.36 (compatible; Googlebot/2.1; +http://www.google.com/bot.html)"
66.249.68.2 - - [25/Mar/2026:01:19:22 -0400] "GET /products/479648718 HTTP/1.1" 404 10818 "-" "Mozilla/5.0 (Linux; Android 6.0.1; Nexus 5X Build/MMB29P) AppleWebKit/537.36 (KHTML, like Gecko) Chrome/146.0.7680.153 Mobile Safari/537.36 (compatible; Googlebot/2.1; +http://www.google.com/bot.html)"
66.249.68.2 - - [25/Mar/2026:01:20:50 -0400] "GET /products/594256429 HTTP/1.1" 404 10818 "-" "Mozilla/5.0 (Linux; Android 6.0.1; Nexus 5X Build/MMB29P) AppleWebKit/537.36 (KHTML, like Gecko) Chrome/146.0.7680.153 Mobile Safari/537.36 (compatible; Googlebot/2.1; +http://www.google.com/bot.html)"
66.249.68.2 - - [25/Mar/2026:01:22:02 -0400] "GET /products/50385244 HTTP/1.1" 404 10833 "-" "Mozilla/5.0 (Linux; Android 6.0.1; Nexus 5X Build/MMB29P) AppleWebKit/537.36 (KHTML, like Gecko) Chrome/146.0.7680.153 Mobile Safari/537.36 (compatible; Googlebot/2.1; +http://www.google.com/bot.html)"
66.249.68.2 - - [25/Mar/2026:01:23:57 -0400] "GET /products/49696803 HTTP/1.1" 404 10822 "-" "Mozilla/5.0 (Linux; Android 6.0.1; Nexus 5X Build/MMB29P) AppleWebKit/537.36 (KHTML, like Gecko) Chrome/146.0.7680.153 Mobile Safari/537.36 (compatible; Googlebot/2.1; +http://www.google.com/bot.html)"
66.249.68.1 - - [25/Mar/2026:01:26:04 -0400] "GET /content.php?a=16684526691947 HTTP/1.1" 200 5 "-" "Mozilla/5.0 (Linux; Android 6.0.1; Nexus 5X Build/MMB29P) AppleWebKit/537.36 (KHTML, like Gecko) Chrome/146.0.7680.153 Mobile Safari/537.36 (compatible; Googlebot/2.1; +http://www.google.com/bot.html)"
114.119.138.230 - - [25/Mar/2026:01:25:49 -0400] "GET /page/2/?post_type=tribe_events&eventDisplay=day&tribe_events_cat=party&eventDate=2024-04-29 HTTP/1.1" 200 0 "https://www.pitterpatterplay.com/page/2/?post_type=tribe_events&eventDisplay=day&tribe_events_cat=party&eventDate=2024-04-28" "Mozilla/5.0 (Linux; Android 7.0;) AppleWebKit/537.36 (KHTML, like Gecko) Mobile Safari/537.36 (compatible; PetalBot;+https://webmaster.petalsearch.com/site/petalbot)"
66.249.68.1 - - [25/Mar/2026:01:28:22 -0400] "GET /comment.php?d=59667594931909 HTTP/1.1" 200 5 "-" "Mozilla/5.0 (Linux; Android 6.0.1; Nexus 5X Build/MMB29P) AppleWebKit/537.36 (KHTML, like Gecko) Chrome/146.0.7680.153 Mobile Safari/537.36 (compatible; Googlebot/2.1; +http://www.google.com/bot.html)"
47.128.53.60 - - [25/Mar/2026:01:28:38 -0400] "GET /wp-includes/atomlib.php HTTP/1.1" 200 0 "-" "Mozilla/5.0 (Linux; Android 5.0) AppleWebKit/537.36 (KHTML, like Gecko) Mobile Safari/537.36 (compatible; Bytespider; spider-feedback@bytedance.com)"
66.249.68.3 - - [25/Mar/2026:01:30:12 -0400] "GET /comment.php?d=34352220078984 HTTP/1.1" 200 5 "-" "Mozilla/5.0 (Linux; Android 6.0.1; Nexus 5X Build/MMB29P) AppleWebKit/537.36 (KHTML, like Gecko) Chrome/146.0.7680.153 Mobile Safari/537.36 (compatible; Googlebot/2.1; +http://www.google.com/bot.html)"
47.128.53.242 - - [25/Mar/2026:01:32:39 -0400] "GET /wp-includes/ID3/module.audio.flac.php HTTP/1.1" 200 0 "-" "Mozilla/5.0 (Linux; Android 5.0) AppleWebKit/537.36 (KHTML, like Gecko) Mobile Safari/537.36 (compatible; Bytespider; spider-feedback@bytedance.com)"
66.249.68.3 - - [25/Mar/2026:01:35:15 -0400] "GET /comment.php?d=27919137492235 HTTP/1.1" 200 5 "-" "Mozilla/5.0 (Linux; Android 6.0.1; Nexus 5X Build/MMB29P) AppleWebKit/537.36 (KHTML, like Gecko) Chrome/146.0.7680.153 Mobile Safari/537.36 (compatible; Googlebot/2.1; +http://www.google.com/bot.html)"
66.249.68.3 - - [25/Mar/2026:01:35:16 -0400] "GET /comment.php?d=39845182854950 HTTP/1.1" 200 5 "-" "Mozilla/5.0 (Linux; Android 6.0.1; Nexus 5X Build/MMB29P) AppleWebKit/537.36 (KHTML, like Gecko) Chrome/146.0.7680.153 Mobile Safari/537.36 (compatible; Googlebot/2.1; +http://www.google.com/bot.html)"
66.249.68.1 - - [25/Mar/2026:01:42:23 -0400] "GET /comment.php?d=87287071549437 HTTP/1.1" 200 5 "-" "Mozilla/5.0 (Linux; Android 6.0.1; Nexus 5X Build/MMB29P) AppleWebKit/537.36 (KHTML, like Gecko) Chrome/146.0.7680.153 Mobile Safari/537.36 (compatible; Googlebot/2.1; +http://www.google.com/bot.html)"
66.249.68.3 - - [25/Mar/2026:01:42:26 -0400] "GET /comment.php?d=68889906116915 HTTP/1.1" 200 5 "-" "Mozilla/5.0 (Linux; Android 6.0.1; Nexus 5X Build/MMB29P) AppleWebKit/537.36 (KHTML, like Gecko) Chrome/146.0.7680.153 Mobile Safari/537.36 (compatible; Googlebot/2.1; +http://www.google.com/bot.html)"
66.249.68.1 - - [25/Mar/2026:01:42:48 -0400] "GET /comment.php?d=87222424858502 HTTP/1.1" 200 5 "-" "Mozilla/5.0 (Linux; Android 6.0.1; Nexus 5X Build/MMB29P) AppleWebKit/537.36 (KHTML, like Gecko) Chrome/146.0.7680.153 Mobile Safari/537.36 (compatible; Googlebot/2.1; +http://www.google.com/bot.html)"
66.249.68.1 - - [25/Mar/2026:01:43:54 -0400] "GET /content.php?a=19489787819053 HTTP/1.1" 200 5 "-" "Mozilla/5.0 (Linux; Android 6.0.1; Nexus 5X Build/MMB29P) AppleWebKit/537.36 (KHTML, like Gecko) Chrome/146.0.7680.153 Mobile Safari/537.36 (compatible; Googlebot/2.1; +http://www.google.com/bot.html)"
51.161.37.98 - - [25/Mar/2026:01:46:36 -0400] "GET /?post_type=tribe_events&eventDisplay=day&paged=3&eventDate=2024-12-03 HTTP/1.1" 301 141 "-" "Mozilla/5.0 (compatible; AhrefsBot/7.0; +http://ahrefs.com/robot/)"
188.130.220.5 - - [25/Mar/2026:01:47:41 -0400] "GET /2026/01/23/top-betting-account-sign-up-offers-explained/ HTTP/1.1" 200 14447 "https://pitterpatterplay.com/" "Mozilla/5.0 (Windows NT 10.0; WOW64; x64) AppleWebKit/537.36 (KHTML, like Gecko) Chrome/114.0.0.0 Safari/537.36 OPR/89.0.4447.51"
188.130.220.5 - - [25/Mar/2026:01:48:01 -0400] "GET /wp-login.php?action=register HTTP/1.1" 302 7 "https://pitterpatterplay.com/2026/01/23/top-betting-account-sign-up-offers-explained/" "Mozilla/5.0 (Windows NT 6.3; Win64; x64) AppleWebKit/537.36 (KHTML, like Gecko) Chrome/103.0.0.0 Safari/537.36"
188.130.220.5 - - [25/Mar/2026:01:48:05 -0400] "GET /wp-login.php?registration=disabled HTTP/1.1" 200 1912 "https://pitterpatterplay.com/wp-login.php?action=register" "Mozilla/5.0 (Windows NT 6.3; Win64; x64) AppleWebKit/537.36 (KHTML, like Gecko) Chrome/103.0.0.0 Safari/537.36"
66.249.68.2 - - [25/Mar/2026:01:50:49 -0400] "GET /content.php?a=87826403605043 HTTP/1.1" 200 5 "-" "Mozilla/5.0 (Linux; Android 6.0.1; Nexus 5X Build/MMB29P) AppleWebKit/537.36 (KHTML, like Gecko) Chrome/146.0.7680.153 Mobile Safari/537.36 (compatible; Googlebot/2.1; +http://www.google.com/bot.html)"
66.249.68.2 - - [25/Mar/2026:01:51:48 -0400] "GET /comment.php?d=87377461291681 HTTP/1.1" 200 5 "-" "Mozilla/5.0 (Linux; Android 6.0.1; Nexus 5X Build/MMB29P) AppleWebKit/537.36 (KHTML, like Gecko) Chrome/146.0.7680.153 Mobile Safari/537.36 (compatible; Googlebot/2.1; +http://www.google.com/bot.html)"
148.72.173.193 - - [25/Mar/2026:01:52:17 -0400] "POST /wp-login.php HTTP/1.1" 200 5871 "-" "Mozilla/5.0"
148.72.173.193 - - [25/Mar/2026:01:52:17 -0400] "POST /wp-login.php HTTP/1.1" 200 5916 "-" "Mozilla/5.0"
66.249.68.3 - - [25/Mar/2026:01:54:20 -0400] "GET /comment.php?d=17077075891750 HTTP/1.1" 200 5 "-" "Mozilla/5.0 (Linux; Android 6.0.1; Nexus 5X Build/MMB29P) AppleWebKit/537.36 (KHTML, like Gecko) Chrome/146.0.7680.153 Mobile Safari/537.36 (compatible; Googlebot/2.1; +http://www.google.com/bot.html)"
66.249.68.2 - - [25/Mar/2026:01:54:46 -0400] "GET /content.php?a=89559741064486 HTTP/1.1" 200 5 "-" "Mozilla/5.0 (Linux; Android 6.0.1; Nexus 5X Build/MMB29P) AppleWebKit/537.36 (KHTML, like Gecko) Chrome/146.0.7680.153 Mobile Safari/537.36 (compatible; Googlebot/2.1; +http://www.google.com/bot.html)"
114.119.152.231 - - [25/Mar/2026:02:01:08 -0400] "GET /page/2/?post_type=tribe_events&eventDisplay=day&tribe_events_cat=party&eventDate=2024-02-12 HTTP/1.1" 301 24 "https://www.pitterpatterplay.com/page/2/?post_type=tribe_events&eventDisplay=day&tribe_events_cat=party&eventDate=2024-02-11" "Mozilla/5.0 (Linux; Android 7.0;) AppleWebKit/537.36 (KHTML, like Gecko) Mobile Safari/537.36 (compatible; PetalBot;+https://webmaster.petalsearch.com/site/petalbot)"
66.249.68.1 - - [25/Mar/2026:02:05:02 -0400] "GET /products/603063752 HTTP/1.1" 404 10818 "-" "Mozilla/5.0 (Linux; Android 6.0.1; Nexus 5X Build/MMB29P) AppleWebKit/537.36 (KHTML, like Gecko) Chrome/146.0.7680.153 Mobile Safari/537.36 (compatible; Googlebot/2.1; +http://www.google.com/bot.html)"
66.249.68.1 - - [25/Mar/2026:02:09:24 -0400] "GET /products/5684152 HTTP/1.1" 404 10822 "-" "Mozilla/5.0 (Linux; Android 6.0.1; Nexus 5X Build/MMB29P) AppleWebKit/537.36 (KHTML, like Gecko) Chrome/146.0.7680.153 Mobile Safari/537.36 (compatible; Googlebot/2.1; +http://www.google.com/bot.html)"
47.128.53.253 - - [25/Mar/2026:02:10:07 -0400] "GET /event/arts-crafts-4/ HTTP/1.1" 301 120 "-" "Mozilla/5.0 (compatible; Bytespider; spider-feedback@bytedance.com) AppleWebKit/537.36 (KHTML, like Gecko) Chrome/70.0.0.0 Safari/537.36"
47.128.53.253 - - [25/Mar/2026:02:10:14 -0400] "GET /event/arts-crafts-4/ HTTP/1.1" 404 10768 "-" "Mozilla/5.0 (compatible; Bytespider; spider-feedback@bytedance.com) AppleWebKit/537.36 (KHTML, like Gecko) Chrome/70.0.0.0 Safari/537.36"
66.249.68.3 - - [25/Mar/2026:02:11:23 -0400] "GET /products/8163757 HTTP/1.1" 404 10818 "-" "Mozilla/5.0 (Linux; Android 6.0.1; Nexus 5X Build/MMB29P) AppleWebKit/537.36 (KHTML, like Gecko) Chrome/146.0.7680.153 Mobile Safari/537.36 (compatible; Googlebot/2.1; +http://www.google.com/bot.html)"
66.249.68.3 - - [25/Mar/2026:02:13:02 -0400] "GET /content.php?a=66206088347348 HTTP/1.1" 200 5 "-" "Mozilla/5.0 (Linux; Android 6.0.1; Nexus 5X Build/MMB29P) AppleWebKit/537.36 (KHTML, like Gecko) Chrome/146.0.7680.153 Mobile Safari/537.36 (compatible; Googlebot/2.1; +http://www.google.com/bot.html)"
185.168.31.17 - - [25/Mar/2026:02:13:52 -0400] "POST /wp-content/themes/playroom/inc/header/templates/Exception.php HTTP/1.1" 200 49 "-" "Mozilla/5.0 (Macintosh; Intel Mac OS X 10_15_7) AppleWebKit/537.36 (KHTML, like Gecko) Chrome/120.0.0.0 Safari/537.36"
185.168.31.17 - - [25/Mar/2026:02:13:54 -0400] "POST /wp-content/themes/playroom/inc/header/templates/Exception.php HTTP/1.1" 200 25 "-" "Mozilla/5.0 (Macintosh; Intel Mac OS X 10_15_7) AppleWebKit/537.36 (KHTML, like Gecko) Chrome/120.0.0.0 Safari/537.36"
47.128.53.230 - - [25/Mar/2026:02:14:07 -0400] "GET /events/month/2025-02/ HTTP/1.1" 404 10752 "-" "Mozilla/5.0 (compatible; Bytespider; spider-feedback@bytedance.com) AppleWebKit/537.36 (KHTML, like Gecko) Chrome/70.0.0.0 Safari/537.36"
66.249.68.3 - - [25/Mar/2026:02:14:59 -0400] "GET /products/5078986 HTTP/1.1" 404 10833 "-" "Mozilla/5.0 (Linux; Android 6.0.1; Nexus 5X Build/MMB29P) AppleWebKit/537.36 (KHTML, like Gecko) Chrome/146.0.7680.153 Mobile Safari/537.36 (compatible; Googlebot/2.1; +http://www.google.com/bot.html)"
168.93.197.31 - - [25/Mar/2026:02:16:03 -0400] "GET /wp-content/uploads/2023/10/slider-border.png HTTP/1.1" 200 14073 "-" "Mozilla/5.0 (compatible; crawler)"
66.249.68.2 - - [25/Mar/2026:02:16:30 -0400] "GET /products/391264260 HTTP/1.1" 404 10833 "-" "Mozilla/5.0 (Linux; Android 6.0.1; Nexus 5X Build/MMB29P) AppleWebKit/537.36 (KHTML, like Gecko) Chrome/146.0.7680.153 Mobile Safari/537.36 (compatible; Googlebot/2.1; +http://www.google.com/bot.html)"
66.249.68.3 - - [25/Mar/2026:02:17:14 -0400] "GET /content.php?a=69817403253648 HTTP/1.1" 200 5 "-" "Mozilla/5.0 (Linux; Android 6.0.1; Nexus 5X Build/MMB29P) AppleWebKit/537.36 (KHTML, like Gecko) Chrome/146.0.7680.153 Mobile Safari/537.36 (compatible; Googlebot/2.1; +http://www.google.com/bot.html)"
66.249.68.2 - - [25/Mar/2026:02:18:00 -0400] "GET /comment.php?d=79727804943443 HTTP/1.1" 200 5 "-" "Mozilla/5.0 (Linux; Android 6.0.1; Nexus 5X Build/MMB29P) AppleWebKit/537.36 (KHTML, like Gecko) Chrome/146.0.7680.153 Mobile Safari/537.36 (compatible; Googlebot/2.1; +http://www.google.com/bot.html)"
66.249.68.2 - - [25/Mar/2026:02:19:33 -0400] "GET /comment.php?d=9065747754731 HTTP/1.1" 200 5 "-" "Mozilla/5.0 (Linux; Android 6.0.1; Nexus 5X Build/MMB29P) AppleWebKit/537.36 (KHTML, like Gecko) Chrome/146.0.7680.153 Mobile Safari/537.36 (compatible; Googlebot/2.1; +http://www.google.com/bot.html)"
66.249.68.1 - - [25/Mar/2026:02:21:03 -0400] "GET /content.php?a=49456362279050 HTTP/1.1" 200 5 "-" "Mozilla/5.0 (Linux; Android 6.0.1; Nexus 5X Build/MMB29P) AppleWebKit/537.36 (KHTML, like Gecko) Chrome/146.0.7680.153 Mobile Safari/537.36 (compatible; Googlebot/2.1; +http://www.google.com/bot.html)"
66.249.68.1 - - [25/Mar/2026:02:21:04 -0400] "GET /comment.php?d=9819750586807 HTTP/1.1" 200 5 "-" "Mozilla/5.0 (Linux; Android 6.0.1; Nexus 5X Build/MMB29P) AppleWebKit/537.36 (KHTML, like Gecko) Chrome/146.0.7680.153 Mobile Safari/537.36 (compatible; Googlebot/2.1; +http://www.google.com/bot.html)"
66.249.68.3 - - [25/Mar/2026:02:22:12 -0400] "GET /products/74908079 HTTP/1.1" 404 10822 "-" "Mozilla/5.0 (Linux; Android 6.0.1; Nexus 5X Build/MMB29P) AppleWebKit/537.36 (KHTML, like Gecko) Chrome/146.0.7680.153 Mobile Safari/537.36 (compatible; Googlebot/2.1; +http://www.google.com/bot.html)"
66.249.68.3 - - [25/Mar/2026:02:22:20 -0400] "GET /content.php?a=21104164782183 HTTP/1.1" 200 5 "-" "Mozilla/5.0 (Linux; Android 6.0.1; Nexus 5X Build/MMB29P) AppleWebKit/537.36 (KHTML, like Gecko) Chrome/146.0.7680.153 Mobile Safari/537.36 (compatible; Googlebot/2.1; +http://www.google.com/bot.html)"
66.249.68.1 - - [25/Mar/2026:02:22:44 -0400] "GET /comment.php?d=2602809083501 HTTP/1.1" 200 5 "-" "Mozilla/5.0 (Linux; Android 6.0.1; Nexus 5X Build/MMB29P) AppleWebKit/537.36 (KHTML, like Gecko) Chrome/146.0.7680.153 Mobile Safari/537.36 (compatible; Googlebot/2.1; +http://www.google.com/bot.html)"
209.141.44.114 - - [25/Mar/2026:02:25:20 -0400] "GET /wp-login.php HTTP/1.1" 200 0 "-" "Mozilla/5.0 (compatible; MSIE 9.0; Windows NT 6.1; WOW64; Trident/5.0)"
66.249.68.1 - - [25/Mar/2026:02:26:00 -0400] "GET /comment.php?d=95902595025535 HTTP/1.1" 200 5 "-" "Mozilla/5.0 (Linux; Android 6.0.1; Nexus 5X Build/MMB29P) AppleWebKit/537.36 (KHTML, like Gecko) Chrome/146.0.7680.153 Mobile Safari/537.36 (compatible; Googlebot/2.1; +http://www.google.com/bot.html)"
15.235.96.92 - - [25/Mar/2026:02:27:19 -0400] "GET /events/list/?tribe-bar-date=2024-07-01&outlook-ical=1 HTTP/1.1" 301 141 "-" "Mozilla/5.0 (compatible; AhrefsBot/7.0; +http://ahrefs.com/robot/)"
66.249.68.2 - - [25/Mar/2026:02:29:18 -0400] "GET /comment.php?d=52398692594384 HTTP/1.1" 200 5 "-" "Mozilla/5.0 (Linux; Android 6.0.1; Nexus 5X Build/MMB29P) AppleWebKit/537.36 (KHTML, like Gecko) Chrome/146.0.7680.153 Mobile Safari/537.36 (compatible; Googlebot/2.1; +http://www.google.com/bot.html)"
66.249.68.2 - - [25/Mar/2026:02:30:49 -0400] "GET /comment.php?d=64493954200700 HTTP/1.1" 200 5 "-" "Mozilla/5.0 (Linux; Android 6.0.1; Nexus 5X Build/MMB29P) AppleWebKit/537.36 (KHTML, like Gecko) Chrome/146.0.7680.153 Mobile Safari/537.36 (compatible; Googlebot/2.1; +http://www.google.com/bot.html)"
66.249.68.1 - - [25/Mar/2026:02:31:55 -0400] "GET /content.php?a=36957661110274 HTTP/1.1" 200 5 "-" "Mozilla/5.0 (Linux; Android 6.0.1; Nexus 5X Build/MMB29P) AppleWebKit/537.36 (KHTML, like Gecko) Chrome/146.0.7680.153 Mobile Safari/537.36 (compatible; Googlebot/2.1; +http://www.google.com/bot.html)"
66.249.68.3 - - [25/Mar/2026:02:32:39 -0400] "GET /content.php?a=41703721024190 HTTP/1.1" 200 5 "-" "Mozilla/5.0 (Linux; Android 6.0.1; Nexus 5X Build/MMB29P) AppleWebKit/537.36 (KHTML, like Gecko) Chrome/146.0.7680.153 Mobile Safari/537.36 (compatible; Googlebot/2.1; +http://www.google.com/bot.html)"
114.119.138.230 - - [25/Mar/2026:02:36:00 -0400] "GET /page/2/?post_type=tribe_events&eventDisplay=day&tribe_events_cat=party&eventDate=2024-01-31 HTTP/1.1" 301 24 "https://www.pitterpatterplay.com/page/2/?post_type=tribe_events&eventDisplay=day&tribe_events_cat=party&eventDate=2024-01-30" "Mozilla/5.0 (Linux; Android 7.0;) AppleWebKit/537.36 (KHTML, like Gecko) Mobile Safari/537.36 (compatible; PetalBot;+https://webmaster.petalsearch.com/site/petalbot)"
66.249.68.3 - - [25/Mar/2026:02:37:48 -0400] "GET /comment.php?d=49764023899683 HTTP/1.1" 200 5 "-" "Mozilla/5.0 (Linux; Android 6.0.1; Nexus 5X Build/MMB29P) AppleWebKit/537.36 (KHTML, like Gecko) Chrome/146.0.7680.153 Mobile Safari/537.36 (compatible; Googlebot/2.1; +http://www.google.com/bot.html)"
66.249.68.2 - - [25/Mar/2026:02:39:02 -0400] "GET /comment.php?d=90870745185396 HTTP/1.1" 200 5 "-" "Mozilla/5.0 (Linux; Android 6.0.1; Nexus 5X Build/MMB29P) AppleWebKit/537.36 (KHTML, like Gecko) Chrome/146.0.7680.153 Mobile Safari/537.36 (compatible; Googlebot/2.1; +http://www.google.com/bot.html)"
47.128.53.241 - - [25/Mar/2026:02:39:16 -0400] "GET /wp-includes/sodium_compat/src/Compat.php HTTP/1.1" 200 0 "-" "Mozilla/5.0 (Linux; Android 5.0) AppleWebKit/537.36 (KHTML, like Gecko) Mobile Safari/537.36 (compatible; Bytespider; spider-feedback@bytedance.com)"
66.249.68.2 - - [25/Mar/2026:02:39:48 -0400] "GET /comment.php?d=74236636080845 HTTP/1.1" 200 5 "-" "Mozilla/5.0 (Linux; Android 6.0.1; Nexus 5X Build/MMB29P) AppleWebKit/537.36 (KHTML, like Gecko) Chrome/146.0.7680.153 Mobile Safari/537.36 (compatible; Googlebot/2.1; +http://www.google.com/bot.html)"
66.249.68.2 - - [25/Mar/2026:02:39:48 -0400] "GET /comment.php?d=29637371562522 HTTP/1.1" 200 5 "-" "Mozilla/5.0 (Linux; Android 6.0.1; Nexus 5X Build/MMB29P) AppleWebKit/537.36 (KHTML, like Gecko) Chrome/146.0.7680.153 Mobile Safari/537.36 (compatible; Googlebot/2.1; +http://www.google.com/bot.html)"
66.249.68.2 - - [25/Mar/2026:02:39:50 -0400] "GET /comment.php?d=71525280576952 HTTP/1.1" 200 5 "-" "Mozilla/5.0 (Linux; Android 6.0.1; Nexus 5X Build/MMB29P) AppleWebKit/537.36 (KHTML, like Gecko) Chrome/146.0.7680.153 Mobile Safari/537.36 (compatible; Googlebot/2.1; +http://www.google.com/bot.html)"
66.249.68.3 - - [25/Mar/2026:02:41:39 -0400] "GET /comment.php?d=88445278852142 HTTP/1.1" 200 5 "-" "Mozilla/5.0 (Linux; Android 6.0.1; Nexus 5X Build/MMB29P) AppleWebKit/537.36 (KHTML, like Gecko) Chrome/146.0.7680.153 Mobile Safari/537.36 (compatible; Googlebot/2.1; +http://www.google.com/bot.html)"
148.72.173.193 - - [25/Mar/2026:02:41:20 -0400] "POST /wp-login.php HTTP/1.1" 200 0 "-" "Mozilla/5.0"
148.72.173.193 - - [25/Mar/2026:02:41:20 -0400] "POST /wp-login.php HTTP/1.1" 200 0 "-" "Mozilla/5.0"
66.249.68.2 - - [25/Mar/2026:02:42:25 -0400] "GET /content.php?a=98284713877252 HTTP/1.1" 200 5 "-" "Mozilla/5.0 (Linux; Android 6.0.1; Nexus 5X Build/MMB29P) AppleWebKit/537.36 (KHTML, like Gecko) Chrome/146.0.7680.153 Mobile Safari/537.36 (compatible; Googlebot/2.1; +http://www.google.com/bot.html)"
47.128.53.46 - - [25/Mar/2026:02:43:20 -0400] "GET /wp-includes/class-wp-block-pattern-categories-registry.php HTTP/1.1" 200 0 "-" "Mozilla/5.0 (Linux; Android 5.0) AppleWebKit/537.36 (KHTML, like Gecko) Mobile Safari/537.36 (compatible; Bytespider; spider-feedback@bytedance.com)"
66.249.68.1 - - [25/Mar/2026:02:43:31 -0400] "GET /comment.php?d=58632605128681 HTTP/1.1" 200 5 "-" "Mozilla/5.0 (Linux; Android 6.0.1; Nexus 5X Build/MMB29P) AppleWebKit/537.36 (KHTML, like Gecko) Chrome/146.0.7680.153 Mobile Safari/537.36 (compatible; Googlebot/2.1; +http://www.google.com/bot.html)"
66.249.68.2 - - [25/Mar/2026:02:43:31 -0400] "GET /products/84080374 HTTP/1.1" 404 10795 "-" "Mozilla/5.0 (Linux; Android 6.0.1; Nexus 5X Build/MMB29P) AppleWebKit/537.36 (KHTML, like Gecko) Chrome/146.0.7680.153 Mobile Safari/537.36 (compatible; Googlebot/2.1; +http://www.google.com/bot.html)"
66.249.68.1 - - [25/Mar/2026:02:44:04 -0400] "GET /comment.php?d=88049891640662 HTTP/1.1" 200 5 "-" "Mozilla/5.0 (Linux; Android 6.0.1; Nexus 5X Build/MMB29P) AppleWebKit/537.36 (KHTML, like Gecko) Chrome/146.0.7680.153 Mobile Safari/537.36 (compatible; Googlebot/2.1; +http://www.google.com/bot.html)"
66.249.68.3 - - [25/Mar/2026:02:45:24 -0400] "GET /comment.php?d=68956069267350 HTTP/1.1" 200 5 "-" "Mozilla/5.0 (Linux; Android 6.0.1; Nexus 5X Build/MMB29P) AppleWebKit/537.36 (KHTML, like Gecko) Chrome/146.0.7680.153 Mobile Safari/537.36 (compatible; Googlebot/2.1; +http://www.google.com/bot.html)"
142.44.220.64 - - [25/Mar/2026:02:45:35 -0400] "GET /events/list/?tribe-bar-date=2024-10-04&outlook-ical=1 HTTP/1.1" 301 141 "-" "Mozilla/5.0 (compatible; AhrefsBot/7.0; +http://ahrefs.com/robot/)"
66.249.68.1 - - [25/Mar/2026:02:45:46 -0400] "GET /?products/296848067 HTTP/1.1" 301 141 "-" "Mozilla/5.0 (Linux; Android 6.0.1; Nexus 5X Build/MMB29P) AppleWebKit/537.36 (KHTML, like Gecko) Chrome/146.0.7680.153 Mobile Safari/537.36 (compatible; Googlebot/2.1; +http://www.google.com/bot.html)"
168.144.23.96 - - [25/Mar/2026:02:45:53 -0400] "GET / HTTP/1.1" 200 0 "-" "Mozilla/5.0 (X11; Linux x86_64) AppleWebKit/537.36 (KHTML, like Gecko) Chrome/142.0.0.0 Safari/537.36"
66.249.68.1 - - [25/Mar/2026:02:45:51 -0400] "GET /?products%2F296848067 HTTP/1.1" 200 14682 "-" "Mozilla/5.0 (Linux; Android 6.0.1; Nexus 5X Build/MMB29P) AppleWebKit/537.36 (KHTML, like Gecko) Chrome/146.0.7680.153 Mobile Safari/537.36 (compatible; Googlebot/2.1; +http://www.google.com/bot.html)"
123.27.1.210 - - [25/Mar/2026:02:45:58 -0400] "GET /terms-of-service/ HTTP/1.1" 200 14921 "-" "Mozilla/5.0 (X11; U; FreeBSD i386; de-CH; rv:1.9.2.8) Gecko/20100729 Firefox/3.6.8"
66.249.68.1 - - [25/Mar/2026:02:46:00 -0400] "GET /products/498116945 HTTP/1.1" 404 10818 "-" "Mozilla/5.0 (Linux; Android 6.0.1; Nexus 5X Build/MMB29P) AppleWebKit/537.36 (KHTML, like Gecko) Chrome/146.0.7680.153 Mobile Safari/537.36 (compatible; Googlebot/2.1; +http://www.google.com/bot.html)"
66.249.68.1 - - [25/Mar/2026:02:46:29 -0400] "GET /comment.php?d=37430432509069 HTTP/1.1" 200 5 "-" "Mozilla/5.0 (Linux; Android 6.0.1; Nexus 5X Build/MMB29P) AppleWebKit/537.36 (KHTML, like Gecko) Chrome/146.0.7680.153 Mobile Safari/537.36 (compatible; Googlebot/2.1; +http://www.google.com/bot.html)"
66.249.68.1 - - [25/Mar/2026:02:46:29 -0400] "GET /comment.php?d=73746152831396 HTTP/1.1" 200 5 "-" "Mozilla/5.0 (Linux; Android 6.0.1; Nexus 5X Build/MMB29P) AppleWebKit/537.36 (KHTML, like Gecko) Chrome/146.0.7680.153 Mobile Safari/537.36 (compatible; Googlebot/2.1; +http://www.google.com/bot.html)"
66.249.68.1 - - [25/Mar/2026:02:48:01 -0400] "GET /comment.php?d=17025858290927 HTTP/1.1" 200 5 "-" "Mozilla/5.0 (Linux; Android 6.0.1; Nexus 5X Build/MMB29P) AppleWebKit/537.36 (KHTML, like Gecko) Chrome/146.0.7680.153 Mobile Safari/537.36 (compatible; Googlebot/2.1; +http://www.google.com/bot.html)"
66.249.68.2 - - [25/Mar/2026:02:48:01 -0400] "GET /content.php?a=34995782670353 HTTP/1.1" 200 5 "-" "Mozilla/5.0 (Linux; Android 6.0.1; Nexus 5X Build/MMB29P) AppleWebKit/537.36 (KHTML, like Gecko) Chrome/146.0.7680.153 Mobile Safari/537.36 (compatible; Googlebot/2.1; +http://www.google.com/bot.html)"
40.77.167.159 - - [25/Mar/2026:02:47:37 -0400] "GET /products/4052338 HTTP/1.1" 404 10818 "-" "Mozilla/5.0 AppleWebKit/537.36 (KHTML, like Gecko; compatible; bingbot/2.0; +http://www.bing.com/bingbot.htm) Chrome/116.0.1938.76 Safari/537.36"
66.249.68.3 - - [25/Mar/2026:02:51:03 -0400] "GET /content.php?a=29154973769295 HTTP/1.1" 200 5 "-" "Mozilla/5.0 (Linux; Android 6.0.1; Nexus 5X Build/MMB29P) AppleWebKit/537.36 (KHTML, like Gecko) Chrome/146.0.7680.153 Mobile Safari/537.36 (compatible; Googlebot/2.1; +http://www.google.com/bot.html)"
66.249.68.3 - - [25/Mar/2026:02:51:03 -0400] "GET /content.php?a=30317711027436 HTTP/1.1" 200 5 "-" "Mozilla/5.0 (Linux; Android 6.0.1; Nexus 5X Build/MMB29P) AppleWebKit/537.36 (KHTML, like Gecko) Chrome/146.0.7680.153 Mobile Safari/537.36 (compatible; Googlebot/2.1; +http://www.google.com/bot.html)"
66.249.68.1 - - [25/Mar/2026:02:53:59 -0400] "GET /content.php?a=6557426431894 HTTP/1.1" 200 5 "-" "Mozilla/5.0 (Linux; Android 6.0.1; Nexus 5X Build/MMB29P) AppleWebKit/537.36 (KHTML, like Gecko) Chrome/146.0.7680.153 Mobile Safari/537.36 (compatible; Googlebot/2.1; +http://www.google.com/bot.html)"
114.119.152.46 - - [25/Mar/2026:02:55:33 -0400] "GET /robots.txt HTTP/1.1" 200 74 "-" "Mozilla/5.0 (compatible;PetalBot;+https://webmaster.petalsearch.com/site/petalbot)"
66.249.68.2 - - [25/Mar/2026:02:58:05 -0400] "GET /content.php?a=80378511154100 HTTP/1.1" 200 5 "-" "Mozilla/5.0 (Linux; Android 6.0.1; Nexus 5X Build/MMB29P) AppleWebKit/537.36 (KHTML, like Gecko) Chrome/146.0.7680.153 Mobile Safari/537.36 (compatible; Googlebot/2.1; +http://www.google.com/bot.html)"
66.249.68.2 - - [25/Mar/2026:03:02:23 -0400] "GET /comment.php?d=17268695363593 HTTP/1.1" 200 5 "-" "Mozilla/5.0 (Linux; Android 6.0.1; Nexus 5X Build/MMB29P) AppleWebKit/537.36 (KHTML, like Gecko) Chrome/146.0.7680.153 Mobile Safari/537.36 (compatible; Googlebot/2.1; +http://www.google.com/bot.html)"
113.73.169.60 - - [25/Mar/2026:03:03:07 -0400] "GET /2026/01/23/top-betting-account-sign-up-offers-explained/ HTTP/1.1" 200 14447 "https://pitterpatterplay.com/" "Mozilla/5.0 (X11; Ubuntu; Linux i686; rv:114.0) Gecko/20100101 Firefox/114.0"
113.73.169.60 - - [25/Mar/2026:03:03:27 -0400] "GET /wp-login.php?action=register HTTP/1.1" 302 7 "https://pitterpatterplay.com/2026/01/23/top-betting-account-sign-up-offers-explained/" "Mozilla/5.0 (Windows NT 6.3; Win64; x64) AppleWebKit/537.36 (KHTML, like Gecko) Chrome/103.0.0.0 Safari/537.36"
142.44.228.69 - - [25/Mar/2026:03:03:29 -0400] "GET /?post_type=tribe_events&eventDisplay=day&paged=5&eventDate=2024-12-18 HTTP/1.1" 301 141 "-" "Mozilla/5.0 (compatible; AhrefsBot/7.0; +http://ahrefs.com/robot/)"
113.73.169.60 - - [25/Mar/2026:03:03:36 -0400] "GET /wp-login.php?registration=disabled HTTP/1.1" 200 1912 "https://pitterpatterplay.com/wp-login.php?action=register" "Mozilla/5.0 (Windows NT 6.3; Win64; x64) AppleWebKit/537.36 (KHTML, like Gecko) Chrome/103.0.0.0 Safari/537.36"
107.152.32.177 - - [25/Mar/2026:03:03:44 -0400] "GET /2026/01/23/top-betting-account-sign-up-offers-explained/ HTTP/1.1" 200 14523 "-" "Mozilla/5.0 (X11; Linux i686) AppleWebKit/537.36 (KHTML, like Gecko) Chrome/114.0.0.0 Safari/537.36 Vivaldi/5.3.2679.68"
17.241.227.227 - - [25/Mar/2026:03:04:28 -0400] "GET /events/category/party/day/2024-12-01/ HTTP/1.1" 404 11634 "-" "Mozilla/5.0 (Macintosh; Intel Mac OS X 10_15_7) AppleWebKit/605.1.15 (KHTML, like Gecko) Version/17.4 Safari/605.1.15 (Applebot/0.1; +http://www.apple.com/go/applebot)"
66.249.68.1 - - [25/Mar/2026:03:05:26 -0400] "GET /comment.php?d=43841335795397 HTTP/1.1" 200 5 "-" "Mozilla/5.0 (Linux; Android 6.0.1; Nexus 5X Build/MMB29P) AppleWebKit/537.36 (KHTML, like Gecko) Chrome/146.0.7680.153 Mobile Safari/537.36 (compatible; Googlebot/2.1; +http://www.google.com/bot.html)"
17.241.219.253 - - [25/Mar/2026:03:07:19 -0400] "GET /wp-includes/js/jquery/jquery.min.js?ver=3.7.1 HTTP/1.1" 200 37897 "https://pitterpatterplay.com/events/category/party/day/2024-12-01/" "Mozilla/5.0 (Macintosh; Intel Mac OS X 10_15_7) AppleWebKit/605.1.15 (KHTML, like Gecko) Version/17.4 Safari/605.1.15 (Applebot/0.1; +http://www.apple.com/go/applebot)"
17.241.227.28 - - [25/Mar/2026:03:07:21 -0400] "GET /wp-content/themes/playroom/assets/plugins/appear/jquery.appear.js?ver=6.9.4 HTTP/1.1" 200 4304 "https://pitterpatterplay.com/events/category/party/day/2024-12-01/" "Mozilla/5.0 (Macintosh; Intel Mac OS X 10_15_7) AppleWebKit/605.1.15 (KHTML, like Gecko) Version/17.4 Safari/605.1.15 (Applebot/0.1; +http://www.apple.com/go/applebot)"
17.241.227.192 - - [25/Mar/2026:03:07:22 -0400] "GET /wp-includes/js/jquery/jquery-migrate.min.js?ver=3.4.1 HTTP/1.1" 200 8716 "https://pitterpatterplay.com/events/category/party/day/2024-12-01/" "Mozilla/5.0 (Macintosh; Intel Mac OS X 10_15_7) AppleWebKit/605.1.15 (KHTML, like Gecko) Version/17.4 Safari/605.1.15 (Applebot/0.1; +http://www.apple.com/go/applebot)"
17.241.219.154 - - [25/Mar/2026:03:07:24 -0400] "GET /wp-content/plugins/ultimate-events/assets/js/captcha-loader.js?ver=2.0.0 HTTP/1.1" 200 33461 "https://pitterpatterplay.com/events/category/party/day/2024-12-01/" "Mozilla/5.0 (Macintosh; Intel Mac OS X 10_15_7) AppleWebKit/605.1.15 (KHTML, like Gecko) Version/17.4 Safari/605.1.15 (Applebot/0.1; +http://www.apple.com/go/applebot)"
17.241.75.171 - - [25/Mar/2026:03:07:25 -0400] "GET /wp-content/themes/playroom/assets/plugins/swiper/swiper.min.js?ver=6.9.4 HTTP/1.1" 200 45922 "https://pitterpatterplay.com/events/category/party/day/2024-12-01/" "Mozilla/5.0 (Macintosh; Intel Mac OS X 10_15_7) AppleWebKit/605.1.15 (KHTML, like Gecko) Version/17.4 Safari/605.1.15 (Applebot/0.1; +http://www.apple.com/go/applebot)"
17.241.219.253 - - [25/Mar/2026:03:07:26 -0400] "GET /wp-content/themes/playroom/assets/plugins/magnific-popup/jquery.magnific-popup.min.js?ver=6.9.4 HTTP/1.1" 200 12224 "https://pitterpatterplay.com/events/category/party/day/2024-12-01/" "Mozilla/5.0 (Macintosh; Intel Mac OS X 10_15_7) AppleWebKit/605.1.15 (KHTML, like Gecko) Version/17.4 Safari/605.1.15 (Applebot/0.1; +http://www.apple.com/go/applebot)"
17.241.75.29 - - [25/Mar/2026:03:07:28 -0400] "GET /wp-content/themes/playroom/assets/js/main.min.js?ver=6.9.4 HTTP/1.1" 200 10427 "https://pitterpatterplay.com/events/category/party/day/2024-12-01/" "Mozilla/5.0 (Macintosh; Intel Mac OS X 10_15_7) AppleWebKit/605.1.15 (KHTML, like Gecko) Version/17.4 Safari/605.1.15 (Applebot/0.1; +http://www.apple.com/go/applebot)"
17.241.219.208 - - [25/Mar/2026:03:07:29 -0400] "GET /wp-content/themes/playroom/assets/plugins/waitforimages/jquery.waitforimages.js?ver=6.9.4 HTTP/1.1" 200 4331 "https://pitterpatterplay.com/events/category/party/day/2024-12-01/" "Mozilla/5.0 (Macintosh; Intel Mac OS X 10_15_7) AppleWebKit/605.1.15 (KHTML, like Gecko) Version/17.4 Safari/605.1.15 (Applebot/0.1; +http://www.apple.com/go/applebot)"
17.241.227.48 - - [25/Mar/2026:03:07:31 -0400] "GET /wp-includes/js/wp-emoji-release.min.js?ver=6.9.4 HTTP/1.1" 200 9651 "https://pitterpatterplay.com/events/category/party/day/2024-12-01/" "Mozilla/5.0 (Macintosh; Intel Mac OS X 10_15_7) AppleWebKit/605.1.15 (KHTML, like Gecko) Version/17.4 Safari/605.1.15 (Applebot/0.1; +http://www.apple.com/go/applebot)"
66.249.68.2 - - [25/Mar/2026:03:08:51 -0400] "GET /content.php?a=51107190047858 HTTP/1.1" 200 5 "-" "Mozilla/5.0 (Linux; Android 6.0.1; Nexus 5X Build/MMB29P) AppleWebKit/537.36 (KHTML, like Gecko) Chrome/146.0.7680.153 Mobile Safari/537.36 (compatible; Googlebot/2.1; +http://www.google.com/bot.html)"
66.249.68.1 - - [25/Mar/2026:03:10:22 -0400] "GET /comment.php?d=6652881454246 HTTP/1.1" 200 5 "-" "Mozilla/5.0 (Linux; Android 6.0.1; Nexus 5X Build/MMB29P) AppleWebKit/537.36 (KHTML, like Gecko) Chrome/146.0.7680.153 Mobile Safari/537.36 (compatible; Googlebot/2.1; +http://www.google.com/bot.html)"
114.119.159.246 - - [25/Mar/2026:03:11:26 -0400] "GET /page/2/?post_type=tribe_events&eventDisplay=day&tribe_events_cat=party&eventDate=2024-01-19 HTTP/1.1" 301 24 "https://www.pitterpatterplay.com/page/2/?post_type=tribe_events&eventDisplay=day&tribe_events_cat=party&eventDate=2024-01-20" "Mozilla/5.0 (Linux; Android 7.0;) AppleWebKit/537.36 (KHTML, like Gecko) Mobile Safari/537.36 (compatible; PetalBot;+https://webmaster.petalsearch.com/site/petalbot)"
114.119.159.246 - - [25/Mar/2026:03:11:34 -0400] "GET /page/2/?post_type=tribe_events&eventDisplay=day&tribe_events_cat=party&eventDate=2024-01-19 HTTP/1.1" 200 15961 "https://www.pitterpatterplay.com/page/2/?post_type=tribe_events&eventDisplay=day&tribe_events_cat=party&eventDate=2024-01-20" "Mozilla/5.0 (Linux; Android 7.0;) AppleWebKit/537.36 (KHTML, like Gecko) Mobile Safari/537.36 (compatible; PetalBot;+https://webmaster.petalsearch.com/site/petalbot)"
66.249.68.2 - - [25/Mar/2026:03:15:42 -0400] "GET /comment.php?d=55570828925626 HTTP/1.1" 200 5 "-" "Mozilla/5.0 (Linux; Android 6.0.1; Nexus 5X Build/MMB29P) AppleWebKit/537.36 (KHTML, like Gecko) Chrome/146.0.7680.153 Mobile Safari/537.36 (compatible; Googlebot/2.1; +http://www.google.com/bot.html)"
47.128.53.231 - - [25/Mar/2026:03:15:51 -0400] "GET /wp-includes/sodium_compat/namespaced/Compat.php HTTP/1.1" 200 197 "-" "Mozilla/5.0 (Linux; Android 5.0) AppleWebKit/537.36 (KHTML, like Gecko) Mobile Safari/537.36 (compatible; Bytespider; spider-feedback@bytedance.com)"
66.249.68.1 - - [25/Mar/2026:03:16:28 -0400] "GET /comment.php?d=18866950111195 HTTP/1.1" 200 5 "-" "Mozilla/5.0 (Linux; Android 6.0.1; Nexus 5X Build/MMB29P) AppleWebKit/537.36 (KHTML, like Gecko) Chrome/146.0.7680.153 Mobile Safari/537.36 (compatible; Googlebot/2.1; +http://www.google.com/bot.html)"
66.249.68.1 - - [25/Mar/2026:03:17:36 -0400] "GET /content.php?a=93138046196948 HTTP/1.1" 200 5 "-" "Mozilla/5.0 (Linux; Android 6.0.1; Nexus 5X Build/MMB29P) AppleWebKit/537.36 (KHTML, like Gecko) Chrome/146.0.7680.153 Mobile Safari/537.36 (compatible; Googlebot/2.1; +http://www.google.com/bot.html)"
66.249.68.1 - - [25/Mar/2026:03:18:23 -0400] "GET /content.php?a=77993740818691 HTTP/1.1" 200 5 "-" "Mozilla/5.0 (Linux; Android 6.0.1; Nexus 5X Build/MMB29P) AppleWebKit/537.36 (KHTML, like Gecko) Chrome/146.0.7680.153 Mobile Safari/537.36 (compatible; Googlebot/2.1; +http://www.google.com/bot.html)"
66.249.68.1 - - [25/Mar/2026:03:19:31 -0400] "GET /comment.php?d=83482636079159 HTTP/1.1" 200 5 "-" "Mozilla/5.0 (Linux; Android 6.0.1; Nexus 5X Build/MMB29P) AppleWebKit/537.36 (KHTML, like Gecko) Chrome/146.0.7680.153 Mobile Safari/537.36 (compatible; Googlebot/2.1; +http://www.google.com/bot.html)"
74.7.175.150 - - [25/Mar/2026:03:19:44 -0400] "GET /robots.txt HTTP/1.1" 200 74 "-" "Mozilla/5.0 (Macintosh; Intel Mac OS X 10_15_7) AppleWebKit/537.36 (KHTML, like Gecko) Chrome/131.0.0.0 Safari/537.36; compatible; OAI-SearchBot/1.3; robots.txt; +https://openai.com/searchbot"
74.7.227.13 - - [25/Mar/2026:03:19:44 -0400] "GET /sitemap.xml HTTP/1.1" 301 141 "-" "Mozilla/5.0 AppleWebKit/537.36 (KHTML, like Gecko; compatible; GPTBot/1.3; +https://openai.com/gptbot)"
74.7.227.13 - - [25/Mar/2026:03:19:51 -0400] "GET /wp-sitemap.xml HTTP/1.1" 200 302 "https://pitterpatterplay.com/sitemap.xml" "Mozilla/5.0 AppleWebKit/537.36 (KHTML, like Gecko; compatible; GPTBot/1.3; +https://openai.com/gptbot)"
17.241.75.221 - - [25/Mar/2026:03:19:45 -0400] "GET /2026/01/27/secrets-des-free-spins-comment-maximiser-vos-gains-4/ HTTP/1.1" 200 18357 "-" "Mozilla/5.0 (Macintosh; Intel Mac OS X 10_15_7) AppleWebKit/605.1.15 (KHTML, like Gecko) Version/17.4 Safari/605.1.15 (Applebot/0.1; +http://www.apple.com/go/applebot)"
66.249.68.2 - - [25/Mar/2026:03:20:16 -0400] "GET /products/11769780 HTTP/1.1" 404 10822 "-" "Mozilla/5.0 (Linux; Android 6.0.1; Nexus 5X Build/MMB29P) AppleWebKit/537.36 (KHTML, like Gecko) Chrome/146.0.7680.153 Mobile Safari/537.36 (compatible; Googlebot/2.1; +http://www.google.com/bot.html)"
17.241.75.243 - - [25/Mar/2026:03:22:35 -0400] "GET /wp-includes/js/comment-reply.min.js?ver=6.9.4 HTTP/1.1" 200 4836 "https://pitterpatterplay.com/2026/01/27/secrets-des-free-spins-comment-maximiser-vos-gains-4/" "Mozilla/5.0 (Macintosh; Intel Mac OS X 10_15_7) AppleWebKit/605.1.15 (KHTML, like Gecko) Version/17.4 Safari/605.1.15 (Applebot/0.1; +http://www.apple.com/go/applebot)"
148.113.130.18 - - [25/Mar/2026:03:22:56 -0400] "GET /events/category/toddlers/list/?tribe-bar-date=2024-10-01&outlook-ical=1 HTTP/1.1" 200 0 "-" "Mozilla/5.0 (compatible; AhrefsBot/7.0; +http://ahrefs.com/robot/)"
40.77.167.72 - - [25/Mar/2026:03:29:53 -0400] "GET /2026/01/23/top-betting-account-sign-up-offers-explained/ HTTP/1.1" 200 14523 "-" "Mozilla/5.0 AppleWebKit/537.36 (KHTML, like Gecko; compatible; bingbot/2.0; +http://www.bing.com/bingbot.htm) Chrome/116.0.1938.76 Safari/537.36"
148.72.173.193 - - [25/Mar/2026:03:30:21 -0400] "POST /wp-login.php HTTP/1.1" 200 5916 "-" "Mozilla/5.0"
148.72.173.193 - - [25/Mar/2026:03:30:21 -0400] "POST /wp-login.php HTTP/1.1" 200 5871 "-" "Mozilla/5.0"
142.147.225.229 - - [25/Mar/2026:03:34:38 -0400] "GET /wp-content/uploads/2020/05/blog-img-4-1.jpg HTTP/1.1" 200 84687 "-" "Mozilla/5.0 (compatible; crawler)"
66.249.68.3 - - [25/Mar/2026:03:35:37 -0400] "GET /content.php?a=75406508052002 HTTP/1.1" 200 5 "-" "Mozilla/5.0 (Linux; Android 6.0.1; Nexus 5X Build/MMB29P) AppleWebKit/537.36 (KHTML, like Gecko) Chrome/146.0.7680.153 Mobile Safari/537.36 (compatible; Googlebot/2.1; +http://www.google.com/bot.html)"
96.62.31.84 - - [25/Mar/2026:03:37:36 -0400] "GET /wp-content/uploads/2023/10/border.jpg HTTP/1.1" 200 31127 "-" "Mozilla/5.0 (compatible; crawler)"
95.85.238.35 - - [25/Mar/2026:03:38:37 -0400] "GET /wp-login.php HTTP/1.1" 200 5452 "-" "Mozilla/5.0 (Macintosh; Intel Mac OS X 10_9_2) AppleWebKit/537.75.14 (KHTML, like Gecko) Version/7.0.3 Safari/537.75.14"
95.85.238.35 - - [25/Mar/2026:03:38:42 -0400] "POST /wp-login.php HTTP/1.1" 200 5890 "-" "Mozilla/5.0 (Macintosh; Intel Mac OS X 10_9_2) AppleWebKit/537.75.14 (KHTML, like Gecko) Version/7.0.3 Safari/537.75.14"
95.85.238.35 - - [25/Mar/2026:03:39:04 -0400] "GET /wp-login.php HTTP/1.1" 200 5452 "-" "Mozilla/5.0 (Windows NT 5.1; rv:31.0) Gecko/20100101 Firefox/31.0"
95.85.238.35 - - [25/Mar/2026:03:39:09 -0400] "POST /wp-login.php HTTP/1.1" 200 5934 "-" "Mozilla/5.0 (Windows NT 5.1; rv:31.0) Gecko/20100101 Firefox/31.0"
66.249.68.1 - - [25/Mar/2026:03:39:24 -0400] "GET /comment.php?d=6918621609740 HTTP/1.1" 200 5 "-" "Mozilla/5.0 (Linux; Android 6.0.1; Nexus 5X Build/MMB29P) AppleWebKit/537.36 (KHTML, like Gecko) Chrome/146.0.7680.153 Mobile Safari/537.36 (compatible; Googlebot/2.1; +http://www.google.com/bot.html)"
47.128.53.226 - - [25/Mar/2026:03:39:37 -0400] "GET /grid-home/ HTTP/1.1" 301 120 "-" "Mozilla/5.0 (compatible; Bytespider; spider-feedback@bytedance.com) AppleWebKit/537.36 (KHTML, like Gecko) Chrome/70.0.0.0 Safari/537.36"
47.128.53.226 - - [25/Mar/2026:03:39:43 -0400] "GET /grid-home/ HTTP/1.1" 200 14188 "-" "Mozilla/5.0 (compatible; Bytespider; spider-feedback@bytedance.com) AppleWebKit/537.36 (KHTML, like Gecko) Chrome/70.0.0.0 Safari/537.36"
66.249.68.2 - - [25/Mar/2026:03:41:55 -0400] "GET /comment.php?d=35567312956958 HTTP/1.1" 200 5 "-" "Mozilla/5.0 (Linux; Android 6.0.1; Nexus 5X Build/MMB29P) AppleWebKit/537.36 (KHTML, like Gecko) Chrome/146.0.7680.153 Mobile Safari/537.36 (compatible; Googlebot/2.1; +http://www.google.com/bot.html)"
47.128.53.245 - - [25/Mar/2026:03:43:41 -0400] "GET /event/arts-crafts-2/ HTTP/1.1" 301 120 "-" "Mozilla/5.0 (compatible; Bytespider; spider-feedback@bytedance.com) AppleWebKit/537.36 (KHTML, like Gecko) Chrome/70.0.0.0 Safari/537.36"
47.128.53.245 - - [25/Mar/2026:03:43:58 -0400] "GET /event/arts-crafts-2/ HTTP/1.1" 404 10752 "-" "Mozilla/5.0 (compatible; Bytespider; spider-feedback@bytedance.com) AppleWebKit/537.36 (KHTML, like Gecko) Chrome/70.0.0.0 Safari/537.36"
15.235.98.174 - - [25/Mar/2026:03:45:20 -0400] "GET /sitemap.xml HTTP/1.1" 301 141 "-" "Mozilla/5.0 (compatible; AhrefsBot/7.0; +http://ahrefs.com/robot/)"
15.235.98.174 - - [25/Mar/2026:03:45:26 -0400] "GET /wp-sitemap.xml HTTP/1.1" 200 316 "-" "Mozilla/5.0 (compatible; AhrefsBot/7.0; +http://ahrefs.com/robot/)"
114.119.153.138 - - [25/Mar/2026:03:46:38 -0400] "GET /page/2/?post_type=tribe_events&eventDisplay=day&tribe_events_cat=party&eventDate=2024-01-13 HTTP/1.1" 301 24 "https://www.pitterpatterplay.com/page/2/?post_type=tribe_events&eventDisplay=day&tribe_events_cat=party&eventDate=2024-01-14" "Mozilla/5.0 (Linux; Android 7.0;) AppleWebKit/537.36 (KHTML, like Gecko) Mobile Safari/537.36 (compatible; PetalBot;+https://webmaster.petalsearch.com/site/petalbot)"
114.119.153.138 - - [25/Mar/2026:03:46:43 -0400] "GET /page/2/?post_type=tribe_events&eventDisplay=day&tribe_events_cat=party&eventDate=2024-01-13 HTTP/1.1" 200 15955 "https://www.pitterpatterplay.com/page/2/?post_type=tribe_events&eventDisplay=day&tribe_events_cat=party&eventDate=2024-01-14" "Mozilla/5.0 (Linux; Android 7.0;) AppleWebKit/537.36 (KHTML, like Gecko) Mobile Safari/537.36 (compatible; PetalBot;+https://webmaster.petalsearch.com/site/petalbot)"
66.249.68.3 - - [25/Mar/2026:03:47:33 -0400] "GET /wp-content/uploads/2023/10/play-mats.jpg HTTP/1.1" 200 85039 "-" "Googlebot-Image/1.0"
66.249.68.1 - - [25/Mar/2026:03:47:51 -0400] "GET /wp-content/uploads/2023/10/easy-store.png HTTP/1.1" 200 7076 "-" "Googlebot-Image/1.0"
66.249.68.2 - - [25/Mar/2026:03:48:08 -0400] "GET /wp-content/uploads/2023/10/slider-border.png HTTP/1.1" 200 14073 "-" "Googlebot-Image/1.0"
66.249.68.2 - - [25/Mar/2026:03:48:26 -0400] "GET /products/76737834 HTTP/1.1" 404 10818 "-" "Mozilla/5.0 (Linux; Android 6.0.1; Nexus 5X Build/MMB29P) AppleWebKit/537.36 (KHTML, like Gecko) Chrome/146.0.7680.153 Mobile Safari/537.36 (compatible; Googlebot/2.1; +http://www.google.com/bot.html)"
66.249.68.1 - - [25/Mar/2026:03:49:52 -0400] "GET /wp-content/uploads/2023/10/all-day-fun.png HTTP/1.1" 200 117940 "-" "Googlebot-Image/1.0"
