66.249.68.1 - - [24/Mar/2026:19:01:33 -0400] "GET /comment.php?d=25098195603689 HTTP/1.1" 200 5 "-" "Mozilla/5.0 (Linux; Android 6.0.1; Nexus 5X Build/MMB29P) AppleWebKit/537.36 (KHTML, like Gecko) Chrome/146.0.7680.153 Mobile Safari/537.36 (compatible; Googlebot/2.1; +http://www.google.com/bot.html)"
66.249.68.1 - - [24/Mar/2026:19:01:35 -0400] "GET /comment.php?d=21882427836689 HTTP/1.1" 200 5 "-" "Mozilla/5.0 (Linux; Android 6.0.1; Nexus 5X Build/MMB29P) AppleWebKit/537.36 (KHTML, like Gecko) Chrome/146.0.7680.153 Mobile Safari/537.36 (compatible; Googlebot/2.1; +http://www.google.com/bot.html)"
148.72.173.193 - - [24/Mar/2026:19:02:15 -0400] "POST /wp-login.php HTTP/1.1" 200 5871 "-" "Mozilla/5.0"
148.72.173.193 - - [24/Mar/2026:19:02:15 -0400] "POST /wp-login.php HTTP/1.1" 200 5916 "-" "Mozilla/5.0"
66.249.68.2 - - [24/Mar/2026:19:03:30 -0400] "GET /comment.php?d=74893550403471 HTTP/1.1" 200 5 "-" "Mozilla/5.0 (Linux; Android 6.0.1; Nexus 5X Build/MMB29P) AppleWebKit/537.36 (KHTML, like Gecko) Chrome/146.0.7680.153 Mobile Safari/537.36 (compatible; Googlebot/2.1; +http://www.google.com/bot.html)"
66.249.68.1 - - [24/Mar/2026:19:03:48 -0400] "GET /comment.php?d=44960486671441 HTTP/1.1" 200 5 "-" "Mozilla/5.0 (Linux; Android 6.0.1; Nexus 5X Build/MMB29P) AppleWebKit/537.36 (KHTML, like Gecko) Chrome/146.0.7680.153 Mobile Safari/537.36 (compatible; Googlebot/2.1; +http://www.google.com/bot.html)"
66.249.68.1 - - [24/Mar/2026:19:03:58 -0400] "GET /comment.php?d=69601046255813 HTTP/1.1" 200 5 "-" "Mozilla/5.0 (Linux; Android 6.0.1; Nexus 5X Build/MMB29P) AppleWebKit/537.36 (KHTML, like Gecko) Chrome/146.0.7680.153 Mobile Safari/537.36 (compatible; Googlebot/2.1; +http://www.google.com/bot.html)"
66.249.68.1 - - [24/Mar/2026:19:03:58 -0400] "GET /content.php?a=41721156504626 HTTP/1.1" 200 5 "-" "Mozilla/5.0 (Linux; Android 6.0.1; Nexus 5X Build/MMB29P) AppleWebKit/537.36 (KHTML, like Gecko) Chrome/146.0.7680.153 Mobile Safari/537.36 (compatible; Googlebot/2.1; +http://www.google.com/bot.html)"
66.249.68.2 - - [24/Mar/2026:19:04:20 -0400] "GET /comment.php?d=97425110002562 HTTP/1.1" 200 5 "-" "Mozilla/5.0 (Linux; Android 6.0.1; Nexus 5X Build/MMB29P) AppleWebKit/537.36 (KHTML, like Gecko) Chrome/146.0.7680.153 Mobile Safari/537.36 (compatible; Googlebot/2.1; +http://www.google.com/bot.html)"
66.249.68.1 - - [24/Mar/2026:19:04:36 -0400] "GET /comment.php?d=75349862320373 HTTP/1.1" 200 5 "-" "Mozilla/5.0 (Linux; Android 6.0.1; Nexus 5X Build/MMB29P) AppleWebKit/537.36 (KHTML, like Gecko) Chrome/146.0.7680.153 Mobile Safari/537.36 (compatible; Googlebot/2.1; +http://www.google.com/bot.html)"
66.249.68.1 - - [24/Mar/2026:19:04:36 -0400] "GET /content.php?a=38368302922626 HTTP/1.1" 200 5 "-" "Mozilla/5.0 (Linux; Android 6.0.1; Nexus 5X Build/MMB29P) AppleWebKit/537.36 (KHTML, like Gecko) Chrome/146.0.7680.153 Mobile Safari/537.36 (compatible; Googlebot/2.1; +http://www.google.com/bot.html)"
66.249.68.1 - - [24/Mar/2026:19:05:28 -0400] "GET /content.php?a=11805960099111 HTTP/1.1" 200 5 "-" "Mozilla/5.0 (Linux; Android 6.0.1; Nexus 5X Build/MMB29P) AppleWebKit/537.36 (KHTML, like Gecko) Chrome/146.0.7680.153 Mobile Safari/537.36 (compatible; Googlebot/2.1; +http://www.google.com/bot.html)"
66.249.68.3 - - [24/Mar/2026:19:05:26 -0400] "GET /2026/01/29/gambling-license-canada-bingo/ HTTP/1.1" 200 12700 "-" "Mozilla/5.0 (Linux; Android 6.0.1; Nexus 5X Build/MMB29P) AppleWebKit/537.36 (KHTML, like Gecko) Chrome/146.0.7680.153 Mobile Safari/537.36 (compatible; Googlebot/2.1; +http://www.google.com/bot.html)"
66.249.68.1 - - [24/Mar/2026:19:05:34 -0400] "GET /products/60289691 HTTP/1.1" 404 10822 "-" "Mozilla/5.0 (Linux; Android 6.0.1; Nexus 5X Build/MMB29P) AppleWebKit/537.36 (KHTML, like Gecko) Chrome/146.0.7680.153 Mobile Safari/537.36 (compatible; Googlebot/2.1; +http://www.google.com/bot.html)"
66.249.68.1 - - [24/Mar/2026:19:05:44 -0400] "GET /comment.php?d=25068920137952 HTTP/1.1" 200 5 "-" "Mozilla/5.0 (Linux; Android 6.0.1; Nexus 5X Build/MMB29P) AppleWebKit/537.36 (KHTML, like Gecko) Chrome/146.0.7680.153 Mobile Safari/537.36 (compatible; Googlebot/2.1; +http://www.google.com/bot.html)"
66.249.68.2 - - [24/Mar/2026:19:06:17 -0400] "GET /content.php?a=58902182795015 HTTP/1.1" 200 5 "-" "Mozilla/5.0 (Linux; Android 6.0.1; Nexus 5X Build/MMB29P) AppleWebKit/537.36 (KHTML, like Gecko) Chrome/146.0.7680.153 Mobile Safari/537.36 (compatible; Googlebot/2.1; +http://www.google.com/bot.html)"
66.249.68.2 - - [24/Mar/2026:19:06:46 -0400] "GET /content.php?a=56243225604461 HTTP/1.1" 200 5 "-" "Mozilla/5.0 (Linux; Android 6.0.1; Nexus 5X Build/MMB29P) AppleWebKit/537.36 (KHTML, like Gecko) Chrome/146.0.7680.153 Mobile Safari/537.36 (compatible; Googlebot/2.1; +http://www.google.com/bot.html)"
66.249.68.1 - - [24/Mar/2026:19:06:58 -0400] "GET /products/318953992 HTTP/1.1" 404 10822 "-" "Mozilla/5.0 (Linux; Android 6.0.1; Nexus 5X Build/MMB29P) AppleWebKit/537.36 (KHTML, like Gecko) Chrome/146.0.7680.153 Mobile Safari/537.36 (compatible; Googlebot/2.1; +http://www.google.com/bot.html)"
66.249.68.1 - - [24/Mar/2026:19:07:22 -0400] "GET /products/4104317 HTTP/1.1" 404 10822 "-" "Mozilla/5.0 (Linux; Android 6.0.1; Nexus 5X Build/MMB29P) AppleWebKit/537.36 (KHTML, like Gecko) Chrome/146.0.7680.153 Mobile Safari/537.36 (compatible; Googlebot/2.1; +http://www.google.com/bot.html)"
66.249.68.1 - - [24/Mar/2026:19:08:09 -0400] "GET /comment.php?d=4735034476581 HTTP/1.1" 200 5 "-" "Mozilla/5.0 (Linux; Android 6.0.1; Nexus 5X Build/MMB29P) AppleWebKit/537.36 (KHTML, like Gecko) Chrome/146.0.7680.153 Mobile Safari/537.36 (compatible; Googlebot/2.1; +http://www.google.com/bot.html)"
66.249.68.2 - - [24/Mar/2026:19:08:22 -0400] "GET /content.php?a=53911618738632 HTTP/1.1" 200 5 "-" "Mozilla/5.0 (Linux; Android 6.0.1; Nexus 5X Build/MMB29P) AppleWebKit/537.36 (KHTML, like Gecko) Chrome/146.0.7680.153 Mobile Safari/537.36 (compatible; Googlebot/2.1; +http://www.google.com/bot.html)"
66.249.68.2 - - [24/Mar/2026:19:09:22 -0400] "GET /comment.php?d=71412669133030 HTTP/1.1" 200 5 "-" "Mozilla/5.0 (Linux; Android 6.0.1; Nexus 5X Build/MMB29P) AppleWebKit/537.36 (KHTML, like Gecko) Chrome/146.0.7680.153 Mobile Safari/537.36 (compatible; Googlebot/2.1; +http://www.google.com/bot.html)"
66.249.68.3 - - [24/Mar/2026:19:09:24 -0400] "GET /comment.php?d=19159451661553 HTTP/1.1" 200 5 "-" "Mozilla/5.0 (Linux; Android 6.0.1; Nexus 5X Build/MMB29P) AppleWebKit/537.36 (KHTML, like Gecko) Chrome/146.0.7680.153 Mobile Safari/537.36 (compatible; Googlebot/2.1; +http://www.google.com/bot.html)"
66.249.68.1 - - [24/Mar/2026:19:09:37 -0400] "GET /comment.php?d=97774307890907 HTTP/1.1" 200 5 "-" "Mozilla/5.0 (Linux; Android 6.0.1; Nexus 5X Build/MMB29P) AppleWebKit/537.36 (KHTML, like Gecko) Chrome/146.0.7680.153 Mobile Safari/537.36 (compatible; Googlebot/2.1; +http://www.google.com/bot.html)"
66.249.68.1 - - [24/Mar/2026:19:09:43 -0400] "GET /content.php?a=3519276479146 HTTP/1.1" 200 5 "-" "Mozilla/5.0 (Linux; Android 6.0.1; Nexus 5X Build/MMB29P) AppleWebKit/537.36 (KHTML, like Gecko) Chrome/146.0.7680.153 Mobile Safari/537.36 (compatible; Googlebot/2.1; +http://www.google.com/bot.html)"
66.249.68.1 - - [24/Mar/2026:19:09:42 -0400] "GET /products/494157616 HTTP/1.1" 404 10822 "-" "Mozilla/5.0 (Linux; Android 6.0.1; Nexus 5X Build/MMB29P) AppleWebKit/537.36 (KHTML, like Gecko) Chrome/146.0.7680.153 Mobile Safari/537.36 (compatible; Googlebot/2.1; +http://www.google.com/bot.html)"
66.249.68.1 - - [24/Mar/2026:19:09:57 -0400] "GET /products/15684888 HTTP/1.1" 404 10817 "-" "Mozilla/5.0 (Linux; Android 6.0.1; Nexus 5X Build/MMB29P) AppleWebKit/537.36 (KHTML, like Gecko) Chrome/146.0.7680.153 Mobile Safari/537.36 (compatible; Googlebot/2.1; +http://www.google.com/bot.html)"
66.249.68.3 - - [24/Mar/2026:19:10:29 -0400] "GET /comment.php?d=79542363760498 HTTP/1.1" 200 5 "-" "Mozilla/5.0 (Linux; Android 6.0.1; Nexus 5X Build/MMB29P) AppleWebKit/537.36 (KHTML, like Gecko) Chrome/146.0.7680.153 Mobile Safari/537.36 (compatible; Googlebot/2.1; +http://www.google.com/bot.html)"
66.249.68.2 - - [24/Mar/2026:19:10:53 -0400] "GET /comment.php?d=7227690500971 HTTP/1.1" 200 5 "-" "Mozilla/5.0 (Linux; Android 6.0.1; Nexus 5X Build/MMB29P) AppleWebKit/537.36 (KHTML, like Gecko) Chrome/146.0.7680.153 Mobile Safari/537.36 (compatible; Googlebot/2.1; +http://www.google.com/bot.html)"
66.249.68.1 - - [24/Mar/2026:19:10:50 -0400] "GET /products/419265373 HTTP/1.1" 404 10793 "-" "Mozilla/5.0 (Linux; Android 6.0.1; Nexus 5X Build/MMB29P) AppleWebKit/537.36 (KHTML, like Gecko) Chrome/146.0.7680.153 Mobile Safari/537.36 (compatible; Googlebot/2.1; +http://www.google.com/bot.html)"
66.249.68.3 - - [24/Mar/2026:19:11:02 -0400] "GET /products/2114610 HTTP/1.1" 404 10822 "-" "Mozilla/5.0 (Linux; Android 6.0.1; Nexus 5X Build/MMB29P) AppleWebKit/537.36 (KHTML, like Gecko) Chrome/146.0.7680.153 Mobile Safari/537.36 (compatible; Googlebot/2.1; +http://www.google.com/bot.html)"
66.249.68.2 - - [24/Mar/2026:19:11:12 -0400] "GET /products/593525698 HTTP/1.1" 404 10817 "-" "Mozilla/5.0 (Linux; Android 6.0.1; Nexus 5X Build/MMB29P) AppleWebKit/537.36 (KHTML, like Gecko) Chrome/146.0.7680.153 Mobile Safari/537.36 (compatible; Googlebot/2.1; +http://www.google.com/bot.html)"
66.249.68.1 - - [24/Mar/2026:19:11:31 -0400] "GET /comment.php?d=81008379057307 HTTP/1.1" 200 5 "-" "Mozilla/5.0 (Linux; Android 6.0.1; Nexus 5X Build/MMB29P) AppleWebKit/537.36 (KHTML, like Gecko) Chrome/146.0.7680.153 Mobile Safari/537.36 (compatible; Googlebot/2.1; +http://www.google.com/bot.html)"
66.249.68.1 - - [24/Mar/2026:19:11:36 -0400] "GET /products/3433363 HTTP/1.1" 404 10822 "-" "Mozilla/5.0 (Linux; Android 6.0.1; Nexus 5X Build/MMB29P) AppleWebKit/537.36 (KHTML, like Gecko) Chrome/146.0.7680.153 Mobile Safari/537.36 (compatible; Googlebot/2.1; +http://www.google.com/bot.html)"
66.249.68.1 - - [24/Mar/2026:19:11:43 -0400] "GET /comment.php?d=92846239779483 HTTP/1.1" 200 5 "-" "Mozilla/5.0 (Linux; Android 6.0.1; Nexus 5X Build/MMB29P) AppleWebKit/537.36 (KHTML, like Gecko) Chrome/146.0.7680.153 Mobile Safari/537.36 (compatible; Googlebot/2.1; +http://www.google.com/bot.html)"
66.249.68.1 - - [24/Mar/2026:19:11:45 -0400] "GET /comment.php?d=78772757607759 HTTP/1.1" 200 5 "-" "Mozilla/5.0 (Linux; Android 6.0.1; Nexus 5X Build/MMB29P) AppleWebKit/537.36 (KHTML, like Gecko) Chrome/146.0.7680.153 Mobile Safari/537.36 (compatible; Googlebot/2.1; +http://www.google.com/bot.html)"
43.157.181.189 - - [24/Mar/2026:19:11:42 -0400] "GET / HTTP/1.1" 301 24 "http://www.pitterpatterplay.com" "Mozilla/5.0 (iPhone; CPU iPhone OS 13_2_3 like Mac OS X) AppleWebKit/605.1.15 (KHTML, like Gecko) Version/13.0.3 Mobile/15E148 Safari/604.1"
66.249.68.1 - - [24/Mar/2026:19:11:47 -0400] "GET /products/61631549 HTTP/1.1" 404 10822 "-" "Mozilla/5.0 (Linux; Android 6.0.1; Nexus 5X Build/MMB29P) AppleWebKit/537.36 (KHTML, like Gecko) Chrome/146.0.7680.153 Mobile Safari/537.36 (compatible; Googlebot/2.1; +http://www.google.com/bot.html)"
66.249.68.1 - - [24/Mar/2026:19:11:54 -0400] "GET /products/543590624 HTTP/1.1" 404 10817 "-" "Mozilla/5.0 (Linux; Android 6.0.1; Nexus 5X Build/MMB29P) AppleWebKit/537.36 (KHTML, like Gecko) Chrome/146.0.7680.153 Mobile Safari/537.36 (compatible; Googlebot/2.1; +http://www.google.com/bot.html)"
43.157.181.189 - - [24/Mar/2026:19:11:54 -0400] "GET / HTTP/1.1" 200 15935 "https://www.pitterpatterplay.com/" "Mozilla/5.0 (iPhone; CPU iPhone OS 13_2_3 like Mac OS X) AppleWebKit/605.1.15 (KHTML, like Gecko) Version/13.0.3 Mobile/15E148 Safari/604.1"
66.249.68.1 - - [24/Mar/2026:19:12:08 -0400] "GET /products/80577894 HTTP/1.1" 404 10832 "-" "Mozilla/5.0 (Linux; Android 6.0.1; Nexus 5X Build/MMB29P) AppleWebKit/537.36 (KHTML, like Gecko) Chrome/146.0.7680.153 Mobile Safari/537.36 (compatible; Googlebot/2.1; +http://www.google.com/bot.html)"
66.249.68.1 - - [24/Mar/2026:19:12:16 -0400] "GET /products/193038320 HTTP/1.1" 404 10822 "-" "Mozilla/5.0 (Linux; Android 6.0.1; Nexus 5X Build/MMB29P) AppleWebKit/537.36 (KHTML, like Gecko) Chrome/146.0.7680.153 Mobile Safari/537.36 (compatible; Googlebot/2.1; +http://www.google.com/bot.html)"
66.249.68.1 - - [24/Mar/2026:19:12:25 -0400] "GET /products/17606228 HTTP/1.1" 404 10817 "-" "Mozilla/5.0 (Linux; Android 6.0.1; Nexus 5X Build/MMB29P) AppleWebKit/537.36 (KHTML, like Gecko) Chrome/146.0.7680.153 Mobile Safari/537.36 (compatible; Googlebot/2.1; +http://www.google.com/bot.html)"
66.249.68.1 - - [24/Mar/2026:19:12:37 -0400] "GET /products/294452612 HTTP/1.1" 404 10817 "-" "Mozilla/5.0 (Linux; Android 6.0.1; Nexus 5X Build/MMB29P) AppleWebKit/537.36 (KHTML, like Gecko) Chrome/146.0.7680.153 Mobile Safari/537.36 (compatible; Googlebot/2.1; +http://www.google.com/bot.html)"
66.249.68.1 - - [24/Mar/2026:19:12:49 -0400] "GET /comment.php?d=61248267869240 HTTP/1.1" 200 5 "-" "Mozilla/5.0 (Linux; Android 6.0.1; Nexus 5X Build/MMB29P) AppleWebKit/537.36 (KHTML, like Gecko) Chrome/146.0.7680.153 Mobile Safari/537.36 (compatible; Googlebot/2.1; +http://www.google.com/bot.html)"
66.249.68.1 - - [24/Mar/2026:19:13:20 -0400] "GET /content.php?a=1462935270769 HTTP/1.1" 200 5 "-" "Mozilla/5.0 (Linux; Android 6.0.1; Nexus 5X Build/MMB29P) AppleWebKit/537.36 (KHTML, like Gecko) Chrome/146.0.7680.153 Mobile Safari/537.36 (compatible; Googlebot/2.1; +http://www.google.com/bot.html)"
66.249.68.1 - - [24/Mar/2026:19:13:21 -0400] "GET /comment.php?d=39444961759362 HTTP/1.1" 200 5 "-" "Mozilla/5.0 (Linux; Android 6.0.1; Nexus 5X Build/MMB29P) AppleWebKit/537.36 (KHTML, like Gecko) Chrome/146.0.7680.153 Mobile Safari/537.36 (compatible; Googlebot/2.1; +http://www.google.com/bot.html)"
66.249.68.1 - - [24/Mar/2026:19:13:29 -0400] "GET /comment.php?d=54119991145598 HTTP/1.1" 200 5 "-" "Mozilla/5.0 (Linux; Android 6.0.1; Nexus 5X Build/MMB29P) AppleWebKit/537.36 (KHTML, like Gecko) Chrome/146.0.7680.153 Mobile Safari/537.36 (compatible; Googlebot/2.1; +http://www.google.com/bot.html)"
66.249.68.1 - - [24/Mar/2026:19:13:37 -0400] "GET /comment.php?d=67342253069106 HTTP/1.1" 200 5 "-" "Mozilla/5.0 (Linux; Android 6.0.1; Nexus 5X Build/MMB29P) AppleWebKit/537.36 (KHTML, like Gecko) Chrome/146.0.7680.153 Mobile Safari/537.36 (compatible; Googlebot/2.1; +http://www.google.com/bot.html)"
66.249.68.1 - - [24/Mar/2026:19:13:48 -0400] "GET /comment.php?d=44342146128893 HTTP/1.1" 200 5 "-" "Mozilla/5.0 (Linux; Android 6.0.1; Nexus 5X Build/MMB29P) AppleWebKit/537.36 (KHTML, like Gecko) Chrome/146.0.7680.153 Mobile Safari/537.36 (compatible; Googlebot/2.1; +http://www.google.com/bot.html)"
66.249.68.1 - - [24/Mar/2026:19:13:57 -0400] "GET /comment.php?d=24289928667643 HTTP/1.1" 200 5 "-" "Mozilla/5.0 (Linux; Android 6.0.1; Nexus 5X Build/MMB29P) AppleWebKit/537.36 (KHTML, like Gecko) Chrome/146.0.7680.153 Mobile Safari/537.36 (compatible; Googlebot/2.1; +http://www.google.com/bot.html)"
66.249.68.2 - - [24/Mar/2026:19:14:08 -0400] "GET /comment.php?d=42176998024552 HTTP/1.1" 200 5 "-" "Mozilla/5.0 (Linux; Android 6.0.1; Nexus 5X Build/MMB29P) AppleWebKit/537.36 (KHTML, like Gecko) Chrome/146.0.7680.153 Mobile Safari/537.36 (compatible; Googlebot/2.1; +http://www.google.com/bot.html)"
66.249.68.1 - - [24/Mar/2026:19:14:20 -0400] "GET /wp-content/themes/playroom/assets/plugins/waitforimages/jquery.waitforimages.js?ver=6.9.4 HTTP/1.1" 200 4048 "https://pitterpatterplay.com/?products%2F80645204" "Mozilla/5.0 (Linux; Android 6.0.1; Nexus 5X Build/MMB29P) AppleWebKit/537.36 (KHTML, like Gecko) Chrome/146.0.7680.153 Mobile Safari/537.36 (compatible; Googlebot/2.1; +http://www.google.com/bot.html)"
66.249.68.2 - - [24/Mar/2026:19:14:20 -0400] "GET /wp-content/themes/playroom/assets/plugins/magnific-popup/jquery.magnific-popup.min.js?ver=6.9.4 HTTP/1.1" 200 10870 "https://pitterpatterplay.com/?products%2F80645204" "Mozilla/5.0 (Linux; Android 6.0.1; Nexus 5X Build/MMB29P) AppleWebKit/537.36 (KHTML, like Gecko) Chrome/146.0.7680.153 Mobile Safari/537.36 (compatible; Googlebot/2.1; +http://www.google.com/bot.html)"
66.249.68.1 - - [24/Mar/2026:19:14:19 -0400] "GET /comment.php?d=96367176453400 HTTP/1.1" 200 5 "-" "Mozilla/5.0 (Linux; Android 6.0.1; Nexus 5X Build/MMB29P) AppleWebKit/537.36 (KHTML, like Gecko) Chrome/146.0.7680.153 Mobile Safari/537.36 (compatible; Googlebot/2.1; +http://www.google.com/bot.html)"
66.249.68.1 - - [24/Mar/2026:19:14:25 -0400] "GET /products/40392156 HTTP/1.1" 404 10817 "-" "Mozilla/5.0 (Linux; Android 6.0.1; Nexus 5X Build/MMB29P) AppleWebKit/537.36 (KHTML, like Gecko) Chrome/146.0.7680.153 Mobile Safari/537.36 (compatible; Googlebot/2.1; +http://www.google.com/bot.html)"
66.249.68.1 - - [24/Mar/2026:19:14:38 -0400] "GET /products/48510486 HTTP/1.1" 404 10822 "-" "Mozilla/5.0 (Linux; Android 6.0.1; Nexus 5X Build/MMB29P) AppleWebKit/537.36 (KHTML, like Gecko) Chrome/146.0.7680.153 Mobile Safari/537.36 (compatible; Googlebot/2.1; +http://www.google.com/bot.html)"
66.249.68.1 - - [24/Mar/2026:19:14:46 -0400] "GET /products/570562641 HTTP/1.1" 404 10822 "-" "Mozilla/5.0 (Linux; Android 6.0.1; Nexus 5X Build/MMB29P) AppleWebKit/537.36 (KHTML, like Gecko) Chrome/146.0.7680.153 Mobile Safari/537.36 (compatible; Googlebot/2.1; +http://www.google.com/bot.html)"
66.249.68.1 - - [24/Mar/2026:19:14:54 -0400] "GET /products/6994122 HTTP/1.1" 404 10817 "-" "Mozilla/5.0 (Linux; Android 6.0.1; Nexus 5X Build/MMB29P) AppleWebKit/537.36 (KHTML, like Gecko) Chrome/146.0.7680.153 Mobile Safari/537.36 (compatible; Googlebot/2.1; +http://www.google.com/bot.html)"
66.249.68.1 - - [24/Mar/2026:19:15:07 -0400] "GET /products/288552087 HTTP/1.1" 404 10817 "-" "Mozilla/5.0 (Linux; Android 6.0.1; Nexus 5X Build/MMB29P) AppleWebKit/537.36 (KHTML, like Gecko) Chrome/146.0.7680.153 Mobile Safari/537.36 (compatible; Googlebot/2.1; +http://www.google.com/bot.html)"
5.196.78.175 - - [24/Mar/2026:19:15:14 -0400] "GET /2026/01/23/top-betting-account-sign-up-offers-explained/ HTTP/1.1" 200 14447 "https://pitterpatterplay.com/" "Mozilla/5.0 (X11; Linux x86_64) AppleWebKit/537.36 (KHTML, like Gecko) Chrome/114.0.0.0 Safari/537.36"
66.249.68.1 - - [24/Mar/2026:19:15:17 -0400] "GET /products/9369836 HTTP/1.1" 404 10832 "-" "Mozilla/5.0 (Linux; Android 6.0.1; Nexus 5X Build/MMB29P) AppleWebKit/537.36 (KHTML, like Gecko) Chrome/146.0.7680.153 Mobile Safari/537.36 (compatible; Googlebot/2.1; +http://www.google.com/bot.html)"
5.196.78.175 - - [24/Mar/2026:19:15:24 -0400] "GET /wp-login.php?action=register HTTP/1.1" 302 7 "https://pitterpatterplay.com/2026/01/23/top-betting-account-sign-up-offers-explained/" "Mozilla/5.0 (Windows NT 6.3; Win64; x64) AppleWebKit/537.36 (KHTML, like Gecko) Chrome/103.0.0.0 Safari/537.36"
66.249.68.1 - - [24/Mar/2026:19:15:26 -0400] "GET /content.php?a=26988636203671 HTTP/1.1" 200 5 "-" "Mozilla/5.0 (Linux; Android 6.0.1; Nexus 5X Build/MMB29P) AppleWebKit/537.36 (KHTML, like Gecko) Chrome/146.0.7680.153 Mobile Safari/537.36 (compatible; Googlebot/2.1; +http://www.google.com/bot.html)"
5.196.78.175 - - [24/Mar/2026:19:15:27 -0400] "GET /wp-login.php?registration=disabled HTTP/1.1" 200 1910 "https://pitterpatterplay.com/wp-login.php?action=register" "Mozilla/5.0 (Windows NT 6.3; Win64; x64) AppleWebKit/537.36 (KHTML, like Gecko) Chrome/103.0.0.0 Safari/537.36"
66.249.68.1 - - [24/Mar/2026:19:16:04 -0400] "GET /products/6937224 HTTP/1.1" 404 10817 "-" "Mozilla/5.0 (Linux; Android 6.0.1; Nexus 5X Build/MMB29P) AppleWebKit/537.36 (KHTML, like Gecko) Chrome/146.0.7680.153 Mobile Safari/537.36 (compatible; Googlebot/2.1; +http://www.google.com/bot.html)"
66.249.68.1 - - [24/Mar/2026:19:17:27 -0400] "GET /comment.php?d=10562057711857 HTTP/1.1" 200 5 "-" "Mozilla/5.0 (Linux; Android 6.0.1; Nexus 5X Build/MMB29P) AppleWebKit/537.36 (KHTML, like Gecko) Chrome/146.0.7680.153 Mobile Safari/537.36 (compatible; Googlebot/2.1; +http://www.google.com/bot.html)"
66.249.68.1 - - [24/Mar/2026:19:17:47 -0400] "GET /comment.php?d=15153180359207 HTTP/1.1" 200 5 "-" "Mozilla/5.0 (Linux; Android 6.0.1; Nexus 5X Build/MMB29P) AppleWebKit/537.36 (KHTML, like Gecko) Chrome/146.0.7680.153 Mobile Safari/537.36 (compatible; Googlebot/2.1; +http://www.google.com/bot.html)"
66.249.68.3 - - [24/Mar/2026:19:18:33 -0400] "GET /comment.php?d=71579153402587 HTTP/1.1" 200 5 "-" "Mozilla/5.0 (Linux; Android 6.0.1; Nexus 5X Build/MMB29P) AppleWebKit/537.36 (KHTML, like Gecko) Chrome/146.0.7680.153 Mobile Safari/537.36 (compatible; Googlebot/2.1; +http://www.google.com/bot.html)"
66.249.68.1 - - [24/Mar/2026:19:18:34 -0400] "GET /products/611248366 HTTP/1.1" 404 10832 "-" "Mozilla/5.0 (Linux; Android 6.0.1; Nexus 5X Build/MMB29P) AppleWebKit/537.36 (KHTML, like Gecko) Chrome/146.0.7680.153 Mobile Safari/537.36 (compatible; Googlebot/2.1; +http://www.google.com/bot.html)"
66.249.68.2 - - [24/Mar/2026:19:18:46 -0400] "GET /comment.php?d=68805178926026 HTTP/1.1" 200 5 "-" "Mozilla/5.0 (Linux; Android 6.0.1; Nexus 5X Build/MMB29P) AppleWebKit/537.36 (KHTML, like Gecko) Chrome/146.0.7680.153 Mobile Safari/537.36 (compatible; Googlebot/2.1; +http://www.google.com/bot.html)"
66.249.68.1 - - [24/Mar/2026:19:18:46 -0400] "GET /content.php?a=14627875453914 HTTP/1.1" 200 5 "-" "Mozilla/5.0 (Linux; Android 6.0.1; Nexus 5X Build/MMB29P) AppleWebKit/537.36 (KHTML, like Gecko) Chrome/146.0.7680.153 Mobile Safari/537.36 (compatible; Googlebot/2.1; +http://www.google.com/bot.html)"
66.249.68.1 - - [24/Mar/2026:19:19:18 -0400] "GET /products/53733468 HTTP/1.1" 404 10817 "-" "Mozilla/5.0 (Linux; Android 6.0.1; Nexus 5X Build/MMB29P) AppleWebKit/537.36 (KHTML, like Gecko) Chrome/146.0.7680.153 Mobile Safari/537.36 (compatible; Googlebot/2.1; +http://www.google.com/bot.html)"
66.249.68.1 - - [24/Mar/2026:19:19:42 -0400] "GET /comment.php?d=36108237048678 HTTP/1.1" 200 5 "-" "Mozilla/5.0 (Linux; Android 6.0.1; Nexus 5X Build/MMB29P) AppleWebKit/537.36 (KHTML, like Gecko) Chrome/146.0.7680.153 Mobile Safari/537.36 (compatible; Googlebot/2.1; +http://www.google.com/bot.html)"
66.249.68.1 - - [24/Mar/2026:19:19:46 -0400] "GET /comment.php?d=15492677026987 HTTP/1.1" 200 5 "-" "Mozilla/5.0 (Linux; Android 6.0.1; Nexus 5X Build/MMB29P) AppleWebKit/537.36 (KHTML, like Gecko) Chrome/146.0.7680.153 Mobile Safari/537.36 (compatible; Googlebot/2.1; +http://www.google.com/bot.html)"
66.249.68.3 - - [24/Mar/2026:19:20:18 -0400] "GET /?products/5764094 HTTP/1.1" 301 141 "-" "Mozilla/5.0 (Linux; Android 6.0.1; Nexus 5X Build/MMB29P) AppleWebKit/537.36 (KHTML, like Gecko) Chrome/146.0.7680.153 Mobile Safari/537.36 (compatible; Googlebot/2.1; +http://www.google.com/bot.html)"
66.249.68.2 - - [24/Mar/2026:19:20:26 -0400] "GET /?products%2F5764094 HTTP/1.1" 200 14681 "-" "Mozilla/5.0 (Linux; Android 6.0.1; Nexus 5X Build/MMB29P) AppleWebKit/537.36 (KHTML, like Gecko) Chrome/146.0.7680.153 Mobile Safari/537.36 (compatible; Googlebot/2.1; +http://www.google.com/bot.html)"
66.249.68.1 - - [24/Mar/2026:19:20:45 -0400] "GET /wp-content/themes/playroom/assets/plugins/magnific-popup/jquery.magnific-popup.min.js?ver=6.9.4 HTTP/1.1" 200 10870 "https://pitterpatterplay.com/?products%2F4698593" "Mozilla/5.0 (Linux; Android 6.0.1; Nexus 5X Build/MMB29P) AppleWebKit/537.36 (KHTML, like Gecko) Chrome/146.0.7680.153 Mobile Safari/537.36 (compatible; Googlebot/2.1; +http://www.google.com/bot.html)"
66.249.68.2 - - [24/Mar/2026:19:22:02 -0400] "GET /comment.php?d=10260615027311 HTTP/1.1" 200 5 "-" "Mozilla/5.0 (Linux; Android 6.0.1; Nexus 5X Build/MMB29P) AppleWebKit/537.36 (KHTML, like Gecko) Chrome/146.0.7680.153 Mobile Safari/537.36 (compatible; Googlebot/2.1; +http://www.google.com/bot.html)"
66.249.68.2 - - [24/Mar/2026:19:22:25 -0400] "GET /comment.php?d=97887733565641 HTTP/1.1" 200 5 "-" "Mozilla/5.0 (Linux; Android 6.0.1; Nexus 5X Build/MMB29P) AppleWebKit/537.36 (KHTML, like Gecko) Chrome/146.0.7680.153 Mobile Safari/537.36 (compatible; Googlebot/2.1; +http://www.google.com/bot.html)"
66.249.68.3 - - [24/Mar/2026:19:23:23 -0400] "GET /comment.php?d=93878424402366 HTTP/1.1" 200 5 "-" "Mozilla/5.0 (Linux; Android 6.0.1; Nexus 5X Build/MMB29P) AppleWebKit/537.36 (KHTML, like Gecko) Chrome/146.0.7680.153 Mobile Safari/537.36 (compatible; Googlebot/2.1; +http://www.google.com/bot.html)"
66.249.68.1 - - [24/Mar/2026:19:23:23 -0400] "GET /comment.php?d=58675119532056 HTTP/1.1" 200 5 "-" "Mozilla/5.0 (Linux; Android 6.0.1; Nexus 5X Build/MMB29P) AppleWebKit/537.36 (KHTML, like Gecko) Chrome/146.0.7680.153 Mobile Safari/537.36 (compatible; Googlebot/2.1; +http://www.google.com/bot.html)"
66.249.68.3 - - [24/Mar/2026:19:23:44 -0400] "GET /comment.php?d=68829595901431 HTTP/1.1" 200 5 "-" "Mozilla/5.0 (Linux; Android 6.0.1; Nexus 5X Build/MMB29P) AppleWebKit/537.36 (KHTML, like Gecko) Chrome/146.0.7680.153 Mobile Safari/537.36 (compatible; Googlebot/2.1; +http://www.google.com/bot.html)"
66.249.68.3 - - [24/Mar/2026:19:23:54 -0400] "GET /comment.php?d=68566754769579 HTTP/1.1" 200 5 "-" "Mozilla/5.0 (Linux; Android 6.0.1; Nexus 5X Build/MMB29P) AppleWebKit/537.36 (KHTML, like Gecko) Chrome/146.0.7680.153 Mobile Safari/537.36 (compatible; Googlebot/2.1; +http://www.google.com/bot.html)"
66.249.68.3 - - [24/Mar/2026:19:24:17 -0400] "GET /content.php?a=56757180693008 HTTP/1.1" 200 5 "-" "Mozilla/5.0 (Linux; Android 6.0.1; Nexus 5X Build/MMB29P) AppleWebKit/537.36 (KHTML, like Gecko) Chrome/146.0.7680.153 Mobile Safari/537.36 (compatible; Googlebot/2.1; +http://www.google.com/bot.html)"
217.60.60.105 - - [24/Mar/2026:19:24:23 -0400] "GET / HTTP/1.0" 200 57830 "https://pitterpatterplay.com/" "Mozilla/5.0 (Windows NT 10.0; Win64; x64) AppleWebKit/537.36 (KHTML, like Gecko) Chrome/131.0.0.0 Safari/537.36 Avast/131.0.0.0"
217.60.60.105 - - [24/Mar/2026:19:24:34 -0400] "GET /contact-us/ HTTP/1.0" 200 47543 "https://pitterpatterplay.com/contact-us/" "Mozilla/5.0 (Windows NT 10.0; Win64; x64) AppleWebKit/537.36 (KHTML, like Gecko) Chrome/131.0.0.0 Safari/537.36 Avast/131.0.0.0"
217.60.60.105 - - [24/Mar/2026:19:24:41 -0400] "POST /wp-admin/admin-ajax.php HTTP/1.0" 400 4 "https://pitterpatterplay.com/contact-us/" "Mozilla/5.0 (Windows NT 10.0; Win64; x64) AppleWebKit/537.36 (KHTML, like Gecko) Chrome/131.0.0.0 Safari/537.36 Avast/131.0.0.0"
66.249.68.2 - - [24/Mar/2026:19:24:57 -0400] "GET /comment.php?d=15391754333592 HTTP/1.1" 200 5 "-" "Mozilla/5.0 (Linux; Android 6.0.1; Nexus 5X Build/MMB29P) AppleWebKit/537.36 (KHTML, like Gecko) Chrome/146.0.7680.153 Mobile Safari/537.36 (compatible; Googlebot/2.1; +http://www.google.com/bot.html)"
66.249.68.1 - - [24/Mar/2026:19:25:08 -0400] "GET /comment.php?d=78946692936757 HTTP/1.1" 200 5 "-" "Mozilla/5.0 (Linux; Android 6.0.1; Nexus 5X Build/MMB29P) AppleWebKit/537.36 (KHTML, like Gecko) Chrome/146.0.7680.153 Mobile Safari/537.36 (compatible; Googlebot/2.1; +http://www.google.com/bot.html)"
66.249.68.2 - - [24/Mar/2026:19:25:24 -0400] "GET /comment.php?d=66157866365764 HTTP/1.1" 200 5 "-" "Mozilla/5.0 (Linux; Android 6.0.1; Nexus 5X Build/MMB29P) AppleWebKit/537.36 (KHTML, like Gecko) Chrome/146.0.7680.153 Mobile Safari/537.36 (compatible; Googlebot/2.1; +http://www.google.com/bot.html)"
66.249.68.1 - - [24/Mar/2026:19:25:39 -0400] "GET /content.php?a=88323918051614 HTTP/1.1" 200 5 "-" "Mozilla/5.0 (Linux; Android 6.0.1; Nexus 5X Build/MMB29P) AppleWebKit/537.36 (KHTML, like Gecko) Chrome/146.0.7680.153 Mobile Safari/537.36 (compatible; Googlebot/2.1; +http://www.google.com/bot.html)"
66.249.68.3 - - [24/Mar/2026:19:26:31 -0400] "GET /content.php?a=21119774329599 HTTP/1.1" 200 5 "-" "Mozilla/5.0 (Linux; Android 6.0.1; Nexus 5X Build/MMB29P) AppleWebKit/537.36 (KHTML, like Gecko) Chrome/146.0.7680.153 Mobile Safari/537.36 (compatible; Googlebot/2.1; +http://www.google.com/bot.html)"
66.249.68.1 - - [24/Mar/2026:19:26:58 -0400] "GET /content.php?a=43113615313822 HTTP/1.1" 200 5 "-" "Mozilla/5.0 (Linux; Android 6.0.1; Nexus 5X Build/MMB29P) AppleWebKit/537.36 (KHTML, like Gecko) Chrome/146.0.7680.153 Mobile Safari/537.36 (compatible; Googlebot/2.1; +http://www.google.com/bot.html)"
66.249.68.2 - - [24/Mar/2026:19:27:09 -0400] "GET /comment.php?d=19197477242512 HTTP/1.1" 200 5 "-" "Mozilla/5.0 (Linux; Android 6.0.1; Nexus 5X Build/MMB29P) AppleWebKit/537.36 (KHTML, like Gecko) Chrome/146.0.7680.153 Mobile Safari/537.36 (compatible; Googlebot/2.1; +http://www.google.com/bot.html)"
66.249.68.1 - - [24/Mar/2026:19:27:32 -0400] "GET /comment.php?d=34135637785628 HTTP/1.1" 200 5 "-" "Mozilla/5.0 (Linux; Android 6.0.1; Nexus 5X Build/MMB29P) AppleWebKit/537.36 (KHTML, like Gecko) Chrome/146.0.7680.153 Mobile Safari/537.36 (compatible; Googlebot/2.1; +http://www.google.com/bot.html)"
66.249.68.3 - - [24/Mar/2026:19:27:49 -0400] "GET /content.php?a=44014960039773 HTTP/1.1" 200 5 "-" "Mozilla/5.0 (Linux; Android 6.0.1; Nexus 5X Build/MMB29P) AppleWebKit/537.36 (KHTML, like Gecko) Chrome/146.0.7680.153 Mobile Safari/537.36 (compatible; Googlebot/2.1; +http://www.google.com/bot.html)"
66.249.68.3 - - [24/Mar/2026:19:28:26 -0400] "GET /content.php?a=94376235760194 HTTP/1.1" 200 5 "-" "Mozilla/5.0 (Linux; Android 6.0.1; Nexus 5X Build/MMB29P) AppleWebKit/537.36 (KHTML, like Gecko) Chrome/146.0.7680.153 Mobile Safari/537.36 (compatible; Googlebot/2.1; +http://www.google.com/bot.html)"
66.249.68.2 - - [24/Mar/2026:19:28:27 -0400] "GET /content.php?a=17654018286919 HTTP/1.1" 200 5 "-" "Mozilla/5.0 (Linux; Android 6.0.1; Nexus 5X Build/MMB29P) AppleWebKit/537.36 (KHTML, like Gecko) Chrome/146.0.7680.153 Mobile Safari/537.36 (compatible; Googlebot/2.1; +http://www.google.com/bot.html)"
66.249.68.2 - - [24/Mar/2026:19:29:02 -0400] "GET /content.php?a=9190035094447 HTTP/1.1" 200 5 "-" "Mozilla/5.0 (Linux; Android 6.0.1; Nexus 5X Build/MMB29P) AppleWebKit/537.36 (KHTML, like Gecko) Chrome/146.0.7680.153 Mobile Safari/537.36 (compatible; Googlebot/2.1; +http://www.google.com/bot.html)"
114.119.153.138 - - [24/Mar/2026:19:29:13 -0400] "GET /page/2/?post_type=tribe_events&eventDisplay=day&tribe_events_cat=party&eventDate=2024-08-11 HTTP/1.1" 301 24 "https://www.pitterpatterplay.com/page/2/?post_type=tribe_events&eventDisplay=day&tribe_events_cat=party&eventDate=2024-08-12" "Mozilla/5.0 (Linux; Android 7.0;) AppleWebKit/537.36 (KHTML, like Gecko) Mobile Safari/537.36 (compatible; PetalBot;+https://webmaster.petalsearch.com/site/petalbot)"
114.119.153.138 - - [24/Mar/2026:19:29:24 -0400] "GET /page/2/?post_type=tribe_events&eventDisplay=day&tribe_events_cat=party&eventDate=2024-08-11 HTTP/1.1" 200 0 "https://www.pitterpatterplay.com/page/2/?post_type=tribe_events&eventDisplay=day&tribe_events_cat=party&eventDate=2024-08-12" "Mozilla/5.0 (Linux; Android 7.0;) AppleWebKit/537.36 (KHTML, like Gecko) Mobile Safari/537.36 (compatible; PetalBot;+https://webmaster.petalsearch.com/site/petalbot)"
66.249.68.1 - - [24/Mar/2026:19:29:47 -0400] "GET /content.php?a=32272831104469 HTTP/1.1" 200 5 "-" "Mozilla/5.0 (Linux; Android 6.0.1; Nexus 5X Build/MMB29P) AppleWebKit/537.36 (KHTML, like Gecko) Chrome/146.0.7680.153 Mobile Safari/537.36 (compatible; Googlebot/2.1; +http://www.google.com/bot.html)"
66.249.68.3 - - [24/Mar/2026:19:30:22 -0400] "GET /comment.php?d=40815157878118 HTTP/1.1" 200 5 "-" "Mozilla/5.0 (Linux; Android 6.0.1; Nexus 5X Build/MMB29P) AppleWebKit/537.36 (KHTML, like Gecko) Chrome/146.0.7680.153 Mobile Safari/537.36 (compatible; Googlebot/2.1; +http://www.google.com/bot.html)"
66.249.68.2 - - [24/Mar/2026:19:30:31 -0400] "GET /comment.php?d=75495777848336 HTTP/1.1" 200 5 "-" "Mozilla/5.0 (Linux; Android 6.0.1; Nexus 5X Build/MMB29P) AppleWebKit/537.36 (KHTML, like Gecko) Chrome/146.0.7680.153 Mobile Safari/537.36 (compatible; Googlebot/2.1; +http://www.google.com/bot.html)"
66.249.68.1 - - [24/Mar/2026:19:30:45 -0400] "GET /comment.php?d=36720298943395 HTTP/1.1" 200 5 "-" "Mozilla/5.0 (Linux; Android 6.0.1; Nexus 5X Build/MMB29P) AppleWebKit/537.36 (KHTML, like Gecko) Chrome/146.0.7680.153 Mobile Safari/537.36 (compatible; Googlebot/2.1; +http://www.google.com/bot.html)"
47.128.53.239 - - [24/Mar/2026:19:31:03 -0400] "GET /wp-includes/Requests/src/Ipv6.php HTTP/1.1" 200 0 "-" "Mozilla/5.0 (Linux; Android 5.0) AppleWebKit/537.36 (KHTML, like Gecko) Mobile Safari/537.36 (compatible; Bytespider; spider-feedback@bytedance.com)"
66.249.68.2 - - [24/Mar/2026:19:31:24 -0400] "GET /products/304782361 HTTP/1.1" 404 10817 "-" "Mozilla/5.0 (Linux; Android 6.0.1; Nexus 5X Build/MMB29P) AppleWebKit/537.36 (KHTML, like Gecko) Chrome/146.0.7680.153 Mobile Safari/537.36 (compatible; Googlebot/2.1; +http://www.google.com/bot.html)"
66.249.68.1 - - [24/Mar/2026:19:32:15 -0400] "GET /content.php?a=66396776275949 HTTP/1.1" 200 5 "-" "Mozilla/5.0 (Linux; Android 6.0.1; Nexus 5X Build/MMB29P) AppleWebKit/537.36 (KHTML, like Gecko) Chrome/146.0.7680.153 Mobile Safari/537.36 (compatible; Googlebot/2.1; +http://www.google.com/bot.html)"
66.249.68.1 - - [24/Mar/2026:19:32:41 -0400] "GET /comment.php?d=84542399878242 HTTP/1.1" 200 5 "-" "Mozilla/5.0 (Linux; Android 6.0.1; Nexus 5X Build/MMB29P) AppleWebKit/537.36 (KHTML, like Gecko) Chrome/146.0.7680.153 Mobile Safari/537.36 (compatible; Googlebot/2.1; +http://www.google.com/bot.html)"
66.249.68.1 - - [24/Mar/2026:19:32:45 -0400] "GET /comment.php?d=69361571510544 HTTP/1.1" 200 5 "-" "Mozilla/5.0 (Linux; Android 6.0.1; Nexus 5X Build/MMB29P) AppleWebKit/537.36 (KHTML, like Gecko) Chrome/146.0.7680.153 Mobile Safari/537.36 (compatible; Googlebot/2.1; +http://www.google.com/bot.html)"
66.249.68.1 - - [24/Mar/2026:19:33:29 -0400] "GET /comment.php?d=40483592700929 HTTP/1.1" 200 5 "-" "Mozilla/5.0 (Linux; Android 6.0.1; Nexus 5X Build/MMB29P) AppleWebKit/537.36 (KHTML, like Gecko) Chrome/146.0.7680.153 Mobile Safari/537.36 (compatible; Googlebot/2.1; +http://www.google.com/bot.html)"
66.249.68.3 - - [24/Mar/2026:19:33:21 -0400] "GET /2026/01/29/canada-slot-machines-pay-first-thing-in-the-morning/ HTTP/1.1" 200 12674 "-" "Mozilla/5.0 (Linux; Android 6.0.1; Nexus 5X Build/MMB29P) AppleWebKit/537.36 (KHTML, like Gecko) Chrome/146.0.7680.153 Mobile Safari/537.36 (compatible; Googlebot/2.1; +http://www.google.com/bot.html)"
66.249.68.1 - - [24/Mar/2026:19:33:50 -0400] "GET /comment.php?d=11051194446396 HTTP/1.1" 200 5 "-" "Mozilla/5.0 (Linux; Android 6.0.1; Nexus 5X Build/MMB29P) AppleWebKit/537.36 (KHTML, like Gecko) Chrome/146.0.7680.153 Mobile Safari/537.36 (compatible; Googlebot/2.1; +http://www.google.com/bot.html)"
66.249.68.2 - - [24/Mar/2026:19:34:19 -0400] "GET /products/568329617 HTTP/1.1" 404 10793 "-" "Mozilla/5.0 (Linux; Android 6.0.1; Nexus 5X Build/MMB29P) AppleWebKit/537.36 (KHTML, like Gecko) Chrome/146.0.7680.153 Mobile Safari/537.36 (compatible; Googlebot/2.1; +http://www.google.com/bot.html)"
47.128.53.216 - - [24/Mar/2026:19:35:04 -0400] "GET /wp-includes/SimplePie/src/Parser.php HTTP/1.1" 200 194 "-" "Mozilla/5.0 (Linux; Android 5.0) AppleWebKit/537.36 (KHTML, like Gecko) Mobile Safari/537.36 (compatible; Bytespider; spider-feedback@bytedance.com)"
66.249.68.2 - - [24/Mar/2026:19:35:09 -0400] "GET /comment.php?d=56042131545071 HTTP/1.1" 200 5 "-" "Mozilla/5.0 (Linux; Android 6.0.1; Nexus 5X Build/MMB29P) AppleWebKit/537.36 (KHTML, like Gecko) Chrome/146.0.7680.153 Mobile Safari/537.36 (compatible; Googlebot/2.1; +http://www.google.com/bot.html)"
66.249.68.2 - - [24/Mar/2026:19:35:32 -0400] "GET /comment.php?d=8326447107523 HTTP/1.1" 200 5 "-" "Mozilla/5.0 (Linux; Android 6.0.1; Nexus 5X Build/MMB29P) AppleWebKit/537.36 (KHTML, like Gecko) Chrome/146.0.7680.153 Mobile Safari/537.36 (compatible; Googlebot/2.1; +http://www.google.com/bot.html)"
66.249.68.1 - - [24/Mar/2026:19:35:39 -0400] "GET /comment.php?d=47598024850243 HTTP/1.1" 200 5 "-" "Mozilla/5.0 (Linux; Android 6.0.1; Nexus 5X Build/MMB29P) AppleWebKit/537.36 (KHTML, like Gecko) Chrome/146.0.7680.153 Mobile Safari/537.36 (compatible; Googlebot/2.1; +http://www.google.com/bot.html)"
66.249.68.2 - - [24/Mar/2026:19:36:26 -0400] "GET /content.php?a=90288348751017 HTTP/1.1" 200 5 "-" "Mozilla/5.0 (Linux; Android 6.0.1; Nexus 5X Build/MMB29P) AppleWebKit/537.36 (KHTML, like Gecko) Chrome/146.0.7680.153 Mobile Safari/537.36 (compatible; Googlebot/2.1; +http://www.google.com/bot.html)"
66.249.68.1 - - [24/Mar/2026:19:36:26 -0400] "GET /content.php?a=37434606312109 HTTP/1.1" 200 5 "-" "Mozilla/5.0 (Linux; Android 6.0.1; Nexus 5X Build/MMB29P) AppleWebKit/537.36 (KHTML, like Gecko) Chrome/146.0.7680.153 Mobile Safari/537.36 (compatible; Googlebot/2.1; +http://www.google.com/bot.html)"
66.249.68.2 - - [24/Mar/2026:19:37:54 -0400] "GET /comment.php?d=62864077090912 HTTP/1.1" 200 5 "-" "Mozilla/5.0 (Linux; Android 6.0.1; Nexus 5X Build/MMB29P) AppleWebKit/537.36 (KHTML, like Gecko) Chrome/146.0.7680.153 Mobile Safari/537.36 (compatible; Googlebot/2.1; +http://www.google.com/bot.html)"
66.249.68.1 - - [24/Mar/2026:19:38:37 -0400] "GET /content.php?a=61788553202431 HTTP/1.1" 200 5 "-" "Mozilla/5.0 (Linux; Android 6.0.1; Nexus 5X Build/MMB29P) AppleWebKit/537.36 (KHTML, like Gecko) Chrome/146.0.7680.153 Mobile Safari/537.36 (compatible; Googlebot/2.1; +http://www.google.com/bot.html)"
66.249.68.3 - - [24/Mar/2026:19:38:21 -0400] "GET /products/10690351 HTTP/1.1" 404 10822 "-" "Mozilla/5.0 (Linux; Android 6.0.1; Nexus 5X Build/MMB29P) AppleWebKit/537.36 (KHTML, like Gecko) Chrome/146.0.7680.153 Mobile Safari/537.36 (compatible; Googlebot/2.1; +http://www.google.com/bot.html)"
47.128.53.46 - - [24/Mar/2026:19:39:06 -0400] "GET /wp-includes/block-bindings/post-meta.php HTTP/1.1" 200 191 "-" "Mozilla/5.0 (Linux; Android 5.0) AppleWebKit/537.36 (KHTML, like Gecko) Mobile Safari/537.36 (compatible; Bytespider; spider-feedback@bytedance.com)"
66.249.68.2 - - [24/Mar/2026:19:39:15 -0400] "GET /comment.php?d=71213714540630 HTTP/1.1" 200 5 "-" "Mozilla/5.0 (Linux; Android 6.0.1; Nexus 5X Build/MMB29P) AppleWebKit/537.36 (KHTML, like Gecko) Chrome/146.0.7680.153 Mobile Safari/537.36 (compatible; Googlebot/2.1; +http://www.google.com/bot.html)"
216.244.66.237 - - [24/Mar/2026:19:39:54 -0400] "GET /robots.txt HTTP/1.1" 200 74 "-" "Mozilla/5.0 (compatible; DotBot/1.2; +https://opensiteexplorer.org/dotbot; help@moz.com)"
66.249.68.2 - - [24/Mar/2026:19:40:23 -0400] "GET /comment.php?d=48287474293444 HTTP/1.1" 200 5 "-" "Mozilla/5.0 (Linux; Android 6.0.1; Nexus 5X Build/MMB29P) AppleWebKit/537.36 (KHTML, like Gecko) Chrome/146.0.7680.153 Mobile Safari/537.36 (compatible; Googlebot/2.1; +http://www.google.com/bot.html)"
66.249.68.3 - - [24/Mar/2026:19:40:27 -0400] "GET /comment.php?d=48677841341029 HTTP/1.1" 200 5 "-" "Mozilla/5.0 (Linux; Android 6.0.1; Nexus 5X Build/MMB29P) AppleWebKit/537.36 (KHTML, like Gecko) Chrome/146.0.7680.153 Mobile Safari/537.36 (compatible; Googlebot/2.1; +http://www.google.com/bot.html)"
66.249.68.1 - - [24/Mar/2026:19:40:51 -0400] "GET /content.php?a=10956493417598 HTTP/1.1" 200 5 "-" "Mozilla/5.0 (Linux; Android 6.0.1; Nexus 5X Build/MMB29P) AppleWebKit/537.36 (KHTML, like Gecko) Chrome/146.0.7680.153 Mobile Safari/537.36 (compatible; Googlebot/2.1; +http://www.google.com/bot.html)"
66.249.68.2 - - [24/Mar/2026:19:41:02 -0400] "GET /content.php?a=14281894989024 HTTP/1.1" 200 5 "-" "Mozilla/5.0 (Linux; Android 6.0.1; Nexus 5X Build/MMB29P) AppleWebKit/537.36 (KHTML, like Gecko) Chrome/146.0.7680.153 Mobile Safari/537.36 (compatible; Googlebot/2.1; +http://www.google.com/bot.html)"
66.249.68.1 - - [24/Mar/2026:19:41:22 -0400] "GET /?products/195109766 HTTP/1.1" 301 141 "-" "Mozilla/5.0 (Linux; Android 6.0.1; Nexus 5X Build/MMB29P) AppleWebKit/537.36 (KHTML, like Gecko) Chrome/146.0.7680.153 Mobile Safari/537.36 (compatible; Googlebot/2.1; +http://www.google.com/bot.html)"
66.249.68.1 - - [24/Mar/2026:19:41:25 -0400] "GET /?products%2F195109766 HTTP/1.1" 200 14681 "-" "Mozilla/5.0 (Linux; Android 6.0.1; Nexus 5X Build/MMB29P) AppleWebKit/537.36 (KHTML, like Gecko) Chrome/146.0.7680.153 Mobile Safari/537.36 (compatible; Googlebot/2.1; +http://www.google.com/bot.html)"
66.249.68.1 - - [24/Mar/2026:19:42:11 -0400] "GET /comment.php?d=53024293396583 HTTP/1.1" 200 5 "-" "Mozilla/5.0 (Linux; Android 6.0.1; Nexus 5X Build/MMB29P) AppleWebKit/537.36 (KHTML, like Gecko) Chrome/146.0.7680.153 Mobile Safari/537.36 (compatible; Googlebot/2.1; +http://www.google.com/bot.html)"
66.249.68.2 - - [24/Mar/2026:19:42:26 -0400] "GET /content.php?a=67213845329019 HTTP/1.1" 200 5 "-" "Mozilla/5.0 (Linux; Android 6.0.1; Nexus 5X Build/MMB29P) AppleWebKit/537.36 (KHTML, like Gecko) Chrome/146.0.7680.153 Mobile Safari/537.36 (compatible; Googlebot/2.1; +http://www.google.com/bot.html)"
66.249.68.2 - - [24/Mar/2026:19:42:28 -0400] "GET /content.php?a=98494846674708 HTTP/1.1" 200 5 "-" "Mozilla/5.0 (Linux; Android 6.0.1; Nexus 5X Build/MMB29P) AppleWebKit/537.36 (KHTML, like Gecko) Chrome/146.0.7680.153 Mobile Safari/537.36 (compatible; Googlebot/2.1; +http://www.google.com/bot.html)"
148.72.173.193 - - [24/Mar/2026:19:43:08 -0400] "POST /wp-login.php HTTP/1.1" 200 5871 "-" "Mozilla/5.0"
47.128.53.36 - - [24/Mar/2026:19:43:10 -0400] "GET /event/science-2/ HTTP/1.1" 301 120 "-" "Mozilla/5.0 (compatible; Bytespider; spider-feedback@bytedance.com) AppleWebKit/537.36 (KHTML, like Gecko) Chrome/70.0.0.0 Safari/537.36"
66.249.68.1 - - [24/Mar/2026:19:43:23 -0400] "GET /content.php?a=67189231694001 HTTP/1.1" 200 5 "-" "Mozilla/5.0 (Linux; Android 6.0.1; Nexus 5X Build/MMB29P) AppleWebKit/537.36 (KHTML, like Gecko) Chrome/146.0.7680.153 Mobile Safari/537.36 (compatible; Googlebot/2.1; +http://www.google.com/bot.html)"
66.249.68.3 - - [24/Mar/2026:19:43:26 -0400] "GET /comment.php?d=97905784617669 HTTP/1.1" 200 5 "-" "Mozilla/5.0 (Linux; Android 6.0.1; Nexus 5X Build/MMB29P) AppleWebKit/537.36 (KHTML, like Gecko) Chrome/146.0.7680.153 Mobile Safari/537.36 (compatible; Googlebot/2.1; +http://www.google.com/bot.html)"
148.72.173.193 - - [24/Mar/2026:19:43:08 -0400] "POST /wp-login.php HTTP/1.1" 200 5916 "-" "Mozilla/5.0"
66.249.68.1 - - [24/Mar/2026:19:43:27 -0400] "GET /content.php?a=98666487237043 HTTP/1.1" 200 5 "-" "Mozilla/5.0 (Linux; Android 6.0.1; Nexus 5X Build/MMB29P) AppleWebKit/537.36 (KHTML, like Gecko) Chrome/146.0.7680.153 Mobile Safari/537.36 (compatible; Googlebot/2.1; +http://www.google.com/bot.html)"
47.128.53.36 - - [24/Mar/2026:19:43:19 -0400] "GET /event/science-2/ HTTP/1.1" 404 10744 "-" "Mozilla/5.0 (compatible; Bytespider; spider-feedback@bytedance.com) AppleWebKit/537.36 (KHTML, like Gecko) Chrome/70.0.0.0 Safari/537.36"
66.249.68.3 - - [24/Mar/2026:19:44:13 -0400] "GET /comment.php?d=62747566055439 HTTP/1.1" 200 5 "-" "Mozilla/5.0 (Linux; Android 6.0.1; Nexus 5X Build/MMB29P) AppleWebKit/537.36 (KHTML, like Gecko) Chrome/146.0.7680.153 Mobile Safari/537.36 (compatible; Googlebot/2.1; +http://www.google.com/bot.html)"
66.249.68.1 - - [24/Mar/2026:19:44:48 -0400] "GET /comment.php?d=99539443157259 HTTP/1.1" 200 5 "-" "Mozilla/5.0 (Linux; Android 6.0.1; Nexus 5X Build/MMB29P) AppleWebKit/537.36 (KHTML, like Gecko) Chrome/146.0.7680.153 Mobile Safari/537.36 (compatible; Googlebot/2.1; +http://www.google.com/bot.html)"
66.249.68.3 - - [24/Mar/2026:19:45:51 -0400] "GET /comment.php?d=95423228735557 HTTP/1.1" 200 5 "-" "Mozilla/5.0 (Linux; Android 6.0.1; Nexus 5X Build/MMB29P) AppleWebKit/537.36 (KHTML, like Gecko) Chrome/146.0.7680.153 Mobile Safari/537.36 (compatible; Googlebot/2.1; +http://www.google.com/bot.html)"
66.249.68.2 - - [24/Mar/2026:19:45:54 -0400] "GET /content.php?a=57391461332120 HTTP/1.1" 200 5 "-" "Mozilla/5.0 (Linux; Android 6.0.1; Nexus 5X Build/MMB29P) AppleWebKit/537.36 (KHTML, like Gecko) Chrome/146.0.7680.153 Mobile Safari/537.36 (compatible; Googlebot/2.1; +http://www.google.com/bot.html)"
34.231.181.240 - - [24/Mar/2026:19:46:26 -0400] "GET /wp-json/wp/v2/categories/19 HTTP/1.1" 200 917 "-" "Mozilla/5.0 AppleWebKit/537.36 (KHTML, like Gecko; compatible; Amazonbot/0.1; +https://developer.amazon.com/support/amazonbot) Chrome/119.0.6045.214 Safari/537.36"
66.249.68.2 - - [24/Mar/2026:19:46:39 -0400] "GET /products/9139738 HTTP/1.1" 404 10832 "-" "Mozilla/5.0 (Linux; Android 6.0.1; Nexus 5X Build/MMB29P) AppleWebKit/537.36 (KHTML, like Gecko) Chrome/146.0.7680.153 Mobile Safari/537.36 (compatible; Googlebot/2.1; +http://www.google.com/bot.html)"
17.246.19.20 - - [24/Mar/2026:19:46:58 -0400] "GET /events/category/outdoor/day/2025-08-01/ HTTP/1.1" 404 11636 "-" "Mozilla/5.0 (Macintosh; Intel Mac OS X 10_15_7) AppleWebKit/605.1.15 (KHTML, like Gecko) Version/17.4 Safari/605.1.15 (Applebot/0.1; +http://www.apple.com/go/applebot)"
66.249.68.1 - - [24/Mar/2026:19:47:17 -0400] "GET /comment.php?d=69266737565387 HTTP/1.1" 200 5 "-" "Mozilla/5.0 (Linux; Android 6.0.1; Nexus 5X Build/MMB29P) AppleWebKit/537.36 (KHTML, like Gecko) Chrome/146.0.7680.153 Mobile Safari/537.36 (compatible; Googlebot/2.1; +http://www.google.com/bot.html)"
66.249.68.3 - - [24/Mar/2026:19:48:03 -0400] "GET /content.php?a=3527001606778 HTTP/1.1" 200 5 "-" "Mozilla/5.0 (Linux; Android 6.0.1; Nexus 5X Build/MMB29P) AppleWebKit/537.36 (KHTML, like Gecko) Chrome/146.0.7680.153 Mobile Safari/537.36 (compatible; Googlebot/2.1; +http://www.google.com/bot.html)"
66.249.68.2 - - [24/Mar/2026:19:48:21 -0400] "GET /content.php?a=17447374897093 HTTP/1.1" 200 5 "-" "Mozilla/5.0 (Linux; Android 6.0.1; Nexus 5X Build/MMB29P) AppleWebKit/537.36 (KHTML, like Gecko) Chrome/146.0.7680.153 Mobile Safari/537.36 (compatible; Googlebot/2.1; +http://www.google.com/bot.html)"
66.249.68.1 - - [24/Mar/2026:19:48:21 -0400] "GET /comment.php?d=99340048428456 HTTP/1.1" 200 5 "-" "Mozilla/5.0 (Linux; Android 6.0.1; Nexus 5X Build/MMB29P) AppleWebKit/537.36 (KHTML, like Gecko) Chrome/146.0.7680.153 Mobile Safari/537.36 (compatible; Googlebot/2.1; +http://www.google.com/bot.html)"
66.249.66.3 - - [24/Mar/2026:19:48:22 -0400] "GET /comment.php?d=12074183514117 HTTP/1.1" 200 5 "-" "Mozilla/5.0 (Linux; Android 6.0.1; Nexus 5X Build/MMB29P) AppleWebKit/537.36 (KHTML, like Gecko) Chrome/146.0.7680.153 Mobile Safari/537.36 (compatible; Googlebot/2.1; +http://www.google.com/bot.html)"
66.249.68.2 - - [24/Mar/2026:19:48:22 -0400] "GET /products/7900855 HTTP/1.1" 404 10822 "-" "Mozilla/5.0 (Linux; Android 6.0.1; Nexus 5X Build/MMB29P) AppleWebKit/537.36 (KHTML, like Gecko) Chrome/146.0.7680.153 Mobile Safari/537.36 (compatible; Googlebot/2.1; +http://www.google.com/bot.html)"
66.249.68.2 - - [24/Mar/2026:19:49:20 -0400] "GET /content.php?a=13881973756380 HTTP/1.1" 200 5 "-" "Mozilla/5.0 (Linux; Android 6.0.1; Nexus 5X Build/MMB29P) AppleWebKit/537.36 (KHTML, like Gecko) Chrome/146.0.7680.153 Mobile Safari/537.36 (compatible; Googlebot/2.1; +http://www.google.com/bot.html)"
66.249.68.2 - - [24/Mar/2026:19:49:24 -0400] "GET /content.php?a=84895003152016 HTTP/1.1" 200 5 "-" "Mozilla/5.0 (Linux; Android 6.0.1; Nexus 5X Build/MMB29P) AppleWebKit/537.36 (KHTML, like Gecko) Chrome/146.0.7680.153 Mobile Safari/537.36 (compatible; Googlebot/2.1; +http://www.google.com/bot.html)"
66.249.68.1 - - [24/Mar/2026:19:49:58 -0400] "GET /comment.php?d=33817523173094 HTTP/1.1" 200 5 "-" "Mozilla/5.0 (Linux; Android 6.0.1; Nexus 5X Build/MMB29P) AppleWebKit/537.36 (KHTML, like Gecko) Chrome/146.0.7680.153 Mobile Safari/537.36 (compatible; Googlebot/2.1; +http://www.google.com/bot.html)"
17.22.253.166 - - [24/Mar/2026:19:50:08 -0400] "GET /wp-content/uploads/2026/01/mini_3-strategies-essentielles-pour-dominer-les-2_1.jpg HTTP/1.1" 200 213401 "-" "Mozilla/5.0 (Macintosh; Intel Mac OS X 10_15_7) AppleWebKit/605.1.15 (KHTML, like Gecko) Version/17.4 Safari/605.1.15 (Applebot/0.1; +http://www.apple.com/go/applebot)"
66.249.68.1 - - [24/Mar/2026:19:50:26 -0400] "GET /comment.php?d=8928230972639 HTTP/1.1" 200 5 "-" "Mozilla/5.0 (Linux; Android 6.0.1; Nexus 5X Build/MMB29P) AppleWebKit/537.36 (KHTML, like Gecko) Chrome/146.0.7680.153 Mobile Safari/537.36 (compatible; Googlebot/2.1; +http://www.google.com/bot.html)"
85.208.96.196 - - [24/Mar/2026:19:50:31 -0400] "GET /robots.txt HTTP/1.1" 200 74 "-" "Mozilla/5.0 (compatible; SemrushBot/7~bl; +http://www.semrush.com/bot.html)"
185.191.171.4 - - [24/Mar/2026:19:50:32 -0400] "GET /2026/01/23/top-betting-account-sign-up-offers-explained/ HTTP/1.1" 200 15966 "-" "Mozilla/5.0 (compatible; SemrushBot/7~bl; +http://www.semrush.com/bot.html)"
66.249.68.2 - - [24/Mar/2026:19:50:47 -0400] "GET /content.php?a=45155000292183 HTTP/1.1" 200 5 "-" "Mozilla/5.0 (Linux; Android 6.0.1; Nexus 5X Build/MMB29P) AppleWebKit/537.36 (KHTML, like Gecko) Chrome/146.0.7680.153 Mobile Safari/537.36 (compatible; Googlebot/2.1; +http://www.google.com/bot.html)"
66.249.68.1 - - [24/Mar/2026:19:50:48 -0400] "GET /content.php?a=97889776788263 HTTP/1.1" 200 5 "-" "Mozilla/5.0 (Linux; Android 6.0.1; Nexus 5X Build/MMB29P) AppleWebKit/537.36 (KHTML, like Gecko) Chrome/146.0.7680.153 Mobile Safari/537.36 (compatible; Googlebot/2.1; +http://www.google.com/bot.html)"
66.249.68.2 - - [24/Mar/2026:19:51:19 -0400] "GET /content.php?a=94391183813636 HTTP/1.1" 200 5 "-" "Mozilla/5.0 (Linux; Android 6.0.1; Nexus 5X Build/MMB29P) AppleWebKit/537.36 (KHTML, like Gecko) Chrome/146.0.7680.153 Mobile Safari/537.36 (compatible; Googlebot/2.1; +http://www.google.com/bot.html)"
216.244.66.237 - - [24/Mar/2026:19:51:27 -0400] "GET /shop-2/?add-to-cart=9407 HTTP/1.1" 200 44427 "-" "Mozilla/5.0 (compatible; DotBot/1.2; +https://opensiteexplorer.org/dotbot; help@moz.com)"
66.249.68.2 - - [24/Mar/2026:19:51:58 -0400] "GET /comment.php?d=42169725026563 HTTP/1.1" 200 5 "-" "Mozilla/5.0 (Linux; Android 6.0.1; Nexus 5X Build/MMB29P) AppleWebKit/537.36 (KHTML, like Gecko) Chrome/146.0.7680.153 Mobile Safari/537.36 (compatible; Googlebot/2.1; +http://www.google.com/bot.html)"
66.249.68.3 - - [24/Mar/2026:19:53:56 -0400] "GET /comment.php?d=63096141860781 HTTP/1.1" 200 5 "-" "Mozilla/5.0 (Linux; Android 6.0.1; Nexus 5X Build/MMB29P) AppleWebKit/537.36 (KHTML, like Gecko) Chrome/146.0.7680.153 Mobile Safari/537.36 (compatible; Googlebot/2.1; +http://www.google.com/bot.html)"
